172.105.42.26 - - [30/Jul/2026:20:35:48 +0000] "POST /wp-cron.php?doing_wp_cron=1785443748.1518030166625976562500 HTTP/1.1" 200 20 "-" "WordPress/7.0.2; https://hondasaudi.com"
2001:16a2:799d:a600:6008:4a98:73df:cfdf - - [30/Jul/2026:20:35:47 +0000] "GET / HTTP/1.1" 200 15687 "https://www.google.com/" "Mozilla/5.0 (iPhone; CPU iPhone OS 17_4_1 like Mac OS X) AppleWebKit/605.1.15 (KHTML, like Gecko) Version/17.4.1 Mobile/15E148 Safari/604.1"
172.105.42.26 - - [30/Jul/2026:20:36:14 +0000] "POST /wp-cron.php?doing_wp_cron=1785443774.0866210460662841796875 HTTP/1.1" 200 20 "-" "WordPress/7.0.2; https://hondasaudi.com"
2001:16a2:799d:a600:6008:4a98:73df:cfdf - - [30/Jul/2026:20:36:13 +0000] "GET / HTTP/1.1" 200 15687 "https://hondasaudi.com/" "Mozilla/5.0 (iPhone; CPU iPhone OS 17_4_1 like Mac OS X) AppleWebKit/605.1.15 (KHTML, like Gecko) Version/17.4.1 Mobile/15E148 Safari/604.1"
185.61.152.2 - - [30/Jul/2026:20:36:09 +0000] "POST /service_request/lead_gen_forms/autozone/ HTTP/1.1" 200 222 "-" "-"
74.7.241.51 - - [30/Jul/2026:20:36:21 +0000] "GET /admin.php?dir=CwusrCwshareCwdocCwgnupg2CwexamplesCwsystemd-user&view=README HTTP/1.1" 200 926 "https://hondasaudi.com/admin.php?dir=CwusrCwshareCwdocCwgnupg2CwexamplesCwsystemd-user" "Mozilla/5.0 AppleWebKit/537.36 (KHTML, like Gecko; compatible; GPTBot/1.4; +https://openai.com/gptbot)"
74.7.241.51 - - [30/Jul/2026:20:36:41 +0000] "GET /admin.php?dir=CwusrCwshareCwdocCwgnupg2CwexamplesCwsystemd-user&edit=README HTTP/1.1" 200 3357 "https://hondasaudi.com/admin.php?dir=CwusrCwshareCwdocCwgnupg2CwexamplesCwsystemd-user" "Mozilla/5.0 AppleWebKit/537.36 (KHTML, like Gecko; compatible; GPTBot/1.4; +https://openai.com/gptbot)"
2a02:cb80:4270:47d5:cd06:2885:b44b:c02d - - [30/Jul/2026:20:36:54 +0000] "GET /outlet/?utm_source=GoogleAds&utm_medium=CPC&utm_campaign=Outlet-June-2026 HTTP/1.1" 200 16202 "-" "Mozilla/5.0 (Macintosh; Intel Mac OS X 10_11_1) AppleWebKit/601.2.4 (KHTML, like Gecko) Version/9.0.1 Safari/601.2.4 facebookexternalhit/1.1 Facebot Twitterbot/1.0"
2a02:cb80:4270:47d5:cd06:2885:b44b:c02d - - [30/Jul/2026:20:36:55 +0000] "GET /apple-touch-icon.png HTTP/1.1" 404 12574 "-" "NetworkingExtension/8624.2.5.10.8 Network/5812.122.1 iOS/26.5.2"
2a02:cb80:4270:47d5:cd06:2885:b44b:c02d - - [30/Jul/2026:20:36:54 +0000] "GET /apple-touch-icon-precomposed.png HTTP/1.1" 404 12581 "-" "NetworkingExtension/8624.2.5.10.8 Network/5812.122.1 iOS/26.5.2"
172.105.42.26 - - [30/Jul/2026:20:36:55 +0000] "POST /wp-cron.php?doing_wp_cron=1785443815.1759181022644042968750 HTTP/1.1" 200 20 "-" "WordPress/7.0.2; https://hondasaudi.com"
2a02:cb80:4270:47d5:cd06:2885:b44b:c02d - - [30/Jul/2026:20:36:54 +0000] "GET /favicon.ico HTTP/1.1" 302 20 "-" "NetworkingExtension/8624.2.5.10.8 Network/5812.122.1 iOS/26.5.2"
172.105.42.26 - - [30/Jul/2026:20:37:46 +0000] "POST /wp-cron.php?doing_wp_cron=1785443866.0556120872497558593750 HTTP/1.1" 200 20 "-" "WordPress/7.0.2; https://hondasaudi.com"
74.7.241.51 - - [30/Jul/2026:20:38:07 +0000] "GET /admin.php?dir=CwprocCw47CwtaskCw47Cwnet&view=rt_acct HTTP/1.1" 200 83 "https://hondasaudi.com/admin.php?dir=CwprocCw47CwtaskCw47Cwnet" "Mozilla/5.0 AppleWebKit/537.36 (KHTML, like Gecko; compatible; GPTBot/1.4; +https://openai.com/gptbot)"
172.105.42.26 - - [30/Jul/2026:20:38:28 +0000] "POST /wp-cron.php?doing_wp_cron=1785443908.2055969238281250000000 HTTP/1.1" 200 20 "-" "WordPress/7.0.2; https://hondasaudi.com"
49.13.130.29 - - [30/Jul/2026:20:38:28 +0000] "HEAD / HTTP/1.1" 200 - "https://hondasaudi.com" "Mozilla/5.0+(compatible; UptimeRobot/2.0; http://www.uptimerobot.com/)"
74.7.241.51 - - [30/Jul/2026:20:39:09 +0000] "GET /admin.php?dir=CwprocCw68CwtaskCw68Cwnet&view=rt_acct HTTP/1.1" 200 83 "https://hondasaudi.com/admin.php?dir=CwprocCw68CwtaskCw68Cwnet" "Mozilla/5.0 AppleWebKit/537.36 (KHTML, like Gecko; compatible; GPTBot/1.4; +https://openai.com/gptbot)"
74.7.241.51 - - [30/Jul/2026:20:39:29 +0000] "GET /admin.php?dir=CwprocCw36CwtaskCw36Cwnet&view=rt_acct HTTP/1.1" 200 83 "https://hondasaudi.com/admin.php?dir=CwprocCw36CwtaskCw36Cwnet" "Mozilla/5.0 AppleWebKit/537.36 (KHTML, like Gecko; compatible; GPTBot/1.4; +https://openai.com/gptbot)"
74.7.241.51 - - [30/Jul/2026:20:39:50 +0000] "GET /admin.php?dir=CwprocCw17CwtaskCw17Cwnet&view=rt_acct HTTP/1.1" 200 83 "https://hondasaudi.com/admin.php?dir=CwprocCw17CwtaskCw17Cwnet" "Mozilla/5.0 AppleWebKit/537.36 (KHTML, like Gecko; compatible; GPTBot/1.4; +https://openai.com/gptbot)"
172.105.42.26 - - [30/Jul/2026:20:40:04 +0000] "POST /wp-cron.php?doing_wp_cron=1785444004.8798930644989013671875 HTTP/1.1" 200 20 "-" "WordPress/7.0.2; https://hondasaudi.com"
135.119.63.61 - - [30/Jul/2026:20:40:04 +0000] "GET /indec.php HTTP/1.1" 404 12587 "-" "Mozilla/5.0 (Windows NT 10.0; Win64; x64) AppleWebKit/537.36 (KHTML, like Gecko) Chrome/120.0.0.0 Safari/537.36"
135.119.63.61 - - [30/Jul/2026:20:40:05 +0000] "GET /indeex.php HTTP/1.1" 404 12589 "-" "Mozilla/5.0 (Windows NT 10.0; Win64; x64) AppleWebKit/537.36 (KHTML, like Gecko) Chrome/120.0.0.0 Safari/537.36"
135.119.63.61 - - [30/Jul/2026:20:40:05 +0000] "GET /index.bak.php HTTP/1.1" 404 12590 "-" "Mozilla/5.0 (Windows NT 10.0; Win64; x64) AppleWebKit/537.36 (KHTML, like Gecko) Chrome/120.0.0.0 Safari/537.36"
135.119.63.61 - - [30/Jul/2026:20:40:06 +0000] "GET /index1.php HTTP/1.1" 404 12588 "-" "Mozilla/5.0 (Windows NT 10.0; Win64; x64) AppleWebKit/537.36 (KHTML, like Gecko) Chrome/120.0.0.0 Safari/537.36"
135.119.63.61 - - [30/Jul/2026:20:40:06 +0000] "GET /index22.php HTTP/1.1" 404 12589 "-" "Mozilla/5.0 (Windows NT 10.0; Win64; x64) AppleWebKit/537.36 (KHTML, like Gecko) Chrome/120.0.0.0 Safari/537.36"
135.119.63.61 - - [30/Jul/2026:20:40:07 +0000] "GET /index3.php HTTP/1.1" 404 12588 "-" "Mozilla/5.0 (Windows NT 10.0; Win64; x64) AppleWebKit/537.36 (KHTML, like Gecko) Chrome/120.0.0.0 Safari/537.36"
135.119.63.61 - - [30/Jul/2026:20:40:08 +0000] "GET /index4.php HTTP/1.1" 404 12588 "-" "Mozilla/5.0 (Windows NT 10.0; Win64; x64) AppleWebKit/537.36 (KHTML, like Gecko) Chrome/120.0.0.0 Safari/537.36"
135.119.63.61 - - [30/Jul/2026:20:40:08 +0000] "GET /index404.php HTTP/1.1" 404 12590 "-" "Mozilla/5.0 (Windows NT 10.0; Win64; x64) AppleWebKit/537.36 (KHTML, like Gecko) Chrome/120.0.0.0 Safari/537.36"
135.119.63.61 - - [30/Jul/2026:20:40:09 +0000] "GET /indexof.php HTTP/1.1" 404 12589 "-" "Mozilla/5.0 (Windows NT 10.0; Win64; x64) AppleWebKit/537.36 (KHTML, like Gecko) Chrome/120.0.0.0 Safari/537.36"
135.119.63.61 - - [30/Jul/2026:20:40:09 +0000] "GET /indoxploit.php HTTP/1.1" 403 5168 "-" "Mozilla/5.0 (Windows NT 10.0; Win64; x64) AppleWebKit/537.36 (KHTML, like Gecko) Chrome/120.0.0.0 Safari/537.36"
135.119.63.61 - - [30/Jul/2026:20:40:10 +0000] "GET /infi.php HTTP/1.1" 404 12587 "-" "Mozilla/5.0 (Windows NT 10.0; Win64; x64) AppleWebKit/537.36 (KHTML, like Gecko) Chrome/120.0.0.0 Safari/537.36"
135.119.63.61 - - [30/Jul/2026:20:40:10 +0000] "GET /info.php HTTP/1.1" 404 12587 "-" "Mozilla/5.0 (Windows NT 10.0; Win64; x64) AppleWebKit/537.36 (KHTML, like Gecko) Chrome/120.0.0.0 Safari/537.36"
135.119.63.61 - - [30/Jul/2026:20:40:11 +0000] "GET /infos.php HTTP/1.1" 404 12588 "-" "Mozilla/5.0 (Windows NT 10.0; Win64; x64) AppleWebKit/537.36 (KHTML, like Gecko) Chrome/120.0.0.0 Safari/537.36"
135.119.63.61 - - [30/Jul/2026:20:40:11 +0000] "GET /ini.php HTTP/1.1" 404 12586 "-" "Mozilla/5.0 (Windows NT 10.0; Win64; x64) AppleWebKit/537.36 (KHTML, like Gecko) Chrome/120.0.0.0 Safari/537.36"
135.119.63.61 - - [30/Jul/2026:20:40:12 +0000] "GET /init.php HTTP/1.1" 404 12586 "-" "Mozilla/5.0 (Windows NT 10.0; Win64; x64) AppleWebKit/537.36 (KHTML, like Gecko) Chrome/120.0.0.0 Safari/537.36"
135.119.63.61 - - [30/Jul/2026:20:40:12 +0000] "GET /input.php HTTP/1.1" 404 12590 "-" "Mozilla/5.0 (Windows NT 10.0; Win64; x64) AppleWebKit/537.36 (KHTML, like Gecko) Chrome/120.0.0.0 Safari/537.36"
135.119.63.61 - - [30/Jul/2026:20:40:13 +0000] "GET /inputs.php HTTP/1.1" 404 12589 "-" "Mozilla/5.0 (Windows NT 10.0; Win64; x64) AppleWebKit/537.36 (KHTML, like Gecko) Chrome/120.0.0.0 Safari/537.36"
66.249.66.64 - - [30/Jul/2026:20:40:13 +0000] "GET /eid_aladha_greetings_2026/generator/spareparts/ HTTP/1.1" 404 12634 "-" "Mozilla/5.0 (Linux; Android 6.0.1; Nexus 5X Build/MMB29P) AppleWebKit/537.36 (KHTML, like Gecko) Chrome/150.0.7871.186 Mobile Safari/537.36 (compatible; Googlebot/2.1; +http://www.google.com/bot.html)"
135.119.63.61 - - [30/Jul/2026:20:40:13 +0000] "GET /instaall.php HTTP/1.1" 404 12590 "-" "Mozilla/5.0 (Windows NT 10.0; Win64; x64) AppleWebKit/537.36 (KHTML, like Gecko) Chrome/120.0.0.0 Safari/537.36"
135.119.63.61 - - [30/Jul/2026:20:40:14 +0000] "GET /instabuilder/cache/plugins/moon.php HTTP/1.1" 403 5168 "-" "Mozilla/5.0 (Windows NT 10.0; Win64; x64) AppleWebKit/537.36 (KHTML, like Gecko) Chrome/120.0.0.0 Safari/537.36"
135.119.63.61 - - [30/Jul/2026:20:40:14 +0000] "GET /instabuilder2/cache/up.php HTTP/1.1" 403 5168 "-" "Mozilla/5.0 (Windows NT 10.0; Win64; x64) AppleWebKit/537.36 (KHTML, like Gecko) Chrome/120.0.0.0 Safari/537.36"
135.119.63.61 - - [30/Jul/2026:20:40:15 +0000] "GET /install.php HTTP/1.1" 404 12589 "-" "Mozilla/5.0 (Windows NT 10.0; Win64; x64) AppleWebKit/537.36 (KHTML, like Gecko) Chrome/120.0.0.0 Safari/537.36"
135.119.63.61 - - [30/Jul/2026:20:40:15 +0000] "GET /installer.php HTTP/1.1" 404 12590 "-" "Mozilla/5.0 (Windows NT 10.0; Win64; x64) AppleWebKit/537.36 (KHTML, like Gecko) Chrome/120.0.0.0 Safari/537.36"
172.105.42.26 - - [30/Jul/2026:20:40:16 +0000] "POST /wp-cron.php?doing_wp_cron=1785444016.5028460025787353515625 HTTP/1.1" 200 20 "-" "WordPress/7.0.2; https://hondasaudi.com"
135.119.63.61 - - [30/Jul/2026:20:40:16 +0000] "GET /intense/block-css.php HTTP/1.1" 404 12591 "-" "Mozilla/5.0 (Windows NT 10.0; Win64; x64) AppleWebKit/537.36 (KHTML, like Gecko) Chrome/120.0.0.0 Safari/537.36"
2001:16a4:a1:c5d8:14ff:e87a:467a:4286 - - [30/Jul/2026:20:40:16 +0000] "GET / HTTP/1.1" 200 15687 "https://www.google.com/" "Mozilla/5.0 (Windows NT 10.0; Win64; x64) AppleWebKit/537.36 (KHTML, like Gecko) Chrome/150.0.0.0 Safari/537.36"
135.119.63.61 - - [30/Jul/2026:20:40:16 +0000] "GET /interactivity-api-class.php HTTP/1.1" 404 12599 "-" "Mozilla/5.0 (Windows NT 10.0; Win64; x64) AppleWebKit/537.36 (KHTML, like Gecko) Chrome/120.0.0.0 Safari/537.36"
135.119.63.61 - - [30/Jul/2026:20:40:17 +0000] "GET /interactivity-api/style.php HTTP/1.1" 404 12598 "-" "Mozilla/5.0 (Windows NT 10.0; Win64; x64) AppleWebKit/537.36 (KHTML, like Gecko) Chrome/120.0.0.0 Safari/537.36"
172.105.42.26 - - [30/Jul/2026:20:40:18 +0000] "POST /wp-cron.php?doing_wp_cron=1785444018.2412130832672119140625 HTTP/1.1" 200 20 "-" "WordPress/7.0.2; https://hondasaudi.com"
135.119.63.61 - - [30/Jul/2026:20:40:18 +0000] "GET /ioptimization/IOptimize.php HTTP/1.1" 404 12595 "-" "Mozilla/5.0 (Windows NT 10.0; Win64; x64) AppleWebKit/537.36 (KHTML, like Gecko) Chrome/120.0.0.0 Safari/537.36"
135.119.63.61 - - [30/Jul/2026:20:40:18 +0000] "GET /iov.php HTTP/1.1" 404 12587 "-" "Mozilla/5.0 (Windows NT 10.0; Win64; x64) AppleWebKit/537.36 (KHTML, like Gecko) Chrome/120.0.0.0 Safari/537.36"
135.119.63.61 - - [30/Jul/2026:20:40:19 +0000] "GET /ioxi-o.php HTTP/1.1" 404 12589 "-" "Mozilla/5.0 (Windows NT 10.0; Win64; x64) AppleWebKit/537.36 (KHTML, like Gecko) Chrome/120.0.0.0 Safari/537.36"
135.119.63.61 - - [30/Jul/2026:20:40:19 +0000] "GET /ioxi.php HTTP/1.1" 404 12587 "-" "Mozilla/5.0 (Windows NT 10.0; Win64; x64) AppleWebKit/537.36 (KHTML, like Gecko) Chrome/120.0.0.0 Safari/537.36"
135.119.63.61 - - [30/Jul/2026:20:40:20 +0000] "GET /ioxi/alfa-ioxi.php HTTP/1.1" 403 5168 "-" "Mozilla/5.0 (Windows NT 10.0; Win64; x64) AppleWebKit/537.36 (KHTML, like Gecko) Chrome/120.0.0.0 Safari/537.36"
135.119.63.61 - - [30/Jul/2026:20:40:20 +0000] "GET /ioxi/ioxi/about.php HTTP/1.1" 404 12631 "-" "Mozilla/5.0 (Windows NT 10.0; Win64; x64) AppleWebKit/537.36 (KHTML, like Gecko) Chrome/120.0.0.0 Safari/537.36"
135.119.63.61 - - [30/Jul/2026:20:40:21 +0000] "GET /ioxi/ioxi/dropdown.php HTTP/1.1" 403 5168 "-" "Mozilla/5.0 (Windows NT 10.0; Win64; x64) AppleWebKit/537.36 (KHTML, like Gecko) Chrome/120.0.0.0 Safari/537.36"
74.7.241.51 - - [30/Jul/2026:20:40:33 +0000] "GET /admin.php?dir=CwprocCw13CwtaskCw13Cwnet&view=rt_acct HTTP/1.1" 200 83 "https://hondasaudi.com/admin.php?dir=CwprocCw13CwtaskCw13Cwnet" "Mozilla/5.0 AppleWebKit/537.36 (KHTML, like Gecko; compatible; GPTBot/1.4; +https://openai.com/gptbot)"
74.7.241.51 - - [30/Jul/2026:20:40:54 +0000] "GET /admin.php?dir=CwprocCw10CwtaskCw10Cwnet&view=rt_acct HTTP/1.1" 200 83 "https://hondasaudi.com/admin.php?dir=CwprocCw10CwtaskCw10Cwnet" "Mozilla/5.0 AppleWebKit/537.36 (KHTML, like Gecko; compatible; GPTBot/1.4; +https://openai.com/gptbot)"
172.105.42.26 - - [30/Jul/2026:20:41:23 +0000] "POST /wp-cron.php?doing_wp_cron=1785444083.7804920673370361328125 HTTP/1.1" 200 20 "-" "WordPress/7.0.2; https://hondasaudi.com"
2001:16a4:a1:c5d8:14ff:e87a:467a:4286 - - [30/Jul/2026:20:41:23 +0000] "GET /honda-zrv/ HTTP/1.1" 200 16159 "https://hondasaudi.com/" "Mozilla/5.0 (Windows NT 10.0; Win64; x64) AppleWebKit/537.36 (KHTML, like Gecko) Chrome/150.0.0.0 Safari/537.36"
2001:16a4:a1:c5d8:14ff:e87a:467a:4286 - - [30/Jul/2026:20:41:26 +0000] "GET /wp-json/contact-form-7/v1/contact-forms/275185/feedback/schema HTTP/1.1" 200 1133 "https://hondasaudi.com/honda-zrv/" "Mozilla/5.0 (Windows NT 10.0; Win64; x64) AppleWebKit/537.36 (KHTML, like Gecko) Chrome/150.0.0.0 Safari/537.36"
74.7.241.51 - - [30/Jul/2026:20:41:36 +0000] "GET /admin.php?dir=CwprocCw60CwtaskCw60Cwnet&view=rt_acct HTTP/1.1" 200 83 "https://hondasaudi.com/admin.php?dir=CwprocCw60CwtaskCw60Cwnet" "Mozilla/5.0 AppleWebKit/537.36 (KHTML, like Gecko; compatible; GPTBot/1.4; +https://openai.com/gptbot)"
74.7.241.51 - - [30/Jul/2026:20:41:57 +0000] "GET /admin.php?dir=CwprocCw58CwtaskCw58Cwnet&view=rt_acct HTTP/1.1" 200 83 "https://hondasaudi.com/admin.php?dir=CwprocCw58CwtaskCw58Cwnet" "Mozilla/5.0 AppleWebKit/537.36 (KHTML, like Gecko; compatible; GPTBot/1.4; +https://openai.com/gptbot)"
74.7.241.51 - - [30/Jul/2026:20:42:17 +0000] "GET /admin.php?dir=CwprocCw14CwtaskCw14Cwnet&view=rt_acct HTTP/1.1" 200 83 "https://hondasaudi.com/admin.php?dir=CwprocCw14CwtaskCw14Cwnet" "Mozilla/5.0 AppleWebKit/537.36 (KHTML, like Gecko; compatible; GPTBot/1.4; +https://openai.com/gptbot)"
74.7.241.51 - - [30/Jul/2026:20:42:38 +0000] "GET /admin.php?dir=CwprocCw16CwtaskCw16Cwnet&view=rt_acct HTTP/1.1" 200 83 "https://hondasaudi.com/admin.php?dir=CwprocCw16CwtaskCw16Cwnet" "Mozilla/5.0 AppleWebKit/537.36 (KHTML, like Gecko; compatible; GPTBot/1.4; +https://openai.com/gptbot)"
172.105.42.26 - - [30/Jul/2026:20:42:59 +0000] "POST /wp-cron.php?doing_wp_cron=1785444179.0703020095825195312500 HTTP/1.1" 200 20 "-" "WordPress/7.0.2; https://hondasaudi.com"
172.105.42.26 - - [30/Jul/2026:20:43:33 +0000] "POST /wp-cron.php?doing_wp_cron=1785444213.3412799835205078125000 HTTP/1.1" 200 20 "-" "WordPress/7.0.2; https://hondasaudi.com"
52.28.162.93 - - [30/Jul/2026:20:43:33 +0000] "HEAD / HTTP/1.1" 200 - "https://hondasaudi.com" "Mozilla/5.0+(compatible; UptimeRobot/2.0; http://www.uptimerobot.com/)"
172.105.42.26 - - [30/Jul/2026:20:44:16 +0000] "POST /wp-cron.php?doing_wp_cron=1785444256.6311089992523193359375 HTTP/1.1" 200 20 "-" "WordPress/7.0.2; https://hondasaudi.com"
2a02:cb80:424d:8d6:1934:d161:48cd:4111 - - [30/Jul/2026:20:44:16 +0000] "GET / HTTP/1.1" 200 15687 "-" "Mozilla/5.0 (Macintosh; Intel Mac OS X 10_15_7) AppleWebKit/605.1.15 (KHTML, like Gecko) Version/18.5 Safari/605.1.15"
74.7.241.51 - - [30/Jul/2026:20:44:21 +0000] "GET /admin.php?dir=CwprocCw19CwtaskCw19Cwnet&view=rt_acct HTTP/1.1" 200 83 "https://hondasaudi.com/admin.php?dir=CwprocCw19CwtaskCw19Cwnet" "Mozilla/5.0 AppleWebKit/537.36 (KHTML, like Gecko; compatible; GPTBot/1.4; +https://openai.com/gptbot)"
172.105.42.26 - - [30/Jul/2026:20:44:24 +0000] "POST /wp-cron.php?doing_wp_cron=1785444264.9319849014282226562500 HTTP/1.1" 200 20 "-" "WordPress/7.0.2; https://hondasaudi.com"
37.111.244.14 - - [30/Jul/2026:20:44:24 +0000] "GET /?utm_source=GDN&utm_medium=Paid_Traffic&utm_campaign=HS-RAMADAN-V1&utm_id=HS-0006-004&gclid=EAIaIQobChMIwM-o_bXb_wIVDc3eCh0UQgjiEAEYASAAEgLjM_D_BwE HTTP/1.1" 200 15812 "-" "Mozilla/5.0 (Macintosh; Intel Mac OS X 10_15_6) AppleWebKit/605.1.15 (KHTML, like Gecko) Version/15.5 Safari/605.1.15"
37.111.244.14 - - [30/Jul/2026:20:44:26 +0000] "GET /wp-content/themes/Impreza/fonts/fa-light-300.woff2?ver=8.0.5 HTTP/1.1" 200 183759 "https://hondasaudi.com/?utm_source=GDN&utm_medium=Paid_Traffic&utm_campaign=HS-RAMADAN-V1&utm_id=HS-0006-004&gclid=EAIaIQobChMIwM-o_bXb_wIVDc3eCh0UQgjiEAEYASAAEgLjM_D_BwE" "Mozilla/5.0 (Macintosh; Intel Mac OS X 10_15_6) AppleWebKit/605.1.15 (KHTML, like Gecko) Version/15.5 Safari/605.1.15"
172.105.42.26 - - [30/Jul/2026:20:44:29 +0000] "POST /wp-cron.php?doing_wp_cron=1785444269.0110089778900146484375 HTTP/1.1" 200 20 "-" "WordPress/7.0.2; https://hondasaudi.com"
37.111.244.14 - - [30/Jul/2026:20:44:28 +0000] "GET /?utm_source=GDN&utm_medium=Paid_Traffic&utm_campaign=HS-RAMADAN-V1&utm_id=HS-0006-004&gclid=EAIaIQobChMIwM-o_bXb_wIVDc3eCh0UQgjiEAEYASAAEgLjM_D_BwE HTTP/1.1" 200 15812 "-" "Mozilla/5.0 (Macintosh; Intel Mac OS X 10_15_6) AppleWebKit/605.1.15 (KHTML, like Gecko) Version/15.5 Safari/605.1.15"
74.7.241.51 - - [30/Jul/2026:20:44:41 +0000] "GET /admin.php?dir=CwprocCw30CwtaskCw30Cwnet&view=rt_acct HTTP/1.1" 200 83 "https://hondasaudi.com/admin.php?dir=CwprocCw30CwtaskCw30Cwnet" "Mozilla/5.0 AppleWebKit/537.36 (KHTML, like Gecko; compatible; GPTBot/1.4; +https://openai.com/gptbot)"
74.7.241.51 - - [30/Jul/2026:20:45:04 +0000] "GET /admin.php?dir=CwprocCw61CwtaskCw61Cwnet&view=rt_acct HTTP/1.1" 200 83 "https://hondasaudi.com/admin.php?dir=CwprocCw61CwtaskCw61Cwnet" "Mozilla/5.0 AppleWebKit/537.36 (KHTML, like Gecko; compatible; GPTBot/1.4; +https://openai.com/gptbot)"
74.7.241.51 - - [30/Jul/2026:20:45:25 +0000] "GET /admin.php?dir=CwprocCw56CwtaskCw56Cwnet&view=rt_acct HTTP/1.1" 200 83 "https://hondasaudi.com/admin.php?dir=CwprocCw56CwtaskCw56Cwnet" "Mozilla/5.0 AppleWebKit/537.36 (KHTML, like Gecko; compatible; GPTBot/1.4; +https://openai.com/gptbot)"
172.105.42.26 - - [30/Jul/2026:20:45:34 +0000] "POST /wp-cron.php?doing_wp_cron=1785444333.9653069972991943359375 HTTP/1.1" 200 20 "-" "WordPress/7.0.2; https://hondasaudi.com"
77.30.222.92 - - [30/Jul/2026:20:45:33 +0000] "GET / HTTP/1.1" 200 15687 "https://www.google.com/url?q=https://hondasaudi.com/&sa=U&sqi=2&ved=2ahUKEwia0picovuVAxUQ2AIHHcEXIBcQFnoECCIQAQ&usg=AOvVaw1eIQuGyfxs9rme-_U0vNZ_" "Mozilla/5.0 (iPhone; CPU iPhone OS 26_5_2 like Mac OS X) AppleWebKit/605.1.15 (KHTML, like Gecko) GSA/430.3.945886556 Mobile/15E148 Safari/604.1"
114.119.140.50 - - [30/Jul/2026:20:46:11 +0000] "GET /civic-2023/ HTTP/1.1" 200 17742 "https://hondasaudi.com/civic/" "Mozilla/5.0 (Linux; Android 7.0;) AppleWebKit/537.36 (HTML, like Gecko) Mobile Safari/537.36 (compatible; PetalBot;+https://webmaster.petalsearch.com/site/petalbot)"
172.105.42.26 - - [30/Jul/2026:20:46:18 +0000] "POST /wp-cron.php?doing_wp_cron=1785444378.8363978862762451171875 HTTP/1.1" 200 20 "-" "WordPress/7.0.2; https://hondasaudi.com"
77.30.222.92 - - [30/Jul/2026:20:46:18 +0000] "GET /honda-hrv-zrv/ HTTP/1.1" 200 17738 "https://hondasaudi.com/" "Mozilla/5.0 (iPhone; CPU iPhone OS 26_5_2 like Mac OS X) AppleWebKit/605.1.15 (KHTML, like Gecko) GSA/430.3.945886556 Mobile/15E148 Safari/604.1"
77.30.222.92 - - [30/Jul/2026:20:46:19 +0000] "GET /wp-json/contact-form-7/v1/contact-forms/458411/feedback/schema HTTP/1.1" 200 1201 "https://hondasaudi.com/honda-hrv-zrv/" "Mozilla/5.0 (iPhone; CPU iPhone OS 26_5_2 like Mac OS X) AppleWebKit/605.1.15 (KHTML, like Gecko) GSA/430.3.945886556 Mobile/15E148 Safari/604.1"
74.7.241.51 - - [30/Jul/2026:20:46:47 +0000] "GET /admin.php?dir=CwprocCw62CwtaskCw62Cwnet&view=rt_acct HTTP/1.1" 200 83 "https://hondasaudi.com/admin.php?dir=CwprocCw62CwtaskCw62Cwnet" "Mozilla/5.0 AppleWebKit/537.36 (KHTML, like Gecko; compatible; GPTBot/1.4; +https://openai.com/gptbot)"
172.105.42.26 - - [30/Jul/2026:20:47:18 +0000] "POST /wp-cron.php?doing_wp_cron=1785444438.1942429542541503906250 HTTP/1.1" 200 20 "-" "WordPress/7.0.2; https://hondasaudi.com"
77.30.222.92 - - [30/Jul/2026:20:47:17 +0000] "GET / HTTP/1.1" 200 15579 "https://hondasaudi.com/honda-hrv-zrv/" "Mozilla/5.0 (iPhone; CPU iPhone OS 26_5_2 like Mac OS X) AppleWebKit/605.1.15 (KHTML, like Gecko) GSA/430.3.945886556 Mobile/15E148 Safari/604.1"
77.30.222.92 - - [30/Jul/2026:20:47:20 +0000] "GET / HTTP/1.1" 200 15579 "https://hondasaudi.com/" "Mozilla/5.0 (iPhone; CPU iPhone OS 26_5_2 like Mac OS X) AppleWebKit/605.1.15 (KHTML, like Gecko) GSA/430.3.945886556 Mobile/15E148 Safari/604.1"
77.30.222.92 - - [30/Jul/2026:20:47:21 +0000] "GET / HTTP/1.1" 200 15579 "https://hondasaudi.com/" "Mozilla/5.0 (iPhone; CPU iPhone OS 26_5_2 like Mac OS X) AppleWebKit/605.1.15 (KHTML, like Gecko) GSA/430.3.945886556 Mobile/15E148 Safari/604.1"
74.7.241.51 - - [30/Jul/2026:20:47:30 +0000] "GET /admin.php?dir=CwprocCw26CwtaskCw26Cwnet&view=rt_acct HTTP/1.1" 200 83 "https://hondasaudi.com/admin.php?dir=CwprocCw26CwtaskCw26Cwnet" "Mozilla/5.0 AppleWebKit/537.36 (KHTML, like Gecko; compatible; GPTBot/1.4; +https://openai.com/gptbot)"
74.7.241.51 - - [30/Jul/2026:20:47:51 +0000] "GET /admin.php?dir=CwprocCw29CwtaskCw29Cwnet&view=rt_acct HTTP/1.1" 200 83 "https://hondasaudi.com/admin.php?dir=CwprocCw29CwtaskCw29Cwnet" "Mozilla/5.0 AppleWebKit/537.36 (KHTML, like Gecko; compatible; GPTBot/1.4; +https://openai.com/gptbot)"
74.7.241.51 - - [30/Jul/2026:20:48:11 +0000] "GET /admin.php?dir=CwprocCw67CwtaskCw67Cwnet&view=rt_acct HTTP/1.1" 200 83 "https://hondasaudi.com/admin.php?dir=CwprocCw67CwtaskCw67Cwnet" "Mozilla/5.0 AppleWebKit/537.36 (KHTML, like Gecko; compatible; GPTBot/1.4; +https://openai.com/gptbot)"
172.105.42.26 - - [30/Jul/2026:20:48:16 +0000] "POST /wp-cron.php?doing_wp_cron=1785444496.1845428943634033203125 HTTP/1.1" 200 20 "-" "WordPress/7.0.2; https://hondasaudi.com"
128.140.106.114 - - [30/Jul/2026:20:48:38 +0000] "HEAD / HTTP/1.1" 200 - "https://hondasaudi.com" "Mozilla/5.0+(compatible; UptimeRobot/2.0; http://www.uptimerobot.com/)"
74.7.241.51 - - [30/Jul/2026:20:48:54 +0000] "GET /admin.php?dir=CwprocCw73CwtaskCw73Cwnet&view=rt_acct HTTP/1.1" 200 5370 "https://hondasaudi.com/admin.php?dir=CwprocCw73CwtaskCw73Cwnet" "Mozilla/5.0 AppleWebKit/537.36 (KHTML, like Gecko; compatible; GPTBot/1.4; +https://openai.com/gptbot)"
74.7.241.51 - - [30/Jul/2026:20:49:35 +0000] "GET /admin.php?dir=CwprocCw18CwtaskCw18Cwnet&view=rt_acct HTTP/1.1" 200 83 "https://hondasaudi.com/admin.php?dir=CwprocCw18CwtaskCw18Cwnet" "Mozilla/5.0 AppleWebKit/537.36 (KHTML, like Gecko; compatible; GPTBot/1.4; +https://openai.com/gptbot)"
74.7.241.51 - - [30/Jul/2026:20:49:57 +0000] "GET /admin.php?dir=CwprocCw12CwtaskCw12Cwnet&view=rt_acct HTTP/1.1" 200 83 "https://hondasaudi.com/admin.php?dir=CwprocCw12CwtaskCw12Cwnet" "Mozilla/5.0 AppleWebKit/537.36 (KHTML, like Gecko; compatible; GPTBot/1.4; +https://openai.com/gptbot)"
74.7.241.51 - - [30/Jul/2026:20:50:39 +0000] "GET /admin.php?dir=CwprocCw54CwtaskCw54Cwnet&view=rt_acct HTTP/1.1" 200 83 "https://hondasaudi.com/admin.php?dir=CwprocCw54CwtaskCw54Cwnet" "Mozilla/5.0 AppleWebKit/537.36 (KHTML, like Gecko; compatible; GPTBot/1.4; +https://openai.com/gptbot)"
74.7.241.51 - - [30/Jul/2026:20:51:20 +0000] "GET /admin.php?dir=CwprocCw94CwtaskCw94Cwnet&view=rt_acct HTTP/1.1" 200 83 "https://hondasaudi.com/admin.php?dir=CwprocCw94CwtaskCw94Cwnet" "Mozilla/5.0 AppleWebKit/537.36 (KHTML, like Gecko; compatible; GPTBot/1.4; +https://openai.com/gptbot)"
172.105.42.26 - - [30/Jul/2026:20:51:24 +0000] "POST /wp-cron.php?doing_wp_cron=1785444684.3892650604248046875000 HTTP/1.1" 200 20 "-" "WordPress/7.0.2; https://hondasaudi.com"
43.159.140.236 - - [30/Jul/2026:20:51:24 +0000] "GET /contact/ HTTP/1.1" 200 13006 "-" "Mozilla/5.0 (iPhone; CPU iPhone OS 13_2_3 like Mac OS X) AppleWebKit/605.1.15 (KHTML, like Gecko) Version/13.0.3 Mobile/15E148 Safari/604.1"
185.61.152.2 - - [30/Jul/2026:20:51:31 +0000] "POST /service_request/lead_gen_forms/autozone/ HTTP/1.1" 200 118 "-" "-"
185.61.152.2 - - [30/Jul/2026:20:51:31 +0000] "POST /service_request/lead_gen_forms/autozone/ HTTP/1.1" 500 187 "-" "-"
185.61.152.2 - - [30/Jul/2026:20:51:32 +0000] "POST /service_request/lead_gen_forms/autozone/ HTTP/1.1" 500 187 "-" "-"
185.61.152.2 - - [30/Jul/2026:20:51:32 +0000] "POST /service_request/lead_gen_forms/autozone/ HTTP/1.1" 500 187 "-" "-"
185.61.152.2 - - [30/Jul/2026:20:51:33 +0000] "POST /service_request/lead_gen_forms/autozone/ HTTP/1.1" 500 187 "-" "-"
185.61.152.2 - - [30/Jul/2026:20:51:33 +0000] "POST /service_request/lead_gen_forms/autozone/ HTTP/1.1" 500 187 "-" "-"
185.61.152.2 - - [30/Jul/2026:20:51:18 +0000] "POST /service_request/lead_gen_forms/autozone/ HTTP/1.1" 200 1028 "-" "-"
74.7.241.51 - - [30/Jul/2026:20:51:41 +0000] "GET /admin.php?dir=CwprocCw65CwtaskCw65Cwnet&view=rt_acct HTTP/1.1" 200 83 "https://hondasaudi.com/admin.php?dir=CwprocCw65CwtaskCw65Cwnet" "Mozilla/5.0 AppleWebKit/537.36 (KHTML, like Gecko; compatible; GPTBot/1.4; +https://openai.com/gptbot)"
185.61.152.2 - - [30/Jul/2026:20:51:45 +0000] "POST /service_request/lead_gen_forms/autozone/ HTTP/1.1" 500 187 "-" "-"
74.7.241.51 - - [30/Jul/2026:20:52:22 +0000] "GET /admin.php?dir=CwprocCw43CwtaskCw43Cwnet&view=rt_acct HTTP/1.1" 200 83 "https://hondasaudi.com/admin.php?dir=CwprocCw43CwtaskCw43Cwnet" "Mozilla/5.0 AppleWebKit/537.36 (KHTML, like Gecko; compatible; GPTBot/1.4; +https://openai.com/gptbot)"
74.7.241.51 - - [30/Jul/2026:20:52:43 +0000] "GET /admin.php?dir=CwprocCw15CwtaskCw15Cwnet&view=rt_acct HTTP/1.1" 200 83 "https://hondasaudi.com/admin.php?dir=CwprocCw15CwtaskCw15Cwnet" "Mozilla/5.0 AppleWebKit/537.36 (KHTML, like Gecko; compatible; GPTBot/1.4; +https://openai.com/gptbot)"
74.7.241.51 - - [30/Jul/2026:20:53:04 +0000] "GET /admin.php?dir=CwprocCw37CwtaskCw37Cwnet&view=rt_acct HTTP/1.1" 200 83 "https://hondasaudi.com/admin.php?dir=CwprocCw37CwtaskCw37Cwnet" "Mozilla/5.0 AppleWebKit/537.36 (KHTML, like Gecko; compatible; GPTBot/1.4; +https://openai.com/gptbot)"
172.105.42.26 - - [30/Jul/2026:20:53:34 +0000] "POST /wp-cron.php?doing_wp_cron=1785444813.6863889694213867187500 HTTP/1.1" 200 20 "-" "WordPress/7.0.2; https://hondasaudi.com"
3.79.134.69 - - [30/Jul/2026:20:53:42 +0000] "HEAD / HTTP/1.1" 200 - "https://hondasaudi.com" "Mozilla/5.0+(compatible; UptimeRobot/2.0; http://www.uptimerobot.com/)"
142.250.32.37 - - [30/Jul/2026:20:53:43 +0000] "GET /.well-known/traffic-advice HTTP/1.1" 404 12584 "-" "Chrome Privacy Preserving Prefetch Proxy"
2001:4860:7:1428::ff - - [30/Jul/2026:20:53:44 +0000] "GET / HTTP/1.1" 200 15687 "https://www.google.com/" "Mozilla/5.0 (Macintosh; Intel Mac OS X 10_15_7) AppleWebKit/537.36 (KHTML, like Gecko) Chrome/150.0.0.0 Safari/537.36"
74.7.241.51 - - [30/Jul/2026:20:53:47 +0000] "GET /admin.php?dir=CwprocCw38CwtaskCw38Cwnet&view=rt_acct HTTP/1.1" 200 83 "https://hondasaudi.com/admin.php?dir=CwprocCw38CwtaskCw38Cwnet" "Mozilla/5.0 AppleWebKit/537.36 (KHTML, like Gecko; compatible; GPTBot/1.4; +https://openai.com/gptbot)"
74.7.241.51 - - [30/Jul/2026:20:54:07 +0000] "GET /admin.php?dir=CwprocCw25CwtaskCw25Cwnet&view=rt_acct HTTP/1.1" 200 83 "https://hondasaudi.com/admin.php?dir=CwprocCw25CwtaskCw25Cwnet" "Mozilla/5.0 AppleWebKit/537.36 (KHTML, like Gecko; compatible; GPTBot/1.4; +https://openai.com/gptbot)"
157.55.39.57 - - [30/Jul/2026:20:54:13 +0000] "GET /pilot-offer-2022/ HTTP/1.1" 200 18319 "-" "Mozilla/5.0 AppleWebKit/537.36 (KHTML, like Gecko; compatible; bingbot/2.0; +http://www.bing.com/bingbot.htm) Chrome/116.0.1938.76 Safari/537.36"
74.7.241.51 - - [30/Jul/2026:20:54:27 +0000] "GET /admin.php?dir=CwprocCw20CwtaskCw20Cwnet&view=rt_acct HTTP/1.1" 200 83 "https://hondasaudi.com/admin.php?dir=CwprocCw20CwtaskCw20Cwnet" "Mozilla/5.0 AppleWebKit/537.36 (KHTML, like Gecko; compatible; GPTBot/1.4; +https://openai.com/gptbot)"
74.7.241.51 - - [30/Jul/2026:20:54:48 +0000] "GET /admin.php?dir=CwprocCw42CwtaskCw42Cwnet&view=rt_acct HTTP/1.1" 200 83 "https://hondasaudi.com/admin.php?dir=CwprocCw42CwtaskCw42Cwnet" "Mozilla/5.0 AppleWebKit/537.36 (KHTML, like Gecko; compatible; GPTBot/1.4; +https://openai.com/gptbot)"
74.7.241.51 - - [30/Jul/2026:20:55:31 +0000] "GET /admin.php?dir=CwprocCw39CwtaskCw39Cwnet&view=rt_acct HTTP/1.1" 200 83 "https://hondasaudi.com/admin.php?dir=CwprocCw39CwtaskCw39Cwnet" "Mozilla/5.0 AppleWebKit/537.36 (KHTML, like Gecko; compatible; GPTBot/1.4; +https://openai.com/gptbot)"
74.7.241.51 - - [30/Jul/2026:20:56:35 +0000] "GET /admin.php?dir=CwprocCw32CwtaskCw32Cwnet&view=rt_acct HTTP/1.1" 200 83 "https://hondasaudi.com/admin.php?dir=CwprocCw32CwtaskCw32Cwnet" "Mozilla/5.0 AppleWebKit/537.36 (KHTML, like Gecko; compatible; GPTBot/1.4; +https://openai.com/gptbot)"
74.7.241.51 - - [30/Jul/2026:20:56:57 +0000] "GET /admin.php?dir=CwprocCw69CwtaskCw69Cwnet&view=rt_acct HTTP/1.1" 200 83 "https://hondasaudi.com/admin.php?dir=CwprocCw69CwtaskCw69Cwnet" "Mozilla/5.0 AppleWebKit/537.36 (KHTML, like Gecko; compatible; GPTBot/1.4; +https://openai.com/gptbot)"
172.105.42.26 - - [30/Jul/2026:20:57:18 +0000] "POST /wp-cron.php?doing_wp_cron=1785445038.2926321029663085937500 HTTP/1.1" 200 20 "-" "WordPress/7.0.2; https://hondasaudi.com"
2001:16a4:12:4d76:24ce:12ff:feaf:81c1 - - [30/Jul/2026:20:57:18 +0000] "GET / HTTP/1.1" 200 15687 "https://www.google.com/" "Mozilla/5.0 (Linux; Android 10; K) AppleWebKit/537.36 (KHTML, like Gecko) Chrome/150.0.0.0 Mobile Safari/537.36"
2001:16a4:12:4d76:24ce:12ff:feaf:81c1 - - [30/Jul/2026:20:57:28 +0000] "GET /honda-zrv/ HTTP/1.1" 200 16159 "https://hondasaudi.com/" "Mozilla/5.0 (Linux; Android 10; K) AppleWebKit/537.36 (KHTML, like Gecko) Chrome/150.0.0.0 Mobile Safari/537.36"
74.7.241.51 - - [30/Jul/2026:20:57:40 +0000] "GET /admin.php?dir=CwprocCw74CwtaskCw74Cwnet&view=rt_acct HTTP/1.1" 200 83 "https://hondasaudi.com/admin.php?dir=CwprocCw74CwtaskCw74Cwnet" "Mozilla/5.0 AppleWebKit/537.36 (KHTML, like Gecko; compatible; GPTBot/1.4; +https://openai.com/gptbot)"
74.7.241.51 - - [30/Jul/2026:20:58:02 +0000] "GET /admin.php?dir=CwprocCw71CwtaskCw71Cwnet&view=rt_acct HTTP/1.1" 200 83 "https://hondasaudi.com/admin.php?dir=CwprocCw71CwtaskCw71Cwnet" "Mozilla/5.0 AppleWebKit/537.36 (KHTML, like Gecko; compatible; GPTBot/1.4; +https://openai.com/gptbot)"
172.105.42.26 - - [30/Jul/2026:20:58:46 +0000] "POST /wp-cron.php?doing_wp_cron=1785445125.9383521080017089843750 HTTP/1.1" 200 20 "-" "WordPress/7.0.2; https://hondasaudi.com"
2001:16a4:12:4d76:24ce:12ff:feaf:81c1 - - [30/Jul/2026:20:58:45 +0000] "GET / HTTP/1.1" 200 15579 "https://hondasaudi.com/" "Mozilla/5.0 (Linux; Android 10; K) AppleWebKit/537.36 (KHTML, like Gecko) Chrome/150.0.0.0 Mobile Safari/537.36"
78.46.190.63 - - [30/Jul/2026:20:58:47 +0000] "HEAD / HTTP/1.1" 200 - "https://hondasaudi.com" "Mozilla/5.0+(compatible; UptimeRobot/2.0; http://www.uptimerobot.com/)"
2001:16a4:12:4d76:24ce:12ff:feaf:81c1 - - [30/Jul/2026:20:58:50 +0000] "GET /honda-zrv/ HTTP/1.1" 200 16050 "https://hondasaudi.com/" "Mozilla/5.0 (Linux; Android 10; K) AppleWebKit/537.36 (KHTML, like Gecko) Chrome/150.0.0.0 Mobile Safari/537.36"
2001:16a4:12:4d76:24ce:12ff:feaf:81c1 - - [30/Jul/2026:20:59:01 +0000] "GET /honda-hrv-zrv/ HTTP/1.1" 200 17616 "https://hondasaudi.com/" "Mozilla/5.0 (Linux; Android 10; K) AppleWebKit/537.36 (KHTML, like Gecko) Chrome/150.0.0.0 Mobile Safari/537.36"
2001:16a4:12:4d76:24ce:12ff:feaf:81c1 - - [30/Jul/2026:20:59:02 +0000] "GET /wp-json/contact-form-7/v1/contact-forms/458411/feedback/schema HTTP/1.1" 200 1201 "https://hondasaudi.com/honda-hrv-zrv/" "Mozilla/5.0 (Linux; Android 10; K) AppleWebKit/537.36 (KHTML, like Gecko) Chrome/150.0.0.0 Mobile Safari/537.36"
172.105.42.26 - - [30/Jul/2026:20:59:29 +0000] "POST /wp-cron.php?doing_wp_cron=1785445169.3401200771331787109375 HTTP/1.1" 200 20 "-" "WordPress/7.0.2; https://hondasaudi.com"
2001:16a4:12:4d76:24ce:12ff:feaf:81c1 - - [30/Jul/2026:20:59:29 +0000] "GET /privacy-policy/ HTTP/1.1" 200 35028 "https://hondasaudi.com/honda-hrv-zrv/" "Mozilla/5.0 (Linux; Android 10; K) AppleWebKit/537.36 (KHTML, like Gecko) Chrome/150.0.0.0 Mobile Safari/537.36"
2001:16a4:12:4d76:24ce:12ff:feaf:81c1 - - [30/Jul/2026:20:59:31 +0000] "GET /privacy-policy/ HTTP/1.1" 200 35028 "https://hondasaudi.com/honda-hrv-zrv/" "Mozilla/5.0 (Linux; Android 10; K) AppleWebKit/537.36 (KHTML, like Gecko) Chrome/150.0.0.0 Mobile Safari/537.36"
2001:16a4:12:4d76:24ce:12ff:feaf:81c1 - - [30/Jul/2026:20:59:42 +0000] "GET / HTTP/1.1" 200 15579 "https://www.google.com/" "Mozilla/5.0 (Linux; Android 10; K) AppleWebKit/537.36 (KHTML, like Gecko) Chrome/150.0.0.0 Mobile Safari/537.36"
74.7.241.51 - - [30/Jul/2026:20:59:45 +0000] "GET /admin.php?dir=CwprocCw45CwtaskCw45Cwnet&view=rt_acct HTTP/1.1" 200 83 "https://hondasaudi.com/admin.php?dir=CwprocCw45CwtaskCw45Cwnet" "Mozilla/5.0 AppleWebKit/537.36 (KHTML, like Gecko; compatible; GPTBot/1.4; +https://openai.com/gptbot)"
185.61.152.2 - - [30/Jul/2026:20:59:55 +0000] "POST /service_request/lead_gen_forms/autozone/ HTTP/1.1" 200 221 "-" "-"
185.61.152.2 - - [30/Jul/2026:21:00:01 +0000] "POST /service_request/lead_gen_forms/autozone/ HTTP/1.1" 200 115 "-" "-"
185.61.152.2 - - [30/Jul/2026:21:00:07 +0000] "POST /service_request/lead_gen_forms/autozone/ HTTP/1.1" 200 221 "-" "-"
185.61.152.2 - - [30/Jul/2026:21:00:12 +0000] "POST /service_request/lead_gen_forms/autozone/ HTTP/1.1" 200 118 "-" "-"
74.7.241.51 - - [30/Jul/2026:21:01:09 +0000] "GET /admin.php?dir=CwprocCw63CwtaskCw63Cwnet&view=rt_acct HTTP/1.1" 200 83 "https://hondasaudi.com/admin.php?dir=CwprocCw63CwtaskCw63Cwnet" "Mozilla/5.0 AppleWebKit/537.36 (KHTML, like Gecko; compatible; GPTBot/1.4; +https://openai.com/gptbot)"
172.105.42.26 - - [30/Jul/2026:21:01:36 +0000] "POST /wp-cron.php?doing_wp_cron=1785445295.9931299686431884765625 HTTP/1.1" 200 20 "-" "WordPress/7.0.2; https://hondasaudi.com"
43.153.36.110 - - [30/Jul/2026:21:01:35 +0000] "GET /wp-json/oembed/1.0/embed?url=https%3A%2F%2Fhondasaudi.com%2Fhonda-zrv%2F&format=xml HTTP/1.1" 200 1077 "-" "Mozilla/5.0 (iPhone; CPU iPhone OS 13_2_3 like Mac OS X) AppleWebKit/605.1.15 (KHTML, like Gecko) Version/13.0.3 Mobile/15E148 Safari/604.1"
74.7.241.51 - - [30/Jul/2026:21:01:51 +0000] "GET /admin.php?dir=CwprocCw64CwtaskCw64Cwnet&view=rt_acct HTTP/1.1" 200 83 "https://hondasaudi.com/admin.php?dir=CwprocCw64CwtaskCw64Cwnet" "Mozilla/5.0 AppleWebKit/537.36 (KHTML, like Gecko; compatible; GPTBot/1.4; +https://openai.com/gptbot)"
185.61.152.2 - - [30/Jul/2026:21:02:52 +0000] "POST /service_request/lead_gen_forms/autozone/ HTTP/1.1" 200 232 "-" "-"
65.109.168.104 - - [30/Jul/2026:21:03:03 +0000] "GET /wp-content/uploads/2025/07/Final-3-Recovered2_ACCORD-HEV-300x300.png HTTP/1.1" 200 48957 "-" "Mozilla/5.0 (X11; Ubuntu; Linux x86_64; rv:72.0) Gecko/20100101 Firefox/72.0"
74.7.241.51 - - [30/Jul/2026:21:03:11 +0000] "GET /admin.php?dir=CwusrCwshareCwvimCwvim80&edit=ftplugin.vim HTTP/1.1" 200 2982 "https://hondasaudi.com/admin.php?dir=CwusrCwshareCwvimCwvim80" "Mozilla/5.0 AppleWebKit/537.36 (KHTML, like Gecko; compatible; GPTBot/1.4; +https://openai.com/gptbot)"
172.105.42.26 - - [30/Jul/2026:21:03:22 +0000] "POST /wp-cron.php?doing_wp_cron=1785445402.8669929504394531250000 HTTP/1.1" 200 20 "-" "WordPress/7.0.2; https://hondasaudi.com"
17.22.245.248 - - [30/Jul/2026:21:03:22 +0000] "GET /consulting/pricing/ HTTP/1.1" 200 18177 "-" "Mozilla/5.0 (Macintosh; Intel Mac OS X 10_15_7) AppleWebKit/605.1.15 (KHTML, like Gecko) Version/17.4 Safari/605.1.15 (Applebot/0.1; +http://www.apple.com/go/applebot)"
74.7.241.51 - - [30/Jul/2026:21:03:32 +0000] "GET /admin.php?dir=CwusrCwshareCwvimCwvim80Cwsyntax&edit=uc.vim HTTP/1.1" 200 4746 "https://hondasaudi.com/admin.php?dir=CwusrCwshareCwvimCwvim80Cwsyntax" "Mozilla/5.0 AppleWebKit/537.36 (KHTML, like Gecko; compatible; GPTBot/1.4; +https://openai.com/gptbot)"
172.105.42.26 - - [30/Jul/2026:21:03:51 +0000] "POST /wp-cron.php?doing_wp_cron=1785445431.5036089420318603515625 HTTP/1.1" 200 20 "-" "WordPress/7.0.2; https://hondasaudi.com"
88.99.80.227 - - [30/Jul/2026:21:03:51 +0000] "HEAD / HTTP/1.1" 200 - "https://hondasaudi.com" "Mozilla/5.0+(compatible; UptimeRobot/2.0; http://www.uptimerobot.com/)"
74.7.241.51 - - [30/Jul/2026:21:03:53 +0000] "GET /admin.php?dir=CwusrCwshareCwdpkgCwsh&view=dpkg-error.sh HTTP/1.1" 200 1037 "https://hondasaudi.com/admin.php?dir=CwusrCwshareCwdpkgCwsh" "Mozilla/5.0 AppleWebKit/537.36 (KHTML, like Gecko; compatible; GPTBot/1.4; +https://openai.com/gptbot)"
74.7.241.51 - - [30/Jul/2026:21:04:34 +0000] "GET /admin.php?dir=CwusrCwshareCwperl5Cwpod&view=perldebguts.pod HTTP/1.1" 200 12638 "https://hondasaudi.com/admin.php?dir=CwusrCwshareCwperl5Cwpod" "Mozilla/5.0 AppleWebKit/537.36 (KHTML, like Gecko; compatible; GPTBot/1.4; +https://openai.com/gptbot)"
185.61.152.2 - - [30/Jul/2026:21:05:21 +0000] "POST /service_request/lead_gen_forms/autozone/ HTTP/1.1" 200 221 "-" "-"
74.7.241.51 - - [30/Jul/2026:21:05:36 +0000] "GET /admin.php?dir=CwusrCwshareCwrearCwwrapup&view=readme HTTP/1.1" 200 175 "https://hondasaudi.com/admin.php?dir=CwusrCwshareCwrearCwwrapup" "Mozilla/5.0 AppleWebKit/537.36 (KHTML, like Gecko; compatible; GPTBot/1.4; +https://openai.com/gptbot)"
74.7.241.51 - - [30/Jul/2026:21:05:57 +0000] "GET /admin.php?dir=CwprocCw2308754CwtaskCw2469638Cwnet&view=dev HTTP/1.1" 200 5370 "https://hondasaudi.com/admin.php?dir=CwprocCw2308754CwtaskCw2469638Cwnet" "Mozilla/5.0 AppleWebKit/537.36 (KHTML, like Gecko; compatible; GPTBot/1.4; +https://openai.com/gptbot)"
172.105.42.26 - - [30/Jul/2026:21:06:03 +0000] "POST /wp-cron.php?doing_wp_cron=1785445563.4954290390014648437500 HTTP/1.1" 200 20 "-" "WordPress/7.0.2; https://hondasaudi.com"
20.40.58.237 - - [30/Jul/2026:21:06:03 +0000] "GET /wp-json/wp/v2/posts?slug=/ HTTP/1.1" 200 22 "-" "-"
20.40.58.237 - - [30/Jul/2026:21:06:06 +0000] "GET /wp-json/wp/v2/posts?per_page=1 HTTP/1.1" 200 1855 "-" "-"
172.105.42.26 - - [30/Jul/2026:21:06:17 +0000] "POST /wp-cron.php?doing_wp_cron=1785445577.4315071105957031250000 HTTP/1.1" 200 20 "-" "WordPress/7.0.2; https://hondasaudi.com"
20.40.58.237 - - [30/Jul/2026:21:06:16 +0000] "POST /wp-comments-post.php HTTP/1.1" 302 20 "-" "-"
74.7.241.51 - - [30/Jul/2026:21:06:18 +0000] "GET /admin.php?dir=CwprocCw983471CwtaskCw3659501Cwnet&view=dev HTTP/1.1" 200 5370 "https://hondasaudi.com/admin.php?dir=CwprocCw983471CwtaskCw3659501Cwnet" "Mozilla/5.0 AppleWebKit/537.36 (KHTML, like Gecko; compatible; GPTBot/1.4; +https://openai.com/gptbot)"
172.105.42.26 - - [30/Jul/2026:21:06:19 +0000] "POST /wp-cron.php?doing_wp_cron=1785445579.5793709754943847656250 HTTP/1.1" 200 20 "-" "WordPress/7.0.2; https://hondasaudi.com"
20.40.58.237 - - [30/Jul/2026:21:06:19 +0000] "GET /what-can-you-do-to-improve-business-strategy-right-now/?unapproved=1616&moderation-hash=1a067d9c3a2056e9ef719f7056c521ce HTTP/1.1" 200 16883 "-" "-"
74.7.241.51 - - [30/Jul/2026:21:06:39 +0000] "GET /admin.php?dir=CwhomeCwbalubaidCwweb4FwautozoneFwcomFwsaCwwp-contentCwmaintenance&view=template.phtml HTTP/1.1" 200 797 "https://hondasaudi.com/admin.php?dir=CwhomeCwbalubaidCwweb4FwautozoneFwcomFwsaCwwp-contentCwmaintenance" "Mozilla/5.0 AppleWebKit/537.36 (KHTML, like Gecko; compatible; GPTBot/1.4; +https://openai.com/gptbot)"
185.61.152.2 - - [30/Jul/2026:21:06:54 +0000] "POST /service_request/lead_gen_forms/autozone/ HTTP/1.1" 200 232 "-" "-"
74.7.241.51 - - [30/Jul/2026:21:07:20 +0000] "GET /admin.php?dir=CwhomeCwbalubaidCwweb1FwautozoneFwcomFwsaCwwp-contentCwmaintenance&view=template.phtml HTTP/1.1" 200 797 "https://hondasaudi.com/admin.php?dir=CwhomeCwbalubaidCwweb1FwautozoneFwcomFwsaCwwp-contentCwmaintenance" "Mozilla/5.0 AppleWebKit/537.36 (KHTML, like Gecko; compatible; GPTBot/1.4; +https://openai.com/gptbot)"
74.7.241.51 - - [30/Jul/2026:21:07:41 +0000] "GET /admin.php?dir=CwhomeCwbalubaidCwweb2FwautozoneFwcomFwsaCwwp-contentCwmaintenance&view=template.phtml HTTP/1.1" 200 797 "https://hondasaudi.com/admin.php?dir=CwhomeCwbalubaidCwweb2FwautozoneFwcomFwsaCwwp-contentCwmaintenance" "Mozilla/5.0 AppleWebKit/537.36 (KHTML, like Gecko; compatible; GPTBot/1.4; +https://openai.com/gptbot)"
74.7.241.51 - - [30/Jul/2026:21:08:01 +0000] "GET /admin.php?dir=CwhomeCwbalubaidCwweb3FwautozoneFwcomFwsaCwwp-contentCwmaintenance&view=template.phtml HTTP/1.1" 200 797 "https://hondasaudi.com/admin.php?dir=CwhomeCwbalubaidCwweb3FwautozoneFwcomFwsaCwwp-contentCwmaintenance" "Mozilla/5.0 AppleWebKit/537.36 (KHTML, like Gecko; compatible; GPTBot/1.4; +https://openai.com/gptbot)"
172.105.42.26 - - [30/Jul/2026:21:08:56 +0000] "POST /wp-cron.php?doing_wp_cron=1785445736.2697699069976806640625 HTTP/1.1" 200 20 "-" "WordPress/7.0.2; https://hondasaudi.com"
78.46.215.1 - - [30/Jul/2026:21:08:56 +0000] "HEAD / HTTP/1.1" 200 - "https://hondasaudi.com" "Mozilla/5.0+(compatible; UptimeRobot/2.0; http://www.uptimerobot.com/)"
172.105.42.26 - - [30/Jul/2026:21:09:19 +0000] "POST /wp-cron.php?doing_wp_cron=1785445759.6182699203491210937500 HTTP/1.1" 200 20 "-" "WordPress/7.0.2; https://hondasaudi.com"
74.7.241.51 - - [30/Jul/2026:21:09:24 +0000] "GET /admin.php?dir=CwprocCw646649&edit=root HTTP/1.1" 200 2477 "https://hondasaudi.com/admin.php?dir=CwprocCw646649" "Mozilla/5.0 AppleWebKit/537.36 (KHTML, like Gecko; compatible; GPTBot/1.4; +https://openai.com/gptbot)"
74.7.241.51 - - [30/Jul/2026:21:10:06 +0000] "GET /admin.php?dir=CwprocCw646649&edit=comm HTTP/1.1" 200 2481 "https://hondasaudi.com/admin.php?dir=CwprocCw646649" "Mozilla/5.0 AppleWebKit/537.36 (KHTML, like Gecko; compatible; GPTBot/1.4; +https://openai.com/gptbot)"
74.7.241.51 - - [30/Jul/2026:21:10:28 +0000] "GET /admin.php?dir=CwprocCw773793&edit=comm HTTP/1.1" 200 2481 "https://hondasaudi.com/admin.php?dir=CwprocCwself" "Mozilla/5.0 AppleWebKit/537.36 (KHTML, like Gecko; compatible; GPTBot/1.4; +https://openai.com/gptbot)"
74.7.241.51 - - [30/Jul/2026:21:10:49 +0000] "GET /admin.php?dir=CwusrCwbin&edit=mysql_config HTTP/1.1" 200 2888 "https://hondasaudi.com/admin.php?dir=CwCwbin" "Mozilla/5.0 AppleWebKit/537.36 (KHTML, like Gecko; compatible; GPTBot/1.4; +https://openai.com/gptbot)"
185.61.152.2 - - [30/Jul/2026:21:11:02 +0000] "POST /service_request/lead_gen_forms/autozone/ HTTP/1.1" 200 970 "-" "-"
2a00:5400:e053:172d:bdcf:19e0:a879:7a3d - - [30/Jul/2026:21:11:24 +0000] "GET /wp-content/uploads/2022/07/hona-emblem.png HTTP/1.1" 200 249337 "https://hondasaudi.com/" "Mozilla/5.0 (Linux; Android 10; K) AppleWebKit/537.36 (KHTML, like Gecko) Chrome/150.0.0.0 Safari/537.36"
74.7.241.51 - - [30/Jul/2026:21:11:31 +0000] "GET /admin.php?dir=CwhomeCwbalubaidCwweb3FwautozoneFwcomFwsaCwwp-contentCwpluginsCwbdthemes-element-packCwmodulesCwcrypto-currency-cardCwwidgets HTTP/1.1" 200 3348 "https://hondasaudi.com/admin.php?dir=CwhomeCwbalubaidCwweb3FwautozoneFwcomFwsaCwwp-contentCwpluginsCwbdthemes-element-packCwmodulesCwcrypto-currency-card" "Mozilla/5.0 AppleWebKit/537.36 (KHTML, like Gecko; compatible; GPTBot/1.4; +https://openai.com/gptbot)"
172.105.42.26 - - [30/Jul/2026:21:12:23 +0000] "POST /wp-cron.php?doing_wp_cron=1785445943.7968010902404785156250 HTTP/1.1" 200 20 "-" "WordPress/7.0.2; https://hondasaudi.com"
43.153.96.79 - - [30/Jul/2026:21:12:23 +0000] "GET /wp-json/oembed/1.0/embed?url=https%3A%2F%2Fhondasaudi.com%2Fhonda-zrv%2F HTTP/1.1" 200 1044 "-" "Mozilla/5.0 (iPhone; CPU iPhone OS 13_2_3 like Mac OS X) AppleWebKit/605.1.15 (KHTML, like Gecko) Version/13.0.3 Mobile/15E148 Safari/604.1"
74.7.241.51 - - [30/Jul/2026:21:12:33 +0000] "GET /admin.php?dir=CwoptCwcpanelCwea-wappspectorCwsrc&edit=DIContainer.php HTTP/1.1" 200 2658 "https://hondasaudi.com/admin.php?dir=CwoptCwcpanelCwea-wappspectorCwsrc" "Mozilla/5.0 AppleWebKit/537.36 (KHTML, like Gecko; compatible; GPTBot/1.4; +https://openai.com/gptbot)"
172.105.42.26 - - [30/Jul/2026:21:12:34 +0000] "POST /wp-cron.php?doing_wp_cron=1785445954.7598299980163574218750 HTTP/1.1" 200 20 "-" "WordPress/7.0.2; https://hondasaudi.com"
34.86.177.154 - - [30/Jul/2026:21:12:35 +0000] "GET /?utm_source=sms&utm_medium=sms&utm_campaign=sms HTTP/1.1" 200 15714 "https://honda.core3.agency/?utm_source=sms&utm_medium=sms&utm_campaign=sms" "bitlybot/3.0 (+http://bit.ly/)"
209.198.132.232 - - [30/Jul/2026:21:12:35 +0000] "GET /?utm_source=sms&utm_medium=sms&utm_campaign=sms HTTP/1.1" 200 15713 "-" "Mozilla/5.0 (Linux; Android 10; K) AppleWebKit/537.36 (KHTML, like Gecko) Chrome/150.0.0.0 Mobile Safari/537.36"
74.7.241.51 - - [30/Jul/2026:21:12:54 +0000] "GET /admin.php?dir=CwhomeCwbalubaidCwweb3FwautozoneFwcomFwsaCwwp-includesCwblocksCwgallery HTTP/1.1" 200 3797 "https://hondasaudi.com/admin.php?dir=CwhomeCwbalubaidCwweb3FwautozoneFwcomFwsaCwwp-includesCwblocks" "Mozilla/5.0 AppleWebKit/537.36 (KHTML, like Gecko; compatible; GPTBot/1.4; +https://openai.com/gptbot)"
74.7.241.51 - - [30/Jul/2026:21:13:36 +0000] "GET /admin.php?dir=CwhomeCwbalubaidCwweb1FwautozoneFwcomFwsaCwwp-includesCwjsCwthickbox HTTP/1.1" 200 3481 "https://hondasaudi.com/admin.php?dir=CwhomeCwbalubaidCwweb1FwautozoneFwcomFwsaCwwp-includesCwjs" "Mozilla/5.0 AppleWebKit/537.36 (KHTML, like Gecko; compatible; GPTBot/1.4; +https://openai.com/gptbot)"
74.7.241.51 - - [30/Jul/2026:21:13:57 +0000] "GET /admin.php?dir=CwhomeCwbalubaidCwworkforceFwcore3FwagencyCwwp-includesCwjsCwplupload HTTP/1.1" 200 3644 "https://hondasaudi.com/admin.php?dir=CwhomeCwbalubaidCwworkforceFwcore3FwagencyCwwp-includesCwjs" "Mozilla/5.0 AppleWebKit/537.36 (KHTML, like Gecko; compatible; GPTBot/1.4; +https://openai.com/gptbot)"
172.105.42.26 - - [30/Jul/2026:21:14:01 +0000] "POST /wp-cron.php?doing_wp_cron=1785446040.8840379714965820312500 HTTP/1.1" 200 20 "-" "WordPress/7.0.2; https://hondasaudi.com"
159.69.158.189 - - [30/Jul/2026:21:14:00 +0000] "HEAD / HTTP/1.1" 200 - "https://hondasaudi.com" "Mozilla/5.0+(compatible; UptimeRobot/2.0; http://www.uptimerobot.com/)"
172.105.42.26 - - [30/Jul/2026:21:14:35 +0000] "POST /wp-cron.php?doing_wp_cron=1785446075.1606109142303466796875 HTTP/1.1" 200 20 "-" "WordPress/7.0.2; https://hondasaudi.com"
172.105.42.26 - - [30/Jul/2026:21:15:46 +0000] "POST /wp-cron.php?doing_wp_cron=1785446146.2413039207458496093750 HTTP/1.1" 200 20 "-" "WordPress/7.0.2; https://hondasaudi.com"
154.176.46.212 - - [30/Jul/2026:21:15:46 +0000] "GET /favicon.ico HTTP/1.1" 302 20 "-" "NetworkingExtension/8623.2.7.10.4 Network/5569.82.5 iOS/26.3.1"
154.176.46.212 - - [30/Jul/2026:21:15:45 +0000] "GET /outlet/ HTTP/1.1" 200 16111 "-" "Mozilla/5.0 (Macintosh; Intel Mac OS X 10_11_1) AppleWebKit/601.2.4 (KHTML, like Gecko) Version/9.0.1 Safari/601.2.4 facebookexternalhit/1.1 Facebot Twitterbot/1.0"
154.176.46.212 - - [30/Jul/2026:21:15:46 +0000] "GET /apple-touch-icon.png HTTP/1.1" 404 12573 "-" "NetworkingExtension/8623.2.7.10.4 Network/5569.82.5 iOS/26.3.1"
154.176.46.212 - - [30/Jul/2026:21:15:46 +0000] "GET /apple-touch-icon-precomposed.png HTTP/1.1" 404 12581 "-" "NetworkingExtension/8623.2.7.10.4 Network/5569.82.5 iOS/26.3.1"
74.7.241.51 - - [30/Jul/2026:21:16:05 +0000] "GET /admin.php?dir=CwhomeCwbalubaidCwmgbFwcore3FwagencyCwwp-includesCwblocksCwnavigation HTTP/1.1" 200 3597 "https://hondasaudi.com/admin.php?dir=CwhomeCwbalubaidCwmgbFwcore3FwagencyCwwp-includesCwblocks" "Mozilla/5.0 AppleWebKit/537.36 (KHTML, like Gecko; compatible; GPTBot/1.4; +https://openai.com/gptbot)"
172.105.42.26 - - [30/Jul/2026:21:16:29 +0000] "POST /service_request/ai_integration/ HTTP/1.1" 200 743 "-" "-"
2600:3c18::2000:67ff:fe68:3481 - - [30/Jul/2026:21:16:36 +0000] "GET / HTTP/1.1" 200 15687 "http://hondasaudi.com" "Mozilla/5.0 (Windows NT 10.0; Win64; x64) AppleWebKit/537.36 (KHTML, like Gecko) Chrome/105.0.0.0 Safari/537.36"
74.7.241.51 - - [30/Jul/2026:21:16:48 +0000] "GET /admin.php?dir=CwhomeCwbalubaidCwweb3FwautozoneFwcomFwsaCwwp-includesCwblocksCwgallery&view=block.json HTTP/1.1" 200 1037 "https://hondasaudi.com/admin.php?dir=CwhomeCwbalubaidCwweb3FwautozoneFwcomFwsaCwwp-includesCwblocksCwgallery" "Mozilla/5.0 AppleWebKit/537.36 (KHTML, like Gecko; compatible; GPTBot/1.4; +https://openai.com/gptbot)"
172.105.42.26 - - [30/Jul/2026:21:17:43 +0000] "POST /wp-cron.php?doing_wp_cron=1785446263.5386750698089599609375 HTTP/1.1" 200 20 "-" "WordPress/7.0.2; https://hondasaudi.com"
20.215.220.178 - - [30/Jul/2026:21:17:43 +0000] "GET / HTTP/1.1" 200 15688 "-" "Mozilla/5.0 AppleWebKit/537.36 (KHTML, like Gecko); compatible; ChatGPT-User/1.0; +https://openai.com/bot"
74.7.241.51 - - [30/Jul/2026:21:17:52 +0000] "GET /admin.php?dir=CwhomeCwbalubaidCwworkforceFwcore3FwagencyCwwp-includesCwjsCwplupload&view=moxie.min.js HTTP/1.1" 200 27450 "https://hondasaudi.com/admin.php?dir=CwhomeCwbalubaidCwworkforceFwcore3FwagencyCwwp-includesCwjsCwplupload" "Mozilla/5.0 AppleWebKit/537.36 (KHTML, like Gecko; compatible; GPTBot/1.4; +https://openai.com/gptbot)"
172.105.42.26 - - [30/Jul/2026:21:18:25 +0000] "POST /wp-cron.php?doing_wp_cron=1785446305.9420781135559082031250 HTTP/1.1" 200 20 "-" "WordPress/7.0.2; https://hondasaudi.com"
37.224.232.58 - - [30/Jul/2026:21:18:25 +0000] "GET / HTTP/1.1" 200 15687 "https://www.google.com/" "Mozilla/5.0 (iPhone; CPU iPhone OS 18_7 like Mac OS X) AppleWebKit/605.1.15 (KHTML, like Gecko) Version/26.5 Mobile/15E148 Safari/604.1"
37.224.232.58 - - [30/Jul/2026:21:18:28 +0000] "GET /wp-content/uploads/2019/11/GBS_HWMY_Basic_RGB1-1536x231.png HTTP/1.1" 200 38729 "https://hondasaudi.com/" "Mozilla/5.0 (iPhone; CPU iPhone OS 18_7 like Mac OS X) AppleWebKit/605.1.15 (KHTML, like Gecko) Version/26.5 Mobile/15E148 Safari/604.1"
37.224.232.58 - - [30/Jul/2026:21:18:37 +0000] "GET /wp-content/uploads/2026/07/Pilot-copy_00795.png HTTP/1.1" 200 1514444 "https://hondasaudi.com/" "Mozilla/5.0 (iPhone; CPU iPhone OS 18_7 like Mac OS X) AppleWebKit/605.1.15 (KHTML, like Gecko) Version/26.5 Mobile/15E148 Safari/604.1"
