74.7.241.51 - - [31/Jul/2026:01:26:50 +0000] "GET /%20.%20get_edit_post_link(%20original_page_id HTTP/1.1" 404 12595 "https://hondasaudi.com/%20.%20get_edit_post_link(%20original_page_id%20)%20.%20" "Mozilla/5.0 AppleWebKit/537.36 (KHTML, like Gecko; compatible; GPTBot/1.4; +https://openai.com/gptbot)"
185.61.152.2 - - [31/Jul/2026:01:27:29 +0000] "POST /service_request/lead_gen_forms/autozone/ HTTP/1.1" 200 995 "-" "-"
74.7.241.51 - - [31/Jul/2026:01:27:53 +0000] "GET /'%20.%20esc_url(%20get_delete_post_link(%20$post-%3EID,%20'',%20true%20)%20)%20.%20' HTTP/1.1" 301 20 "https://hondasaudi.com/admin.php?dir=CwhomeCwbalubaidCwweb3FwautozoneFwcomFwsaCwwp-contentCwpluginsCwsitepress-multilingual-cmsCwlocaleCworig&view=sitepress.po" "Mozilla/5.0 AppleWebKit/537.36 (KHTML, like Gecko; compatible; GPTBot/1.4; +https://openai.com/gptbot)"
74.7.241.51 - - [31/Jul/2026:01:27:54 +0000] "GET /%20.%20esc_url(%20get_delete_post_link(%20post-%3EID,%20,%20true%20)%20)%20.%20 HTTP/1.1" 301 20 "https://hondasaudi.com/'%20.%20esc_url(%20get_delete_post_link(%20$post-%3EID,%20'',%20true%20)%20)%20.%20'" "Mozilla/5.0 AppleWebKit/537.36 (KHTML, like Gecko; compatible; GPTBot/1.4; +https://openai.com/gptbot)"
74.7.241.51 - - [31/Jul/2026:01:27:54 +0000] "GET /%20.%20esc_url(%20get_delete_post_link(%20post-%3EID,%20,%20true HTTP/1.1" 404 12606 "https://hondasaudi.com/%20.%20esc_url(%20get_delete_post_link(%20post-%3EID,%20,%20true%20)%20)%20.%20" "Mozilla/5.0 AppleWebKit/537.36 (KHTML, like Gecko; compatible; GPTBot/1.4; +https://openai.com/gptbot)"
172.105.42.26 - - [31/Jul/2026:01:28:18 +0000] "POST /service_request/ai_integration/ HTTP/1.1" 200 754 "-" "-"
172.105.42.26 - - [31/Jul/2026:01:28:25 +0000] "POST /wp-cron.php?doing_wp_cron=1785461305.1482040882110595703125 HTTP/1.1" 200 20 "-" "WordPress/7.0.2; https://hondasaudi.com"
88.99.80.227 - - [31/Jul/2026:01:28:24 +0000] "HEAD / HTTP/1.1" 200 - "https://hondasaudi.com" "Mozilla/5.0+(compatible; UptimeRobot/2.0; http://www.uptimerobot.com/)"
74.7.241.51 - - [31/Jul/2026:01:28:56 +0000] "GET /'%20.%20admin_url(%20'nav-menus.php'%20)%20.msgid HTTP/1.1" 404 12604 "https://hondasaudi.com/admin.php?dir=CwhomeCwbalubaidCwweb3FwautozoneFwcomFwsaCwwp-contentCwpluginsCwsitepress-multilingual-cmsCwlocaleCworig&view=sitepress.po" "Mozilla/5.0 AppleWebKit/537.36 (KHTML, like Gecko; compatible; GPTBot/1.4; +https://openai.com/gptbot)"
172.105.42.26 - - [31/Jul/2026:01:29:38 +0000] "POST /wp-cron.php?doing_wp_cron=1785461378.0926859378814697265625 HTTP/1.1" 200 20 "-" "WordPress/7.0.2; https://hondasaudi.com"
74.7.241.51 - - [31/Jul/2026:01:29:37 +0000] "GET /'%20.%20esc_url(%20network_admin_url(%20'site-info.php?id=%27%20.%20$blog[%27blog_id%27]%20)%20)%20.%20%27 HTTP/1.1" 404 12634 "https://hondasaudi.com/admin.php?dir=CwhomeCwbalubaidCwweb3FwautozoneFwcomFwsaCwwp-contentCwpluginsCwsitepress-multilingual-cmsCwlocaleCworig&view=sitepress.po" "Mozilla/5.0 AppleWebKit/537.36 (KHTML, like Gecko; compatible; GPTBot/1.4; +https://openai.com/gptbot)"
172.105.42.26 - - [31/Jul/2026:01:30:42 +0000] "POST /wp-cron.php?doing_wp_cron=1785461442.7924430370330810546875 HTTP/1.1" 200 20 "-" "WordPress/7.0.2; https://hondasaudi.com"
172.105.42.26 - - [31/Jul/2026:01:31:40 +0000] "POST /wp-cron.php?doing_wp_cron=1785461500.1246170997619628906250 HTTP/1.1" 200 20 "-" "WordPress/7.0.2; https://hondasaudi.com"
216.73.217.51 - - [31/Jul/2026:01:31:39 +0000] "GET /sitemap.xml HTTP/1.1" 301 20 "-" "Mozilla/5.0 AppleWebKit/537.36 (KHTML, like Gecko; compatible; ClaudeBot/1.0; +claudebot@anthropic.com)"
216.73.217.51 - - [31/Jul/2026:01:31:40 +0000] "GET /wp-sitemap.xml HTTP/1.1" 200 235 "https://hondasaudi.com/sitemap.xml" "Mozilla/5.0 AppleWebKit/537.36 (KHTML, like Gecko; compatible; ClaudeBot/1.0; +claudebot@anthropic.com)"
172.105.42.26 - - [31/Jul/2026:01:33:31 +0000] "POST /wp-cron.php?doing_wp_cron=1785461610.5542190074920654296875 HTTP/1.1" 200 20 "-" "WordPress/7.0.2; https://hondasaudi.com"
88.99.80.227 - - [31/Jul/2026:01:33:30 +0000] "HEAD / HTTP/1.1" 200 - "https://hondasaudi.com" "Mozilla/5.0+(compatible; UptimeRobot/2.0; http://www.uptimerobot.com/)"
66.249.66.64 - - [31/Jul/2026:01:35:06 +0000] "GET /feed/ HTTP/1.1" 301 20 "-" "Mozilla/5.0 (Linux; Android 6.0.1; Nexus 5X Build/MMB29P) AppleWebKit/537.36 (KHTML, like Gecko) Chrome/150.0.7871.186 Mobile Safari/537.36 (compatible; Googlebot/2.1; +http://www.google.com/bot.html)"
66.249.66.77 - - [31/Jul/2026:01:35:07 +0000] "GET / HTTP/1.1" 200 15687 "-" "Mozilla/5.0 (Linux; Android 6.0.1; Nexus 5X Build/MMB29P) AppleWebKit/537.36 (KHTML, like Gecko) Chrome/150.0.7871.186 Mobile Safari/537.36 (compatible; Googlebot/2.1; +http://www.google.com/bot.html)"
172.105.42.26 - - [31/Jul/2026:01:35:39 +0000] "POST /wp-cron.php?doing_wp_cron=1785461739.4171369075775146484375 HTTP/1.1" 200 20 "-" "WordPress/7.0.2; https://hondasaudi.com"
74.7.241.51 - - [31/Jul/2026:01:35:39 +0000] "GET /'%20.%20self::DOC_URL%20.%20' HTTP/1.1" 301 20 "https://hondasaudi.com/admin.php?dir=CwhomeCwbalubaidCwweb3FwautozoneFwcomFwsaCwwp-contentCwpluginsCwsitepress-multilingual-cmsCwlocaleCworig&view=sitepress.po" "Mozilla/5.0 AppleWebKit/537.36 (KHTML, like Gecko; compatible; GPTBot/1.4; +https://openai.com/gptbot)"
74.7.241.51 - - [31/Jul/2026:01:35:39 +0000] "GET /%20.%20self::DOC_URL%20.%20 HTTP/1.1" 301 20 "https://hondasaudi.com/'%20.%20self::DOC_URL%20.%20'" "Mozilla/5.0 AppleWebKit/537.36 (KHTML, like Gecko; compatible; GPTBot/1.4; +https://openai.com/gptbot)"
74.7.241.51 - - [31/Jul/2026:01:35:40 +0000] "GET /%20.%20self::DOC_URL HTTP/1.1" 404 12579 "https://hondasaudi.com/%20.%20self::DOC_URL%20.%20" "Mozilla/5.0 AppleWebKit/537.36 (KHTML, like Gecko; compatible; GPTBot/1.4; +https://openai.com/gptbot)"
43.167.236.228 - - [31/Jul/2026:01:35:42 +0000] "GET / HTTP/1.1" 200 15687 "http://hondasaudi.com" "Mozilla/5.0 (iPhone; CPU iPhone OS 13_2_3 like Mac OS X) AppleWebKit/605.1.15 (KHTML, like Gecko) Version/13.0.3 Mobile/15E148 Safari/604.1"
64.225.11.252 - - [31/Jul/2026:01:35:44 +0000] "GET / HTTP/1.1" 200 15688 "-" "Mozilla/5.0 (X11; Linux x86_64) AppleWebKit/537.36 (KHTML, like Gecko) Chrome/142.0.0.0 Safari/537.36"
172.105.42.26 - - [31/Jul/2026:01:36:23 +0000] "POST /wp-cron.php?doing_wp_cron=1785461783.0446109771728515625000 HTTP/1.1" 200 20 "-" "WordPress/7.0.2; https://hondasaudi.com"
74.7.241.51 - - [31/Jul/2026:01:36:22 +0000] "GET /admin.php?dir=CwhomeCwFwcpanmCwworkCw1708291698Fw4094CwJSON-PP-4Fw16CwblibCwman3&view=JSON%3A%3APP.3pm HTTP/1.1" 200 19796 "https://hondasaudi.com/admin.php?dir=CwhomeCwFwcpanmCwworkCw1708291698Fw4094CwJSON-PP-4Fw16CwblibCwman3" "Mozilla/5.0 AppleWebKit/537.36 (KHTML, like Gecko; compatible; GPTBot/1.4; +https://openai.com/gptbot)"
172.105.42.26 - - [31/Jul/2026:01:37:15 +0000] "POST /wp-cron.php?doing_wp_cron=1785461835.2470860481262207031250 HTTP/1.1" 200 20 "-" "WordPress/7.0.2; https://hondasaudi.com"
2a02:9b0:af:a744:4937:56ff:3637:64f4 - - [31/Jul/2026:01:37:15 +0000] "GET /outlet/ HTTP/1.1" 200 16111 "https://www.google.com/" "Mozilla/5.0 (iPhone; CPU iPhone OS 26_5_2 like Mac OS X) AppleWebKit/605.1.15 (KHTML, like Gecko) CriOS/150.0.7871.113 Mobile/15E148 Safari/604.1"
2a02:9b0:af:a744:4937:56ff:3637:64f4 - - [31/Jul/2026:01:37:19 +0000] "GET /wp-content/uploads/2019/11/GBS_HWMY_Basic_RGB1-1536x231.png HTTP/1.1" 200 38729 "https://hondasaudi.com/outlet/" "Mozilla/5.0 (iPhone; CPU iPhone OS 26_5_2 like Mac OS X) AppleWebKit/605.1.15 (KHTML, like Gecko) CriOS/150.0.7871.113 Mobile/15E148 Safari/604.1"
172.105.42.26 - - [31/Jul/2026:01:37:19 +0000] "POST /wp-cron.php?doing_wp_cron=1785461839.2144770622253417968750 HTTP/1.1" 200 20 "-" "WordPress/7.0.2; https://hondasaudi.com"
2a02:9b0:af:a744:4937:56ff:3637:64f4 - - [31/Jul/2026:01:37:19 +0000] "GET /wp-json/contact-form-7/v1/contact-forms/453560/feedback/schema HTTP/1.1" 200 1143 "https://hondasaudi.com/outlet/" "Mozilla/5.0 (iPhone; CPU iPhone OS 26_5_2 like Mac OS X) AppleWebKit/605.1.15 (KHTML, like Gecko) CriOS/150.0.7871.113 Mobile/15E148 Safari/604.1"
74.7.241.51 - - [31/Jul/2026:01:37:27 +0000] "GET /admin.php?dir=CwusrCwshareCwX11CwxkbCwtypes&view=pc HTTP/1.1" 200 898 "https://hondasaudi.com/admin.php?dir=CwusrCwshareCwX11CwxkbCwtypes" "Mozilla/5.0 AppleWebKit/537.36 (KHTML, like Gecko; compatible; GPTBot/1.4; +https://openai.com/gptbot)"
74.7.241.51 - - [31/Jul/2026:01:37:47 +0000] "GET /admin.php?dir=CwsysCwfsCwselinuxCwclassCwnetlink_scsitransport_socket&edit=index HTTP/1.1" 200 2504 "https://hondasaudi.com/admin.php?dir=CwsysCwfsCwselinuxCwclassCwnetlink_scsitransport_socket" "Mozilla/5.0 AppleWebKit/537.36 (KHTML, like Gecko; compatible; GPTBot/1.4; +https://openai.com/gptbot)"
172.105.42.26 - - [31/Jul/2026:01:38:19 +0000] "POST /wp-cron.php?doing_wp_cron=1785461899.2867150306701660156250 HTTP/1.1" 200 20 "-" "WordPress/7.0.2; https://hondasaudi.com"
2a02:9b0:af:a744:4937:56ff:3637:64f4 - - [31/Jul/2026:01:38:19 +0000] "GET /outlet/ HTTP/1.1" 200 16111 "https://www.google.com/" "Mozilla/5.0 (iPhone; CPU iPhone OS 26_5_2 like Mac OS X) AppleWebKit/605.1.15 (KHTML, like Gecko) CriOS/150.0.7871.113 Mobile/15E148 Safari/604.1"
2a02:9b0:af:a744:4937:56ff:3637:64f4 - - [31/Jul/2026:01:38:20 +0000] "GET /wp-json/contact-form-7/v1/contact-forms/453560/feedback/schema HTTP/1.1" 200 1143 "https://hondasaudi.com/outlet/" "Mozilla/5.0 (iPhone; CPU iPhone OS 26_5_2 like Mac OS X) AppleWebKit/605.1.15 (KHTML, like Gecko) CriOS/150.0.7871.113 Mobile/15E148 Safari/604.1"
172.105.42.26 - - [31/Jul/2026:01:38:36 +0000] "POST /wp-cron.php?doing_wp_cron=1785461916.1935460567474365234375 HTTP/1.1" 200 20 "-" "WordPress/7.0.2; https://hondasaudi.com"
168.119.53.160 - - [31/Jul/2026:01:38:36 +0000] "HEAD / HTTP/1.1" 200 - "https://hondasaudi.com" "Mozilla/5.0+(compatible; UptimeRobot/2.0; http://www.uptimerobot.com/)"
74.7.241.51 - - [31/Jul/2026:01:38:48 +0000] "GET /admin.php?dir=CwsysCwfsCwselinuxCwclassCwnetlink_netfilter_socket&edit=index HTTP/1.1" 200 2500 "https://hondasaudi.com/admin.php?dir=CwsysCwfsCwselinuxCwclassCwnetlink_netfilter_socket" "Mozilla/5.0 AppleWebKit/537.36 (KHTML, like Gecko; compatible; GPTBot/1.4; +https://openai.com/gptbot)"
74.7.241.51 - - [31/Jul/2026:01:39:30 +0000] "GET /admin.php?dir=CwoptCwaltCwmodsec-sdbm-util HTTP/1.1" 200 3172 "https://hondasaudi.com/admin.php?dir=CwoptCwalt" "Mozilla/5.0 AppleWebKit/537.36 (KHTML, like Gecko; compatible; GPTBot/1.4; +https://openai.com/gptbot)"
185.61.152.2 - - [31/Jul/2026:01:40:39 +0000] "POST /service_request/lead_gen_forms/autozone/ HTTP/1.1" 200 223 "-" "-"
74.7.241.51 - - [31/Jul/2026:01:41:14 +0000] "GET /admin.php?dir=CwusrCwshareCwscreenCwutf8encodings&edit=02 HTTP/1.1" 200 2473 "https://hondasaudi.com/admin.php?dir=CwusrCwshareCwscreenCwutf8encodings" "Mozilla/5.0 AppleWebKit/537.36 (KHTML, like Gecko; compatible; GPTBot/1.4; +https://openai.com/gptbot)"
172.105.42.26 - - [31/Jul/2026:01:41:20 +0000] "POST /wp-cron.php?doing_wp_cron=1785462080.8035430908203125000000 HTTP/1.1" 200 20 "-" "WordPress/7.0.2; https://hondasaudi.com"
172.105.42.26 - - [31/Jul/2026:01:41:35 +0000] "POST /wp-cron.php?doing_wp_cron=1785462095.7393670082092285156250 HTTP/1.1" 200 20 "-" "WordPress/7.0.2; https://hondasaudi.com"
74.7.241.51 - - [31/Jul/2026:01:41:35 +0000] "GET /admin.php?dir=CwsysCwfsCwselinuxCwclassCwnetlink_scsitransport_socket HTTP/1.1" 200 3253 "https://hondasaudi.com/admin.php?dir=CwsysCwfsCwselinuxCwclassCwnetlink_scsitransport_socket&edit=index" "Mozilla/5.0 AppleWebKit/537.36 (KHTML, like Gecko; compatible; GPTBot/1.4; +https://openai.com/gptbot)"
185.61.152.2 - - [31/Jul/2026:01:41:59 +0000] "POST /service_request/lead_gen_forms/autozone/ HTTP/1.1" 200 222 "-" "-"
74.7.241.51 - - [31/Jul/2026:01:42:37 +0000] "GET /admin.php?dir=CwsysCwfsCwselinuxCwclassCwnetlink_netfilter_socket HTTP/1.1" 200 3271 "https://hondasaudi.com/admin.php?dir=CwsysCwfsCwselinuxCwclassCwnetlink_netfilter_socket&edit=index" "Mozilla/5.0 AppleWebKit/537.36 (KHTML, like Gecko; compatible; GPTBot/1.4; +https://openai.com/gptbot)"
74.7.241.51 - - [31/Jul/2026:01:43:20 +0000] "GET /admin.php?dir=CwoptCwalt HTTP/1.1" 200 4413 "https://hondasaudi.com/admin.php?dir=CwoptCwaltCwmodsec-sdbm-util" "Mozilla/5.0 AppleWebKit/537.36 (KHTML, like Gecko; compatible; GPTBot/1.4; +https://openai.com/gptbot)"
74.7.241.51 - - [31/Jul/2026:01:43:42 +0000] "GET /admin.php?dir=CwoptCwaltCwmodsec-sdbm-utilCwshare HTTP/1.1" 200 3135 "https://hondasaudi.com/admin.php?dir=CwoptCwaltCwmodsec-sdbm-util" "Mozilla/5.0 AppleWebKit/537.36 (KHTML, like Gecko; compatible; GPTBot/1.4; +https://openai.com/gptbot)"
172.105.42.26 - - [31/Jul/2026:01:43:42 +0000] "POST /wp-cron.php?doing_wp_cron=1785462222.2198739051818847656250 HTTP/1.1" 200 20 "-" "WordPress/7.0.2; https://hondasaudi.com"
157.90.155.240 - - [31/Jul/2026:01:43:42 +0000] "HEAD / HTTP/1.1" 200 - "https://hondasaudi.com" "Mozilla/5.0+(compatible; UptimeRobot/2.0; http://www.uptimerobot.com/)"
74.7.241.51 - - [31/Jul/2026:01:44:02 +0000] "GET /admin.php?dir=CwusrCwshareCwscreenCwutf8encodings&edit=04 HTTP/1.1" 200 2473 "https://hondasaudi.com/admin.php?dir=CwusrCwshareCwscreenCwutf8encodings" "Mozilla/5.0 AppleWebKit/537.36 (KHTML, like Gecko; compatible; GPTBot/1.4; +https://openai.com/gptbot)"
74.7.241.51 - - [31/Jul/2026:01:44:22 +0000] "GET /admin.php?dir=CwsysCwdevicesCwvirtualCwbdiCw8Ew0&edit=uevent HTTP/1.1" 200 2487 "https://hondasaudi.com/admin.php?dir=CwsysCwclassCwbdiCw8Ew0" "Mozilla/5.0 AppleWebKit/537.36 (KHTML, like Gecko; compatible; GPTBot/1.4; +https://openai.com/gptbot)"
74.7.241.51 - - [31/Jul/2026:01:44:43 +0000] "GET /admin.php?dir=CwusrCwshareCwscreenCwutf8encodings&edit=03 HTTP/1.1" 200 2474 "https://hondasaudi.com/admin.php?dir=CwusrCwshareCwscreenCwutf8encodings" "Mozilla/5.0 AppleWebKit/537.36 (KHTML, like Gecko; compatible; GPTBot/1.4; +https://openai.com/gptbot)"
74.7.241.51 - - [31/Jul/2026:01:45:03 +0000] "GET /admin.php?dir=CwusrCwshareCwscreenCwutf8encodings HTTP/1.1" 200 3838 "https://hondasaudi.com/admin.php?dir=CwusrCwshareCwscreenCwutf8encodings&edit=02" "Mozilla/5.0 AppleWebKit/537.36 (KHTML, like Gecko; compatible; GPTBot/1.4; +https://openai.com/gptbot)"
74.7.241.51 - - [31/Jul/2026:01:45:23 +0000] "GET /admin.php?dir=CwusrCwshareCwscreen HTTP/1.1" 200 3118 "https://hondasaudi.com/admin.php?dir=CwusrCwshareCwscreenCwutf8encodings&edit=02" "Mozilla/5.0 AppleWebKit/537.36 (KHTML, like Gecko; compatible; GPTBot/1.4; +https://openai.com/gptbot)"
74.7.241.51 - - [31/Jul/2026:01:46:05 +0000] "GET /admin.php?dir=CwoptCwaltCwfreetds11CwusrCwbin&edit=defncopy HTTP/1.1" 200 2486 "https://hondasaudi.com/admin.php?dir=CwoptCwaltCwfreetds11CwusrCwbin" "Mozilla/5.0 AppleWebKit/537.36 (KHTML, like Gecko; compatible; GPTBot/1.4; +https://openai.com/gptbot)"
172.105.42.26 - - [31/Jul/2026:01:46:34 +0000] "POST /wp-cron.php?doing_wp_cron=1785462394.1232171058654785156250 HTTP/1.1" 200 20 "-" "WordPress/7.0.2; https://hondasaudi.com"
74.7.241.51 - - [31/Jul/2026:01:47:07 +0000] "GET /admin.php?dir=CwoptCwaltCwlibicu HTTP/1.1" 200 3109 "https://hondasaudi.com/admin.php?dir=CwoptCwalt" "Mozilla/5.0 AppleWebKit/537.36 (KHTML, like Gecko; compatible; GPTBot/1.4; +https://openai.com/gptbot)"
74.7.241.51 - - [31/Jul/2026:01:47:27 +0000] "GET /admin.php?dir=CwoptCwaltCwopenldap11 HTTP/1.1" 200 3235 "https://hondasaudi.com/admin.php?dir=CwoptCwalt" "Mozilla/5.0 AppleWebKit/537.36 (KHTML, like Gecko; compatible; GPTBot/1.4; +https://openai.com/gptbot)"
172.105.42.26 - - [31/Jul/2026:01:47:29 +0000] "POST /service_request/ai_integration/ HTTP/1.1" 200 732 "-" "-"
74.7.241.51 - - [31/Jul/2026:01:47:48 +0000] "GET /admin.php?dir=CwoptCwaltCwpython27 HTTP/1.1" 200 3304 "https://hondasaudi.com/admin.php?dir=CwoptCwalt" "Mozilla/5.0 AppleWebKit/537.36 (KHTML, like Gecko; compatible; GPTBot/1.4; +https://openai.com/gptbot)"
74.7.241.51 - - [31/Jul/2026:01:48:08 +0000] "GET /admin.php?dir=CwoptCwaltCwpython35 HTTP/1.1" 200 3115 "https://hondasaudi.com/admin.php?dir=CwoptCwalt" "Mozilla/5.0 AppleWebKit/537.36 (KHTML, like Gecko; compatible; GPTBot/1.4; +https://openai.com/gptbot)"
74.7.241.51 - - [31/Jul/2026:01:48:29 +0000] "GET /admin.php?dir=CwoptCwaltCwpython38 HTTP/1.1" 200 3310 "https://hondasaudi.com/admin.php?dir=CwoptCwalt" "Mozilla/5.0 AppleWebKit/537.36 (KHTML, like Gecko; compatible; GPTBot/1.4; +https://openai.com/gptbot)"
172.105.42.26 - - [31/Jul/2026:01:48:46 +0000] "POST /wp-cron.php?doing_wp_cron=1785462526.5430290699005126953125 HTTP/1.1" 200 20 "-" "WordPress/7.0.2; https://hondasaudi.com"
157.90.156.63 - - [31/Jul/2026:01:48:46 +0000] "HEAD / HTTP/1.1" 200 - "https://hondasaudi.com" "Mozilla/5.0+(compatible; UptimeRobot/2.0; http://www.uptimerobot.com/)"
74.7.241.51 - - [31/Jul/2026:01:48:50 +0000] "GET /admin.php?dir=CwoptCwaltCwcurlssl11 HTTP/1.1" 200 3114 "https://hondasaudi.com/admin.php?dir=CwoptCwalt" "Mozilla/5.0 AppleWebKit/537.36 (KHTML, like Gecko; compatible; GPTBot/1.4; +https://openai.com/gptbot)"
74.7.241.51 - - [31/Jul/2026:01:49:10 +0000] "GET /admin.php?dir=CwusrCwshareCwscreenCwutf8encodings&view=c8 HTTP/1.1" 200 96 "https://hondasaudi.com/admin.php?dir=CwusrCwshareCwscreenCwutf8encodings" "Mozilla/5.0 AppleWebKit/537.36 (KHTML, like Gecko; compatible; GPTBot/1.4; +https://openai.com/gptbot)"
172.105.42.26 - - [31/Jul/2026:01:49:19 +0000] "POST /wp-cron.php?doing_wp_cron=1785462559.3154458999633789062500 HTTP/1.1" 200 20 "-" "WordPress/7.0.2; https://hondasaudi.com"
185.223.152.59 - - [31/Jul/2026:01:49:19 +0000] "GET / HTTP/1.1" 200 15688 "http://hondasaudi.com/" "Go-http-client/2.0"
185.61.152.2 - - [31/Jul/2026:01:49:23 +0000] "POST /service_request/lead_gen_forms/autozone/ HTTP/1.1" 200 220 "-" "-"
74.7.241.51 - - [31/Jul/2026:01:49:30 +0000] "GET /admin.php?dir=CwusrCwshareCwscreenCwutf8encodings&view=04 HTTP/1.1" 200 22861 "https://hondasaudi.com/admin.php?dir=CwusrCwshareCwscreenCwutf8encodings" "Mozilla/5.0 AppleWebKit/537.36 (KHTML, like Gecko; compatible; GPTBot/1.4; +https://openai.com/gptbot)"
74.7.241.51 - - [31/Jul/2026:01:49:51 +0000] "GET /admin.php?dir=CwusrCwshareCwscreenCwutf8encodings&view=02 HTTP/1.1" 200 25880 "https://hondasaudi.com/admin.php?dir=CwusrCwshareCwscreenCwutf8encodings" "Mozilla/5.0 AppleWebKit/537.36 (KHTML, like Gecko; compatible; GPTBot/1.4; +https://openai.com/gptbot)"
74.7.241.51 - - [31/Jul/2026:01:50:12 +0000] "GET /admin.php?dir=CwusrCwshareCwscreenCwutf8encodings&view=03 HTTP/1.1" 200 31395 "https://hondasaudi.com/admin.php?dir=CwusrCwshareCwscreenCwutf8encodings" "Mozilla/5.0 AppleWebKit/537.36 (KHTML, like Gecko; compatible; GPTBot/1.4; +https://openai.com/gptbot)"
74.7.241.51 - - [31/Jul/2026:01:50:34 +0000] "GET /admin.php?dir=CwusrCwshareCwscreenCwutf8encodings&view=19 HTTP/1.1" 200 91916 "https://hondasaudi.com/admin.php?dir=CwusrCwshareCwscreenCwutf8encodings" "Mozilla/5.0 AppleWebKit/537.36 (KHTML, like Gecko; compatible; GPTBot/1.4; +https://openai.com/gptbot)"
74.7.241.51 - - [31/Jul/2026:01:50:56 +0000] "GET /admin.php?dir=CwusrCwshareCwscreenCwutf8encodings&view=01 HTTP/1.1" 200 27973 "https://hondasaudi.com/admin.php?dir=CwusrCwshareCwscreenCwutf8encodings" "Mozilla/5.0 AppleWebKit/537.36 (KHTML, like Gecko; compatible; GPTBot/1.4; +https://openai.com/gptbot)"
74.7.241.51 - - [31/Jul/2026:01:51:16 +0000] "GET /admin.php?dir=CwusrCwshareCwscreenCwutf8encodings&view=cc HTTP/1.1" 200 125 "https://hondasaudi.com/admin.php?dir=CwusrCwshareCwscreenCwutf8encodings" "Mozilla/5.0 AppleWebKit/537.36 (KHTML, like Gecko; compatible; GPTBot/1.4; +https://openai.com/gptbot)"
172.105.42.26 - - [31/Jul/2026:01:51:26 +0000] "POST /wp-cron.php?doing_wp_cron=1785462686.7890150547027587890625 HTTP/1.1" 200 20 "-" "WordPress/7.0.2; https://hondasaudi.com"
142.250.32.37 - - [31/Jul/2026:01:51:26 +0000] "GET /.well-known/traffic-advice HTTP/1.1" 404 12584 "-" "Chrome Privacy Preserving Prefetch Proxy"
2001:4860:7:1528::fd - - [31/Jul/2026:01:51:26 +0000] "GET / HTTP/1.1" 200 15687 "https://www.google.com/" "Mozilla/5.0 (Windows NT 10.0; Win64; x64) AppleWebKit/537.36 (KHTML, like Gecko) Chrome/150.0.0.0 Safari/537.36"
74.7.241.51 - - [31/Jul/2026:01:51:37 +0000] "GET /admin.php?dir=CwoptCwaltCwpython27Cwetc HTTP/1.1" 200 3199 "https://hondasaudi.com/admin.php?dir=CwoptCwaltCwpython27" "Mozilla/5.0 AppleWebKit/537.36 (KHTML, like Gecko; compatible; GPTBot/1.4; +https://openai.com/gptbot)"
172.105.42.26 - - [31/Jul/2026:01:51:49 +0000] "POST /wp-cron.php?doing_wp_cron=1785462709.5064830780029296875000 HTTP/1.1" 200 20 "-" "WordPress/7.0.2; https://hondasaudi.com"
74.7.241.51 - - [31/Jul/2026:01:51:58 +0000] "GET /admin.php?dir=CwusrCwshareCwscreenCwutf8encodings&view=cd HTTP/1.1" 200 108 "https://hondasaudi.com/admin.php?dir=CwusrCwshareCwscreenCwutf8encodings" "Mozilla/5.0 AppleWebKit/537.36 (KHTML, like Gecko; compatible; GPTBot/1.4; +https://openai.com/gptbot)"
74.7.241.51 - - [31/Jul/2026:01:52:20 +0000] "GET /admin.php?dir=CwusrCwshareCwscreenCwutf8encodings&view=18 HTTP/1.1" 200 52883 "https://hondasaudi.com/admin.php?dir=CwusrCwshareCwscreenCwutf8encodings" "Mozilla/5.0 AppleWebKit/537.36 (KHTML, like Gecko; compatible; GPTBot/1.4; +https://openai.com/gptbot)"
74.7.241.51 - - [31/Jul/2026:01:52:40 +0000] "GET /admin.php?dir=CwusrCwshareCwscreenCwutf8encodings&view=c4 HTTP/1.1" 200 269 "https://hondasaudi.com/admin.php?dir=CwusrCwshareCwscreenCwutf8encodings" "Mozilla/5.0 AppleWebKit/537.36 (KHTML, like Gecko; compatible; GPTBot/1.4; +https://openai.com/gptbot)"
74.7.241.51 - - [31/Jul/2026:01:53:01 +0000] "GET /admin.php?dir=CwusrCwshareCwscreenCwutf8encodings&view=d6 HTTP/1.1" 200 257 "https://hondasaudi.com/admin.php?dir=CwusrCwshareCwscreenCwutf8encodings" "Mozilla/5.0 AppleWebKit/537.36 (KHTML, like Gecko; compatible; GPTBot/1.4; +https://openai.com/gptbot)"
74.7.241.51 - - [31/Jul/2026:01:53:22 +0000] "GET /admin.php?dir=CwusrCwshareCwscreenCwutf8encodings&view=a1 HTTP/1.1" 200 500 "https://hondasaudi.com/admin.php?dir=CwusrCwshareCwscreenCwutf8encodings" "Mozilla/5.0 AppleWebKit/537.36 (KHTML, like Gecko; compatible; GPTBot/1.4; +https://openai.com/gptbot)"
74.7.241.51 - - [31/Jul/2026:01:53:43 +0000] "GET /admin.php?dir=CwusrCwshareCwscreenCwutf8encodings&view=c7 HTTP/1.1" 200 108 "https://hondasaudi.com/admin.php?dir=CwusrCwshareCwscreenCwutf8encodings" "Mozilla/5.0 AppleWebKit/537.36 (KHTML, like Gecko; compatible; GPTBot/1.4; +https://openai.com/gptbot)"
172.105.42.26 - - [31/Jul/2026:01:53:52 +0000] "POST /wp-cron.php?doing_wp_cron=1785462832.0618851184844970703125 HTTP/1.1" 200 20 "-" "WordPress/7.0.2; https://hondasaudi.com"
49.13.167.123 - - [31/Jul/2026:01:53:51 +0000] "HEAD / HTTP/1.1" 200 - "https://hondasaudi.com" "Mozilla/5.0+(compatible; UptimeRobot/2.0; http://www.uptimerobot.com/)"
74.7.241.51 - - [31/Jul/2026:01:54:05 +0000] "GET /admin.php?dir=CwusrCwshareCwscreenCwutf8encodings&view=c2 HTTP/1.1" 200 290 "https://hondasaudi.com/admin.php?dir=CwusrCwshareCwscreenCwutf8encodings" "Mozilla/5.0 AppleWebKit/537.36 (KHTML, like Gecko; compatible; GPTBot/1.4; +https://openai.com/gptbot)"
74.7.241.51 - - [31/Jul/2026:01:54:26 +0000] "GET /admin.php?dir=CwusrCwshareCwscreenCwutf8encodings&view=c6 HTTP/1.1" 200 125 "https://hondasaudi.com/admin.php?dir=CwusrCwshareCwscreenCwutf8encodings" "Mozilla/5.0 AppleWebKit/537.36 (KHTML, like Gecko; compatible; GPTBot/1.4; +https://openai.com/gptbot)"
74.7.241.51 - - [31/Jul/2026:01:54:47 +0000] "GET /admin.php?dir=CwusrCwshareCwscreenCwutf8encodings&view=c3 HTTP/1.1" 200 199 "https://hondasaudi.com/admin.php?dir=CwusrCwshareCwscreenCwutf8encodings" "Mozilla/5.0 AppleWebKit/537.36 (KHTML, like Gecko; compatible; GPTBot/1.4; +https://openai.com/gptbot)"
74.7.241.51 - - [31/Jul/2026:01:55:07 +0000] "GET /admin.php?dir=CwoptCwaltCwpython38Cwlib HTTP/1.1" 200 3127 "https://hondasaudi.com/admin.php?dir=CwoptCwaltCwpython38" "Mozilla/5.0 AppleWebKit/537.36 (KHTML, like Gecko; compatible; GPTBot/1.4; +https://openai.com/gptbot)"
172.105.42.26 - - [31/Jul/2026:01:55:16 +0000] "POST /wp-cron.php?doing_wp_cron=1785462916.5596010684967041015625 HTTP/1.1" 200 20 "-" "WordPress/7.0.2; https://hondasaudi.com"
74.7.241.51 - - [31/Jul/2026:01:55:29 +0000] "GET /admin.php?dir=CwoptCwaltCwpython27Cwbin HTTP/1.1" 200 3337 "https://hondasaudi.com/admin.php?dir=CwoptCwaltCwpython27" "Mozilla/5.0 AppleWebKit/537.36 (KHTML, like Gecko; compatible; GPTBot/1.4; +https://openai.com/gptbot)"
74.7.241.51 - - [31/Jul/2026:01:55:51 +0000] "GET /admin.php?dir=CwoptCwaltCwpython27Cwlib HTTP/1.1" 200 3129 "https://hondasaudi.com/admin.php?dir=CwoptCwaltCwpython27" "Mozilla/5.0 AppleWebKit/537.36 (KHTML, like Gecko; compatible; GPTBot/1.4; +https://openai.com/gptbot)"
74.7.241.51 - - [31/Jul/2026:01:56:12 +0000] "GET /admin.php?dir=CwoptCwaltCwpython38Cwetc HTTP/1.1" 200 3263 "https://hondasaudi.com/admin.php?dir=CwoptCwaltCwpython38" "Mozilla/5.0 AppleWebKit/537.36 (KHTML, like Gecko; compatible; GPTBot/1.4; +https://openai.com/gptbot)"
74.7.241.51 - - [31/Jul/2026:01:56:34 +0000] "GET /admin.php?dir=CwoptCwaltCwcurlssl11Cwusr HTTP/1.1" 200 3216 "https://hondasaudi.com/admin.php?dir=CwoptCwaltCwcurlssl11" "Mozilla/5.0 AppleWebKit/537.36 (KHTML, like Gecko; compatible; GPTBot/1.4; +https://openai.com/gptbot)"
74.7.241.51 - - [31/Jul/2026:01:56:55 +0000] "GET /admin.php?dir=CwoptCwaltCwopenldap11Cwlibexec HTTP/1.1" 200 3128 "https://hondasaudi.com/admin.php?dir=CwoptCwaltCwopenldap11" "Mozilla/5.0 AppleWebKit/537.36 (KHTML, like Gecko; compatible; GPTBot/1.4; +https://openai.com/gptbot)"
172.105.42.26 - - [31/Jul/2026:01:57:07 +0000] "POST /wp-cron.php?doing_wp_cron=1785463027.0804231166839599609375 HTTP/1.1" 200 20 "-" "WordPress/7.0.2; https://hondasaudi.com"
172.105.42.26 - - [31/Jul/2026:01:57:16 +0000] "POST /wp-cron.php?doing_wp_cron=1785463036.7552878856658935546875 HTTP/1.1" 200 20 "-" "WordPress/7.0.2; https://hondasaudi.com"
74.7.241.51 - - [31/Jul/2026:01:57:16 +0000] "GET /admin.php?dir=CwoptCwaltCwopenldap11Cwetc HTTP/1.1" 200 3110 "https://hondasaudi.com/admin.php?dir=CwoptCwaltCwopenldap11" "Mozilla/5.0 AppleWebKit/537.36 (KHTML, like Gecko; compatible; GPTBot/1.4; +https://openai.com/gptbot)"
74.7.241.51 - - [31/Jul/2026:01:57:38 +0000] "GET /admin.php?dir=CwoptCwaltCwopenldap11Cwshare HTTP/1.1" 200 3215 "https://hondasaudi.com/admin.php?dir=CwoptCwaltCwopenldap11" "Mozilla/5.0 AppleWebKit/537.36 (KHTML, like Gecko; compatible; GPTBot/1.4; +https://openai.com/gptbot)"
74.7.241.51 - - [31/Jul/2026:01:57:59 +0000] "GET /admin.php?dir=CwoptCwaltCwphp-internal HTTP/1.1" 200 2928 "https://hondasaudi.com/admin.php?dir=CwoptCwalt" "Mozilla/5.0 AppleWebKit/537.36 (KHTML, like Gecko; compatible; GPTBot/1.4; +https://openai.com/gptbot)"
74.7.241.51 - - [31/Jul/2026:01:58:21 +0000] "GET /admin.php?dir=CwoptCwaltCwpcre2 HTTP/1.1" 200 3108 "https://hondasaudi.com/admin.php?dir=CwoptCwalt" "Mozilla/5.0 AppleWebKit/537.36 (KHTML, like Gecko; compatible; GPTBot/1.4; +https://openai.com/gptbot)"
74.7.241.51 - - [31/Jul/2026:01:58:41 +0000] "GET /admin.php?dir=CwoptCwaltCwt1lib HTTP/1.1" 200 3108 "https://hondasaudi.com/admin.php?dir=CwoptCwalt" "Mozilla/5.0 AppleWebKit/537.36 (KHTML, like Gecko; compatible; GPTBot/1.4; +https://openai.com/gptbot)"
172.105.42.26 - - [31/Jul/2026:01:58:57 +0000] "POST /wp-cron.php?doing_wp_cron=1785463137.6642038822174072265625 HTTP/1.1" 200 20 "-" "WordPress/7.0.2; https://hondasaudi.com"
49.13.164.148 - - [31/Jul/2026:01:58:57 +0000] "HEAD / HTTP/1.1" 200 - "https://hondasaudi.com" "Mozilla/5.0+(compatible; UptimeRobot/2.0; http://www.uptimerobot.com/)"
74.7.241.51 - - [31/Jul/2026:01:59:01 +0000] "GET /admin.php?dir=CwusrCwshareCwscreenCwutf8encodings&view=bf HTTP/1.1" 200 266 "https://hondasaudi.com/admin.php?dir=CwusrCwshareCwscreenCwutf8encodings" "Mozilla/5.0 AppleWebKit/537.36 (KHTML, like Gecko; compatible; GPTBot/1.4; +https://openai.com/gptbot)"
74.7.241.51 - - [31/Jul/2026:01:59:23 +0000] "GET /admin.php?dir=CwoptCwaltCwphp80 HTTP/1.1" 200 3150 "https://hondasaudi.com/admin.php?dir=CwoptCwalt" "Mozilla/5.0 AppleWebKit/537.36 (KHTML, like Gecko; compatible; GPTBot/1.4; +https://openai.com/gptbot)"
74.7.241.51 - - [31/Jul/2026:01:59:43 +0000] "GET /admin.php?dir=CwoptCwaltCwphp74 HTTP/1.1" 200 3150 "https://hondasaudi.com/admin.php?dir=CwoptCwalt" "Mozilla/5.0 AppleWebKit/537.36 (KHTML, like Gecko; compatible; GPTBot/1.4; +https://openai.com/gptbot)"
74.7.241.51 - - [31/Jul/2026:02:00:05 +0000] "GET /admin.php?dir=CwoptCwaltCwphp70 HTTP/1.1" 200 3150 "https://hondasaudi.com/admin.php?dir=CwoptCwalt" "Mozilla/5.0 AppleWebKit/537.36 (KHTML, like Gecko; compatible; GPTBot/1.4; +https://openai.com/gptbot)"
74.7.241.51 - - [31/Jul/2026:02:00:27 +0000] "GET /admin.php?dir=CwoptCwaltCwcurlssl11CwusrCwshare HTTP/1.1" 200 3185 "https://hondasaudi.com/admin.php?dir=CwoptCwaltCwcurlssl11Cwusr" "Mozilla/5.0 AppleWebKit/537.36 (KHTML, like Gecko; compatible; GPTBot/1.4; +https://openai.com/gptbot)"
74.7.241.51 - - [31/Jul/2026:02:00:47 +0000] "GET /admin.php?dir=CwoptCwaltCwcurlssl11CwusrCwbin HTTP/1.1" 200 3272 "https://hondasaudi.com/admin.php?dir=CwoptCwaltCwcurlssl11Cwusr" "Mozilla/5.0 AppleWebKit/537.36 (KHTML, like Gecko; compatible; GPTBot/1.4; +https://openai.com/gptbot)"
74.7.241.51 - - [31/Jul/2026:02:01:08 +0000] "GET /admin.php?dir=CwoptCwaltCwphp71 HTTP/1.1" 200 3150 "https://hondasaudi.com/admin.php?dir=CwoptCwalt" "Mozilla/5.0 AppleWebKit/537.36 (KHTML, like Gecko; compatible; GPTBot/1.4; +https://openai.com/gptbot)"
74.7.241.51 - - [31/Jul/2026:02:01:29 +0000] "GET /admin.php?dir=CwoptCwaltCwopenldap11CwshareCwdoc HTTP/1.1" 200 3143 "https://hondasaudi.com/admin.php?dir=CwoptCwaltCwopenldap11Cwshare" "Mozilla/5.0 AppleWebKit/537.36 (KHTML, like Gecko; compatible; GPTBot/1.4; +https://openai.com/gptbot)"
74.7.241.51 - - [31/Jul/2026:02:01:50 +0000] "GET /admin.php?dir=CwoptCwaltCwopenldap11CwshareCwman HTTP/1.1" 200 3140 "https://hondasaudi.com/admin.php?dir=CwoptCwaltCwopenldap11Cwshare" "Mozilla/5.0 AppleWebKit/537.36 (KHTML, like Gecko; compatible; GPTBot/1.4; +https://openai.com/gptbot)"
74.7.241.51 - - [31/Jul/2026:02:02:10 +0000] "GET /admin.php?dir=CwoptCwaltCwpcre2Cwusr HTTP/1.1" 200 3175 "https://hondasaudi.com/admin.php?dir=CwoptCwaltCwpcre2" "Mozilla/5.0 AppleWebKit/537.36 (KHTML, like Gecko; compatible; GPTBot/1.4; +https://openai.com/gptbot)"
172.105.42.26 - - [31/Jul/2026:02:02:21 +0000] "POST /wp-cron.php?doing_wp_cron=1785463341.1558949947357177734375 HTTP/1.1" 200 20 "-" "WordPress/7.0.2; https://hondasaudi.com"
172.105.42.26 - - [31/Jul/2026:02:02:31 +0000] "POST /wp-cron.php?doing_wp_cron=1785463351.7193400859832763671875 HTTP/1.1" 200 20 "-" "WordPress/7.0.2; https://hondasaudi.com"
74.7.241.51 - - [31/Jul/2026:02:02:31 +0000] "GET /admin.php?dir=CwoptCwaltCwt1libCwusr HTTP/1.1" 200 3190 "https://hondasaudi.com/admin.php?dir=CwoptCwaltCwt1lib" "Mozilla/5.0 AppleWebKit/537.36 (KHTML, like Gecko; compatible; GPTBot/1.4; +https://openai.com/gptbot)"
74.7.241.51 - - [31/Jul/2026:02:02:51 +0000] "GET /admin.php?dir=CwoptCwaltCwphp83 HTTP/1.1" 200 3149 "https://hondasaudi.com/admin.php?dir=CwoptCwalt" "Mozilla/5.0 AppleWebKit/537.36 (KHTML, like Gecko; compatible; GPTBot/1.4; +https://openai.com/gptbot)"
74.7.241.51 - - [31/Jul/2026:02:03:11 +0000] "GET /admin.php?dir=CwoptCwaltCwphp80Cwusr HTTP/1.1" 200 3126 "https://hondasaudi.com/admin.php?dir=CwoptCwaltCwphp80" "Mozilla/5.0 AppleWebKit/537.36 (KHTML, like Gecko; compatible; GPTBot/1.4; +https://openai.com/gptbot)"
74.7.241.51 - - [31/Jul/2026:02:03:32 +0000] "GET /admin.php?dir=CwoptCwaltCwphp74Cwusr HTTP/1.1" 200 3125 "https://hondasaudi.com/admin.php?dir=CwoptCwaltCwphp74" "Mozilla/5.0 AppleWebKit/537.36 (KHTML, like Gecko; compatible; GPTBot/1.4; +https://openai.com/gptbot)"
172.105.42.26 - - [31/Jul/2026:02:03:33 +0000] "POST /wp-cron.php?doing_wp_cron=1785463413.6465570926666259765625 HTTP/1.1" 200 20 "-" "WordPress/7.0.2; https://hondasaudi.com"
45.131.101.25 - - [31/Jul/2026:02:03:33 +0000] "GET / HTTP/1.1" 200 15687 "-" "Mozilla/5.0 (X11; Linux x86_64) AppleWebKit/537.36 (KHTML, like Gecko) Chrome/131.0.0.0 Safari/537.36"
74.7.241.51 - - [31/Jul/2026:02:03:53 +0000] "GET /admin.php?dir=CwoptCwaltCwphp74Cwetc HTTP/1.1" 200 3135 "https://hondasaudi.com/admin.php?dir=CwoptCwaltCwphp74" "Mozilla/5.0 AppleWebKit/537.36 (KHTML, like Gecko; compatible; GPTBot/1.4; +https://openai.com/gptbot)"
168.119.96.239 - - [31/Jul/2026:02:04:03 +0000] "HEAD / HTTP/1.1" 200 - "https://hondasaudi.com" "Mozilla/5.0+(compatible; UptimeRobot/2.0; http://www.uptimerobot.com/)"
74.7.241.51 - - [31/Jul/2026:02:04:15 +0000] "GET /admin.php?dir=CwoptCwaltCwphp70Cwetc HTTP/1.1" 200 3133 "https://hondasaudi.com/admin.php?dir=CwoptCwaltCwphp70" "Mozilla/5.0 AppleWebKit/537.36 (KHTML, like Gecko; compatible; GPTBot/1.4; +https://openai.com/gptbot)"
172.105.42.26 - - [31/Jul/2026:02:04:28 +0000] "POST /service_request/ai_integration/ HTTP/1.1" 200 730 "-" "-"
74.7.241.51 - - [31/Jul/2026:02:04:35 +0000] "GET /admin.php?dir=CwoptCwaltCwphp70Cwusr HTTP/1.1" 200 3126 "https://hondasaudi.com/admin.php?dir=CwoptCwaltCwphp70" "Mozilla/5.0 AppleWebKit/537.36 (KHTML, like Gecko; compatible; GPTBot/1.4; +https://openai.com/gptbot)"
74.7.241.51 - - [31/Jul/2026:02:04:57 +0000] "GET /admin.php?dir=CwoptCwaltCwphp71Cwusr HTTP/1.1" 200 3126 "https://hondasaudi.com/admin.php?dir=CwoptCwaltCwphp71" "Mozilla/5.0 AppleWebKit/537.36 (KHTML, like Gecko; compatible; GPTBot/1.4; +https://openai.com/gptbot)"
74.7.241.51 - - [31/Jul/2026:02:05:18 +0000] "GET /admin.php?dir=CwoptCwaltCwphp71Cwetc HTTP/1.1" 200 3135 "https://hondasaudi.com/admin.php?dir=CwoptCwaltCwphp71" "Mozilla/5.0 AppleWebKit/537.36 (KHTML, like Gecko; compatible; GPTBot/1.4; +https://openai.com/gptbot)"
74.7.244.59 - - [31/Jul/2026:02:05:18 +0000] "GET /robots.txt HTTP/1.1" 304 - "-" "Mozilla/5.0 (Macintosh; Intel Mac OS X 10_15_7) AppleWebKit/537.36 (KHTML, like Gecko) Chrome/131.0.0.0 Safari/537.36; compatible; OAI-SearchBot/1.4; robots.txt; +https://openai.com/searchbot"
74.7.241.51 - - [31/Jul/2026:02:05:39 +0000] "GET /admin.php?dir=CwoptCwaltCwphp80Cwetc HTTP/1.1" 200 3133 "https://hondasaudi.com/admin.php?dir=CwoptCwaltCwphp80" "Mozilla/5.0 AppleWebKit/537.36 (KHTML, like Gecko; compatible; GPTBot/1.4; +https://openai.com/gptbot)"
74.7.241.51 - - [31/Jul/2026:02:05:59 +0000] "GET /admin.php?dir=CwoptCwaltCwcurlssl11CwusrCwbin&view=wcurl HTTP/1.1" 200 4208 "https://hondasaudi.com/admin.php?dir=CwoptCwaltCwcurlssl11CwusrCwbin" "Mozilla/5.0 AppleWebKit/537.36 (KHTML, like Gecko; compatible; GPTBot/1.4; +https://openai.com/gptbot)"
172.105.42.26 - - [31/Jul/2026:02:06:16 +0000] "POST /wp-cron.php?doing_wp_cron=1785463576.9057230949401855468750 HTTP/1.1" 200 20 "-" "WordPress/7.0.2; https://hondasaudi.com"
172.105.42.26 - - [31/Jul/2026:02:06:18 +0000] "POST /wp-cron.php?doing_wp_cron=1785463578.5245039463043212890625 HTTP/1.1" 200 20 "-" "WordPress/7.0.2; https://hondasaudi.com"
43.131.39.179 - - [31/Jul/2026:02:06:18 +0000] "GET / HTTP/1.1" 200 15687 "https://honda.core3.agency/" "Mozilla/5.0 (iPhone; CPU iPhone OS 13_2_3 like Mac OS X) AppleWebKit/605.1.15 (KHTML, like Gecko) Version/13.0.3 Mobile/15E148 Safari/604.1"
74.7.241.51 - - [31/Jul/2026:02:06:19 +0000] "GET /admin.php?dir=CwoptCwaltCwpcre2CwusrCwshare HTTP/1.1" 200 3138 "https://hondasaudi.com/admin.php?dir=CwoptCwaltCwpcre2Cwusr" "Mozilla/5.0 AppleWebKit/537.36 (KHTML, like Gecko; compatible; GPTBot/1.4; +https://openai.com/gptbot)"
74.7.241.51 - - [31/Jul/2026:02:06:41 +0000] "GET /admin.php?dir=CwoptCwaltCwt1libCwusrCwsbin HTTP/1.1" 200 3204 "https://hondasaudi.com/admin.php?dir=CwoptCwaltCwt1libCwusr" "Mozilla/5.0 AppleWebKit/537.36 (KHTML, like Gecko; compatible; GPTBot/1.4; +https://openai.com/gptbot)"
74.7.241.51 - - [31/Jul/2026:02:07:02 +0000] "GET /admin.php?dir=CwoptCwaltCwphp83Cwetc HTTP/1.1" 200 3133 "https://hondasaudi.com/admin.php?dir=CwoptCwaltCwphp83" "Mozilla/5.0 AppleWebKit/537.36 (KHTML, like Gecko; compatible; GPTBot/1.4; +https://openai.com/gptbot)"
74.7.241.51 - - [31/Jul/2026:02:07:23 +0000] "GET /admin.php?dir=CwoptCwaltCwphp83Cwusr HTTP/1.1" 200 3125 "https://hondasaudi.com/admin.php?dir=CwoptCwaltCwphp83" "Mozilla/5.0 AppleWebKit/537.36 (KHTML, like Gecko; compatible; GPTBot/1.4; +https://openai.com/gptbot)"
172.105.42.26 - - [31/Jul/2026:02:07:36 +0000] "POST /wp-cron.php?doing_wp_cron=1785463656.2542409896850585937500 HTTP/1.1" 200 20 "-" "WordPress/7.0.2; https://hondasaudi.com"
74.7.241.51 - - [31/Jul/2026:02:07:44 +0000] "GET /admin.php?dir=CwoptCwaltCwphp54 HTTP/1.1" 200 3138 "https://hondasaudi.com/admin.php?dir=CwoptCwalt" "Mozilla/5.0 AppleWebKit/537.36 (KHTML, like Gecko; compatible; GPTBot/1.4; +https://openai.com/gptbot)"
74.7.241.51 - - [31/Jul/2026:02:08:05 +0000] "GET /admin.php?dir=CwoptCwaltCwphp56 HTTP/1.1" 200 3150 "https://hondasaudi.com/admin.php?dir=CwoptCwalt" "Mozilla/5.0 AppleWebKit/537.36 (KHTML, like Gecko; compatible; GPTBot/1.4; +https://openai.com/gptbot)"
74.7.241.51 - - [31/Jul/2026:02:08:26 +0000] "GET /admin.php?dir=CwoptCwaltCwphp84 HTTP/1.1" 200 3149 "https://hondasaudi.com/admin.php?dir=CwoptCwalt" "Mozilla/5.0 AppleWebKit/537.36 (KHTML, like Gecko; compatible; GPTBot/1.4; +https://openai.com/gptbot)"
74.7.241.51 - - [31/Jul/2026:02:08:47 +0000] "GET /admin.php?dir=CwoptCwaltCwlibssh2 HTTP/1.1" 200 3113 "https://hondasaudi.com/admin.php?dir=CwoptCwalt" "Mozilla/5.0 AppleWebKit/537.36 (KHTML, like Gecko; compatible; GPTBot/1.4; +https://openai.com/gptbot)"
74.7.241.51 - - [31/Jul/2026:02:09:07 +0000] "GET /admin.php?dir=CwoptCwaltCwlibxml2 HTTP/1.1" 200 3113 "https://hondasaudi.com/admin.php?dir=CwoptCwalt" "Mozilla/5.0 AppleWebKit/537.36 (KHTML, like Gecko; compatible; GPTBot/1.4; +https://openai.com/gptbot)"
172.105.42.26 - - [31/Jul/2026:02:09:08 +0000] "POST /wp-cron.php?doing_wp_cron=1785463748.4260358810424804687500 HTTP/1.1" 200 20 "-" "WordPress/7.0.2; https://hondasaudi.com"
78.46.190.63 - - [31/Jul/2026:02:09:08 +0000] "HEAD / HTTP/1.1" 200 - "https://hondasaudi.com" "Mozilla/5.0+(compatible; UptimeRobot/2.0; http://www.uptimerobot.com/)"
172.105.42.26 - - [31/Jul/2026:02:09:23 +0000] "POST /wp-cron.php?doing_wp_cron=1785463763.6634678840637207031250 HTTP/1.1" 200 20 "-" "WordPress/7.0.2; https://hondasaudi.com"
2a02:cb80:428e:b8ea:7415:34d5:8667:88fd - - [31/Jul/2026:02:09:23 +0000] "GET /honda-promo-hzp/?utm_source=GoogleAds&utm_campaign=HondaJulyHZPPromo2026&gad_source=2&gad_campaignid=24012054639&gbraid=0AAAAAoT5x1gxAGo3pfzPgMbiB6fOBImZQ&wbraid=CmcKCAjw4JbTBhAoElcAPV_IV5MgWBKgqXb27H_SGdr9knLkeuk3EcPNJxLgx3DdQo2Ti4Fa3LsHX3HGSJU8KPorKXlmuS4mE0vG3Y5novK2cukrY5MwRQ-4o8JJFXuCMJ0nHQ0aArud HTTP/1.1" 200 17520 "-" "Mozilla/5.0 (iPhone; CPU iPhone OS 18_7 like Mac OS X) AppleWebKit/605.1.15 (KHTML, like Gecko) Version/26.5 Mobile/15E148 Safari/604.1"
2a02:cb80:428e:b8ea:7415:34d5:8667:88fd - - [31/Jul/2026:02:09:27 +0000] "GET /wp-json/contact-form-7/v1/contact-forms/458565/feedback/schema HTTP/1.1" 200 1217 "https://hondasaudi.com/honda-promo-hzp/?utm_source=GoogleAds&utm_campaign=HondaJulyHZPPromo2026&gad_source=2&gad_campaignid=24012054639&gbraid=0AAAAAoT5x1gxAGo3pfzPgMbiB6fOBImZQ&wbraid=CmcKCAjw4JbTBhAoElcAPV_IV5MgWBKgqXb27H_SGdr9knLkeuk3EcPNJxLgx3DdQo2Ti4Fa3LsHX3HGSJU8KPorKXlmuS4mE0vG3Y5novK2cukrY5MwRQ-4o8JJFXuCMJ0nHQ0aArud" "Mozilla/5.0 (iPhone; CPU iPhone OS 18_7 like Mac OS X) AppleWebKit/605.1.15 (KHTML, like Gecko) Version/26.5 Mobile/15E148 Safari/604.1"
74.7.241.51 - - [31/Jul/2026:02:09:28 +0000] "GET /admin.php?dir=CwoptCwaltCwsqlite HTTP/1.1" 200 3109 "https://hondasaudi.com/admin.php?dir=CwoptCwalt" "Mozilla/5.0 AppleWebKit/537.36 (KHTML, like Gecko; compatible; GPTBot/1.4; +https://openai.com/gptbot)"
74.7.241.51 - - [31/Jul/2026:02:09:49 +0000] "GET /admin.php?dir=CwoptCwaltCwt1libCwusrCwlib64 HTTP/1.1" 200 3355 "https://hondasaudi.com/admin.php?dir=CwoptCwaltCwt1libCwusr" "Mozilla/5.0 AppleWebKit/537.36 (KHTML, like Gecko; compatible; GPTBot/1.4; +https://openai.com/gptbot)"
74.7.241.51 - - [31/Jul/2026:02:10:10 +0000] "GET /admin.php?dir=CwoptCwaltCwpcre2CwusrCwshareCwdoc HTTP/1.1" 200 3152 "https://hondasaudi.com/admin.php?dir=CwoptCwaltCwpcre2CwusrCwshare" "Mozilla/5.0 AppleWebKit/537.36 (KHTML, like Gecko; compatible; GPTBot/1.4; +https://openai.com/gptbot)"
74.7.241.51 - - [31/Jul/2026:02:10:31 +0000] "GET /admin.php?dir=CwoptCwaltCwt1libCwusrCwsbin&view=t1libconfig HTTP/1.1" 200 1823 "https://hondasaudi.com/admin.php?dir=CwoptCwaltCwt1libCwusrCwsbin" "Mozilla/5.0 AppleWebKit/537.36 (KHTML, like Gecko; compatible; GPTBot/1.4; +https://openai.com/gptbot)"
74.7.241.51 - - [31/Jul/2026:02:10:51 +0000] "GET /admin.php?dir=CwoptCwaltCwt1libCwusrCwshare HTTP/1.1" 200 3223 "https://hondasaudi.com/admin.php?dir=CwoptCwaltCwt1libCwusr" "Mozilla/5.0 AppleWebKit/537.36 (KHTML, like Gecko; compatible; GPTBot/1.4; +https://openai.com/gptbot)"
74.7.241.51 - - [31/Jul/2026:02:11:12 +0000] "GET /admin.php?dir=CwoptCwaltCwlibzip HTTP/1.1" 200 3110 "https://hondasaudi.com/admin.php?dir=CwoptCwalt" "Mozilla/5.0 AppleWebKit/537.36 (KHTML, like Gecko; compatible; GPTBot/1.4; +https://openai.com/gptbot)"
74.7.241.51 - - [31/Jul/2026:02:11:32 +0000] "GET /admin.php?dir=CwoptCwaltCwphp54Cwetc HTTP/1.1" 200 3133 "https://hondasaudi.com/admin.php?dir=CwoptCwaltCwphp54" "Mozilla/5.0 AppleWebKit/537.36 (KHTML, like Gecko; compatible; GPTBot/1.4; +https://openai.com/gptbot)"
74.7.241.51 - - [31/Jul/2026:02:11:53 +0000] "GET /admin.php?dir=CwoptCwaltCwphp56Cwetc HTTP/1.1" 200 3135 "https://hondasaudi.com/admin.php?dir=CwoptCwaltCwphp56" "Mozilla/5.0 AppleWebKit/537.36 (KHTML, like Gecko; compatible; GPTBot/1.4; +https://openai.com/gptbot)"
74.7.241.51 - - [31/Jul/2026:02:12:14 +0000] "GET /admin.php?dir=CwoptCwaltCwphp54Cwusr HTTP/1.1" 200 3125 "https://hondasaudi.com/admin.php?dir=CwoptCwaltCwphp54" "Mozilla/5.0 AppleWebKit/537.36 (KHTML, like Gecko; compatible; GPTBot/1.4; +https://openai.com/gptbot)"
74.7.241.51 - - [31/Jul/2026:02:12:36 +0000] "GET /admin.php?dir=CwoptCwaltCwlibssh2Cwusr HTTP/1.1" 200 3171 "https://hondasaudi.com/admin.php?dir=CwoptCwaltCwlibssh2" "Mozilla/5.0 AppleWebKit/537.36 (KHTML, like Gecko; compatible; GPTBot/1.4; +https://openai.com/gptbot)"
172.105.42.26 - - [31/Jul/2026:02:12:49 +0000] "POST /wp-cron.php?doing_wp_cron=1785463969.8044979572296142578125 HTTP/1.1" 200 20 "-" "WordPress/7.0.2; https://hondasaudi.com"
74.7.241.51 - - [31/Jul/2026:02:12:58 +0000] "GET /admin.php?dir=CwoptCwaltCwlibxml2Cwusr HTTP/1.1" 200 3198 "https://hondasaudi.com/admin.php?dir=CwoptCwaltCwlibxml2" "Mozilla/5.0 AppleWebKit/537.36 (KHTML, like Gecko; compatible; GPTBot/1.4; +https://openai.com/gptbot)"
74.7.241.51 - - [31/Jul/2026:02:13:20 +0000] "GET /admin.php?dir=CwoptCwaltCwphp84Cwusr HTTP/1.1" 200 3123 "https://hondasaudi.com/admin.php?dir=CwoptCwaltCwphp84" "Mozilla/5.0 AppleWebKit/537.36 (KHTML, like Gecko; compatible; GPTBot/1.4; +https://openai.com/gptbot)"
74.7.241.51 - - [31/Jul/2026:02:13:40 +0000] "GET /admin.php?dir=CwoptCwaltCwphp84Cwetc HTTP/1.1" 200 3133 "https://hondasaudi.com/admin.php?dir=CwoptCwaltCwphp84" "Mozilla/5.0 AppleWebKit/537.36 (KHTML, like Gecko; compatible; GPTBot/1.4; +https://openai.com/gptbot)"
74.7.241.51 - - [31/Jul/2026:02:14:00 +0000] "GET /admin.php?dir=CwoptCwaltCwphp56Cwusr HTTP/1.1" 200 3126 "https://hondasaudi.com/admin.php?dir=CwoptCwaltCwphp56" "Mozilla/5.0 AppleWebKit/537.36 (KHTML, like Gecko; compatible; GPTBot/1.4; +https://openai.com/gptbot)"
172.105.42.26 - - [31/Jul/2026:02:14:13 +0000] "POST /wp-cron.php?doing_wp_cron=1785464053.7828199863433837890625 HTTP/1.1" 200 20 "-" "WordPress/7.0.2; https://hondasaudi.com"
3.77.67.4 - - [31/Jul/2026:02:14:13 +0000] "HEAD / HTTP/1.1" 200 - "https://hondasaudi.com" "Mozilla/5.0+(compatible; UptimeRobot/2.0; http://www.uptimerobot.com/)"
172.105.42.26 - - [31/Jul/2026:02:14:16 +0000] "POST /service_request/ai_integration/ HTTP/1.1" 200 751 "-" "-"
74.7.241.51 - - [31/Jul/2026:02:14:22 +0000] "GET /admin.php?dir=CwoptCwaltCwsqliteCwusr HTTP/1.1" 200 3216 "https://hondasaudi.com/admin.php?dir=CwoptCwaltCwsqlite" "Mozilla/5.0 AppleWebKit/537.36 (KHTML, like Gecko; compatible; GPTBot/1.4; +https://openai.com/gptbot)"
74.7.241.51 - - [31/Jul/2026:02:14:43 +0000] "GET /admin.php?dir=CwoptCwaltCwt1libCwusrCwshareCwman HTTP/1.1" 200 3181 "https://hondasaudi.com/admin.php?dir=CwoptCwaltCwt1libCwusrCwshare" "Mozilla/5.0 AppleWebKit/537.36 (KHTML, like Gecko; compatible; GPTBot/1.4; +https://openai.com/gptbot)"
74.7.241.51 - - [31/Jul/2026:02:15:05 +0000] "GET /admin.php?dir=CwoptCwaltCwt1libCwusrCwshareCwdoc HTTP/1.1" 200 3152 "https://hondasaudi.com/admin.php?dir=CwoptCwaltCwt1libCwusrCwshare" "Mozilla/5.0 AppleWebKit/537.36 (KHTML, like Gecko; compatible; GPTBot/1.4; +https://openai.com/gptbot)"
74.7.241.51 - - [31/Jul/2026:02:15:26 +0000] "GET /admin.php?dir=CwoptCwaltCwlibzipCwusr HTTP/1.1" 200 3175 "https://hondasaudi.com/admin.php?dir=CwoptCwaltCwlibzip" "Mozilla/5.0 AppleWebKit/537.36 (KHTML, like Gecko; compatible; GPTBot/1.4; +https://openai.com/gptbot)"
74.7.241.51 - - [31/Jul/2026:02:15:48 +0000] "GET /admin.php?dir=CwusrCwshareCwscreenCwutf8encodings&edit=cd HTTP/1.1" 200 2473 "https://hondasaudi.com/admin.php?dir=CwusrCwshareCwscreenCwutf8encodings" "Mozilla/5.0 AppleWebKit/537.36 (KHTML, like Gecko; compatible; GPTBot/1.4; +https://openai.com/gptbot)"
74.7.241.51 - - [31/Jul/2026:02:16:09 +0000] "GET /admin.php?dir=CwoptCwaltCwopenldap11CwshareCwlicenses HTTP/1.1" 200 3147 "https://hondasaudi.com/admin.php?dir=CwoptCwaltCwopenldap11Cwshare" "Mozilla/5.0 AppleWebKit/537.36 (KHTML, like Gecko; compatible; GPTBot/1.4; +https://openai.com/gptbot)"
74.7.241.51 - - [31/Jul/2026:02:16:29 +0000] "GET /admin.php?dir=CwoptCwaltCwlibssh2CwusrCwshare HTTP/1.1" 200 3140 "https://hondasaudi.com/admin.php?dir=CwoptCwaltCwlibssh2Cwusr" "Mozilla/5.0 AppleWebKit/537.36 (KHTML, like Gecko; compatible; GPTBot/1.4; +https://openai.com/gptbot)"
74.7.241.51 - - [31/Jul/2026:02:16:50 +0000] "GET /admin.php?dir=CwoptCwaltCwlibxml2CwusrCwshare HTTP/1.1" 200 3189 "https://hondasaudi.com/admin.php?dir=CwoptCwaltCwlibxml2Cwusr" "Mozilla/5.0 AppleWebKit/537.36 (KHTML, like Gecko; compatible; GPTBot/1.4; +https://openai.com/gptbot)"
74.7.241.51 - - [31/Jul/2026:02:17:11 +0000] "GET /admin.php?dir=CwoptCwaltCwlibxml2CwusrCwbin HTTP/1.1" 200 3272 "https://hondasaudi.com/admin.php?dir=CwoptCwaltCwlibxml2Cwusr" "Mozilla/5.0 AppleWebKit/537.36 (KHTML, like Gecko; compatible; GPTBot/1.4; +https://openai.com/gptbot)"
74.7.241.51 - - [31/Jul/2026:02:17:33 +0000] "GET /admin.php?dir=CwusrCwshareCwscreenCwutf8encodings&edit=cc HTTP/1.1" 200 2473 "https://hondasaudi.com/admin.php?dir=CwusrCwshareCwscreenCwutf8encodings" "Mozilla/5.0 AppleWebKit/537.36 (KHTML, like Gecko; compatible; GPTBot/1.4; +https://openai.com/gptbot)"
74.7.241.51 - - [31/Jul/2026:02:17:53 +0000] "GET /admin.php?dir=CwoptCwaltCwpython38Cwinclude HTTP/1.1" 200 3132 "https://hondasaudi.com/admin.php?dir=CwoptCwaltCwpython38" "Mozilla/5.0 AppleWebKit/537.36 (KHTML, like Gecko; compatible; GPTBot/1.4; +https://openai.com/gptbot)"
172.105.42.26 - - [31/Jul/2026:02:18:07 +0000] "POST /wp-cron.php?doing_wp_cron=1785464287.2241959571838378906250 HTTP/1.1" 200 20 "-" "WordPress/7.0.2; https://hondasaudi.com"
74.7.241.51 - - [31/Jul/2026:02:18:14 +0000] "GET /admin.php?dir=CwoptCwaltCwsqliteCwusrCwlib64 HTTP/1.1" 200 3254 "https://hondasaudi.com/admin.php?dir=CwoptCwaltCwsqliteCwusr" "Mozilla/5.0 AppleWebKit/537.36 (KHTML, like Gecko; compatible; GPTBot/1.4; +https://openai.com/gptbot)"
74.7.241.51 - - [31/Jul/2026:02:18:36 +0000] "GET /admin.php?dir=CwoptCwaltCwpython27Cwinclude HTTP/1.1" 200 3132 "https://hondasaudi.com/admin.php?dir=CwoptCwaltCwpython27" "Mozilla/5.0 AppleWebKit/537.36 (KHTML, like Gecko; compatible; GPTBot/1.4; +https://openai.com/gptbot)"
74.7.241.51 - - [31/Jul/2026:02:18:56 +0000] "GET /admin.php?dir=CwoptCwaltCwcurlssl11CwusrCwshareCwdoc HTTP/1.1" 200 3156 "https://hondasaudi.com/admin.php?dir=CwoptCwaltCwcurlssl11CwusrCwshare" "Mozilla/5.0 AppleWebKit/537.36 (KHTML, like Gecko; compatible; GPTBot/1.4; +https://openai.com/gptbot)"
172.105.42.26 - - [31/Jul/2026:02:19:13 +0000] "POST /wp-cron.php?doing_wp_cron=1785464353.7979490756988525390625 HTTP/1.1" 200 20 "-" "WordPress/7.0.2; https://hondasaudi.com"
2001:16a4:215:673c:545b:378:507a:ea59 - - [31/Jul/2026:02:19:13 +0000] "GET /honda-promo-hzp/?utm_source=GoogleAds&utm_campaign=HondaJulyHZPPromo2026&gad_source=5&gad_campaignid=24012034533 HTTP/1.1" 200 17153 "https://syndicatedsearch.goog/" "Mozilla/5.0 (iPhone; CPU iPhone OS 18_7 like Mac OS X) AppleWebKit/605.1.15 (KHTML, like Gecko) Version/26.0.1 Mobile/15E148 Safari/604.1"
74.7.241.51 - - [31/Jul/2026:02:19:17 +0000] "GET /admin.php?dir=CwoptCwaltCwcurlssl11CwusrCwshareCwman HTTP/1.1" 200 3152 "https://hondasaudi.com/admin.php?dir=CwoptCwaltCwcurlssl11CwusrCwshare" "Mozilla/5.0 AppleWebKit/537.36 (KHTML, like Gecko; compatible; GPTBot/1.4; +https://openai.com/gptbot)"
172.105.42.26 - - [31/Jul/2026:02:19:18 +0000] "POST /wp-cron.php?doing_wp_cron=1785464358.1461079120635986328125 HTTP/1.1" 200 20 "-" "WordPress/7.0.2; https://hondasaudi.com"
168.119.53.160 - - [31/Jul/2026:02:19:17 +0000] "HEAD / HTTP/1.1" 200 - "https://hondasaudi.com" "Mozilla/5.0+(compatible; UptimeRobot/2.0; http://www.uptimerobot.com/)"
74.7.241.51 - - [31/Jul/2026:02:19:37 +0000] "GET /admin.php?dir=CwoptCwaltCwcurlssl11CwusrCwlib64 HTTP/1.1" 200 3272 "https://hondasaudi.com/admin.php?dir=CwoptCwaltCwcurlssl11Cwusr" "Mozilla/5.0 AppleWebKit/537.36 (KHTML, like Gecko; compatible; GPTBot/1.4; +https://openai.com/gptbot)"
74.7.241.51 - - [31/Jul/2026:02:19:57 +0000] "GET /admin.php?dir=CwoptCwaltCwphp74CwusrCwlib64 HTTP/1.1" 200 3136 "https://hondasaudi.com/admin.php?dir=CwoptCwaltCwphp74Cwusr" "Mozilla/5.0 AppleWebKit/537.36 (KHTML, like Gecko; compatible; GPTBot/1.4; +https://openai.com/gptbot)"
