74.7.241.51 - - [30/Jul/2026:23:47:10 +0000] "GET /admin.php?dir=CwusrCwshareCwdocCwpython3-docsCwhtmlCwlibrary&view=frameworks.html HTTP/1.1" 200 3033 "https://hondasaudi.com/admin.php?dir=CwusrCwshareCwdocCwpython3-docsCwhtmlCwlibrary" "Mozilla/5.0 AppleWebKit/537.36 (KHTML, like Gecko; compatible; GPTBot/1.4; +https://openai.com/gptbot)"
74.7.241.51 - - [30/Jul/2026:23:47:32 +0000] "GET /admin.php?dir=CwusrCwshareCwdocCwpython3-docsCwhtmlCwlibrary&view=platform.html HTTP/1.1" 200 6490 "https://hondasaudi.com/admin.php?dir=CwusrCwshareCwdocCwpython3-docsCwhtmlCwlibrary" "Mozilla/5.0 AppleWebKit/537.36 (KHTML, like Gecko; compatible; GPTBot/1.4; +https://openai.com/gptbot)"
74.7.241.51 - - [30/Jul/2026:23:47:53 +0000] "GET /admin.php?dir=CwusrCwshareCwdocCwpython3-docsCwhtmlCwlibrary&view=fnmatch.html HTTP/1.1" 200 3703 "https://hondasaudi.com/admin.php?dir=CwusrCwshareCwdocCwpython3-docsCwhtmlCwlibrary" "Mozilla/5.0 AppleWebKit/537.36 (KHTML, like Gecko; compatible; GPTBot/1.4; +https://openai.com/gptbot)"
74.7.241.51 - - [30/Jul/2026:23:48:13 +0000] "GET /admin.php?dir=CwusrCwshareCwdocCwpython3-docsCwhtmlCwlibrary&view=stringprep.html HTTP/1.1" 200 3616 "https://hondasaudi.com/admin.php?dir=CwusrCwshareCwdocCwpython3-docsCwhtmlCwlibrary" "Mozilla/5.0 AppleWebKit/537.36 (KHTML, like Gecko; compatible; GPTBot/1.4; +https://openai.com/gptbot)"
74.7.241.51 - - [30/Jul/2026:23:48:34 +0000] "GET /admin.php?dir=CwusrCwshareCwdocCwpython3-docsCwhtmlCwlibrary&view=othergui.html HTTP/1.1" 200 3060 "https://hondasaudi.com/admin.php?dir=CwusrCwshareCwdocCwpython3-docsCwhtmlCwlibrary" "Mozilla/5.0 AppleWebKit/537.36 (KHTML, like Gecko; compatible; GPTBot/1.4; +https://openai.com/gptbot)"
172.105.42.26 - - [30/Jul/2026:23:48:47 +0000] "POST /wp-cron.php?doing_wp_cron=1785455327.6808879375457763671875 HTTP/1.1" 200 20 "-" "WordPress/7.0.2; https://hondasaudi.com"
74.7.241.51 - - [30/Jul/2026:23:48:55 +0000] "GET /admin.php?dir=CwusrCwshareCwdocCwpython3-docsCwhtmlCwlibrary&view=markup.html HTTP/1.1" 200 3697 "https://hondasaudi.com/admin.php?dir=CwusrCwshareCwdocCwpython3-docsCwhtmlCwlibrary" "Mozilla/5.0 AppleWebKit/537.36 (KHTML, like Gecko; compatible; GPTBot/1.4; +https://openai.com/gptbot)"
68.67.112.185 - - [30/Jul/2026:23:49:09 +0000] "GET /honda-civic/ HTTP/1.1" 200 16108 "-" "Mozilla/5.0 AppleWebKit/537.36 (KHTML, like Gecko; compatible; YouBot/1.0; +https://docs.you.com/youbot; env:prod) Chrome/142.0.0.0 Safari/537.36"
74.7.241.51 - - [30/Jul/2026:23:49:16 +0000] "GET /admin.php?dir=CwusrCwshareCwdocCwpython3-docsCwhtmlCwlibrary&view=difflib.html HTTP/1.1" 200 15570 "https://hondasaudi.com/admin.php?dir=CwusrCwshareCwdocCwpython3-docsCwhtmlCwlibrary" "Mozilla/5.0 AppleWebKit/537.36 (KHTML, like Gecko; compatible; GPTBot/1.4; +https://openai.com/gptbot)"
172.105.42.26 - - [30/Jul/2026:23:49:27 +0000] "POST /service_request/ai_integration/ HTTP/1.1" 200 762 "-" "-"
74.7.241.51 - - [30/Jul/2026:23:49:38 +0000] "GET /admin.php?dir=CwusrCwshareCwdocCwpython3-docsCwhtmlCwlibrary&view=tkinter.html HTTP/1.1" 200 17499 "https://hondasaudi.com/admin.php?dir=CwusrCwshareCwdocCwpython3-docsCwhtmlCwlibrary" "Mozilla/5.0 AppleWebKit/537.36 (KHTML, like Gecko; compatible; GPTBot/1.4; +https://openai.com/gptbot)"
74.7.241.51 - - [30/Jul/2026:23:49:59 +0000] "GET /admin.php?dir=CwusrCwshareCwdocCwpython3-docsCwhtmlCwlibrary&view=xdrlib.html HTTP/1.1" 200 5502 "https://hondasaudi.com/admin.php?dir=CwusrCwshareCwdocCwpython3-docsCwhtmlCwlibrary" "Mozilla/5.0 AppleWebKit/537.36 (KHTML, like Gecko; compatible; GPTBot/1.4; +https://openai.com/gptbot)"
74.7.241.51 - - [30/Jul/2026:23:50:20 +0000] "GET /admin.php?dir=CwusrCwshareCwdocCwpython3-docsCwhtmlCwlibrary&view=mailbox.html HTTP/1.1" 200 19629 "https://hondasaudi.com/admin.php?dir=CwusrCwshareCwdocCwpython3-docsCwhtmlCwlibrary" "Mozilla/5.0 AppleWebKit/537.36 (KHTML, like Gecko; compatible; GPTBot/1.4; +https://openai.com/gptbot)"
74.7.241.51 - - [30/Jul/2026:23:50:41 +0000] "GET /admin.php?dir=CwusrCwshareCwdocCwpython3-docsCwhtmlCwlibrary&view=xmlrpc.html HTTP/1.1" 200 2202 "https://hondasaudi.com/admin.php?dir=CwusrCwshareCwdocCwpython3-docsCwhtmlCwlibrary" "Mozilla/5.0 AppleWebKit/537.36 (KHTML, like Gecko; compatible; GPTBot/1.4; +https://openai.com/gptbot)"
74.7.241.51 - - [30/Jul/2026:23:51:02 +0000] "GET /admin.php?dir=CwusrCwshareCwdocCwpython3-docsCwhtmlCwlibrary&view=fractions.html HTTP/1.1" 200 4973 "https://hondasaudi.com/admin.php?dir=CwusrCwshareCwdocCwpython3-docsCwhtmlCwlibrary" "Mozilla/5.0 AppleWebKit/537.36 (KHTML, like Gecko; compatible; GPTBot/1.4; +https://openai.com/gptbot)"
74.7.241.51 - - [30/Jul/2026:23:51:23 +0000] "GET /admin.php?dir=CwusrCwshareCwdocCwpython3-docsCwhtmlCwlibrary&view=typing.html HTTP/1.1" 200 18395 "https://hondasaudi.com/admin.php?dir=CwusrCwshareCwdocCwpython3-docsCwhtmlCwlibrary" "Mozilla/5.0 AppleWebKit/537.36 (KHTML, like Gecko; compatible; GPTBot/1.4; +https://openai.com/gptbot)"
172.105.42.26 - - [30/Jul/2026:23:51:30 +0000] "POST /wp-cron.php?doing_wp_cron=1785455490.6674571037292480468750 HTTP/1.1" 200 20 "-" "WordPress/7.0.2; https://hondasaudi.com"
2a02:9b0:8005:39ad:35c2:26a0:6358:7ae8 - - [30/Jul/2026:23:51:30 +0000] "GET / HTTP/1.1" 200 15687 "https://www.google.com/" "Mozilla/5.0 (iPhone; CPU iPhone OS 18_7 like Mac OS X) AppleWebKit/605.1.15 (KHTML, like Gecko) Version/26.0.1 Mobile/15E148 Safari/604.1"
74.7.241.51 - - [30/Jul/2026:23:51:44 +0000] "GET /admin.php?dir=CwusrCwshareCwdocCwpython3-docsCwhtmlCwlibrary&view=formatter.html HTTP/1.1" 200 7819 "https://hondasaudi.com/admin.php?dir=CwusrCwshareCwdocCwpython3-docsCwhtmlCwlibrary" "Mozilla/5.0 AppleWebKit/537.36 (KHTML, like Gecko; compatible; GPTBot/1.4; +https://openai.com/gptbot)"
128.140.106.114 - - [30/Jul/2026:23:51:46 +0000] "HEAD / HTTP/1.1" 200 - "https://hondasaudi.com" "Mozilla/5.0+(compatible; UptimeRobot/2.0; http://www.uptimerobot.com/)"
74.7.241.51 - - [30/Jul/2026:23:52:04 +0000] "GET /admin.php?dir=CwusrCwshareCwdocCwpython3-docsCwhtmlCwlibrary&view=binhex.html HTTP/1.1" 200 3002 "https://hondasaudi.com/admin.php?dir=CwusrCwshareCwdocCwpython3-docsCwhtmlCwlibrary" "Mozilla/5.0 AppleWebKit/537.36 (KHTML, like Gecko; compatible; GPTBot/1.4; +https://openai.com/gptbot)"
74.7.241.51 - - [30/Jul/2026:23:52:26 +0000] "GET /admin.php?dir=CwusrCwshareCwdocCwpython3-docsCwhtmlCwlibrary&view=ftplib.html HTTP/1.1" 200 10452 "https://hondasaudi.com/admin.php?dir=CwusrCwshareCwdocCwpython3-docsCwhtmlCwlibrary" "Mozilla/5.0 AppleWebKit/537.36 (KHTML, like Gecko; compatible; GPTBot/1.4; +https://openai.com/gptbot)"
2001:4ba0:cafe:c13::1 - - [30/Jul/2026:23:52:44 +0000] "GET / HTTP/1.1" 200 15687 "-" "Mozilla/5.0 (Windows NT 10.0; Win64; x64) AppleWebKit/537.36 (KHTML, like Gecko) Chrome/91.0.4472.114 Safari/537.36 Edg/91.0.864.54"
74.7.241.51 - - [30/Jul/2026:23:52:48 +0000] "GET /admin.php?dir=CwusrCwshareCwdocCwpython3-docsCwhtmlCwlibrary&view=pyexpat.html HTTP/1.1" 200 14749 "https://hondasaudi.com/admin.php?dir=CwusrCwshareCwdocCwpython3-docsCwhtmlCwlibrary" "Mozilla/5.0 AppleWebKit/537.36 (KHTML, like Gecko; compatible; GPTBot/1.4; +https://openai.com/gptbot)"
74.7.241.51 - - [30/Jul/2026:23:53:08 +0000] "GET /admin.php?dir=CwusrCwshareCwdocCwpython3-docsCwhtmlCwlibrary&view=syslog.html HTTP/1.1" 200 4166 "https://hondasaudi.com/admin.php?dir=CwusrCwshareCwdocCwpython3-docsCwhtmlCwlibrary" "Mozilla/5.0 AppleWebKit/537.36 (KHTML, like Gecko; compatible; GPTBot/1.4; +https://openai.com/gptbot)"
74.7.241.51 - - [30/Jul/2026:23:53:29 +0000] "GET /admin.php?dir=CwusrCwshareCwdocCwpython3-docsCwhtmlCwlibrary&view=bisect.html HTTP/1.1" 200 4618 "https://hondasaudi.com/admin.php?dir=CwusrCwshareCwdocCwpython3-docsCwhtmlCwlibrary" "Mozilla/5.0 AppleWebKit/537.36 (KHTML, like Gecko; compatible; GPTBot/1.4; +https://openai.com/gptbot)"
172.105.42.26 - - [30/Jul/2026:23:53:33 +0000] "POST /wp-cron.php?doing_wp_cron=1785455613.1063959598541259765625 HTTP/1.1" 200 20 "-" "WordPress/7.0.2; https://hondasaudi.com"
4.225.203.146 - - [30/Jul/2026:23:53:32 +0000] "GET /wp-includes/interactivity-api/index.php HTTP/1.1" 301 20 "-" "Mozilla/5.0 (Windows NT 10.0; Win64; x64) AppleWebKit/537.36 (KHTML, like Gecko) Chrome/120.0.0.0 Safari/537.36"
4.225.203.146 - - [30/Jul/2026:23:53:33 +0000] "GET /php8.php HTTP/1.1" 404 12587 "-" "Mozilla/5.0 (Windows NT 10.0; Win64; x64) AppleWebKit/537.36 (KHTML, like Gecko) Chrome/120.0.0.0 Safari/537.36"
4.225.203.146 - - [30/Jul/2026:23:53:33 +0000] "GET /assets/ HTTP/1.1" 404 12587 "-" "Mozilla/5.0 (Windows NT 10.0; Win64; x64) AppleWebKit/537.36 (KHTML, like Gecko) Chrome/120.0.0.0 Safari/537.36"
4.225.203.146 - - [30/Jul/2026:23:53:34 +0000] "GET /lite.php HTTP/1.1" 404 12586 "-" "Mozilla/5.0 (Windows NT 10.0; Win64; x64) AppleWebKit/537.36 (KHTML, like Gecko) Chrome/120.0.0.0 Safari/537.36"
4.225.203.146 - - [30/Jul/2026:23:53:34 +0000] "GET /term.php HTTP/1.1" 404 12587 "-" "Mozilla/5.0 (Windows NT 10.0; Win64; x64) AppleWebKit/537.36 (KHTML, like Gecko) Chrome/120.0.0.0 Safari/537.36"
4.225.203.146 - - [30/Jul/2026:23:53:35 +0000] "GET /config.php HTTP/1.1" 404 12588 "-" "Mozilla/5.0 (Windows NT 10.0; Win64; x64) AppleWebKit/537.36 (KHTML, like Gecko) Chrome/120.0.0.0 Safari/537.36"
4.225.203.146 - - [30/Jul/2026:23:53:35 +0000] "GET /wp-admin/classwithtostring.php HTTP/1.1" 404 12598 "-" "Mozilla/5.0 (Windows NT 10.0; Win64; x64) AppleWebKit/537.36 (KHTML, like Gecko) Chrome/120.0.0.0 Safari/537.36"
4.225.203.146 - - [30/Jul/2026:23:53:36 +0000] "GET /wp-good.php HTTP/1.1" 404 12587 "-" "Mozilla/5.0 (Windows NT 10.0; Win64; x64) AppleWebKit/537.36 (KHTML, like Gecko) Chrome/120.0.0.0 Safari/537.36"
4.225.203.146 - - [30/Jul/2026:23:53:36 +0000] "GET /wp-includes/Requests/library/index.php HTTP/1.1" 301 20 "-" "Mozilla/5.0 (Windows NT 10.0; Win64; x64) AppleWebKit/537.36 (KHTML, like Gecko) Chrome/120.0.0.0 Safari/537.36"
4.225.203.146 - - [30/Jul/2026:23:53:37 +0000] "GET /abcd.php HTTP/1.1" 404 12588 "-" "Mozilla/5.0 (Windows NT 10.0; Win64; x64) AppleWebKit/537.36 (KHTML, like Gecko) Chrome/120.0.0.0 Safari/537.36"
4.225.203.146 - - [30/Jul/2026:23:53:37 +0000] "GET /x.php HTTP/1.1" 404 12586 "-" "Mozilla/5.0 (Windows NT 10.0; Win64; x64) AppleWebKit/537.36 (KHTML, like Gecko) Chrome/120.0.0.0 Safari/537.36"
4.225.203.146 - - [30/Jul/2026:23:53:38 +0000] "GET /goods.php HTTP/1.1" 404 12589 "-" "Mozilla/5.0 (Windows NT 10.0; Win64; x64) AppleWebKit/537.36 (KHTML, like Gecko) Chrome/120.0.0.0 Safari/537.36"
4.225.203.146 - - [30/Jul/2026:23:53:38 +0000] "GET /wp-access.php HTTP/1.1" 404 12588 "-" "Mozilla/5.0 (Windows NT 10.0; Win64; x64) AppleWebKit/537.36 (KHTML, like Gecko) Chrome/120.0.0.0 Safari/537.36"
4.225.203.146 - - [30/Jul/2026:23:53:39 +0000] "GET /wp-content/uploads/min.php HTTP/1.1" 404 12624 "-" "Mozilla/5.0 (Windows NT 10.0; Win64; x64) AppleWebKit/537.36 (KHTML, like Gecko) Chrome/120.0.0.0 Safari/537.36"
4.225.203.146 - - [30/Jul/2026:23:53:39 +0000] "GET /filemanager.php HTTP/1.1" 404 12590 "-" "Mozilla/5.0 (Windows NT 10.0; Win64; x64) AppleWebKit/537.36 (KHTML, like Gecko) Chrome/120.0.0.0 Safari/537.36"
4.225.203.146 - - [30/Jul/2026:23:53:40 +0000] "GET /wp-includes/ID3/index.php HTTP/1.1" 301 20 "-" "Mozilla/5.0 (Windows NT 10.0; Win64; x64) AppleWebKit/537.36 (KHTML, like Gecko) Chrome/120.0.0.0 Safari/537.36"
4.225.203.146 - - [30/Jul/2026:23:53:40 +0000] "GET /bthil.php HTTP/1.1" 404 12588 "-" "Mozilla/5.0 (Windows NT 10.0; Win64; x64) AppleWebKit/537.36 (KHTML, like Gecko) Chrome/120.0.0.0 Safari/537.36"
4.225.203.146 - - [30/Jul/2026:23:53:40 +0000] "GET /xmlrpc.php HTTP/1.1" 404 12586 "-" "Mozilla/5.0 (Windows NT 10.0; Win64; x64) AppleWebKit/537.36 (KHTML, like Gecko) Chrome/120.0.0.0 Safari/537.36"
4.225.203.146 - - [30/Jul/2026:23:53:41 +0000] "GET /wp-admin/includes/ HTTP/1.1" 404 12587 "-" "Mozilla/5.0 (Windows NT 10.0; Win64; x64) AppleWebKit/537.36 (KHTML, like Gecko) Chrome/120.0.0.0 Safari/537.36"
4.225.203.146 - - [30/Jul/2026:23:53:41 +0000] "GET /cv.php HTTP/1.1" 404 12586 "-" "Mozilla/5.0 (Windows NT 10.0; Win64; x64) AppleWebKit/537.36 (KHTML, like Gecko) Chrome/120.0.0.0 Safari/537.36"
4.225.203.146 - - [30/Jul/2026:23:53:42 +0000] "GET /wp-content/packed.php HTTP/1.1" 404 12586 "-" "Mozilla/5.0 (Windows NT 10.0; Win64; x64) AppleWebKit/537.36 (KHTML, like Gecko) Chrome/120.0.0.0 Safari/537.36"
4.225.203.146 - - [30/Jul/2026:23:53:42 +0000] "GET /css.php HTTP/1.1" 404 12586 "-" "Mozilla/5.0 (Windows NT 10.0; Win64; x64) AppleWebKit/537.36 (KHTML, like Gecko) Chrome/120.0.0.0 Safari/537.36"
4.225.203.146 - - [30/Jul/2026:23:53:43 +0000] "GET /wp-admin/js/index.php HTTP/1.1" 301 20 "-" "Mozilla/5.0 (Windows NT 10.0; Win64; x64) AppleWebKit/537.36 (KHTML, like Gecko) Chrome/120.0.0.0 Safari/537.36"
4.225.203.146 - - [30/Jul/2026:23:53:43 +0000] "GET /core.php HTTP/1.1" 404 12588 "-" "Mozilla/5.0 (Windows NT 10.0; Win64; x64) AppleWebKit/537.36 (KHTML, like Gecko) Chrome/120.0.0.0 Safari/537.36"
4.225.203.146 - - [30/Jul/2026:23:53:44 +0000] "GET /admin/function.php HTTP/1.1" 404 12593 "-" "Mozilla/5.0 (Windows NT 10.0; Win64; x64) AppleWebKit/537.36 (KHTML, like Gecko) Chrome/120.0.0.0 Safari/537.36"
4.225.203.146 - - [30/Jul/2026:23:53:44 +0000] "GET /admin/index.php HTTP/1.1" 301 20 "-" "Mozilla/5.0 (Windows NT 10.0; Win64; x64) AppleWebKit/537.36 (KHTML, like Gecko) Chrome/120.0.0.0 Safari/537.36"
4.225.203.146 - - [30/Jul/2026:23:53:45 +0000] "GET /storage/rip.php HTTP/1.1" 404 12593 "-" "Mozilla/5.0 (Windows NT 10.0; Win64; x64) AppleWebKit/537.36 (KHTML, like Gecko) Chrome/120.0.0.0 Safari/537.36"
4.225.203.146 - - [30/Jul/2026:23:53:45 +0000] "GET /ahax.php HTTP/1.1" 404 12588 "-" "Mozilla/5.0 (Windows NT 10.0; Win64; x64) AppleWebKit/537.36 (KHTML, like Gecko) Chrome/120.0.0.0 Safari/537.36"
4.225.203.146 - - [30/Jul/2026:23:53:46 +0000] "GET /zoom1.php HTTP/1.1" 404 12588 "-" "Mozilla/5.0 (Windows NT 10.0; Win64; x64) AppleWebKit/537.36 (KHTML, like Gecko) Chrome/120.0.0.0 Safari/537.36"
4.225.203.146 - - [30/Jul/2026:23:53:50 +0000] "GET /txets.php HTTP/1.1" 404 12587 "-" "Mozilla/5.0 (Windows NT 10.0; Win64; x64) AppleWebKit/537.36 (KHTML, like Gecko) Chrome/120.0.0.0 Safari/537.36"
74.7.241.51 - - [30/Jul/2026:23:53:51 +0000] "GET /admin.php?dir=CwusrCwshareCwdocCwpython3-docsCwhtmlCwlibrary&view=exceptions.html HTTP/1.1" 200 14043 "https://hondasaudi.com/admin.php?dir=CwusrCwshareCwdocCwpython3-docsCwhtmlCwlibrary" "Mozilla/5.0 AppleWebKit/537.36 (KHTML, like Gecko; compatible; GPTBot/1.4; +https://openai.com/gptbot)"
4.225.203.146 - - [30/Jul/2026:23:53:50 +0000] "GET /wp-admin/network/ HTTP/1.1" 302 20 "-" "Mozilla/5.0 (Windows NT 10.0; Win64; x64) AppleWebKit/537.36 (KHTML, like Gecko) Chrome/120.0.0.0 Safari/537.36"
4.225.203.146 - - [30/Jul/2026:23:53:52 +0000] "GET /wp-admin/css/colors/midnight/ HTTP/1.1" 404 12632 "-" "Mozilla/5.0 (Windows NT 10.0; Win64; x64) AppleWebKit/537.36 (KHTML, like Gecko) Chrome/120.0.0.0 Safari/537.36"
4.225.203.146 - - [30/Jul/2026:23:53:53 +0000] "GET /wp-content/themes/about.php HTTP/1.1" 404 12626 "-" "Mozilla/5.0 (Windows NT 10.0; Win64; x64) AppleWebKit/537.36 (KHTML, like Gecko) Chrome/120.0.0.0 Safari/537.36"
4.225.203.146 - - [30/Jul/2026:23:53:53 +0000] "GET /wp-includes/assets/index.php HTTP/1.1" 301 20 "-" "Mozilla/5.0 (Windows NT 10.0; Win64; x64) AppleWebKit/537.36 (KHTML, like Gecko) Chrome/120.0.0.0 Safari/537.36"
4.225.203.146 - - [30/Jul/2026:23:53:54 +0000] "GET /wp-admin/index.php HTTP/1.1" 302 20 "-" "Mozilla/5.0 (Windows NT 10.0; Win64; x64) AppleWebKit/537.36 (KHTML, like Gecko) Chrome/120.0.0.0 Safari/537.36"
4.225.203.146 - - [30/Jul/2026:23:53:54 +0000] "GET /radio.php HTTP/1.1" 404 12586 "-" "Mozilla/5.0 (Windows NT 10.0; Win64; x64) AppleWebKit/537.36 (KHTML, like Gecko) Chrome/120.0.0.0 Safari/537.36"
4.225.203.146 - - [30/Jul/2026:23:53:55 +0000] "GET /item.php HTTP/1.1" 404 12586 "-" "Mozilla/5.0 (Windows NT 10.0; Win64; x64) AppleWebKit/537.36 (KHTML, like Gecko) Chrome/120.0.0.0 Safari/537.36"
4.225.203.146 - - [30/Jul/2026:23:53:55 +0000] "GET /t.php HTTP/1.1" 404 12584 "-" "Mozilla/5.0 (Windows NT 10.0; Win64; x64) AppleWebKit/537.36 (KHTML, like Gecko) Chrome/120.0.0.0 Safari/537.36"
4.225.203.146 - - [30/Jul/2026:23:53:56 +0000] "GET /i.php HTTP/1.1" 404 12584 "-" "Mozilla/5.0 (Windows NT 10.0; Win64; x64) AppleWebKit/537.36 (KHTML, like Gecko) Chrome/120.0.0.0 Safari/537.36"
4.225.203.146 - - [30/Jul/2026:23:53:56 +0000] "GET /deepseek_d.php HTTP/1.1" 404 12591 "-" "Mozilla/5.0 (Windows NT 10.0; Win64; x64) AppleWebKit/537.36 (KHTML, like Gecko) Chrome/120.0.0.0 Safari/537.36"
4.225.203.146 - - [30/Jul/2026:23:53:57 +0000] "GET /wp-includes/fonts/ HTTP/1.1" 404 12582 "-" "Mozilla/5.0 (Windows NT 10.0; Win64; x64) AppleWebKit/537.36 (KHTML, like Gecko) Chrome/120.0.0.0 Safari/537.36"
4.225.203.146 - - [30/Jul/2026:23:53:57 +0000] "GET /.well-known/acme-challenge/file.php HTTP/1.1" 404 12644 "-" "Mozilla/5.0 (Windows NT 10.0; Win64; x64) AppleWebKit/537.36 (KHTML, like Gecko) Chrome/120.0.0.0 Safari/537.36"
4.225.203.146 - - [30/Jul/2026:23:53:58 +0000] "GET /wp-admin/css/ HTTP/1.1" 404 12586 "-" "Mozilla/5.0 (Windows NT 10.0; Win64; x64) AppleWebKit/537.36 (KHTML, like Gecko) Chrome/120.0.0.0 Safari/537.36"
4.225.203.146 - - [30/Jul/2026:23:53:58 +0000] "GET /wp-content/themes/pridmag/il.php HTTP/1.1" 404 12630 "-" "Mozilla/5.0 (Windows NT 10.0; Win64; x64) AppleWebKit/537.36 (KHTML, like Gecko) Chrome/120.0.0.0 Safari/537.36"
4.225.203.146 - - [30/Jul/2026:23:53:59 +0000] "GET /assets/images/doc.php HTTP/1.1" 404 12632 "-" "Mozilla/5.0 (Windows NT 10.0; Win64; x64) AppleWebKit/537.36 (KHTML, like Gecko) Chrome/120.0.0.0 Safari/537.36"
4.225.203.146 - - [30/Jul/2026:23:53:59 +0000] "GET /bgymj.php HTTP/1.1" 404 12588 "-" "Mozilla/5.0 (Windows NT 10.0; Win64; x64) AppleWebKit/537.36 (KHTML, like Gecko) Chrome/120.0.0.0 Safari/537.36"
4.225.203.146 - - [30/Jul/2026:23:54:00 +0000] "GET /modules/mod_footer/tmpl/index.php HTTP/1.1" 301 20 "-" "Mozilla/5.0 (Windows NT 10.0; Win64; x64) AppleWebKit/537.36 (KHTML, like Gecko) Chrome/120.0.0.0 Safari/537.36"
4.225.203.146 - - [30/Jul/2026:23:54:00 +0000] "GET /images/ HTTP/1.1" 404 12585 "-" "Mozilla/5.0 (Windows NT 10.0; Win64; x64) AppleWebKit/537.36 (KHTML, like Gecko) Chrome/120.0.0.0 Safari/537.36"
4.225.203.146 - - [30/Jul/2026:23:54:00 +0000] "GET /wp-load.php HTTP/1.1" 200 20 "-" "Mozilla/5.0 (Windows NT 10.0; Win64; x64) AppleWebKit/537.36 (KHTML, like Gecko) Chrome/120.0.0.0 Safari/537.36"
4.225.203.146 - - [30/Jul/2026:23:54:01 +0000] "GET /wp-includes/Text/Diff/Engine/ HTTP/1.1" 404 12634 "-" "Mozilla/5.0 (Windows NT 10.0; Win64; x64) AppleWebKit/537.36 (KHTML, like Gecko) Chrome/120.0.0.0 Safari/537.36"
4.225.203.146 - - [30/Jul/2026:23:54:01 +0000] "GET /a.php HTTP/1.1" 404 12585 "-" "Mozilla/5.0 (Windows NT 10.0; Win64; x64) AppleWebKit/537.36 (KHTML, like Gecko) Chrome/120.0.0.0 Safari/537.36"
4.225.203.146 - - [30/Jul/2026:23:54:02 +0000] "GET /u.php HTTP/1.1" 404 12585 "-" "Mozilla/5.0 (Windows NT 10.0; Win64; x64) AppleWebKit/537.36 (KHTML, like Gecko) Chrome/120.0.0.0 Safari/537.36"
2001:16a2:c219:7d12:7c7e:57b3:4604:f6fa - - [30/Jul/2026:23:54:02 +0000] "GET /outlet/ HTTP/1.1" 200 16110 "-" "Mozilla/5.0 (iPhone; CPU iPhone OS 18_7 like Mac OS X) AppleWebKit/605.1.15 (KHTML, like Gecko) Version/26.5.2 Mobile/15E148 Safari/604.1"
4.225.203.146 - - [30/Jul/2026:23:54:02 +0000] "GET /r.php HTTP/1.1" 404 12585 "-" "Mozilla/5.0 (Windows NT 10.0; Win64; x64) AppleWebKit/537.36 (KHTML, like Gecko) Chrome/120.0.0.0 Safari/537.36"
4.225.203.146 - - [30/Jul/2026:23:54:03 +0000] "GET /wp-blog.php HTTP/1.1" 404 12585 "-" "Mozilla/5.0 (Windows NT 10.0; Win64; x64) AppleWebKit/537.36 (KHTML, like Gecko) Chrome/120.0.0.0 Safari/537.36"
4.225.203.146 - - [30/Jul/2026:23:54:04 +0000] "GET /xxx.php HTTP/1.1" 404 12587 "-" "Mozilla/5.0 (Windows NT 10.0; Win64; x64) AppleWebKit/537.36 (KHTML, like Gecko) Chrome/120.0.0.0 Safari/537.36"
4.225.203.146 - - [30/Jul/2026:23:54:04 +0000] "GET /randkeyword.PhP7 HTTP/1.1" 404 12595 "-" "Mozilla/5.0 (Windows NT 10.0; Win64; x64) AppleWebKit/537.36 (KHTML, like Gecko) Chrome/120.0.0.0 Safari/537.36"
4.225.203.146 - - [30/Jul/2026:23:54:04 +0000] "GET /vendor/ HTTP/1.1" 404 12587 "-" "Mozilla/5.0 (Windows NT 10.0; Win64; x64) AppleWebKit/537.36 (KHTML, like Gecko) Chrome/120.0.0.0 Safari/537.36"
4.225.203.146 - - [30/Jul/2026:23:54:05 +0000] "GET /tool.php HTTP/1.1" 404 12587 "-" "Mozilla/5.0 (Windows NT 10.0; Win64; x64) AppleWebKit/537.36 (KHTML, like Gecko) Chrome/120.0.0.0 Safari/537.36"
4.225.203.146 - - [30/Jul/2026:23:54:05 +0000] "GET /wp-content.php HTTP/1.1" 404 12582 "-" "Mozilla/5.0 (Windows NT 10.0; Win64; x64) AppleWebKit/537.36 (KHTML, like Gecko) Chrome/120.0.0.0 Safari/537.36"
4.225.203.146 - - [30/Jul/2026:23:54:06 +0000] "GET /k.php HTTP/1.1" 404 12585 "-" "Mozilla/5.0 (Windows NT 10.0; Win64; x64) AppleWebKit/537.36 (KHTML, like Gecko) Chrome/120.0.0.0 Safari/537.36"
4.225.203.146 - - [30/Jul/2026:23:54:06 +0000] "GET /root.php HTTP/1.1" 404 12587 "-" "Mozilla/5.0 (Windows NT 10.0; Win64; x64) AppleWebKit/537.36 (KHTML, like Gecko) Chrome/120.0.0.0 Safari/537.36"
4.225.203.146 - - [30/Jul/2026:23:54:07 +0000] "GET /ws.php HTTP/1.1" 404 12586 "-" "Mozilla/5.0 (Windows NT 10.0; Win64; x64) AppleWebKit/537.36 (KHTML, like Gecko) Chrome/120.0.0.0 Safari/537.36"
4.225.203.146 - - [30/Jul/2026:23:54:07 +0000] "GET /p.php HTTP/1.1" 404 12585 "-" "Mozilla/5.0 (Windows NT 10.0; Win64; x64) AppleWebKit/537.36 (KHTML, like Gecko) Chrome/120.0.0.0 Safari/537.36"
4.225.203.146 - - [30/Jul/2026:23:54:08 +0000] "GET /elp.php HTTP/1.1" 404 12587 "-" "Mozilla/5.0 (Windows NT 10.0; Win64; x64) AppleWebKit/537.36 (KHTML, like Gecko) Chrome/120.0.0.0 Safari/537.36"
4.225.203.146 - - [30/Jul/2026:23:54:08 +0000] "GET /a1.php HTTP/1.1" 404 12586 "-" "Mozilla/5.0 (Windows NT 10.0; Win64; x64) AppleWebKit/537.36 (KHTML, like Gecko) Chrome/120.0.0.0 Safari/537.36"
4.225.203.146 - - [30/Jul/2026:23:54:09 +0000] "GET /wp-includes/Text/index.php HTTP/1.1" 301 20 "-" "Mozilla/5.0 (Windows NT 10.0; Win64; x64) AppleWebKit/537.36 (KHTML, like Gecko) Chrome/120.0.0.0 Safari/537.36"
4.225.203.146 - - [30/Jul/2026:23:54:09 +0000] "GET /alfa-rex.php7 HTTP/1.1" 403 5168 "-" "Mozilla/5.0 (Windows NT 10.0; Win64; x64) AppleWebKit/537.36 (KHTML, like Gecko) Chrome/120.0.0.0 Safari/537.36"
4.225.203.146 - - [30/Jul/2026:23:54:10 +0000] "GET /wp-admin/css/admin.php HTTP/1.1" 404 12631 "-" "Mozilla/5.0 (Windows NT 10.0; Win64; x64) AppleWebKit/537.36 (KHTML, like Gecko) Chrome/120.0.0.0 Safari/537.36"
4.225.203.146 - - [30/Jul/2026:23:54:10 +0000] "GET /install.php HTTP/1.1" 404 12589 "-" "Mozilla/5.0 (Windows NT 10.0; Win64; x64) AppleWebKit/537.36 (KHTML, like Gecko) Chrome/120.0.0.0 Safari/537.36"
4.225.203.146 - - [30/Jul/2026:23:54:11 +0000] "GET /wp-includes/fonts/index.php HTTP/1.1" 301 20 "-" "Mozilla/5.0 (Windows NT 10.0; Win64; x64) AppleWebKit/537.36 (KHTML, like Gecko) Chrome/120.0.0.0 Safari/537.36"
4.225.203.146 - - [30/Jul/2026:23:54:11 +0000] "GET /upload.php HTTP/1.1" 404 12587 "-" "Mozilla/5.0 (Windows NT 10.0; Win64; x64) AppleWebKit/537.36 (KHTML, like Gecko) Chrome/120.0.0.0 Safari/537.36"
4.225.203.146 - - [30/Jul/2026:23:54:11 +0000] "GET /wp-includes/ID3/ HTTP/1.1" 404 12583 "-" "Mozilla/5.0 (Windows NT 10.0; Win64; x64) AppleWebKit/537.36 (KHTML, like Gecko) Chrome/120.0.0.0 Safari/537.36"
4.225.203.146 - - [30/Jul/2026:23:54:12 +0000] "GET /wp-includes/Text/Diff/ HTTP/1.1" 404 12629 "-" "Mozilla/5.0 (Windows NT 10.0; Win64; x64) AppleWebKit/537.36 (KHTML, like Gecko) Chrome/120.0.0.0 Safari/537.36"
74.7.241.51 - - [30/Jul/2026:23:54:12 +0000] "GET /admin.php?dir=CwusrCwshareCwdocCwpython3-docsCwhtmlCwlibrary&view=archiving.html HTTP/1.1" 200 2772 "https://hondasaudi.com/admin.php?dir=CwusrCwshareCwdocCwpython3-docsCwhtmlCwlibrary" "Mozilla/5.0 AppleWebKit/537.36 (KHTML, like Gecko; compatible; GPTBot/1.4; +https://openai.com/gptbot)"
4.225.203.146 - - [30/Jul/2026:23:54:13 +0000] "GET /wp-content/file.php HTTP/1.1" 404 12585 "-" "Mozilla/5.0 (Windows NT 10.0; Win64; x64) AppleWebKit/537.36 (KHTML, like Gecko) Chrome/120.0.0.0 Safari/537.36"
4.225.203.146 - - [30/Jul/2026:23:54:13 +0000] "GET /files.php HTTP/1.1" 404 12588 "-" "Mozilla/5.0 (Windows NT 10.0; Win64; x64) AppleWebKit/537.36 (KHTML, like Gecko) Chrome/120.0.0.0 Safari/537.36"
4.225.203.146 - - [30/Jul/2026:23:54:14 +0000] "GET /o.php HTTP/1.1" 404 12585 "-" "Mozilla/5.0 (Windows NT 10.0; Win64; x64) AppleWebKit/537.36 (KHTML, like Gecko) Chrome/120.0.0.0 Safari/537.36"
4.225.203.146 - - [30/Jul/2026:23:54:14 +0000] "GET /file2.php HTTP/1.1" 404 12588 "-" "Mozilla/5.0 (Windows NT 10.0; Win64; x64) AppleWebKit/537.36 (KHTML, like Gecko) Chrome/120.0.0.0 Safari/537.36"
4.225.203.146 - - [30/Jul/2026:23:54:14 +0000] "GET /.well-known/gecko-litespeed.php HTTP/1.1" 403 5168 "-" "Mozilla/5.0 (Windows NT 10.0; Win64; x64) AppleWebKit/537.36 (KHTML, like Gecko) Chrome/120.0.0.0 Safari/537.36"
4.225.203.146 - - [30/Jul/2026:23:54:15 +0000] "GET /xda.php HTTP/1.1" 404 12587 "-" "Mozilla/5.0 (Windows NT 10.0; Win64; x64) AppleWebKit/537.36 (KHTML, like Gecko) Chrome/120.0.0.0 Safari/537.36"
172.105.42.26 - - [30/Jul/2026:23:54:16 +0000] "POST /wp-cron.php?doing_wp_cron=1785455656.1538069248199462890625 HTTP/1.1" 200 20 "-" "WordPress/7.0.2; https://hondasaudi.com"
4.225.203.146 - - [30/Jul/2026:23:54:15 +0000] "GET /theme.php HTTP/1.1" 404 12586 "-" "Mozilla/5.0 (Windows NT 10.0; Win64; x64) AppleWebKit/537.36 (KHTML, like Gecko) Chrome/120.0.0.0 Safari/537.36"
4.225.203.146 - - [30/Jul/2026:23:54:16 +0000] "GET //classwithtostring.php HTTP/1.1" 301 20 "-" "Mozilla/5.0 (Windows NT 10.0; Win64; x64) AppleWebKit/537.36 (KHTML, like Gecko) Chrome/120.0.0.0 Safari/537.36"
4.225.203.146 - - [30/Jul/2026:23:54:17 +0000] "GET /news.php HTTP/1.1" 404 12588 "-" "Mozilla/5.0 (Windows NT 10.0; Win64; x64) AppleWebKit/537.36 (KHTML, like Gecko) Chrome/120.0.0.0 Safari/537.36"
172.105.42.26 - - [30/Jul/2026:23:54:18 +0000] "POST /wp-cron.php?doing_wp_cron=1785455658.0133988857269287109375 HTTP/1.1" 200 20 "-" "WordPress/7.0.2; https://hondasaudi.com"
4.225.203.146 - - [30/Jul/2026:23:54:17 +0000] "GET /about/function.php HTTP/1.1" 404 12594 "-" "Mozilla/5.0 (Windows NT 10.0; Win64; x64) AppleWebKit/537.36 (KHTML, like Gecko) Chrome/120.0.0.0 Safari/537.36"
4.225.203.146 - - [30/Jul/2026:23:54:18 +0000] "GET /wp-admin/user/ HTTP/1.1" 302 20 "-" "Mozilla/5.0 (Windows NT 10.0; Win64; x64) AppleWebKit/537.36 (KHTML, like Gecko) Chrome/120.0.0.0 Safari/537.36"
4.225.203.146 - - [30/Jul/2026:23:54:18 +0000] "GET /wp-includes/admin.php HTTP/1.1" 404 12586 "-" "Mozilla/5.0 (Windows NT 10.0; Win64; x64) AppleWebKit/537.36 (KHTML, like Gecko) Chrome/120.0.0.0 Safari/537.36"
4.225.203.146 - - [30/Jul/2026:23:54:19 +0000] "GET /wp-includes/images/media/ HTTP/1.1" 404 12628 "-" "Mozilla/5.0 (Windows NT 10.0; Win64; x64) AppleWebKit/537.36 (KHTML, like Gecko) Chrome/120.0.0.0 Safari/537.36"
4.225.203.146 - - [30/Jul/2026:23:54:19 +0000] "GET /lock360.php HTTP/1.1" 403 5168 "-" "Mozilla/5.0 (Windows NT 10.0; Win64; x64) AppleWebKit/537.36 (KHTML, like Gecko) Chrome/120.0.0.0 Safari/537.36"
4.225.203.146 - - [30/Jul/2026:23:54:19 +0000] "GET /wp-conflg.php HTTP/1.1" 404 12588 "-" "Mozilla/5.0 (Windows NT 10.0; Win64; x64) AppleWebKit/537.36 (KHTML, like Gecko) Chrome/120.0.0.0 Safari/537.36"
4.225.203.146 - - [30/Jul/2026:23:54:20 +0000] "GET /123.php HTTP/1.1" 404 12587 "-" "Mozilla/5.0 (Windows NT 10.0; Win64; x64) AppleWebKit/537.36 (KHTML, like Gecko) Chrome/120.0.0.0 Safari/537.36"
4.225.203.146 - - [30/Jul/2026:23:54:20 +0000] "GET /yanz.php HTTP/1.1" 404 12587 "-" "Mozilla/5.0 (Windows NT 10.0; Win64; x64) AppleWebKit/537.36 (KHTML, like Gecko) Chrome/120.0.0.0 Safari/537.36"
4.225.203.146 - - [30/Jul/2026:23:54:21 +0000] "GET /autoload_classmap.php HTTP/1.1" 403 5168 "-" "Mozilla/5.0 (Windows NT 10.0; Win64; x64) AppleWebKit/537.36 (KHTML, like Gecko) Chrome/120.0.0.0 Safari/537.36"
4.225.203.146 - - [30/Jul/2026:23:54:21 +0000] "GET /bi.php HTTP/1.1" 404 12586 "-" "Mozilla/5.0 (Windows NT 10.0; Win64; x64) AppleWebKit/537.36 (KHTML, like Gecko) Chrome/120.0.0.0 Safari/537.36"
4.225.203.146 - - [30/Jul/2026:23:54:21 +0000] "GET /cc.php HTTP/1.1" 404 12585 "-" "Mozilla/5.0 (Windows NT 10.0; Win64; x64) AppleWebKit/537.36 (KHTML, like Gecko) Chrome/120.0.0.0 Safari/537.36"
4.225.203.146 - - [30/Jul/2026:23:54:22 +0000] "GET /files/index.php HTTP/1.1" 301 20 "-" "Mozilla/5.0 (Windows NT 10.0; Win64; x64) AppleWebKit/537.36 (KHTML, like Gecko) Chrome/120.0.0.0 Safari/537.36"
4.225.203.146 - - [30/Jul/2026:23:54:22 +0000] "GET /1.php7 HTTP/1.1" 404 12586 "-" "Mozilla/5.0 (Windows NT 10.0; Win64; x64) AppleWebKit/537.36 (KHTML, like Gecko) Chrome/120.0.0.0 Safari/537.36"
4.225.203.146 - - [30/Jul/2026:23:54:23 +0000] "GET /disagraeosc.php HTTP/1.1" 404 12592 "-" "Mozilla/5.0 (Windows NT 10.0; Win64; x64) AppleWebKit/537.36 (KHTML, like Gecko) Chrome/120.0.0.0 Safari/537.36"
4.225.203.146 - - [30/Jul/2026:23:54:23 +0000] "GET /wp-logs.php HTTP/1.1" 404 12587 "-" "Mozilla/5.0 (Windows NT 10.0; Win64; x64) AppleWebKit/537.36 (KHTML, like Gecko) Chrome/120.0.0.0 Safari/537.36"
4.225.203.146 - - [30/Jul/2026:23:54:24 +0000] "GET /wp-admin/css/about.php HTTP/1.1" 404 12633 "-" "Mozilla/5.0 (Windows NT 10.0; Win64; x64) AppleWebKit/537.36 (KHTML, like Gecko) Chrome/120.0.0.0 Safari/537.36"
4.225.203.146 - - [30/Jul/2026:23:54:24 +0000] "GET /system_log.php HTTP/1.1" 404 12592 "-" "Mozilla/5.0 (Windows NT 10.0; Win64; x64) AppleWebKit/537.36 (KHTML, like Gecko) Chrome/120.0.0.0 Safari/537.36"
4.225.203.146 - - [30/Jul/2026:23:54:25 +0000] "GET /24.php HTTP/1.1" 404 12586 "-" "Mozilla/5.0 (Windows NT 10.0; Win64; x64) AppleWebKit/537.36 (KHTML, like Gecko) Chrome/120.0.0.0 Safari/537.36"
4.225.203.146 - - [30/Jul/2026:23:54:25 +0000] "GET /wp-admin/maint/ HTTP/1.1" 404 12589 "-" "Mozilla/5.0 (Windows NT 10.0; Win64; x64) AppleWebKit/537.36 (KHTML, like Gecko) Chrome/120.0.0.0 Safari/537.36"
4.225.203.146 - - [30/Jul/2026:23:54:26 +0000] "GET /wp-content/plugins/index.php HTTP/1.1" 200 20 "-" "Mozilla/5.0 (Windows NT 10.0; Win64; x64) AppleWebKit/537.36 (KHTML, like Gecko) Chrome/120.0.0.0 Safari/537.36"
4.225.203.146 - - [30/Jul/2026:23:54:26 +0000] "GET /admin/controller/extension/extension/ HTTP/1.1" 404 12636 "-" "Mozilla/5.0 (Windows NT 10.0; Win64; x64) AppleWebKit/537.36 (KHTML, like Gecko) Chrome/120.0.0.0 Safari/537.36"
4.225.203.146 - - [30/Jul/2026:23:54:26 +0000] "GET /wp-includes/css/dist/widgets/ HTTP/1.1" 404 12632 "-" "Mozilla/5.0 (Windows NT 10.0; Win64; x64) AppleWebKit/537.36 (KHTML, like Gecko) Chrome/120.0.0.0 Safari/537.36"
4.225.203.146 - - [30/Jul/2026:23:54:27 +0000] "GET /wp-admin/images/index.php HTTP/1.1" 301 20 "-" "Mozilla/5.0 (Windows NT 10.0; Win64; x64) AppleWebKit/537.36 (KHTML, like Gecko) Chrome/120.0.0.0 Safari/537.36"
4.225.203.146 - - [30/Jul/2026:23:54:28 +0000] "GET /num.php HTTP/1.1" 404 12587 "-" "Mozilla/5.0 (Windows NT 10.0; Win64; x64) AppleWebKit/537.36 (KHTML, like Gecko) Chrome/120.0.0.0 Safari/537.36"
4.225.203.146 - - [30/Jul/2026:23:54:28 +0000] "GET /wp-admin/css/colors/ocean/ HTTP/1.1" 404 12632 "-" "Mozilla/5.0 (Windows NT 10.0; Win64; x64) AppleWebKit/537.36 (KHTML, like Gecko) Chrome/120.0.0.0 Safari/537.36"
172.105.42.26 - - [30/Jul/2026:23:54:29 +0000] "POST /wp-cron.php?doing_wp_cron=1785455669.3850259780883789062500 HTTP/1.1" 200 20 "-" "WordPress/7.0.2; https://hondasaudi.com"
4.225.203.146 - - [30/Jul/2026:23:54:29 +0000] "GET /wp-content/et-cache/ HTTP/1.1" 404 12586 "-" "Mozilla/5.0 (Windows NT 10.0; Win64; x64) AppleWebKit/537.36 (KHTML, like Gecko) Chrome/120.0.0.0 Safari/537.36"
4.225.203.146 - - [30/Jul/2026:23:54:29 +0000] "GET /wp-content/upgrade/index.php HTTP/1.1" 301 20 "-" "Mozilla/5.0 (Windows NT 10.0; Win64; x64) AppleWebKit/537.36 (KHTML, like Gecko) Chrome/120.0.0.0 Safari/537.36"
4.225.203.146 - - [30/Jul/2026:23:54:30 +0000] "GET /wp-includes/SimplePie/index.php HTTP/1.1" 301 20 "-" "Mozilla/5.0 (Windows NT 10.0; Win64; x64) AppleWebKit/537.36 (KHTML, like Gecko) Chrome/120.0.0.0 Safari/537.36"
4.225.203.146 - - [30/Jul/2026:23:54:30 +0000] "GET /gifclass.php HTTP/1.1" 404 12590 "-" "Mozilla/5.0 (Windows NT 10.0; Win64; x64) AppleWebKit/537.36 (KHTML, like Gecko) Chrome/120.0.0.0 Safari/537.36"
4.225.203.146 - - [30/Jul/2026:23:54:30 +0000] "GET /wp-includes/certificates/ HTTP/1.1" 404 12588 "-" "Mozilla/5.0 (Windows NT 10.0; Win64; x64) AppleWebKit/537.36 (KHTML, like Gecko) Chrome/120.0.0.0 Safari/537.36"
4.225.203.146 - - [30/Jul/2026:23:54:31 +0000] "GET /wp-content/plugins/admin.php HTTP/1.1" 404 12633 "-" "Mozilla/5.0 (Windows NT 10.0; Win64; x64) AppleWebKit/537.36 (KHTML, like Gecko) Chrome/120.0.0.0 Safari/537.36"
4.225.203.146 - - [30/Jul/2026:23:54:32 +0000] "GET /css/index.php HTTP/1.1" 301 20 "-" "Mozilla/5.0 (Windows NT 10.0; Win64; x64) AppleWebKit/537.36 (KHTML, like Gecko) Chrome/120.0.0.0 Safari/537.36"
4.225.203.146 - - [30/Jul/2026:23:54:32 +0000] "GET /wp-cron.php HTTP/1.1" 200 20 "-" "Mozilla/5.0 (Windows NT 10.0; Win64; x64) AppleWebKit/537.36 (KHTML, like Gecko) Chrome/120.0.0.0 Safari/537.36"
4.225.203.146 - - [30/Jul/2026:23:54:33 +0000] "GET /wp-block.php HTTP/1.1" 404 12583 "-" "Mozilla/5.0 (Windows NT 10.0; Win64; x64) AppleWebKit/537.36 (KHTML, like Gecko) Chrome/120.0.0.0 Safari/537.36"
74.7.241.51 - - [30/Jul/2026:23:54:33 +0000] "GET /admin.php?dir=CwusrCwshareCwdocCwpython3-docsCwhtmlCwlibrary&view=signal.html HTTP/1.1" 200 9861 "https://hondasaudi.com/admin.php?dir=CwusrCwshareCwdocCwpython3-docsCwhtmlCwlibrary" "Mozilla/5.0 AppleWebKit/537.36 (KHTML, like Gecko; compatible; GPTBot/1.4; +https://openai.com/gptbot)"
4.225.203.146 - - [30/Jul/2026:23:54:33 +0000] "GET /wp-includes/fonts/admin.php HTTP/1.1" 404 12628 "-" "Mozilla/5.0 (Windows NT 10.0; Win64; x64) AppleWebKit/537.36 (KHTML, like Gecko) Chrome/120.0.0.0 Safari/537.36"
4.225.203.146 - - [30/Jul/2026:23:54:34 +0000] "GET /wp-admin/css/colors/modern/ HTTP/1.1" 404 12633 "-" "Mozilla/5.0 (Windows NT 10.0; Win64; x64) AppleWebKit/537.36 (KHTML, like Gecko) Chrome/120.0.0.0 Safari/537.36"
74.7.241.51 - - [30/Jul/2026:23:54:54 +0000] "GET /admin.php?dir=CwusrCwshareCwdocCwpython3-docsCwhtmlCwlibrary&view=builtins.html HTTP/1.1" 200 2824 "https://hondasaudi.com/admin.php?dir=CwusrCwshareCwdocCwpython3-docsCwhtmlCwlibrary" "Mozilla/5.0 AppleWebKit/537.36 (KHTML, like Gecko; compatible; GPTBot/1.4; +https://openai.com/gptbot)"
74.7.241.51 - - [30/Jul/2026:23:55:16 +0000] "GET /admin.php?dir=CwusrCwshareCwdocCwpython3-docsCwhtmlCwlibrary&view=fileinput.html HTTP/1.1" 200 5597 "https://hondasaudi.com/admin.php?dir=CwusrCwshareCwdocCwpython3-docsCwhtmlCwlibrary" "Mozilla/5.0 AppleWebKit/537.36 (KHTML, like Gecko; compatible; GPTBot/1.4; +https://openai.com/gptbot)"
74.7.241.51 - - [30/Jul/2026:23:55:36 +0000] "GET /admin.php?dir=CwusrCwshareCwdocCwpython3-docsCwhtmlCwlibrary&view=numbers.html HTTP/1.1" 200 6469 "https://hondasaudi.com/admin.php?dir=CwusrCwshareCwdocCwpython3-docsCwhtmlCwlibrary" "Mozilla/5.0 AppleWebKit/537.36 (KHTML, like Gecko; compatible; GPTBot/1.4; +https://openai.com/gptbot)"
74.7.241.51 - - [30/Jul/2026:23:55:58 +0000] "GET /admin.php?dir=CwusrCwshareCwdocCwpython3-docsCwhtmlCwlibrary&view=traceback.html HTTP/1.1" 200 8887 "https://hondasaudi.com/admin.php?dir=CwusrCwshareCwdocCwpython3-docsCwhtmlCwlibrary" "Mozilla/5.0 AppleWebKit/537.36 (KHTML, like Gecko; compatible; GPTBot/1.4; +https://openai.com/gptbot)"
74.7.241.51 - - [30/Jul/2026:23:56:18 +0000] "GET /admin.php?dir=CwusrCwshareCwdocCwpython3-docsCwhtmlCwlibrary&view=getpass.html HTTP/1.1" 200 3097 "https://hondasaudi.com/admin.php?dir=CwusrCwshareCwdocCwpython3-docsCwhtmlCwlibrary" "Mozilla/5.0 AppleWebKit/537.36 (KHTML, like Gecko; compatible; GPTBot/1.4; +https://openai.com/gptbot)"
74.7.241.51 - - [30/Jul/2026:23:56:40 +0000] "GET /admin.php?dir=CwusrCwshareCwdocCwpython3-docsCwhtmlCw_sourcesCwdistutils&view=packageindex.rst.txt HTTP/1.1" 200 3164 "https://hondasaudi.com/admin.php?dir=CwusrCwshareCwdocCwpython3-docsCwhtmlCw_sourcesCwdistutils" "Mozilla/5.0 AppleWebKit/537.36 (KHTML, like Gecko; compatible; GPTBot/1.4; +https://openai.com/gptbot)"
172.105.42.26 - - [30/Jul/2026:23:56:50 +0000] "POST /wp-cron.php?doing_wp_cron=1785455810.5514669418334960937500 HTTP/1.1" 200 20 "-" "WordPress/7.0.2; https://hondasaudi.com"
18.193.252.127 - - [30/Jul/2026:23:56:50 +0000] "HEAD / HTTP/1.1" 200 - "https://hondasaudi.com" "Mozilla/5.0+(compatible; UptimeRobot/2.0; http://www.uptimerobot.com/)"
74.7.241.51 - - [30/Jul/2026:23:57:01 +0000] "GET /admin.php?dir=CwusrCwshareCwdocCwpython3-docsCwhtmlCw_sourcesCwlibrary&view=multiprocessing.rst.txt HTTP/1.1" 200 29549 "https://hondasaudi.com/admin.php?dir=CwusrCwshareCwdocCwpython3-docsCwhtmlCw_sourcesCwlibrary" "Mozilla/5.0 AppleWebKit/537.36 (KHTML, like Gecko; compatible; GPTBot/1.4; +https://openai.com/gptbot)"
172.105.42.26 - - [30/Jul/2026:23:57:21 +0000] "POST /wp-cron.php?doing_wp_cron=1785455841.7722499370574951171875 HTTP/1.1" 200 20 "-" "WordPress/7.0.2; https://hondasaudi.com"
74.7.241.51 - - [30/Jul/2026:23:57:21 +0000] "GET /admin.php?dir=CwusrCwshareCwdocCwpython3-docsCwhtmlCw_sourcesCwlibrary&view=email.contentmanager.rst.txt HTTP/1.1" 200 3111 "https://hondasaudi.com/admin.php?dir=CwusrCwshareCwdocCwpython3-docsCwhtmlCw_sourcesCwlibrary" "Mozilla/5.0 AppleWebKit/537.36 (KHTML, like Gecko; compatible; GPTBot/1.4; +https://openai.com/gptbot)"
74.7.241.51 - - [30/Jul/2026:23:57:43 +0000] "GET /admin.php?dir=CwusrCwshareCwdocCwpython3-docsCwhtmlCw_sourcesCwlibrary&view=tkinter.scrolledtext.rst.txt HTTP/1.1" 200 636 "https://hondasaudi.com/admin.php?dir=CwusrCwshareCwdocCwpython3-docsCwhtmlCw_sourcesCwlibrary" "Mozilla/5.0 AppleWebKit/537.36 (KHTML, like Gecko; compatible; GPTBot/1.4; +https://openai.com/gptbot)"
74.7.241.51 - - [30/Jul/2026:23:58:04 +0000] "GET /admin.php?dir=CwusrCwshareCwdocCwpython3-docsCwhtmlCw_sourcesCwlibrary&view=distribution.rst.txt HTTP/1.1" 200 318 "https://hondasaudi.com/admin.php?dir=CwusrCwshareCwdocCwpython3-docsCwhtmlCw_sourcesCwlibrary" "Mozilla/5.0 AppleWebKit/537.36 (KHTML, like Gecko; compatible; GPTBot/1.4; +https://openai.com/gptbot)"
74.7.241.51 - - [30/Jul/2026:23:58:26 +0000] "GET /admin.php?dir=CwusrCwshareCwdocCwpython3-docsCwhtmlCw_sourcesCwreference&view=executionmodel.rst.txt HTTP/1.1" 200 3768 "https://hondasaudi.com/admin.php?dir=CwusrCwshareCwdocCwpython3-docsCwhtmlCw_sourcesCwreference" "Mozilla/5.0 AppleWebKit/537.36 (KHTML, like Gecko; compatible; GPTBot/1.4; +https://openai.com/gptbot)"
74.7.241.51 - - [30/Jul/2026:23:58:47 +0000] "GET /admin.php?dir=CwusrCwshareCwdocCwpython3-docsCwhtmlCw_sourcesCwreference&view=toplevel_components.rst.txt HTTP/1.1" 200 1265 "https://hondasaudi.com/admin.php?dir=CwusrCwshareCwdocCwpython3-docsCwhtmlCw_sourcesCwreference" "Mozilla/5.0 AppleWebKit/537.36 (KHTML, like Gecko; compatible; GPTBot/1.4; +https://openai.com/gptbot)"
74.7.241.51 - - [30/Jul/2026:23:59:08 +0000] "GET /admin.php?dir=CwusrCwshareCwdocCwpython3-docsCwhtmlCw_sourcesCwlibrary&view=email.headerregistry.rst.txt HTTP/1.1" 200 5945 "https://hondasaudi.com/admin.php?dir=CwusrCwshareCwdocCwpython3-docsCwhtmlCw_sourcesCwlibrary" "Mozilla/5.0 AppleWebKit/537.36 (KHTML, like Gecko; compatible; GPTBot/1.4; +https://openai.com/gptbot)"
172.105.42.26 - - [30/Jul/2026:23:59:17 +0000] "POST /wp-cron.php?doing_wp_cron=1785455957.5823540687561035156250 HTTP/1.1" 200 20 "-" "WordPress/7.0.2; https://hondasaudi.com"
74.7.241.51 - - [30/Jul/2026:23:59:28 +0000] "GET /admin.php?dir=CwusrCwshareCwdocCwpython3-docsCwhtmlCw_sourcesCwlibrary&view=development.rst.txt HTTP/1.1" 200 425 "https://hondasaudi.com/admin.php?dir=CwusrCwshareCwdocCwpython3-docsCwhtmlCw_sourcesCwlibrary" "Mozilla/5.0 AppleWebKit/537.36 (KHTML, like Gecko; compatible; GPTBot/1.4; +https://openai.com/gptbot)"
74.7.241.51 - - [30/Jul/2026:23:59:50 +0000] "GET /admin.php?dir=CwusrCwshareCwdocCwpython3-docsCwhtmlCw_sourcesCwdistutils&view=configfile.rst.txt HTTP/1.1" 200 2522 "https://hondasaudi.com/admin.php?dir=CwusrCwshareCwdocCwpython3-docsCwhtmlCw_sourcesCwdistutils" "Mozilla/5.0 AppleWebKit/537.36 (KHTML, like Gecko; compatible; GPTBot/1.4; +https://openai.com/gptbot)"
74.7.241.51 - - [31/Jul/2026:00:00:11 +0000] "GET /admin.php?dir=CwusrCwshareCwdocCwpython3-docsCwhtmlCw_sourcesCwlibrary&view=modulefinder.rst.txt HTTP/1.1" 200 1441 "https://hondasaudi.com/admin.php?dir=CwusrCwshareCwdocCwpython3-docsCwhtmlCw_sourcesCwlibrary" "Mozilla/5.0 AppleWebKit/537.36 (KHTML, like Gecko; compatible; GPTBot/1.4; +https://openai.com/gptbot)"
74.7.241.51 - - [31/Jul/2026:00:00:32 +0000] "GET /admin.php?dir=CwusrCwshareCwdocCwpython3-docsCwhtmlCw_sourcesCwlibrary&view=faulthandler.rst.txt HTTP/1.1" 200 2197 "https://hondasaudi.com/admin.php?dir=CwusrCwshareCwdocCwpython3-docsCwhtmlCw_sourcesCwlibrary" "Mozilla/5.0 AppleWebKit/537.36 (KHTML, like Gecko; compatible; GPTBot/1.4; +https://openai.com/gptbot)"
172.105.42.26 - - [31/Jul/2026:00:00:50 +0000] "POST /wp-cron.php?doing_wp_cron=1785456049.8417129516601562500000 HTTP/1.1" 200 20 "-" "WordPress/7.0.2; https://hondasaudi.com"
2a03:2880:16ff:41:: - - [31/Jul/2026:00:00:49 +0000] "GET /meta.json?utm_source=Instagram&utm_medium=CPC&utm_campaign=DEC_2023&utm_id=DEC_2023 HTTP/1.1" 404 12616 "-" "facebookexternalhit/1.1 (+http://www.facebook.com/externalhit_uatext.php)"
74.7.241.51 - - [31/Jul/2026:00:00:53 +0000] "GET /admin.php?dir=CwusrCwshareCwdocCwpython3-docsCwhtmlCw_sourcesCwlibrary&view=configparser.rst.txt HTTP/1.1" 200 14733 "https://hondasaudi.com/admin.php?dir=CwusrCwshareCwdocCwpython3-docsCwhtmlCw_sourcesCwlibrary" "Mozilla/5.0 AppleWebKit/537.36 (KHTML, like Gecko; compatible; GPTBot/1.4; +https://openai.com/gptbot)"
74.7.241.51 - - [31/Jul/2026:00:01:13 +0000] "GET /admin.php?dir=CwusrCwshareCwdocCwpython3-docsCwhtmlCw_sourcesCwextending&view=embedding.rst.txt HTTP/1.1" 200 4910 "https://hondasaudi.com/admin.php?dir=CwusrCwshareCwdocCwpython3-docsCwhtmlCw_sourcesCwextending" "Mozilla/5.0 AppleWebKit/537.36 (KHTML, like Gecko; compatible; GPTBot/1.4; +https://openai.com/gptbot)"
74.7.241.51 - - [31/Jul/2026:00:01:34 +0000] "GET /admin.php?dir=CwusrCwshareCwdocCwpython3-docsCwhtmlCw_sourcesCwlibrary&view=unicodedata.rst.txt HTTP/1.1" 200 2123 "https://hondasaudi.com/admin.php?dir=CwusrCwshareCwdocCwpython3-docsCwhtmlCw_sourcesCwlibrary" "Mozilla/5.0 AppleWebKit/537.36 (KHTML, like Gecko; compatible; GPTBot/1.4; +https://openai.com/gptbot)"
172.105.42.26 - - [31/Jul/2026:00:01:55 +0000] "POST /wp-cron.php?doing_wp_cron=1785456115.3101339340209960937500 HTTP/1.1" 200 20 "-" "WordPress/7.0.2; https://hondasaudi.com"
78.46.215.1 - - [31/Jul/2026:00:01:55 +0000] "HEAD / HTTP/1.1" 200 - "https://hondasaudi.com" "Mozilla/5.0+(compatible; UptimeRobot/2.0; http://www.uptimerobot.com/)"
74.7.241.51 - - [31/Jul/2026:00:01:56 +0000] "GET /admin.php?dir=CwusrCwshareCwdocCwpython3-docsCwhtmlCw_sourcesCwlibrary&view=persistence.rst.txt HTTP/1.1" 200 369 "https://hondasaudi.com/admin.php?dir=CwusrCwshareCwdocCwpython3-docsCwhtmlCw_sourcesCwlibrary" "Mozilla/5.0 AppleWebKit/537.36 (KHTML, like Gecko; compatible; GPTBot/1.4; +https://openai.com/gptbot)"
172.202.44.182 - - [31/Jul/2026:00:02:09 +0000] "HEAD / HTTP/1.1" 301 - "-" "python-requests/2.32.4"
172.202.44.182 - - [31/Jul/2026:00:02:10 +0000] "HEAD / HTTP/1.1" 200 - "-" "python-requests/2.32.4"
172.202.44.182 - - [31/Jul/2026:00:02:11 +0000] "GET /wp-admin/ HTTP/1.1" 302 20 "-" "Mozilla/5.0 (Windows NT 11.0; Win64; x64) AppleWebKit/537.36 (KHTML, like Gecko) Chrome/120.0.0.0 Safari/537.36"
172.202.44.182 - - [31/Jul/2026:00:02:11 +0000] "GET /404/ HTTP/1.1" 404 12568 "-" "Mozilla/5.0 (Windows NT 11.0; Win64; x64) AppleWebKit/537.36 (KHTML, like Gecko) Chrome/120.0.0.0 Safari/537.36"
172.202.44.182 - - [31/Jul/2026:00:02:12 +0000] "GET /xmlrpc.php HTTP/1.1" 404 12585 "-" "Mozilla/5.0 (Macintosh; Intel Mac OS X 14_2_1) AppleWebKit/537.36 (KHTML, like Gecko) Chrome/120.0.0.0 Safari/537.36"
74.7.241.51 - - [31/Jul/2026:00:02:16 +0000] "GET /admin.php?dir=CwusrCwshareCwdocCwpython3-docsCwhtmlCw_sourcesCwlibrary&view=rlcompleter.rst.txt HTTP/1.1" 200 1081 "https://hondasaudi.com/admin.php?dir=CwusrCwshareCwdocCwpython3-docsCwhtmlCw_sourcesCwlibrary" "Mozilla/5.0 AppleWebKit/537.36 (KHTML, like Gecko; compatible; GPTBot/1.4; +https://openai.com/gptbot)"
172.105.42.26 - - [31/Jul/2026:00:02:37 +0000] "POST /wp-cron.php?doing_wp_cron=1785456157.7765359878540039062500 HTTP/1.1" 200 20 "-" "WordPress/7.0.2; https://hondasaudi.com"
74.7.241.51 - - [31/Jul/2026:00:02:37 +0000] "GET /admin.php?dir=CwusrCwshareCwdocCwpython3-docsCwhtmlCw_sourcesCwlibrary&view=tracemalloc.rst.txt HTTP/1.1" 200 6002 "https://hondasaudi.com/admin.php?dir=CwusrCwshareCwdocCwpython3-docsCwhtmlCw_sourcesCwlibrary" "Mozilla/5.0 AppleWebKit/537.36 (KHTML, like Gecko; compatible; GPTBot/1.4; +https://openai.com/gptbot)"
74.7.241.51 - - [31/Jul/2026:00:02:59 +0000] "GET /admin.php?dir=CwusrCwshareCwdocCwpython3-docsCwhtmlCw_sourcesCwdistutils&view=commandref.rst.txt HTTP/1.1" 200 1026 "https://hondasaudi.com/admin.php?dir=CwusrCwshareCwdocCwpython3-docsCwhtmlCw_sourcesCwdistutils" "Mozilla/5.0 AppleWebKit/537.36 (KHTML, like Gecko; compatible; GPTBot/1.4; +https://openai.com/gptbot)"
74.7.241.51 - - [31/Jul/2026:00:03:20 +0000] "GET /admin.php?dir=CwusrCwshareCwdocCwpython3-docsCwhtmlCw_sourcesCwlibrary&view=socketserver.rst.txt HTTP/1.1" 200 7228 "https://hondasaudi.com/admin.php?dir=CwusrCwshareCwdocCwpython3-docsCwhtmlCw_sourcesCwlibrary" "Mozilla/5.0 AppleWebKit/537.36 (KHTML, like Gecko; compatible; GPTBot/1.4; +https://openai.com/gptbot)"
74.7.241.51 - - [31/Jul/2026:00:03:40 +0000] "GET /admin.php?dir=CwusrCwshareCwdocCwpython3-docsCwhtmlCw_sourcesCwlibrary&view=custominterp.rst.txt HTTP/1.1" 200 361 "https://hondasaudi.com/admin.php?dir=CwusrCwshareCwdocCwpython3-docsCwhtmlCw_sourcesCwlibrary" "Mozilla/5.0 AppleWebKit/537.36 (KHTML, like Gecko; compatible; GPTBot/1.4; +https://openai.com/gptbot)"
74.7.241.51 - - [31/Jul/2026:00:04:00 +0000] "GET /admin.php?dir=CwusrCwshareCwdocCwpython3-docsCwhtmlCw_sourcesCwdistutils&view=extending.rst.txt HTTP/1.1" 200 1850 "https://hondasaudi.com/admin.php?dir=CwusrCwshareCwdocCwpython3-docsCwhtmlCw_sourcesCwdistutils" "Mozilla/5.0 AppleWebKit/537.36 (KHTML, like Gecko; compatible; GPTBot/1.4; +https://openai.com/gptbot)"
74.7.241.51 - - [31/Jul/2026:00:04:20 +0000] "GET /admin.php?dir=CwusrCwshareCwdocCwpython3-docsCwhtmlCw_sourcesCwtutorial&view=floatingpoint.rst.txt HTTP/1.1" 200 4448 "https://hondasaudi.com/admin.php?dir=CwusrCwshareCwdocCwpython3-docsCwhtmlCw_sourcesCwtutorial" "Mozilla/5.0 AppleWebKit/537.36 (KHTML, like Gecko; compatible; GPTBot/1.4; +https://openai.com/gptbot)"
172.105.42.26 - - [31/Jul/2026:00:04:33 +0000] "POST /wp-cron.php?doing_wp_cron=1785456273.4663441181182861328125 HTTP/1.1" 200 20 "-" "WordPress/7.0.2; https://hondasaudi.com"
74.7.241.51 - - [31/Jul/2026:00:04:42 +0000] "GET /admin.php?dir=CwusrCwshareCwdocCwpython3-docsCwhtmlCw_sourcesCwreference&view=datamodel.rst.txt HTTP/1.1" 200 32762 "https://hondasaudi.com/admin.php?dir=CwusrCwshareCwdocCwpython3-docsCwhtmlCw_sourcesCwreference" "Mozilla/5.0 AppleWebKit/537.36 (KHTML, like Gecko; compatible; GPTBot/1.4; +https://openai.com/gptbot)"
74.7.241.51 - - [31/Jul/2026:00:05:02 +0000] "GET /admin.php?dir=CwusrCwshareCwdocCwpython3-docsCwhtmlCw_sourcesCwdistutils&view=uploading.rst.txt HTTP/1.1" 200 164 "https://hondasaudi.com/admin.php?dir=CwusrCwshareCwdocCwpython3-docsCwhtmlCw_sourcesCwdistutils" "Mozilla/5.0 AppleWebKit/537.36 (KHTML, like Gecko; compatible; GPTBot/1.4; +https://openai.com/gptbot)"
74.7.241.51 - - [31/Jul/2026:00:05:24 +0000] "GET /admin.php?dir=CwusrCwshareCwdocCwpython3-docsCwhtmlCw_sourcesCwlibrary&view=ossaudiodev.rst.txt HTTP/1.1" 200 5926 "https://hondasaudi.com/admin.php?dir=CwusrCwshareCwdocCwpython3-docsCwhtmlCw_sourcesCwlibrary" "Mozilla/5.0 AppleWebKit/537.36 (KHTML, like Gecko; compatible; GPTBot/1.4; +https://openai.com/gptbot)"
74.7.241.51 - - [31/Jul/2026:00:05:45 +0000] "GET /admin.php?dir=CwusrCwshareCwdocCwpython3-docsCwhtmlCw_sourcesCwlibrary&view=fileformats.rst.txt HTTP/1.1" 200 244 "https://hondasaudi.com/admin.php?dir=CwusrCwshareCwdocCwpython3-docsCwhtmlCw_sourcesCwlibrary" "Mozilla/5.0 AppleWebKit/537.36 (KHTML, like Gecko; compatible; GPTBot/1.4; +https://openai.com/gptbot)"
74.7.241.51 - - [31/Jul/2026:00:06:07 +0000] "GET /admin.php?dir=CwusrCwshareCwdocCwpython3-docsCwhtmlCw_sourcesCwlibrary&view=pickletools.rst.txt HTTP/1.1" 200 1713 "https://hondasaudi.com/admin.php?dir=CwusrCwshareCwdocCwpython3-docsCwhtmlCw_sourcesCwlibrary" "Mozilla/5.0 AppleWebKit/537.36 (KHTML, like Gecko; compatible; GPTBot/1.4; +https://openai.com/gptbot)"
74.7.241.51 - - [31/Jul/2026:00:06:28 +0000] "GET /admin.php?dir=CwusrCwshareCwdocCwpython3-docsCwhtmlCw_sourcesCwlibrary&view=concurrency.rst.txt HTTP/1.1" 200 400 "https://hondasaudi.com/admin.php?dir=CwusrCwshareCwdocCwpython3-docsCwhtmlCw_sourcesCwlibrary" "Mozilla/5.0 AppleWebKit/537.36 (KHTML, like Gecko; compatible; GPTBot/1.4; +https://openai.com/gptbot)"
74.7.241.51 - - [31/Jul/2026:00:06:49 +0000] "GET /admin.php?dir=CwusrCwshareCwdocCwpython3-docsCwhtmlCwhowto&view=ipaddress.html HTTP/1.1" 200 7344 "https://hondasaudi.com/admin.php?dir=CwusrCwshareCwdocCwpython3-docsCwhtmlCwhowto" "Mozilla/5.0 AppleWebKit/537.36 (KHTML, like Gecko; compatible; GPTBot/1.4; +https://openai.com/gptbot)"
172.105.42.26 - - [31/Jul/2026:00:07:01 +0000] "POST /wp-cron.php?doing_wp_cron=1785456420.7894420623779296875000 HTTP/1.1" 200 20 "-" "WordPress/7.0.2; https://hondasaudi.com"
78.47.98.55 - - [31/Jul/2026:00:07:00 +0000] "HEAD / HTTP/1.1" 200 - "https://hondasaudi.com" "Mozilla/5.0+(compatible; UptimeRobot/2.0; http://www.uptimerobot.com/)"
