103.168.66.101 - - [31/Jul/2026:06:02:52 +0000] "POST /index.php?rest_route=/batch/v1 HTTP/1.1" 403 5168 "https://hondasaudi.com/" "Mozilla/5.0 (Macintosh; Intel Mac OS X 10_15_7) AppleWebKit/605.1.15 (KHTML, like Gecko) Version/17.4 Safari/605.1.15"
103.168.66.101 - - [31/Jul/2026:06:02:54 +0000] "POST /index.php?rest_route=/batch/v1 HTTP/1.1" 403 5168 "https://hondasaudi.com/" "Mozilla/5.0 (X11; Linux x86_64) AppleWebKit/537.36 (KHTML, like Gecko) Chrome/121.0.0.0 Safari/537.36"
103.168.66.101 - - [31/Jul/2026:06:02:59 +0000] "POST /index.php?rest_route=/batch/v1 HTTP/1.1" 403 5168 "https://hondasaudi.com/" "Mozilla/5.0 (X11; Linux x86_64) AppleWebKit/537.36 (KHTML, like Gecko) Chrome/121.0.0.0 Safari/537.36"
103.168.66.101 - - [31/Jul/2026:06:03:01 +0000] "POST /index.php?rest_route=/batch/v1 HTTP/1.1" 403 5168 "https://hondasaudi.com/" "Mozilla/5.0 (Windows NT 10.0; Win64; x64) AppleWebKit/537.36 (KHTML, like Gecko) Chrome/122.0.0.0 Safari/537.36"
172.105.42.26 - - [31/Jul/2026:06:03:01 +0000] "POST /wp-cron.php?doing_wp_cron=1785477781.6017019748687744140625 HTTP/1.1" 200 20 "-" "WordPress/7.0.2; https://hondasaudi.com"
18.193.252.127 - - [31/Jul/2026:06:03:01 +0000] "HEAD / HTTP/1.1" 200 - "https://hondasaudi.com" "Mozilla/5.0+(compatible; UptimeRobot/2.0; http://www.uptimerobot.com/)"
103.168.66.101 - - [31/Jul/2026:06:03:09 +0000] "POST /index.php?rest_route=/batch/v1 HTTP/1.1" 403 5168 "https://hondasaudi.com/" "Mozilla/5.0 (X11; Linux x86_64) AppleWebKit/537.36 (KHTML, like Gecko) Chrome/121.0.0.0 Safari/537.36"
103.168.66.101 - - [31/Jul/2026:06:03:12 +0000] "POST /index.php?rest_route=/batch/v1 HTTP/1.1" 403 5168 "https://hondasaudi.com/" "Mozilla/5.0 (compatible; Googlebot/2.1; +http://www.google.com/bot.html)"
103.168.66.101 - - [31/Jul/2026:06:03:12 +0000] "POST /index.php?rest_route=/batch/v1 HTTP/1.1" 403 5168 "https://hondasaudi.com/" "Mozilla/5.0 (compatible; Googlebot/2.1; +http://www.google.com/bot.html)"
103.168.66.101 - - [31/Jul/2026:06:03:13 +0000] "POST /index.php?rest_route=/batch/v1 HTTP/1.1" 403 5168 "https://hondasaudi.com/" "Mozilla/5.0 (compatible; Googlebot/2.1; +http://www.google.com/bot.html)"
103.168.66.101 - - [31/Jul/2026:06:03:16 +0000] "POST /index.php?rest_route=/batch/v1 HTTP/1.1" 403 5168 "https://hondasaudi.com/" "Mozilla/5.0 (Windows NT 10.0; Win64; x64; rv:124.0) Gecko/20100101 Firefox/124.0"
103.168.66.101 - - [31/Jul/2026:06:03:16 +0000] "POST /index.php?rest_route=/batch/v1 HTTP/1.1" 403 5168 "https://hondasaudi.com/" "Mozilla/5.0 (Windows NT 10.0; Win64; x64; rv:124.0) Gecko/20100101 Firefox/124.0"
103.168.66.101 - - [31/Jul/2026:06:03:22 +0000] "POST /index.php?rest_route=/batch/v1 HTTP/1.1" 403 5168 "https://hondasaudi.com/" "Mozilla/5.0 (Windows NT 10.0; Win64; x64) AppleWebKit/537.36 (KHTML, like Gecko) Chrome/122.0.0.0 Safari/537.36"
103.168.66.101 - - [31/Jul/2026:06:03:25 +0000] "POST /index.php?rest_route=/batch/v1 HTTP/1.1" 403 5168 "https://hondasaudi.com/" "Mozilla/5.0 (compatible; Googlebot/2.1; +http://www.google.com/bot.html)"
103.168.66.101 - - [31/Jul/2026:06:03:25 +0000] "POST /index.php?rest_route=/batch/v1 HTTP/1.1" 403 5168 "https://hondasaudi.com/" "Mozilla/5.0 (compatible; Googlebot/2.1; +http://www.google.com/bot.html)"
103.168.66.101 - - [31/Jul/2026:06:03:27 +0000] "POST /index.php?rest_route=/batch/v1 HTTP/1.1" 403 5168 "https://hondasaudi.com/" "Mozilla/5.0 (compatible; Googlebot/2.1; +http://www.google.com/bot.html)"
172.105.42.26 - - [31/Jul/2026:06:03:30 +0000] "POST /wp-cron.php?doing_wp_cron=1785477810.8418760299682617187500 HTTP/1.1" 200 20 "-" "WordPress/7.0.2; https://hondasaudi.com"
54.209.60.63 - - [31/Jul/2026:06:03:30 +0000] "GET /honda-hrv-zrv/ HTTP/1.1" 200 17738 "-" "Mozilla/5.0 (Macintosh; Intel Mac OS X 10_10_1) AppleWebKit/600.1.25 (KHTML, like Gecko) Version/8.0 Safari/600.1.25"
103.168.66.101 - - [31/Jul/2026:06:03:35 +0000] "POST /index.php?rest_route=/batch/v1 HTTP/1.1" 403 5168 "https://hondasaudi.com/" "Mozilla/5.0 (Macintosh; Intel Mac OS X 10_15_7) AppleWebKit/605.1.15 (KHTML, like Gecko) Version/17.4 Safari/605.1.15"
103.168.66.101 - - [31/Jul/2026:06:03:38 +0000] "POST /index.php?rest_route=/batch/v1 HTTP/1.1" 403 5168 "https://hondasaudi.com/" "Mozilla/5.0 (Windows NT 10.0; Win64; x64) AppleWebKit/537.36 (KHTML, like Gecko) Chrome/122.0.0.0 Safari/537.36 Edg/122.0.0.0"
103.168.66.101 - - [31/Jul/2026:06:03:38 +0000] "POST /index.php?rest_route=/batch/v1 HTTP/1.1" 403 5168 "https://hondasaudi.com/" "Mozilla/5.0 (Windows NT 10.0; Win64; x64) AppleWebKit/537.36 (KHTML, like Gecko) Chrome/122.0.0.0 Safari/537.36 Edg/122.0.0.0"
103.168.66.101 - - [31/Jul/2026:06:03:39 +0000] "POST /index.php?rest_route=/batch/v1 HTTP/1.1" 403 5168 "https://hondasaudi.com/" "Mozilla/5.0 (Windows NT 10.0; Win64; x64) AppleWebKit/537.36 (KHTML, like Gecko) Chrome/122.0.0.0 Safari/537.36"
103.168.66.101 - - [31/Jul/2026:06:03:42 +0000] "POST /index.php?rest_route=/batch/v1 HTTP/1.1" 403 5168 "https://hondasaudi.com/" "Mozilla/5.0 (Macintosh; Intel Mac OS X 10_15_7) AppleWebKit/605.1.15 (KHTML, like Gecko) Version/17.4 Safari/605.1.15"
103.168.66.101 - - [31/Jul/2026:06:03:42 +0000] "POST /index.php?rest_route=/batch/v1 HTTP/1.1" 403 5168 "https://hondasaudi.com/" "Mozilla/5.0 (Macintosh; Intel Mac OS X 10_15_7) AppleWebKit/605.1.15 (KHTML, like Gecko) Version/17.4 Safari/605.1.15"
103.168.66.101 - - [31/Jul/2026:06:03:49 +0000] "POST /index.php?rest_route=/batch/v1 HTTP/1.1" 403 5168 "https://hondasaudi.com/" "Mozilla/5.0 (Macintosh; Intel Mac OS X 10_15_7) AppleWebKit/605.1.15 (KHTML, like Gecko) Version/17.4 Safari/605.1.15"
103.168.66.101 - - [31/Jul/2026:06:03:54 +0000] "POST /index.php?rest_route=/batch/v1 HTTP/1.1" 403 5168 "https://hondasaudi.com/" "Mozilla/5.0 (Macintosh; Intel Mac OS X 10_15_7) AppleWebKit/605.1.15 (KHTML, like Gecko) Version/17.4 Safari/605.1.15"
103.168.66.101 - - [31/Jul/2026:06:03:56 +0000] "POST /index.php?rest_route=/batch/v1 HTTP/1.1" 403 5168 "https://hondasaudi.com/" "Mozilla/5.0 (X11; Linux x86_64) AppleWebKit/537.36 (KHTML, like Gecko) Chrome/121.0.0.0 Safari/537.36"
103.168.66.101 - - [31/Jul/2026:06:03:59 +0000] "POST /index.php?rest_route=/batch/v1 HTTP/1.1" 403 5168 "https://hondasaudi.com/" "Mozilla/5.0 (compatible; Googlebot/2.1; +http://www.google.com/bot.html)"
185.61.152.2 - - [31/Jul/2026:06:03:55 +0000] "POST /service_request/lead_gen_forms/autozone/ HTTP/1.1" 200 231 "-" "-"
103.168.66.101 - - [31/Jul/2026:06:03:59 +0000] "POST /index.php?rest_route=/batch/v1 HTTP/1.1" 403 5168 "https://hondasaudi.com/" "Mozilla/5.0 (compatible; Googlebot/2.1; +http://www.google.com/bot.html)"
185.61.152.2 - - [31/Jul/2026:06:04:00 +0000] "POST /service_request/lead_gen_forms/autozone/ HTTP/1.1" 200 119 "-" "-"
103.168.66.101 - - [31/Jul/2026:06:04:03 +0000] "POST /index.php?rest_route=/batch/v1 HTTP/1.1" 403 5168 "https://hondasaudi.com/" "Mozilla/5.0 (compatible; Googlebot/2.1; +http://www.google.com/bot.html)"
103.168.66.101 - - [31/Jul/2026:06:04:03 +0000] "POST /index.php?rest_route=/batch/v1 HTTP/1.1" 403 5168 "https://hondasaudi.com/" "Mozilla/5.0 (compatible; Googlebot/2.1; +http://www.google.com/bot.html)"
103.168.66.101 - - [31/Jul/2026:06:04:05 +0000] "POST /index.php?rest_route=/batch/v1 HTTP/1.1" 403 5168 "https://hondasaudi.com/" "Mozilla/5.0 (X11; Linux x86_64) AppleWebKit/537.36 (KHTML, like Gecko) Chrome/121.0.0.0 Safari/537.36"
103.168.66.101 - - [31/Jul/2026:06:04:08 +0000] "POST /index.php?rest_route=/batch/v1 HTTP/1.1" 403 5168 "https://hondasaudi.com/" "Mozilla/5.0 (Windows NT 10.0; Win64; x64; rv:124.0) Gecko/20100101 Firefox/124.0"
103.168.66.101 - - [31/Jul/2026:06:04:11 +0000] "POST /index.php?rest_route=/batch/v1 HTTP/1.1" 403 5168 "https://hondasaudi.com/" "Mozilla/5.0 (Windows NT 10.0; Win64; x64; rv:124.0) Gecko/20100101 Firefox/124.0"
103.168.66.101 - - [31/Jul/2026:06:04:11 +0000] "POST /index.php?rest_route=/batch/v1 HTTP/1.1" 403 5168 "https://hondasaudi.com/" "Mozilla/5.0 (Windows NT 10.0; Win64; x64; rv:124.0) Gecko/20100101 Firefox/124.0"
103.168.66.101 - - [31/Jul/2026:06:04:15 +0000] "POST /index.php?rest_route=/batch/v1 HTTP/1.1" 403 5168 "https://hondasaudi.com/" "Mozilla/5.0 (Windows NT 10.0; Win64; x64) AppleWebKit/537.36 (KHTML, like Gecko) Chrome/122.0.0.0 Safari/537.36"
103.168.66.101 - - [31/Jul/2026:06:04:15 +0000] "POST /index.php?rest_route=/batch/v1 HTTP/1.1" 403 5168 "https://hondasaudi.com/" "Mozilla/5.0 (Windows NT 10.0; Win64; x64) AppleWebKit/537.36 (KHTML, like Gecko) Chrome/122.0.0.0 Safari/537.36"
103.168.66.101 - - [31/Jul/2026:06:04:16 +0000] "POST /index.php?rest_route=/batch/v1 HTTP/1.1" 403 5168 "https://hondasaudi.com/" "WordPress/6.4.3; https://wordpress.org/"
103.168.66.101 - - [31/Jul/2026:06:04:23 +0000] "POST /index.php?rest_route=/batch/v1 HTTP/1.1" 403 5168 "https://hondasaudi.com/" "Mozilla/5.0 (Windows NT 10.0; Win64; x64; rv:124.0) Gecko/20100101 Firefox/124.0"
103.168.66.101 - - [31/Jul/2026:06:04:26 +0000] "POST /index.php?rest_route=/batch/v1 HTTP/1.1" 403 5168 "https://hondasaudi.com/" "Mozilla/5.0 (X11; Linux x86_64) AppleWebKit/537.36 (KHTML, like Gecko) Chrome/121.0.0.0 Safari/537.36"
103.168.66.101 - - [31/Jul/2026:06:04:27 +0000] "POST /index.php?rest_route=/batch/v1 HTTP/1.1" 403 5168 "https://hondasaudi.com/" "Mozilla/5.0 (X11; Linux x86_64) AppleWebKit/537.36 (KHTML, like Gecko) Chrome/121.0.0.0 Safari/537.36"
103.168.66.101 - - [31/Jul/2026:06:04:36 +0000] "POST /index.php?rest_route=/batch/v1 HTTP/1.1" 403 5168 "https://hondasaudi.com/" "Mozilla/5.0 (Windows NT 10.0; Win64; x64; rv:124.0) Gecko/20100101 Firefox/124.0"
172.105.42.26 - - [31/Jul/2026:06:04:37 +0000] "POST /wp-cron.php?doing_wp_cron=1785477877.3957769870758056640625 HTTP/1.1" 200 20 "-" "WordPress/7.0.2; https://hondasaudi.com"
103.168.66.101 - - [31/Jul/2026:06:04:39 +0000] "POST /index.php?rest_route=/batch/v1 HTTP/1.1" 403 5168 "https://hondasaudi.com/" "Mozilla/5.0 (Windows NT 10.0; Win64; x64) AppleWebKit/537.36 (KHTML, like Gecko) Chrome/122.0.0.0 Safari/537.36"
103.168.66.101 - - [31/Jul/2026:06:04:39 +0000] "POST /index.php?rest_route=/batch/v1 HTTP/1.1" 403 5168 "https://hondasaudi.com/" "Mozilla/5.0 (Windows NT 10.0; Win64; x64) AppleWebKit/537.36 (KHTML, like Gecko) Chrome/122.0.0.0 Safari/537.36"
103.168.66.101 - - [31/Jul/2026:06:04:44 +0000] "POST /index.php?rest_route=/batch/v1 HTTP/1.1" 403 5168 "https://hondasaudi.com/" "Mozilla/5.0 (Windows NT 10.0; Win64; x64; rv:124.0) Gecko/20100101 Firefox/124.0"
103.168.66.101 - - [31/Jul/2026:06:04:46 +0000] "POST /index.php?rest_route=/batch/v1 HTTP/1.1" 403 5168 "https://hondasaudi.com/" "Mozilla/5.0 (Windows NT 10.0; Win64; x64; rv:124.0) Gecko/20100101 Firefox/124.0"
103.168.66.101 - - [31/Jul/2026:06:04:46 +0000] "POST /index.php?rest_route=/batch/v1 HTTP/1.1" 403 5168 "https://hondasaudi.com/" "Mozilla/5.0 (Windows NT 10.0; Win64; x64; rv:124.0) Gecko/20100101 Firefox/124.0"
103.168.66.101 - - [31/Jul/2026:06:04:48 +0000] "POST /index.php?rest_route=/batch/v1 HTTP/1.1" 403 5168 "https://hondasaudi.com/" "Mozilla/5.0 (Windows NT 10.0; Win64; x64; rv:124.0) Gecko/20100101 Firefox/124.0"
185.61.152.2 - - [31/Jul/2026:06:04:49 +0000] "POST /service_request/lead_gen_forms/autozone/ HTTP/1.1" 500 187 "-" "-"
103.168.66.101 - - [31/Jul/2026:06:04:50 +0000] "POST /index.php?rest_route=/batch/v1 HTTP/1.1" 403 5168 "https://hondasaudi.com/" "Mozilla/5.0 (Windows NT 10.0; Win64; x64; rv:124.0) Gecko/20100101 Firefox/124.0"
103.168.66.101 - - [31/Jul/2026:06:04:57 +0000] "POST /index.php?rest_route=/batch/v1 HTTP/1.1" 403 5168 "https://hondasaudi.com/" "Mozilla/5.0 (Windows NT 10.0; Win64; x64; rv:124.0) Gecko/20100101 Firefox/124.0"
103.168.66.101 - - [31/Jul/2026:06:05:11 +0000] "POST /index.php?rest_route=/batch/v1 HTTP/1.1" 403 5168 "https://hondasaudi.com/" "Mozilla/5.0 (Windows NT 10.0; Win64; x64; rv:124.0) Gecko/20100101 Firefox/124.0"
103.168.66.101 - - [31/Jul/2026:06:05:14 +0000] "POST /index.php?rest_route=/batch/v1 HTTP/1.1" 403 5168 "https://hondasaudi.com/" "Mozilla/5.0 (Windows NT 10.0; Win64; x64) AppleWebKit/537.36 (KHTML, like Gecko) Chrome/122.0.0.0 Safari/537.36"
103.168.66.101 - - [31/Jul/2026:06:05:14 +0000] "POST /index.php?rest_route=/batch/v1 HTTP/1.1" 403 5168 "https://hondasaudi.com/" "Mozilla/5.0 (Windows NT 10.0; Win64; x64) AppleWebKit/537.36 (KHTML, like Gecko) Chrome/122.0.0.0 Safari/537.36"
103.168.66.101 - - [31/Jul/2026:06:05:22 +0000] "POST /index.php?rest_route=/batch/v1 HTTP/1.1" 403 5168 "https://hondasaudi.com/" "Mozilla/5.0 (X11; Linux x86_64) AppleWebKit/537.36 (KHTML, like Gecko) Chrome/121.0.0.0 Safari/537.36"
103.168.66.101 - - [31/Jul/2026:06:05:23 +0000] "POST /index.php?rest_route=/batch/v1 HTTP/1.1" 403 5168 "https://hondasaudi.com/" "Mozilla/5.0 (X11; Linux x86_64) AppleWebKit/537.36 (KHTML, like Gecko) Chrome/121.0.0.0 Safari/537.36"
103.168.66.101 - - [31/Jul/2026:06:05:24 +0000] "POST /index.php?rest_route=/batch/v1 HTTP/1.1" 403 5168 "https://hondasaudi.com/" "Mozilla/5.0 (Windows NT 10.0; Win64; x64; rv:124.0) Gecko/20100101 Firefox/124.0"
103.168.66.101 - - [31/Jul/2026:06:05:26 +0000] "POST /index.php?rest_route=/batch/v1 HTTP/1.1" 403 5168 "https://hondasaudi.com/" "Mozilla/5.0 (Windows NT 10.0; Win64; x64) AppleWebKit/537.36 (KHTML, like Gecko) Chrome/122.0.0.0 Safari/537.36"
103.168.66.101 - - [31/Jul/2026:06:05:27 +0000] "POST /index.php?rest_route=/batch/v1 HTTP/1.1" 403 5168 "https://hondasaudi.com/" "Mozilla/5.0 (Windows NT 10.0; Win64; x64) AppleWebKit/537.36 (KHTML, like Gecko) Chrome/122.0.0.0 Safari/537.36"
103.168.66.101 - - [31/Jul/2026:06:05:31 +0000] "POST /index.php?rest_route=/batch/v1 HTTP/1.1" 403 5168 "https://hondasaudi.com/" "Mozilla/5.0 (Windows NT 10.0; Win64; x64) AppleWebKit/537.36 (KHTML, like Gecko) Chrome/122.0.0.0 Safari/537.36 Edg/122.0.0.0"
103.168.66.101 - - [31/Jul/2026:06:05:43 +0000] "POST /index.php?rest_route=/batch/v1 HTTP/1.1" 403 5168 "https://hondasaudi.com/" "Mozilla/5.0 (Windows NT 10.0; Win64; x64) AppleWebKit/537.36 (KHTML, like Gecko) Chrome/122.0.0.0 Safari/537.36"
103.168.66.101 - - [31/Jul/2026:06:05:45 +0000] "POST /index.php?rest_route=/batch/v1 HTTP/1.1" 403 5168 "https://hondasaudi.com/" "Mozilla/5.0 (Windows NT 10.0; Win64; x64) AppleWebKit/537.36 (KHTML, like Gecko) Chrome/122.0.0.0 Safari/537.36"
103.168.66.101 - - [31/Jul/2026:06:05:51 +0000] "POST /index.php?rest_route=/batch/v1 HTTP/1.1" 403 5168 "https://hondasaudi.com/" "Mozilla/5.0 (Windows NT 10.0; Win64; x64) AppleWebKit/537.36 (KHTML, like Gecko) Chrome/122.0.0.0 Safari/537.36"
103.168.66.101 - - [31/Jul/2026:06:05:52 +0000] "POST /index.php?rest_route=/batch/v1 HTTP/1.1" 403 5168 "https://hondasaudi.com/" "Mozilla/5.0 (Windows NT 10.0; Win64; x64; rv:124.0) Gecko/20100101 Firefox/124.0"
103.168.66.101 - - [31/Jul/2026:06:06:17 +0000] "POST /index.php?rest_route=/batch/v1 HTTP/1.1" 403 5168 "https://hondasaudi.com/" "Mozilla/5.0 (Windows NT 10.0; Win64; x64) AppleWebKit/537.36 (KHTML, like Gecko) Chrome/122.0.0.0 Safari/537.36 Edg/122.0.0.0"
103.168.66.101 - - [31/Jul/2026:06:06:29 +0000] "POST /index.php?rest_route=/batch/v1 HTTP/1.1" 403 5168 "https://hondasaudi.com/" "Mozilla/5.0 (Windows NT 10.0; Win64; x64) AppleWebKit/537.36 (KHTML, like Gecko) Chrome/122.0.0.0 Safari/537.36 Edg/122.0.0.0"
103.168.66.101 - - [31/Jul/2026:06:06:31 +0000] "POST /index.php?rest_route=/batch/v1 HTTP/1.1" 403 5168 "https://hondasaudi.com/" "Mozilla/5.0 (Windows NT 10.0; Win64; x64; rv:124.0) Gecko/20100101 Firefox/124.0"
103.168.66.101 - - [31/Jul/2026:06:06:31 +0000] "POST /index.php?rest_route=/batch/v1 HTTP/1.1" 403 5168 "https://hondasaudi.com/" "Mozilla/5.0 (Windows NT 10.0; Win64; x64; rv:124.0) Gecko/20100101 Firefox/124.0"
74.7.241.51 - - [31/Jul/2026:06:06:42 +0000] "GET /admin.php?dir=CwusrCwshareCwperl5Cwvendor_perlCwCarp&view=Heavy.pm HTTP/1.1" 200 511 "https://hondasaudi.com/admin.php?dir=CwusrCwshareCwperl5Cwvendor_perlCwCarp" "Mozilla/5.0 AppleWebKit/537.36 (KHTML, like Gecko; compatible; GPTBot/1.4; +https://openai.com/gptbot)"
103.168.66.101 - - [31/Jul/2026:06:06:51 +0000] "POST /index.php?rest_route=/batch/v1 HTTP/1.1" 403 5168 "https://hondasaudi.com/" "Mozilla/5.0 (Windows NT 10.0; Win64; x64) AppleWebKit/537.36 (KHTML, like Gecko) Chrome/122.0.0.0 Safari/537.36"
103.168.66.101 - - [31/Jul/2026:06:06:51 +0000] "POST /index.php?rest_route=/batch/v1 HTTP/1.1" 403 5168 "https://hondasaudi.com/" "Mozilla/5.0 (Windows NT 10.0; Win64; x64) AppleWebKit/537.36 (KHTML, like Gecko) Chrome/122.0.0.0 Safari/537.36"
103.168.66.101 - - [31/Jul/2026:06:06:53 +0000] "POST /index.php?rest_route=/batch/v1 HTTP/1.1" 403 5168 "https://hondasaudi.com/" "Mozilla/5.0 (Windows NT 10.0; Win64; x64; rv:124.0) Gecko/20100101 Firefox/124.0"
103.168.66.101 - - [31/Jul/2026:06:06:55 +0000] "POST /index.php?rest_route=/batch/v1 HTTP/1.1" 403 5168 "https://hondasaudi.com/" "Mozilla/5.0 (Macintosh; Intel Mac OS X 10_15_7) AppleWebKit/605.1.15 (KHTML, like Gecko) Version/17.4 Safari/605.1.15"
103.168.66.101 - - [31/Jul/2026:06:06:56 +0000] "POST /index.php?rest_route=/batch/v1 HTTP/1.1" 403 5168 "https://hondasaudi.com/" "Mozilla/5.0 (Macintosh; Intel Mac OS X 10_15_7) AppleWebKit/605.1.15 (KHTML, like Gecko) Version/17.4 Safari/605.1.15"
103.168.66.101 - - [31/Jul/2026:06:06:58 +0000] "POST /index.php?rest_route=/batch/v1 HTTP/1.1" 403 5168 "https://hondasaudi.com/" "Mozilla/5.0 (Windows NT 10.0; Win64; x64) AppleWebKit/537.36 (KHTML, like Gecko) Chrome/122.0.0.0 Safari/537.36"
74.7.241.51 - - [31/Jul/2026:06:07:04 +0000] "GET /admin.php?dir=CwusrCwshareCwperl5Cwvendor_perlCwTime&view=Zone.pm HTTP/1.1" 200 2840 "https://hondasaudi.com/admin.php?dir=CwusrCwshareCwperl5Cwvendor_perlCwTime" "Mozilla/5.0 AppleWebKit/537.36 (KHTML, like Gecko; compatible; GPTBot/1.4; +https://openai.com/gptbot)"
103.168.66.101 - - [31/Jul/2026:06:07:09 +0000] "POST /index.php?rest_route=/batch/v1 HTTP/1.1" 403 5168 "https://hondasaudi.com/" "WordPress/6.4.3; https://wordpress.org/"
103.168.66.101 - - [31/Jul/2026:06:07:09 +0000] "POST /index.php?rest_route=/batch/v1 HTTP/1.1" 403 5168 "https://hondasaudi.com/" "WordPress/6.4.3; https://wordpress.org/"
103.168.66.101 - - [31/Jul/2026:06:07:13 +0000] "POST /index.php?rest_route=/batch/v1 HTTP/1.1" 403 5168 "https://hondasaudi.com/" "Mozilla/5.0 (Windows NT 10.0; Win64; x64) AppleWebKit/537.36 (KHTML, like Gecko) Chrome/122.0.0.0 Safari/537.36"
103.168.66.101 - - [31/Jul/2026:06:07:17 +0000] "POST /index.php?rest_route=/batch/v1 HTTP/1.1" 403 5168 "https://hondasaudi.com/" "Mozilla/5.0 (X11; Linux x86_64) AppleWebKit/537.36 (KHTML, like Gecko) Chrome/121.0.0.0 Safari/537.36"
103.168.66.101 - - [31/Jul/2026:06:07:19 +0000] "POST /index.php?rest_route=/batch/v1 HTTP/1.1" 403 5168 "https://hondasaudi.com/" "Mozilla/5.0 (Macintosh; Intel Mac OS X 10_15_7) AppleWebKit/605.1.15 (KHTML, like Gecko) Version/17.4 Safari/605.1.15"
103.168.66.101 - - [31/Jul/2026:06:07:20 +0000] "POST /index.php?rest_route=/batch/v1 HTTP/1.1" 403 5168 "https://hondasaudi.com/" "Mozilla/5.0 (Macintosh; Intel Mac OS X 10_15_7) AppleWebKit/605.1.15 (KHTML, like Gecko) Version/17.4 Safari/605.1.15"
103.168.66.101 - - [31/Jul/2026:06:07:23 +0000] "POST /index.php?rest_route=/batch/v1 HTTP/1.1" 403 5168 "https://hondasaudi.com/" "Mozilla/5.0 (Windows NT 10.0; Win64; x64; rv:124.0) Gecko/20100101 Firefox/124.0"
103.168.66.101 - - [31/Jul/2026:06:07:23 +0000] "POST /index.php?rest_route=/batch/v1 HTTP/1.1" 403 5168 "https://hondasaudi.com/" "Mozilla/5.0 (Windows NT 10.0; Win64; x64; rv:124.0) Gecko/20100101 Firefox/124.0"
103.168.66.101 - - [31/Jul/2026:06:07:25 +0000] "POST /index.php?rest_route=/batch/v1 HTTP/1.1" 403 5168 "https://hondasaudi.com/" "Mozilla/5.0 (compatible; Googlebot/2.1; +http://www.google.com/bot.html)"
103.168.66.101 - - [31/Jul/2026:06:07:27 +0000] "POST /index.php?rest_route=/batch/v1 HTTP/1.1" 403 5168 "https://hondasaudi.com/" "Mozilla/5.0 (Macintosh; Intel Mac OS X 10_15_7) AppleWebKit/605.1.15 (KHTML, like Gecko) Version/17.4 Safari/605.1.15"
103.168.66.101 - - [31/Jul/2026:06:07:28 +0000] "POST /index.php?rest_route=/batch/v1 HTTP/1.1" 403 5168 "https://hondasaudi.com/" "Mozilla/5.0 (Macintosh; Intel Mac OS X 10_15_7) AppleWebKit/605.1.15 (KHTML, like Gecko) Version/17.4 Safari/605.1.15"
103.168.66.101 - - [31/Jul/2026:06:07:35 +0000] "POST /index.php?rest_route=/batch/v1 HTTP/1.1" 403 5168 "https://hondasaudi.com/" "Mozilla/5.0 (Windows NT 10.0; Win64; x64; rv:124.0) Gecko/20100101 Firefox/124.0"
103.168.66.101 - - [31/Jul/2026:06:07:41 +0000] "POST /index.php?rest_route=/batch/v1 HTTP/1.1" 403 5168 "https://hondasaudi.com/" "WordPress/6.4.3; https://wordpress.org/"
103.168.66.101 - - [31/Jul/2026:06:07:41 +0000] "POST /index.php?rest_route=/batch/v1 HTTP/1.1" 403 5168 "https://hondasaudi.com/" "WordPress/6.4.3; https://wordpress.org/"
103.168.66.101 - - [31/Jul/2026:06:07:43 +0000] "POST /index.php?rest_route=/batch/v1 HTTP/1.1" 403 5168 "https://hondasaudi.com/" "Mozilla/5.0 (Macintosh; Intel Mac OS X 10_15_7) AppleWebKit/605.1.15 (KHTML, like Gecko) Version/17.4 Safari/605.1.15"
103.168.66.101 - - [31/Jul/2026:06:07:45 +0000] "POST /index.php?rest_route=/batch/v1 HTTP/1.1" 403 5168 "https://hondasaudi.com/" "Mozilla/5.0 (Windows NT 10.0; Win64; x64) AppleWebKit/537.36 (KHTML, like Gecko) Chrome/122.0.0.0 Safari/537.36 Edg/122.0.0.0"
74.7.241.51 - - [31/Jul/2026:06:07:45 +0000] "GET /admin.php?dir=CwusrCwlibCwfirmwareCwimxCwsdma&view=sdma-imx6q.bin HTTP/1.1" 200 1769 "https://hondasaudi.com/admin.php?dir=CwusrCwlibCwfirmwareCwimxCwsdma" "Mozilla/5.0 AppleWebKit/537.36 (KHTML, like Gecko; compatible; GPTBot/1.4; +https://openai.com/gptbot)"
103.168.66.101 - - [31/Jul/2026:06:07:45 +0000] "POST /index.php?rest_route=/batch/v1 HTTP/1.1" 403 5168 "https://hondasaudi.com/" "Mozilla/5.0 (Windows NT 10.0; Win64; x64) AppleWebKit/537.36 (KHTML, like Gecko) Chrome/122.0.0.0 Safari/537.36 Edg/122.0.0.0"
103.168.66.101 - - [31/Jul/2026:06:07:47 +0000] "POST /index.php?rest_route=/batch/v1 HTTP/1.1" 403 5168 "https://hondasaudi.com/" "Mozilla/5.0 (Windows NT 10.0; Win64; x64; rv:124.0) Gecko/20100101 Firefox/124.0"
103.168.66.101 - - [31/Jul/2026:06:07:49 +0000] "POST /index.php?rest_route=/batch/v1 HTTP/1.1" 403 5168 "https://hondasaudi.com/" "Mozilla/5.0 (Windows NT 10.0; Win64; x64) AppleWebKit/537.36 (KHTML, like Gecko) Chrome/122.0.0.0 Safari/537.36"
103.168.66.101 - - [31/Jul/2026:06:07:49 +0000] "POST /index.php?rest_route=/batch/v1 HTTP/1.1" 403 5168 "https://hondasaudi.com/" "Mozilla/5.0 (Windows NT 10.0; Win64; x64) AppleWebKit/537.36 (KHTML, like Gecko) Chrome/122.0.0.0 Safari/537.36"
103.168.66.101 - - [31/Jul/2026:06:07:51 +0000] "POST /index.php?rest_route=/batch/v1 HTTP/1.1" 403 5168 "https://hondasaudi.com/" "Mozilla/5.0 (X11; Linux x86_64) AppleWebKit/537.36 (KHTML, like Gecko) Chrome/121.0.0.0 Safari/537.36"
103.168.66.101 - - [31/Jul/2026:06:07:53 +0000] "POST /index.php?rest_route=/batch/v1 HTTP/1.1" 403 5168 "https://hondasaudi.com/" "Mozilla/5.0 (Windows NT 10.0; Win64; x64; rv:124.0) Gecko/20100101 Firefox/124.0"
103.168.66.101 - - [31/Jul/2026:06:07:54 +0000] "POST /index.php?rest_route=/batch/v1 HTTP/1.1" 403 5168 "https://hondasaudi.com/" "Mozilla/5.0 (Windows NT 10.0; Win64; x64; rv:124.0) Gecko/20100101 Firefox/124.0"
103.168.66.101 - - [31/Jul/2026:06:07:55 +0000] "POST /index.php?rest_route=/batch/v1 HTTP/1.1" 403 5168 "https://hondasaudi.com/" "WordPress/6.4.3; https://wordpress.org/"
103.168.66.101 - - [31/Jul/2026:06:07:58 +0000] "POST /index.php?rest_route=/batch/v1 HTTP/1.1" 403 5168 "https://hondasaudi.com/" "Mozilla/5.0 (Macintosh; Intel Mac OS X 10_15_7) AppleWebKit/605.1.15 (KHTML, like Gecko) Version/17.4 Safari/605.1.15"
103.168.66.101 - - [31/Jul/2026:06:08:01 +0000] "POST /index.php?rest_route=/batch/v1 HTTP/1.1" 403 5168 "https://hondasaudi.com/" "Mozilla/5.0 (Macintosh; Intel Mac OS X 10_15_7) AppleWebKit/605.1.15 (KHTML, like Gecko) Version/17.4 Safari/605.1.15"
103.168.66.101 - - [31/Jul/2026:06:08:01 +0000] "POST /index.php?rest_route=/batch/v1 HTTP/1.1" 403 5168 "https://hondasaudi.com/" "Mozilla/5.0 (Macintosh; Intel Mac OS X 10_15_7) AppleWebKit/605.1.15 (KHTML, like Gecko) Version/17.4 Safari/605.1.15"
103.168.66.101 - - [31/Jul/2026:06:08:03 +0000] "POST /index.php?rest_route=/batch/v1 HTTP/1.1" 403 5168 "https://hondasaudi.com/" "Mozilla/5.0 (X11; Linux x86_64) AppleWebKit/537.36 (KHTML, like Gecko) Chrome/121.0.0.0 Safari/537.36"
74.7.241.51 - - [31/Jul/2026:06:08:07 +0000] "GET /admin.php?dir=CwusrCwshareCwperl5Cwvendor_perlCwFile&view=Tail.pm HTTP/1.1" 200 8694 "https://hondasaudi.com/admin.php?dir=CwusrCwshareCwperl5Cwvendor_perlCwFile" "Mozilla/5.0 AppleWebKit/537.36 (KHTML, like Gecko; compatible; GPTBot/1.4; +https://openai.com/gptbot)"
172.105.42.26 - - [31/Jul/2026:06:08:08 +0000] "POST /wp-cron.php?doing_wp_cron=1785478087.7306859493255615234375 HTTP/1.1" 200 20 "-" "WordPress/7.0.2; https://hondasaudi.com"
157.90.156.63 - - [31/Jul/2026:06:08:07 +0000] "HEAD / HTTP/1.1" 200 - "https://hondasaudi.com" "Mozilla/5.0+(compatible; UptimeRobot/2.0; http://www.uptimerobot.com/)"
103.168.66.101 - - [31/Jul/2026:06:08:10 +0000] "POST /index.php?rest_route=/batch/v1 HTTP/1.1" 403 5168 "https://hondasaudi.com/" "Mozilla/5.0 (X11; Linux x86_64) AppleWebKit/537.36 (KHTML, like Gecko) Chrome/121.0.0.0 Safari/537.36"
103.168.66.101 - - [31/Jul/2026:06:08:10 +0000] "POST /index.php?rest_route=/batch/v1 HTTP/1.1" 403 5168 "https://hondasaudi.com/" "Mozilla/5.0 (X11; Linux x86_64) AppleWebKit/537.36 (KHTML, like Gecko) Chrome/121.0.0.0 Safari/537.36"
103.168.66.101 - - [31/Jul/2026:06:08:12 +0000] "POST /index.php?rest_route=/batch/v1 HTTP/1.1" 403 5168 "https://hondasaudi.com/" "WordPress/6.4.3; https://wordpress.org/"
103.168.66.101 - - [31/Jul/2026:06:08:14 +0000] "POST /index.php?rest_route=/batch/v1 HTTP/1.1" 403 5168 "https://hondasaudi.com/" "Mozilla/5.0 (Windows NT 10.0; Win64; x64) AppleWebKit/537.36 (KHTML, like Gecko) Chrome/122.0.0.0 Safari/537.36"
103.168.66.101 - - [31/Jul/2026:06:08:14 +0000] "POST /index.php?rest_route=/batch/v1 HTTP/1.1" 403 5168 "https://hondasaudi.com/" "Mozilla/5.0 (Windows NT 10.0; Win64; x64) AppleWebKit/537.36 (KHTML, like Gecko) Chrome/122.0.0.0 Safari/537.36"
103.168.66.101 - - [31/Jul/2026:06:08:16 +0000] "POST /index.php?rest_route=/batch/v1 HTTP/1.1" 403 5168 "https://hondasaudi.com/" "Mozilla/5.0 (X11; Linux x86_64) AppleWebKit/537.36 (KHTML, like Gecko) Chrome/121.0.0.0 Safari/537.36"
103.168.66.101 - - [31/Jul/2026:06:08:21 +0000] "POST /index.php?rest_route=/batch/v1 HTTP/1.1" 403 5168 "https://hondasaudi.com/" "Mozilla/5.0 (X11; Linux x86_64) AppleWebKit/537.36 (KHTML, like Gecko) Chrome/121.0.0.0 Safari/537.36"
103.168.66.101 - - [31/Jul/2026:06:08:22 +0000] "POST /index.php?rest_route=/batch/v1 HTTP/1.1" 403 5168 "https://hondasaudi.com/" "Mozilla/5.0 (X11; Linux x86_64) AppleWebKit/537.36 (KHTML, like Gecko) Chrome/121.0.0.0 Safari/537.36"
103.168.66.101 - - [31/Jul/2026:06:08:23 +0000] "POST /index.php?rest_route=/batch/v1 HTTP/1.1" 403 5168 "https://hondasaudi.com/" "Mozilla/5.0 (compatible; Googlebot/2.1; +http://www.google.com/bot.html)"
103.168.66.101 - - [31/Jul/2026:06:08:26 +0000] "POST /index.php?rest_route=/batch/v1 HTTP/1.1" 403 5168 "https://hondasaudi.com/" "Mozilla/5.0 (Macintosh; Intel Mac OS X 10_15_7) AppleWebKit/605.1.15 (KHTML, like Gecko) Version/17.4 Safari/605.1.15"
103.168.66.101 - - [31/Jul/2026:06:08:27 +0000] "POST /index.php?rest_route=/batch/v1 HTTP/1.1" 403 5168 "https://hondasaudi.com/" "Mozilla/5.0 (Macintosh; Intel Mac OS X 10_15_7) AppleWebKit/605.1.15 (KHTML, like Gecko) Version/17.4 Safari/605.1.15"
103.168.66.101 - - [31/Jul/2026:06:08:31 +0000] "POST /index.php?rest_route=/batch/v1 HTTP/1.1" 403 5168 "https://hondasaudi.com/" "Mozilla/5.0 (X11; Linux x86_64) AppleWebKit/537.36 (KHTML, like Gecko) Chrome/121.0.0.0 Safari/537.36"
103.168.66.101 - - [31/Jul/2026:06:08:31 +0000] "POST /index.php?rest_route=/batch/v1 HTTP/1.1" 403 5168 "https://hondasaudi.com/" "Mozilla/5.0 (X11; Linux x86_64) AppleWebKit/537.36 (KHTML, like Gecko) Chrome/121.0.0.0 Safari/537.36"
103.168.66.101 - - [31/Jul/2026:06:08:33 +0000] "POST /index.php?rest_route=/batch/v1 HTTP/1.1" 403 5168 "https://hondasaudi.com/" "WordPress/6.4.3; https://wordpress.org/"
103.168.66.101 - - [31/Jul/2026:06:08:38 +0000] "POST /index.php?rest_route=/batch/v1 HTTP/1.1" 403 5168 "https://hondasaudi.com/" "Mozilla/5.0 (Macintosh; Intel Mac OS X 10_15_7) AppleWebKit/605.1.15 (KHTML, like Gecko) Version/17.4 Safari/605.1.15"
103.168.66.101 - - [31/Jul/2026:06:08:39 +0000] "POST /index.php?rest_route=/batch/v1 HTTP/1.1" 403 5168 "https://hondasaudi.com/" "Mozilla/5.0 (Macintosh; Intel Mac OS X 10_15_7) AppleWebKit/605.1.15 (KHTML, like Gecko) Version/17.4 Safari/605.1.15"
103.168.66.101 - - [31/Jul/2026:06:08:40 +0000] "POST /index.php?rest_route=/batch/v1 HTTP/1.1" 403 5168 "https://hondasaudi.com/" "Mozilla/5.0 (Macintosh; Intel Mac OS X 10_15_7) AppleWebKit/605.1.15 (KHTML, like Gecko) Version/17.4 Safari/605.1.15"
103.168.66.101 - - [31/Jul/2026:06:08:42 +0000] "POST /index.php?rest_route=/batch/v1 HTTP/1.1" 403 5168 "https://hondasaudi.com/" "Mozilla/5.0 (Windows NT 10.0; Win64; x64; rv:124.0) Gecko/20100101 Firefox/124.0"
103.168.66.101 - - [31/Jul/2026:06:08:43 +0000] "POST /index.php?rest_route=/batch/v1 HTTP/1.1" 403 5168 "https://hondasaudi.com/" "Mozilla/5.0 (Windows NT 10.0; Win64; x64; rv:124.0) Gecko/20100101 Firefox/124.0"
103.168.66.101 - - [31/Jul/2026:06:08:44 +0000] "POST /index.php?rest_route=/batch/v1 HTTP/1.1" 403 5168 "https://hondasaudi.com/" "Mozilla/5.0 (X11; Linux x86_64) AppleWebKit/537.36 (KHTML, like Gecko) Chrome/121.0.0.0 Safari/537.36"
103.168.66.101 - - [31/Jul/2026:06:08:46 +0000] "POST /index.php?rest_route=/batch/v1 HTTP/1.1" 403 5168 "https://hondasaudi.com/" "WordPress/6.4.3; https://wordpress.org/"
103.168.66.101 - - [31/Jul/2026:06:08:47 +0000] "POST /index.php?rest_route=/batch/v1 HTTP/1.1" 403 5168 "https://hondasaudi.com/" "WordPress/6.4.3; https://wordpress.org/"
103.168.66.101 - - [31/Jul/2026:06:08:48 +0000] "POST /index.php?rest_route=/batch/v1 HTTP/1.1" 403 5168 "https://hondasaudi.com/" "Mozilla/5.0 (Macintosh; Intel Mac OS X 10_15_7) AppleWebKit/605.1.15 (KHTML, like Gecko) Version/17.4 Safari/605.1.15"
103.168.66.101 - - [31/Jul/2026:06:09:01 +0000] "POST /index.php?rest_route=/batch/v1 HTTP/1.1" 403 5168 "https://hondasaudi.com/" "Mozilla/5.0 (X11; Linux x86_64) AppleWebKit/537.36 (KHTML, like Gecko) Chrome/121.0.0.0 Safari/537.36"
103.168.66.101 - - [31/Jul/2026:06:09:03 +0000] "POST /index.php?rest_route=/batch/v1 HTTP/1.1" 403 5168 "https://hondasaudi.com/" "Mozilla/5.0 (Macintosh; Intel Mac OS X 10_15_7) AppleWebKit/605.1.15 (KHTML, like Gecko) Version/17.4 Safari/605.1.15"
103.168.66.101 - - [31/Jul/2026:06:09:03 +0000] "POST /index.php?rest_route=/batch/v1 HTTP/1.1" 403 5168 "https://hondasaudi.com/" "Mozilla/5.0 (Macintosh; Intel Mac OS X 10_15_7) AppleWebKit/605.1.15 (KHTML, like Gecko) Version/17.4 Safari/605.1.15"
103.168.66.101 - - [31/Jul/2026:06:09:05 +0000] "POST /index.php?rest_route=/batch/v1 HTTP/1.1" 403 5168 "https://hondasaudi.com/" "Mozilla/5.0 (Windows NT 10.0; Win64; x64; rv:124.0) Gecko/20100101 Firefox/124.0"
103.168.66.101 - - [31/Jul/2026:06:09:07 +0000] "POST /index.php?rest_route=/batch/v1 HTTP/1.1" 403 5168 "https://hondasaudi.com/" "Mozilla/5.0 (Macintosh; Intel Mac OS X 10_15_7) AppleWebKit/605.1.15 (KHTML, like Gecko) Version/17.4 Safari/605.1.15"
103.168.66.101 - - [31/Jul/2026:06:09:07 +0000] "POST /index.php?rest_route=/batch/v1 HTTP/1.1" 403 5168 "https://hondasaudi.com/" "Mozilla/5.0 (Macintosh; Intel Mac OS X 10_15_7) AppleWebKit/605.1.15 (KHTML, like Gecko) Version/17.4 Safari/605.1.15"
103.168.66.101 - - [31/Jul/2026:06:09:09 +0000] "POST /index.php?rest_route=/batch/v1 HTTP/1.1" 403 5168 "https://hondasaudi.com/" "Mozilla/5.0 (Windows NT 10.0; Win64; x64; rv:124.0) Gecko/20100101 Firefox/124.0"
103.168.66.101 - - [31/Jul/2026:06:09:16 +0000] "POST /index.php?rest_route=/batch/v1 HTTP/1.1" 403 5168 "https://hondasaudi.com/" "WordPress/6.4.3; https://wordpress.org/"
103.168.66.101 - - [31/Jul/2026:06:09:17 +0000] "POST /index.php?rest_route=/batch/v1 HTTP/1.1" 403 5168 "https://hondasaudi.com/" "WordPress/6.4.3; https://wordpress.org/"
103.168.66.101 - - [31/Jul/2026:06:09:18 +0000] "POST /index.php?rest_route=/batch/v1 HTTP/1.1" 403 5168 "https://hondasaudi.com/" "Mozilla/5.0 (Windows NT 10.0; Win64; x64; rv:124.0) Gecko/20100101 Firefox/124.0"
103.168.66.101 - - [31/Jul/2026:06:09:21 +0000] "POST /index.php?rest_route=/batch/v1 HTTP/1.1" 403 5168 "https://hondasaudi.com/" "WordPress/6.4.3; https://wordpress.org/"
103.168.66.101 - - [31/Jul/2026:06:09:24 +0000] "POST /index.php?rest_route=/batch/v1 HTTP/1.1" 403 5168 "https://hondasaudi.com/" "Mozilla/5.0 (X11; Linux x86_64) AppleWebKit/537.36 (KHTML, like Gecko) Chrome/121.0.0.0 Safari/537.36"
103.168.66.101 - - [31/Jul/2026:06:09:24 +0000] "POST /index.php?rest_route=/batch/v1 HTTP/1.1" 403 5168 "https://hondasaudi.com/" "Mozilla/5.0 (X11; Linux x86_64) AppleWebKit/537.36 (KHTML, like Gecko) Chrome/121.0.0.0 Safari/537.36"
172.105.42.26 - - [31/Jul/2026:06:09:30 +0000] "POST /wp-cron.php?doing_wp_cron=1785478170.3354790210723876953125 HTTP/1.1" 200 20 "-" "WordPress/7.0.2; https://hondasaudi.com"
74.7.241.51 - - [31/Jul/2026:06:09:30 +0000] "GET /admin.php?dir=CwusrCwlibCwfirmwareCwamdgpu&edit=gc_11_5_3_mes_2.bin HTTP/1.1" 200 2487 "https://hondasaudi.com/admin.php?dir=CwusrCwlibCwfirmwareCwamdgpu" "Mozilla/5.0 AppleWebKit/537.36 (KHTML, like Gecko; compatible; GPTBot/1.4; +https://openai.com/gptbot)"
103.168.66.101 - - [31/Jul/2026:06:09:32 +0000] "POST /index.php?rest_route=/batch/v1 HTTP/1.1" 403 5168 "https://hondasaudi.com/" "Mozilla/5.0 (Windows NT 10.0; Win64; x64) AppleWebKit/537.36 (KHTML, like Gecko) Chrome/122.0.0.0 Safari/537.36 Edg/122.0.0.0"
103.168.66.101 - - [31/Jul/2026:06:09:33 +0000] "POST /index.php?rest_route=/batch/v1 HTTP/1.1" 403 5168 "https://hondasaudi.com/" "Mozilla/5.0 (Windows NT 10.0; Win64; x64) AppleWebKit/537.36 (KHTML, like Gecko) Chrome/122.0.0.0 Safari/537.36 Edg/122.0.0.0"
103.168.66.101 - - [31/Jul/2026:06:09:34 +0000] "POST /index.php?rest_route=/batch/v1 HTTP/1.1" 403 5168 "https://hondasaudi.com/" "Mozilla/5.0 (Macintosh; Intel Mac OS X 10_15_7) AppleWebKit/605.1.15 (KHTML, like Gecko) Version/17.4 Safari/605.1.15"
103.168.66.101 - - [31/Jul/2026:06:09:37 +0000] "POST /index.php?rest_route=/batch/v1 HTTP/1.1" 403 5168 "https://hondasaudi.com/" "Mozilla/5.0 (Windows NT 10.0; Win64; x64; rv:124.0) Gecko/20100101 Firefox/124.0"
103.168.66.101 - - [31/Jul/2026:06:09:37 +0000] "POST /index.php?rest_route=/batch/v1 HTTP/1.1" 403 5168 "https://hondasaudi.com/" "Mozilla/5.0 (Windows NT 10.0; Win64; x64; rv:124.0) Gecko/20100101 Firefox/124.0"
103.168.66.101 - - [31/Jul/2026:06:09:38 +0000] "POST /index.php?rest_route=/batch/v1 HTTP/1.1" 403 5168 "https://hondasaudi.com/" "Mozilla/5.0 (compatible; Googlebot/2.1; +http://www.google.com/bot.html)"
103.168.66.101 - - [31/Jul/2026:06:09:41 +0000] "POST /index.php?rest_route=/batch/v1 HTTP/1.1" 403 5168 "https://hondasaudi.com/" "Mozilla/5.0 (Macintosh; Intel Mac OS X 10_15_7) AppleWebKit/605.1.15 (KHTML, like Gecko) Version/17.4 Safari/605.1.15"
103.168.66.101 - - [31/Jul/2026:06:09:41 +0000] "POST /index.php?rest_route=/batch/v1 HTTP/1.1" 403 5168 "https://hondasaudi.com/" "Mozilla/5.0 (Macintosh; Intel Mac OS X 10_15_7) AppleWebKit/605.1.15 (KHTML, like Gecko) Version/17.4 Safari/605.1.15"
103.168.66.101 - - [31/Jul/2026:06:09:42 +0000] "POST /index.php?rest_route=/batch/v1 HTTP/1.1" 403 5168 "https://hondasaudi.com/" "WordPress/6.4.3; https://wordpress.org/"
103.168.66.101 - - [31/Jul/2026:06:09:45 +0000] "POST /index.php?rest_route=/batch/v1 HTTP/1.1" 403 5168 "https://hondasaudi.com/" "WordPress/6.4.3; https://wordpress.org/"
103.168.66.101 - - [31/Jul/2026:06:09:50 +0000] "POST /index.php?rest_route=/batch/v1 HTTP/1.1" 403 5168 "https://hondasaudi.com/" "WordPress/6.4.3; https://wordpress.org/"
103.168.66.101 - - [31/Jul/2026:06:10:08 +0000] "POST /index.php?rest_route=/batch/v1 HTTP/1.1" 403 5168 "https://hondasaudi.com/" "Mozilla/5.0 (compatible; Googlebot/2.1; +http://www.google.com/bot.html)"
103.168.66.101 - - [31/Jul/2026:06:10:11 +0000] "POST /index.php?rest_route=/batch/v1 HTTP/1.1" 403 5168 "https://hondasaudi.com/" "WordPress/6.4.3; https://wordpress.org/"
74.7.241.51 - - [31/Jul/2026:06:10:12 +0000] "GET /admin.php?dir=CwusrCwlibCwfirmwareCwamdgpu&edit=gc_11_0_4_mes_2.bin HTTP/1.1" 200 2487 "https://hondasaudi.com/admin.php?dir=CwusrCwlibCwfirmwareCwamdgpu" "Mozilla/5.0 AppleWebKit/537.36 (KHTML, like Gecko; compatible; GPTBot/1.4; +https://openai.com/gptbot)"
103.168.66.101 - - [31/Jul/2026:06:10:14 +0000] "POST /index.php?rest_route=/batch/v1 HTTP/1.1" 403 5168 "https://hondasaudi.com/" "Mozilla/5.0 (X11; Linux x86_64) AppleWebKit/537.36 (KHTML, like Gecko) Chrome/121.0.0.0 Safari/537.36"
103.168.66.101 - - [31/Jul/2026:06:10:14 +0000] "POST /index.php?rest_route=/batch/v1 HTTP/1.1" 403 5168 "https://hondasaudi.com/" "Mozilla/5.0 (X11; Linux x86_64) AppleWebKit/537.36 (KHTML, like Gecko) Chrome/121.0.0.0 Safari/537.36"
103.168.66.101 - - [31/Jul/2026:06:10:15 +0000] "POST /index.php?rest_route=/batch/v1 HTTP/1.1" 403 5168 "https://hondasaudi.com/" "Mozilla/5.0 (Windows NT 10.0; Win64; x64) AppleWebKit/537.36 (KHTML, like Gecko) Chrome/122.0.0.0 Safari/537.36"
172.105.42.26 - - [31/Jul/2026:06:10:18 +0000] "POST /wp-cron.php?doing_wp_cron=1785478218.6645700931549072265625 HTTP/1.1" 200 20 "-" "WordPress/7.0.2; https://hondasaudi.com"
2a03:2880:24ff:8:: - - [31/Jul/2026:06:10:18 +0000] "GET /meta.json?utm_source=Instagram&utm_medium=CPC&utm_campaign=DEC_2023&utm_id=DEC_2023 HTTP/1.1" 404 12617 "-" "facebookexternalhit/1.1 (+http://www.facebook.com/externalhit_uatext.php)"
103.168.66.101 - - [31/Jul/2026:06:10:24 +0000] "POST /index.php?rest_route=/batch/v1 HTTP/1.1" 403 5168 "https://hondasaudi.com/" "Mozilla/5.0 (Windows NT 10.0; Win64; x64; rv:124.0) Gecko/20100101 Firefox/124.0"
103.168.66.101 - - [31/Jul/2026:06:10:26 +0000] "POST /index.php?rest_route=/batch/v1 HTTP/1.1" 403 5168 "https://hondasaudi.com/" "Mozilla/5.0 (Macintosh; Intel Mac OS X 10_15_7) AppleWebKit/605.1.15 (KHTML, like Gecko) Version/17.4 Safari/605.1.15"
103.168.66.101 - - [31/Jul/2026:06:10:27 +0000] "POST /index.php?rest_route=/batch/v1 HTTP/1.1" 403 5168 "https://hondasaudi.com/" "Mozilla/5.0 (Macintosh; Intel Mac OS X 10_15_7) AppleWebKit/605.1.15 (KHTML, like Gecko) Version/17.4 Safari/605.1.15"
103.168.66.101 - - [31/Jul/2026:06:10:35 +0000] "POST /index.php?rest_route=/batch/v1 HTTP/1.1" 403 5168 "https://hondasaudi.com/" "Mozilla/5.0 (X11; Linux x86_64) AppleWebKit/537.36 (KHTML, like Gecko) Chrome/121.0.0.0 Safari/537.36"
103.168.66.101 - - [31/Jul/2026:06:10:36 +0000] "POST /index.php?rest_route=/batch/v1 HTTP/1.1" 403 5168 "https://hondasaudi.com/" "Mozilla/5.0 (X11; Linux x86_64) AppleWebKit/537.36 (KHTML, like Gecko) Chrome/121.0.0.0 Safari/537.36"
103.168.66.101 - - [31/Jul/2026:06:10:37 +0000] "POST /index.php?rest_route=/batch/v1 HTTP/1.1" 403 5168 "https://hondasaudi.com/" "Mozilla/5.0 (Windows NT 10.0; Win64; x64) AppleWebKit/537.36 (KHTML, like Gecko) Chrome/122.0.0.0 Safari/537.36 Edg/122.0.0.0"
103.168.66.101 - - [31/Jul/2026:06:10:41 +0000] "POST /index.php?rest_route=/batch/v1 HTTP/1.1" 403 5168 "https://hondasaudi.com/" "Mozilla/5.0 (compatible; Googlebot/2.1; +http://www.google.com/bot.html)"
103.168.66.101 - - [31/Jul/2026:06:10:44 +0000] "POST /index.php?rest_route=/batch/v1 HTTP/1.1" 403 5168 "https://hondasaudi.com/" "Mozilla/5.0 (X11; Linux x86_64) AppleWebKit/537.36 (KHTML, like Gecko) Chrome/121.0.0.0 Safari/537.36"
103.168.66.101 - - [31/Jul/2026:06:10:48 +0000] "POST /index.php?rest_route=/batch/v1 HTTP/1.1" 403 5168 "https://hondasaudi.com/" "Mozilla/5.0 (X11; Linux x86_64) AppleWebKit/537.36 (KHTML, like Gecko) Chrome/121.0.0.0 Safari/537.36"
103.168.66.101 - - [31/Jul/2026:06:10:51 +0000] "POST /index.php?rest_route=/batch/v1 HTTP/1.1" 403 5168 "https://hondasaudi.com/" "WordPress/6.4.3; https://wordpress.org/"
103.168.66.101 - - [31/Jul/2026:06:10:53 +0000] "POST /index.php?rest_route=/batch/v1 HTTP/1.1" 403 5168 "https://hondasaudi.com/" "Mozilla/5.0 (Windows NT 10.0; Win64; x64) AppleWebKit/537.36 (KHTML, like Gecko) Chrome/122.0.0.0 Safari/537.36 Edg/122.0.0.0"
103.168.66.101 - - [31/Jul/2026:06:10:54 +0000] "POST /index.php?rest_route=/batch/v1 HTTP/1.1" 403 5168 "https://hondasaudi.com/" "Mozilla/5.0 (Windows NT 10.0; Win64; x64) AppleWebKit/537.36 (KHTML, like Gecko) Chrome/122.0.0.0 Safari/537.36 Edg/122.0.0.0"
74.7.241.51 - - [31/Jul/2026:06:10:54 +0000] "GET /admin.php?dir=CwusrCwlibCwfirmwareCwamdgpu&edit=gc_11_0_3_mes_2.bin HTTP/1.1" 200 2488 "https://hondasaudi.com/admin.php?dir=CwusrCwlibCwfirmwareCwamdgpu" "Mozilla/5.0 AppleWebKit/537.36 (KHTML, like Gecko; compatible; GPTBot/1.4; +https://openai.com/gptbot)"
103.168.66.101 - - [31/Jul/2026:06:10:55 +0000] "POST /index.php?rest_route=/batch/v1 HTTP/1.1" 403 5168 "https://hondasaudi.com/" "Mozilla/5.0 (Windows NT 10.0; Win64; x64; rv:124.0) Gecko/20100101 Firefox/124.0"
103.168.66.101 - - [31/Jul/2026:06:10:58 +0000] "POST /index.php?rest_route=/batch/v1 HTTP/1.1" 403 5168 "https://hondasaudi.com/" "WordPress/6.4.3; https://wordpress.org/"
103.168.66.101 - - [31/Jul/2026:06:10:58 +0000] "POST /index.php?rest_route=/batch/v1 HTTP/1.1" 403 5168 "https://hondasaudi.com/" "WordPress/6.4.3; https://wordpress.org/"
103.168.66.101 - - [31/Jul/2026:06:10:59 +0000] "POST /index.php?rest_route=/batch/v1 HTTP/1.1" 403 5168 "https://hondasaudi.com/" "Mozilla/5.0 (compatible; Googlebot/2.1; +http://www.google.com/bot.html)"
103.168.66.101 - - [31/Jul/2026:06:11:05 +0000] "POST /index.php?rest_route=/batch/v1 HTTP/1.1" 403 5168 "https://hondasaudi.com/" "Mozilla/5.0 (Windows NT 10.0; Win64; x64) AppleWebKit/537.36 (KHTML, like Gecko) Chrome/122.0.0.0 Safari/537.36 Edg/122.0.0.0"
103.168.66.101 - - [31/Jul/2026:06:11:05 +0000] "POST /index.php?rest_route=/batch/v1 HTTP/1.1" 403 5168 "https://hondasaudi.com/" "Mozilla/5.0 (Windows NT 10.0; Win64; x64) AppleWebKit/537.36 (KHTML, like Gecko) Chrome/122.0.0.0 Safari/537.36 Edg/122.0.0.0"
103.168.66.101 - - [31/Jul/2026:06:11:06 +0000] "POST /index.php?rest_route=/batch/v1 HTTP/1.1" 403 5168 "https://hondasaudi.com/" "Mozilla/5.0 (Windows NT 10.0; Win64; x64) AppleWebKit/537.36 (KHTML, like Gecko) Chrome/122.0.0.0 Safari/537.36"
103.168.66.101 - - [31/Jul/2026:06:11:09 +0000] "POST /index.php?rest_route=/batch/v1 HTTP/1.1" 403 5168 "https://hondasaudi.com/" "Mozilla/5.0 (Windows NT 10.0; Win64; x64) AppleWebKit/537.36 (KHTML, like Gecko) Chrome/122.0.0.0 Safari/537.36 Edg/122.0.0.0"
103.168.66.101 - - [31/Jul/2026:06:11:09 +0000] "POST /index.php?rest_route=/batch/v1 HTTP/1.1" 403 5168 "https://hondasaudi.com/" "Mozilla/5.0 (Windows NT 10.0; Win64; x64) AppleWebKit/537.36 (KHTML, like Gecko) Chrome/122.0.0.0 Safari/537.36 Edg/122.0.0.0"
103.168.66.101 - - [31/Jul/2026:06:11:10 +0000] "POST /index.php?rest_route=/batch/v1 HTTP/1.1" 403 5168 "https://hondasaudi.com/" "Mozilla/5.0 (compatible; Googlebot/2.1; +http://www.google.com/bot.html)"
74.7.241.51 - - [31/Jul/2026:06:11:14 +0000] "GET /admin.php?dir=CwusrCwlibCwfirmwareCwamdgpu&edit=gc_11_5_1_mes_2.bin HTTP/1.1" 200 2488 "https://hondasaudi.com/admin.php?dir=CwusrCwlibCwfirmwareCwamdgpu" "Mozilla/5.0 AppleWebKit/537.36 (KHTML, like Gecko; compatible; GPTBot/1.4; +https://openai.com/gptbot)"
103.168.66.101 - - [31/Jul/2026:06:11:16 +0000] "POST /index.php?rest_route=/batch/v1 HTTP/1.1" 403 5168 "https://hondasaudi.com/" "Mozilla/5.0 (Windows NT 10.0; Win64; x64) AppleWebKit/537.36 (KHTML, like Gecko) Chrome/122.0.0.0 Safari/537.36 Edg/122.0.0.0"
103.168.66.101 - - [31/Jul/2026:06:11:16 +0000] "POST /index.php?rest_route=/batch/v1 HTTP/1.1" 403 5168 "https://hondasaudi.com/" "Mozilla/5.0 (Windows NT 10.0; Win64; x64) AppleWebKit/537.36 (KHTML, like Gecko) Chrome/122.0.0.0 Safari/537.36 Edg/122.0.0.0"
103.168.66.101 - - [31/Jul/2026:06:11:21 +0000] "POST /index.php?rest_route=/batch/v1 HTTP/1.1" 403 5168 "https://hondasaudi.com/" "Mozilla/5.0 (X11; Linux x86_64) AppleWebKit/537.36 (KHTML, like Gecko) Chrome/121.0.0.0 Safari/537.36"
103.168.66.101 - - [31/Jul/2026:06:11:31 +0000] "POST /index.php?rest_route=/batch/v1 HTTP/1.1" 403 5168 "https://hondasaudi.com/" "Mozilla/5.0 (Windows NT 10.0; Win64; x64) AppleWebKit/537.36 (KHTML, like Gecko) Chrome/122.0.0.0 Safari/537.36 Edg/122.0.0.0"
103.168.66.101 - - [31/Jul/2026:06:11:32 +0000] "POST /index.php?rest_route=/batch/v1 HTTP/1.1" 403 5168 "https://hondasaudi.com/" "Mozilla/5.0 (Windows NT 10.0; Win64; x64) AppleWebKit/537.36 (KHTML, like Gecko) Chrome/122.0.0.0 Safari/537.36 Edg/122.0.0.0"
103.168.66.101 - - [31/Jul/2026:06:11:33 +0000] "POST /index.php?rest_route=/batch/v1 HTTP/1.1" 403 5168 "https://hondasaudi.com/" "Mozilla/5.0 (Macintosh; Intel Mac OS X 10_15_7) AppleWebKit/605.1.15 (KHTML, like Gecko) Version/17.4 Safari/605.1.15"
74.7.241.51 - - [31/Jul/2026:06:11:35 +0000] "GET /admin.php?dir=CwusrCwlibCwfirmwareCwamdgpu&edit=gc_11_5_2_mes_2.bin HTTP/1.1" 200 2488 "https://hondasaudi.com/admin.php?dir=CwusrCwlibCwfirmwareCwamdgpu" "Mozilla/5.0 AppleWebKit/537.36 (KHTML, like Gecko; compatible; GPTBot/1.4; +https://openai.com/gptbot)"
103.168.66.101 - - [31/Jul/2026:06:11:45 +0000] "POST /index.php?rest_route=/batch/v1 HTTP/1.1" 403 5168 "https://hondasaudi.com/" "Mozilla/5.0 (compatible; Googlebot/2.1; +http://www.google.com/bot.html)"
103.168.66.101 - - [31/Jul/2026:06:11:47 +0000] "POST /index.php?rest_route=/batch/v1 HTTP/1.1" 403 5168 "https://hondasaudi.com/" "Mozilla/5.0 (X11; Linux x86_64) AppleWebKit/537.36 (KHTML, like Gecko) Chrome/121.0.0.0 Safari/537.36"
103.168.66.101 - - [31/Jul/2026:06:11:48 +0000] "POST /index.php?rest_route=/batch/v1 HTTP/1.1" 403 5168 "https://hondasaudi.com/" "Mozilla/5.0 (X11; Linux x86_64) AppleWebKit/537.36 (KHTML, like Gecko) Chrome/121.0.0.0 Safari/537.36"
103.168.66.101 - - [31/Jul/2026:06:11:51 +0000] "POST /index.php?rest_route=/batch/v1 HTTP/1.1" 403 5168 "https://hondasaudi.com/" "Mozilla/5.0 (Windows NT 10.0; Win64; x64) AppleWebKit/537.36 (KHTML, like Gecko) Chrome/122.0.0.0 Safari/537.36"
103.168.66.101 - - [31/Jul/2026:06:11:52 +0000] "POST /index.php?rest_route=/batch/v1 HTTP/1.1" 403 5168 "https://hondasaudi.com/" "Mozilla/5.0 (Windows NT 10.0; Win64; x64) AppleWebKit/537.36 (KHTML, like Gecko) Chrome/122.0.0.0 Safari/537.36"
74.7.241.51 - - [31/Jul/2026:06:11:57 +0000] "GET /admin.php?dir=CwusrCwlibCwfirmwareCwamdgpu&edit=gc_11_5_0_mes_2.bin HTTP/1.1" 200 2487 "https://hondasaudi.com/admin.php?dir=CwusrCwlibCwfirmwareCwamdgpu" "Mozilla/5.0 AppleWebKit/537.36 (KHTML, like Gecko; compatible; GPTBot/1.4; +https://openai.com/gptbot)"
103.168.66.101 - - [31/Jul/2026:06:12:05 +0000] "POST /index.php?rest_route=/batch/v1 HTTP/1.1" 403 5168 "https://hondasaudi.com/" "Mozilla/5.0 (X11; Linux x86_64) AppleWebKit/537.36 (KHTML, like Gecko) Chrome/121.0.0.0 Safari/537.36"
103.168.66.101 - - [31/Jul/2026:06:12:05 +0000] "POST /index.php?rest_route=/batch/v1 HTTP/1.1" 403 5168 "https://hondasaudi.com/" "Mozilla/5.0 (X11; Linux x86_64) AppleWebKit/537.36 (KHTML, like Gecko) Chrome/121.0.0.0 Safari/537.36"
103.168.66.101 - - [31/Jul/2026:06:12:07 +0000] "POST /index.php?rest_route=/batch/v1 HTTP/1.1" 403 5168 "https://hondasaudi.com/" "Mozilla/5.0 (Windows NT 10.0; Win64; x64) AppleWebKit/537.36 (KHTML, like Gecko) Chrome/122.0.0.0 Safari/537.36 Edg/122.0.0.0"
103.168.66.101 - - [31/Jul/2026:06:12:09 +0000] "POST /index.php?rest_route=/batch/v1 HTTP/1.1" 403 5168 "https://hondasaudi.com/" "WordPress/6.4.3; https://wordpress.org/"
103.168.66.101 - - [31/Jul/2026:06:12:10 +0000] "POST /index.php?rest_route=/batch/v1 HTTP/1.1" 403 5168 "https://hondasaudi.com/" "WordPress/6.4.3; https://wordpress.org/"
103.168.66.101 - - [31/Jul/2026:06:12:13 +0000] "POST /index.php?rest_route=/batch/v1 HTTP/1.1" 403 5168 "https://hondasaudi.com/" "Mozilla/5.0 (Windows NT 10.0; Win64; x64; rv:124.0) Gecko/20100101 Firefox/124.0"
103.168.66.101 - - [31/Jul/2026:06:12:13 +0000] "POST /index.php?rest_route=/batch/v1 HTTP/1.1" 403 5168 "https://hondasaudi.com/" "Mozilla/5.0 (Windows NT 10.0; Win64; x64; rv:124.0) Gecko/20100101 Firefox/124.0"
103.168.66.101 - - [31/Jul/2026:06:12:20 +0000] "POST /index.php?rest_route=/batch/v1 HTTP/1.1" 403 5168 "https://hondasaudi.com/" "Mozilla/5.0 (Windows NT 10.0; Win64; x64) AppleWebKit/537.36 (KHTML, like Gecko) Chrome/122.0.0.0 Safari/537.36 Edg/122.0.0.0"
103.168.66.101 - - [31/Jul/2026:06:12:22 +0000] "POST /index.php?rest_route=/batch/v1 HTTP/1.1" 403 5168 "https://hondasaudi.com/" "Mozilla/5.0 (compatible; Googlebot/2.1; +http://www.google.com/bot.html)"
103.168.66.101 - - [31/Jul/2026:06:12:22 +0000] "POST /index.php?rest_route=/batch/v1 HTTP/1.1" 403 5168 "https://hondasaudi.com/" "Mozilla/5.0 (compatible; Googlebot/2.1; +http://www.google.com/bot.html)"
103.168.66.101 - - [31/Jul/2026:06:12:26 +0000] "POST /index.php?rest_route=/batch/v1 HTTP/1.1" 403 5168 "https://hondasaudi.com/" "Mozilla/5.0 (Windows NT 10.0; Win64; x64) AppleWebKit/537.36 (KHTML, like Gecko) Chrome/122.0.0.0 Safari/537.36"
103.168.66.101 - - [31/Jul/2026:06:12:26 +0000] "POST /index.php?rest_route=/batch/v1 HTTP/1.1" 403 5168 "https://hondasaudi.com/" "Mozilla/5.0 (Windows NT 10.0; Win64; x64) AppleWebKit/537.36 (KHTML, like Gecko) Chrome/122.0.0.0 Safari/537.36"
103.168.66.101 - - [31/Jul/2026:06:12:28 +0000] "POST /index.php?rest_route=/batch/v1 HTTP/1.1" 403 5168 "https://hondasaudi.com/" "Mozilla/5.0 (Macintosh; Intel Mac OS X 10_15_7) AppleWebKit/605.1.15 (KHTML, like Gecko) Version/17.4 Safari/605.1.15"
