74.7.241.51 - - [31/Jul/2026:04:49:04 +0000] "GET /admin.php?dir=CwusrCwshareCwiconsCwhicolorCw72x72Cwintl HTTP/1.1" 200 2970 "https://hondasaudi.com/admin.php?dir=CwusrCwshareCwiconsCwhicolorCw72x72" "Mozilla/5.0 AppleWebKit/537.36 (KHTML, like Gecko; compatible; GPTBot/1.4; +https://openai.com/gptbot)"
74.7.241.51 - - [31/Jul/2026:04:49:25 +0000] "GET /admin.php?dir=CwusrCwlibCwfirmwareCwti HTTP/1.1" 200 3310 "https://hondasaudi.com/admin.php?dir=CwusrCwlibCwfirmwareCwtiCwaudioCwtas2563" "Mozilla/5.0 AppleWebKit/537.36 (KHTML, like Gecko; compatible; GPTBot/1.4; +https://openai.com/gptbot)"
172.105.42.26 - - [31/Jul/2026:04:49:27 +0000] "POST /wp-cron.php?doing_wp_cron=1785473367.5739290714263916015625 HTTP/1.1" 200 20 "-" "WordPress/7.0.2; https://hondasaudi.com"
2a03:2880:24ff:74:: - - [31/Jul/2026:04:49:27 +0000] "GET /meta.json?utm_source=Instagram&utm_medium=Paid_Traffic&utm_campaign=HS-RAMADAN-V1&utm_id=HS-0003-004 HTTP/1.1" 404 12635 "-" "facebookexternalhit/1.1 (+http://www.facebook.com/externalhit_uatext.php)"
74.7.241.51 - - [31/Jul/2026:04:49:46 +0000] "GET /admin.php?dir=CwusrCwlibCwfirmwareCwtiCwaudio HTTP/1.1" 200 3249 "https://hondasaudi.com/admin.php?dir=CwusrCwlibCwfirmwareCwtiCwaudioCwtas2563" "Mozilla/5.0 AppleWebKit/537.36 (KHTML, like Gecko; compatible; GPTBot/1.4; +https://openai.com/gptbot)"
74.7.241.51 - - [31/Jul/2026:04:50:08 +0000] "GET /admin.php?dir=CwusrCwlibCwfirmwareCwtiCwaudioCwtas2563&view=TAS2XXX3870.bin HTTP/1.1" 200 6141 "https://hondasaudi.com/admin.php?dir=CwusrCwlibCwfirmwareCwtiCwaudioCwtas2563" "Mozilla/5.0 AppleWebKit/537.36 (KHTML, like Gecko; compatible; GPTBot/1.4; +https://openai.com/gptbot)"
74.7.241.51 - - [31/Jul/2026:04:50:28 +0000] "GET /admin.php?dir=CwusrCwlibCwfirmwareCwtiCwaudioCwtas2563&view=INT8866RCA2.bin HTTP/1.1" 200 353 "https://hondasaudi.com/admin.php?dir=CwusrCwlibCwfirmwareCwtiCwaudioCwtas2563" "Mozilla/5.0 AppleWebKit/537.36 (KHTML, like Gecko; compatible; GPTBot/1.4; +https://openai.com/gptbot)"
172.105.42.26 - - [31/Jul/2026:04:50:50 +0000] "POST /wp-cron.php?doing_wp_cron=1785473449.8643450736999511718750 HTTP/1.1" 200 20 "-" "WordPress/7.0.2; https://hondasaudi.com"
74.7.241.51 - - [31/Jul/2026:04:50:49 +0000] "GET /admin.php?dir=CwusrCwlibCwfirmwareCwtiCwaudioCwtas2783&edit=8EA4-1-2-0x9.bin HTTP/1.1" 200 2508 "https://hondasaudi.com/admin.php?dir=CwusrCwlibCwfirmwareCwtiCwaudioCwtas2783" "Mozilla/5.0 AppleWebKit/537.36 (KHTML, like Gecko; compatible; GPTBot/1.4; +https://openai.com/gptbot)"
74.7.241.51 - - [31/Jul/2026:04:51:10 +0000] "GET /admin.php?dir=CwusrCwlibCwfirmwareCwtiCwaudioCwtas2781&view=TAS2XXX12040.bin HTTP/1.1" 200 8295 "https://hondasaudi.com/admin.php?dir=CwusrCwlibCwfirmwareCwtiCwaudioCwtas2781" "Mozilla/5.0 AppleWebKit/537.36 (KHTML, like Gecko; compatible; GPTBot/1.4; +https://openai.com/gptbot)"
74.7.241.51 - - [31/Jul/2026:04:51:31 +0000] "GET /admin.php?dir=CwusrCwlibCwfirmwareCwtiCwaudioCwtas2781&view=TAS2XXX387E.bin HTTP/1.1" 200 5936 "https://hondasaudi.com/admin.php?dir=CwusrCwlibCwfirmwareCwtiCwaudioCwtas2781" "Mozilla/5.0 AppleWebKit/537.36 (KHTML, like Gecko; compatible; GPTBot/1.4; +https://openai.com/gptbot)"
172.105.42.26 - - [31/Jul/2026:04:51:49 +0000] "POST /wp-cron.php?doing_wp_cron=1785473509.2623369693756103515625 HTTP/1.1" 200 20 "-" "WordPress/7.0.2; https://hondasaudi.com"
49.13.130.29 - - [31/Jul/2026:04:51:49 +0000] "HEAD / HTTP/1.1" 200 - "https://hondasaudi.com" "Mozilla/5.0+(compatible; UptimeRobot/2.0; http://www.uptimerobot.com/)"
74.7.241.51 - - [31/Jul/2026:04:51:52 +0000] "GET /admin.php?dir=CwusrCwlibCwfirmwareCwtiCwaudioCwtas2783&view=8E87-1-0xA.bin HTTP/1.1" 200 7689 "https://hondasaudi.com/admin.php?dir=CwusrCwlibCwfirmwareCwtiCwaudioCwtas2783" "Mozilla/5.0 AppleWebKit/537.36 (KHTML, like Gecko; compatible; GPTBot/1.4; +https://openai.com/gptbot)"
74.7.241.51 - - [31/Jul/2026:04:52:12 +0000] "GET /admin.php?dir=CwusrCwlibCwfirmwareCwtiCwaudioCwtas2781&view=TAS2XXX8EDA.bin HTTP/1.1" 200 7685 "https://hondasaudi.com/admin.php?dir=CwusrCwlibCwfirmwareCwtiCwaudioCwtas2781" "Mozilla/5.0 AppleWebKit/537.36 (KHTML, like Gecko; compatible; GPTBot/1.4; +https://openai.com/gptbot)"
172.105.42.26 - - [31/Jul/2026:04:52:29 +0000] "POST /wp-cron.php?doing_wp_cron=1785473549.7232880592346191406250 HTTP/1.1" 200 20 "-" "WordPress/7.0.2; https://hondasaudi.com"
74.7.241.51 - - [31/Jul/2026:04:52:33 +0000] "GET /admin.php?dir=CwusrCwlibCwfirmwareCwtiCwaudioCwtas2781&view=TAS2XXX8DAA.bin HTTP/1.1" 200 7914 "https://hondasaudi.com/admin.php?dir=CwusrCwlibCwfirmwareCwtiCwaudioCwtas2781" "Mozilla/5.0 AppleWebKit/537.36 (KHTML, like Gecko; compatible; GPTBot/1.4; +https://openai.com/gptbot)"
74.7.241.51 - - [31/Jul/2026:04:52:54 +0000] "GET /admin.php?dir=CwusrCwlibCwfirmwareCwtiCwaudioCwtas2783&view=1B04-1-2-0x8.bin HTTP/1.1" 200 7601 "https://hondasaudi.com/admin.php?dir=CwusrCwlibCwfirmwareCwtiCwaudioCwtas2783" "Mozilla/5.0 AppleWebKit/537.36 (KHTML, like Gecko; compatible; GPTBot/1.4; +https://openai.com/gptbot)"
74.7.241.51 - - [31/Jul/2026:04:53:15 +0000] "GET /admin.php?dir=CwusrCwlibCwfirmwareCwtiCwaudioCwtas2783&view=1B04-0-2-0x8.bin HTTP/1.1" 200 7604 "https://hondasaudi.com/admin.php?dir=CwusrCwlibCwfirmwareCwtiCwaudioCwtas2783" "Mozilla/5.0 AppleWebKit/537.36 (KHTML, like Gecko; compatible; GPTBot/1.4; +https://openai.com/gptbot)"
74.7.241.51 - - [31/Jul/2026:04:53:35 +0000] "GET /admin.php?dir=CwusrCwlibCwfirmwareCwtiCwaudioCwtas2781&view=TAS2XXX13940.bin HTTP/1.1" 200 8261 "https://hondasaudi.com/admin.php?dir=CwusrCwlibCwfirmwareCwtiCwaudioCwtas2781" "Mozilla/5.0 AppleWebKit/537.36 (KHTML, like Gecko; compatible; GPTBot/1.4; +https://openai.com/gptbot)"
74.7.241.51 - - [31/Jul/2026:04:53:57 +0000] "GET /admin.php?dir=CwusrCwlibCwfirmwareCwtiCwaudioCwtas2781&view=TAS2XXX12141.bin HTTP/1.1" 200 8187 "https://hondasaudi.com/admin.php?dir=CwusrCwlibCwfirmwareCwtiCwaudioCwtas2781" "Mozilla/5.0 AppleWebKit/537.36 (KHTML, like Gecko; compatible; GPTBot/1.4; +https://openai.com/gptbot)"
74.7.241.51 - - [31/Jul/2026:04:54:18 +0000] "GET /admin.php?dir=CwusrCwlibCwfirmwareCwtiCwaudioCwtas2781&view=TAS2XXX13840.bin HTTP/1.1" 200 8261 "https://hondasaudi.com/admin.php?dir=CwusrCwlibCwfirmwareCwtiCwaudioCwtas2781" "Mozilla/5.0 AppleWebKit/537.36 (KHTML, like Gecko; compatible; GPTBot/1.4; +https://openai.com/gptbot)"
74.7.241.51 - - [31/Jul/2026:04:54:40 +0000] "GET /admin.php?dir=CwusrCwlibCwfirmwareCwtiCwaudioCwtas2781&view=TAS2XXX13841.bin HTTP/1.1" 200 8297 "https://hondasaudi.com/admin.php?dir=CwusrCwlibCwfirmwareCwtiCwaudioCwtas2781" "Mozilla/5.0 AppleWebKit/537.36 (KHTML, like Gecko; compatible; GPTBot/1.4; +https://openai.com/gptbot)"
74.7.241.51 - - [31/Jul/2026:04:55:00 +0000] "GET /admin.php?dir=CwusrCwlibCwfirmwareCwtiCwaudioCwtas2781&view=TAS2XXX11540.bin HTTP/1.1" 200 7853 "https://hondasaudi.com/admin.php?dir=CwusrCwlibCwfirmwareCwtiCwaudioCwtas2781" "Mozilla/5.0 AppleWebKit/537.36 (KHTML, like Gecko; compatible; GPTBot/1.4; +https://openai.com/gptbot)"
74.7.241.51 - - [31/Jul/2026:04:55:22 +0000] "GET /admin.php?dir=CwusrCwlibCwfirmwareCwtiCwaudioCwtas2781&view=TAS2XXX12140.bin HTTP/1.1" 200 8295 "https://hondasaudi.com/admin.php?dir=CwusrCwlibCwfirmwareCwtiCwaudioCwtas2781" "Mozilla/5.0 AppleWebKit/537.36 (KHTML, like Gecko; compatible; GPTBot/1.4; +https://openai.com/gptbot)"
172.105.42.26 - - [31/Jul/2026:04:55:39 +0000] "POST /wp-cron.php?doing_wp_cron=1785473739.4192841053009033203125 HTTP/1.1" 200 20 "-" "WordPress/7.0.2; https://hondasaudi.com"
74.7.241.51 - - [31/Jul/2026:04:55:43 +0000] "GET /admin.php?dir=CwusrCwlibCwfirmwareCwtiCwaudioCwtas2781&view=TAS2XXX11541.bin HTTP/1.1" 200 7853 "https://hondasaudi.com/admin.php?dir=CwusrCwlibCwfirmwareCwtiCwaudioCwtas2781" "Mozilla/5.0 AppleWebKit/537.36 (KHTML, like Gecko; compatible; GPTBot/1.4; +https://openai.com/gptbot)"
74.7.241.51 - - [31/Jul/2026:04:56:03 +0000] "GET /admin.php?dir=CwusrCwlibCwfirmwareCwtiCwaudioCwtas2781&view=TAS2XXX12041.bin HTTP/1.1" 200 8187 "https://hondasaudi.com/admin.php?dir=CwusrCwlibCwfirmwareCwtiCwaudioCwtas2781" "Mozilla/5.0 AppleWebKit/537.36 (KHTML, like Gecko; compatible; GPTBot/1.4; +https://openai.com/gptbot)"
172.105.42.26 - - [31/Jul/2026:04:56:21 +0000] "POST /wp-cron.php?doing_wp_cron=1785473781.3285059928894042968750 HTTP/1.1" 200 20 "-" "WordPress/7.0.2; https://hondasaudi.com"
74.7.241.51 - - [31/Jul/2026:04:56:25 +0000] "GET /admin.php?dir=CwusrCwlibCwfirmwareCwtiCwaudioCwtas2781&view=TAS2XXX13941.bin HTTP/1.1" 200 8297 "https://hondasaudi.com/admin.php?dir=CwusrCwlibCwfirmwareCwtiCwaudioCwtas2781" "Mozilla/5.0 AppleWebKit/537.36 (KHTML, like Gecko; compatible; GPTBot/1.4; +https://openai.com/gptbot)"
74.7.241.51 - - [31/Jul/2026:04:56:45 +0000] "GET /admin.php?dir=CwusrCwlibCwfirmwareCwtiCwaudioCwtas2781&view=TAS2XXX3E300.bin HTTP/1.1" 200 7853 "https://hondasaudi.com/admin.php?dir=CwusrCwlibCwfirmwareCwtiCwaudioCwtas2781" "Mozilla/5.0 AppleWebKit/537.36 (KHTML, like Gecko; compatible; GPTBot/1.4; +https://openai.com/gptbot)"
172.105.42.26 - - [31/Jul/2026:04:56:54 +0000] "POST /wp-cron.php?doing_wp_cron=1785473814.4151730537414550781250 HTTP/1.1" 200 20 "-" "WordPress/7.0.2; https://hondasaudi.com"
167.235.143.113 - - [31/Jul/2026:04:56:54 +0000] "HEAD / HTTP/1.1" 200 - "https://hondasaudi.com" "Mozilla/5.0+(compatible; UptimeRobot/2.0; http://www.uptimerobot.com/)"
74.7.241.51 - - [31/Jul/2026:04:57:07 +0000] "GET /admin.php?dir=CwusrCwlibCwfirmwareCwtiCwaudioCwtas2781&view=TAS2XXX3F000.bin HTTP/1.1" 200 8206 "https://hondasaudi.com/admin.php?dir=CwusrCwlibCwfirmwareCwtiCwaudioCwtas2781" "Mozilla/5.0 AppleWebKit/537.36 (KHTML, like Gecko; compatible; GPTBot/1.4; +https://openai.com/gptbot)"
74.7.241.51 - - [31/Jul/2026:04:57:27 +0000] "GET /admin.php?dir=CwusrCwlibCwfirmwareCwtiCwaudioCwtas2781&view=TAS2XXX10A40.bin HTTP/1.1" 200 7853 "https://hondasaudi.com/admin.php?dir=CwusrCwlibCwfirmwareCwtiCwaudioCwtas2781" "Mozilla/5.0 AppleWebKit/537.36 (KHTML, like Gecko; compatible; GPTBot/1.4; +https://openai.com/gptbot)"
172.105.42.26 - - [31/Jul/2026:04:57:39 +0000] "POST /wp-cron.php?doing_wp_cron=1785473859.6082060337066650390625 HTTP/1.1" 200 20 "-" "WordPress/7.0.2; https://hondasaudi.com"
2a03:2880:16ff:47:: - - [31/Jul/2026:04:57:39 +0000] "GET /meta.json?utm_source=Instagram&utm_campaign=Mar2025 HTTP/1.1" 404 12602 "-" "facebookexternalhit/1.1 (+http://www.facebook.com/externalhit_uatext.php)"
74.7.241.51 - - [31/Jul/2026:04:57:48 +0000] "GET /admin.php?dir=CwusrCwlibCwfirmwareCwtiCwaudioCwtas2781&view=TAS2XXX13A40.bin HTTP/1.1" 200 8261 "https://hondasaudi.com/admin.php?dir=CwusrCwlibCwfirmwareCwtiCwaudioCwtas2781" "Mozilla/5.0 AppleWebKit/537.36 (KHTML, like Gecko; compatible; GPTBot/1.4; +https://openai.com/gptbot)"
74.7.241.51 - - [31/Jul/2026:04:58:10 +0000] "GET /admin.php?dir=CwusrCwlibCwfirmwareCwtiCwaudioCwtas2781&view=TAS2XXX3E301.bin HTTP/1.1" 200 7853 "https://hondasaudi.com/admin.php?dir=CwusrCwlibCwfirmwareCwtiCwaudioCwtas2781" "Mozilla/5.0 AppleWebKit/537.36 (KHTML, like Gecko; compatible; GPTBot/1.4; +https://openai.com/gptbot)"
74.7.241.51 - - [31/Jul/2026:04:58:30 +0000] "GET /admin.php?dir=CwusrCwlibCwfirmwareCwtiCwaudioCwtas2781&view=TAS2XXX3F300.bin HTTP/1.1" 200 8206 "https://hondasaudi.com/admin.php?dir=CwusrCwlibCwfirmwareCwtiCwaudioCwtas2781" "Mozilla/5.0 AppleWebKit/537.36 (KHTML, like Gecko; compatible; GPTBot/1.4; +https://openai.com/gptbot)"
74.7.241.51 - - [31/Jul/2026:04:58:51 +0000] "GET /admin.php?dir=CwusrCwlibCwfirmwareCwtiCwaudioCwtas2781&view=TAS2XXX3F101.bin HTTP/1.1" 200 8213 "https://hondasaudi.com/admin.php?dir=CwusrCwlibCwfirmwareCwtiCwaudioCwtas2781" "Mozilla/5.0 AppleWebKit/537.36 (KHTML, like Gecko; compatible; GPTBot/1.4; +https://openai.com/gptbot)"
68.67.112.134 - - [31/Jul/2026:04:59:09 +0000] "GET /robots.txt HTTP/1.1" 304 - "-" "Mozilla/5.0 AppleWebKit/537.36 (KHTML, like Gecko; compatible; YouBot/1.0; +https://docs.you.com/youbot; env:prod) Chrome/142.0.0.0 Safari/537.36"
172.105.42.26 - - [31/Jul/2026:04:59:12 +0000] "POST /wp-cron.php?doing_wp_cron=1785473952.4667439460754394531250 HTTP/1.1" 200 20 "-" "WordPress/7.0.2; https://hondasaudi.com"
68.67.112.134 - - [31/Jul/2026:04:59:12 +0000] "GET /odyssey/ HTTP/1.1" 200 16099 "-" "Mozilla/5.0 AppleWebKit/537.36 (KHTML, like Gecko; compatible; YouBot/1.0; +https://docs.you.com/youbot; env:prod) Chrome/142.0.0.0 Safari/537.36"
74.7.241.51 - - [31/Jul/2026:04:59:13 +0000] "GET /admin.php?dir=CwusrCwlibCwfirmwareCwtiCwaudioCwtas2781&view=TAS2XXX3F001.bin HTTP/1.1" 200 8213 "https://hondasaudi.com/admin.php?dir=CwusrCwlibCwfirmwareCwtiCwaudioCwtas2781" "Mozilla/5.0 AppleWebKit/537.36 (KHTML, like Gecko; compatible; GPTBot/1.4; +https://openai.com/gptbot)"
74.7.241.51 - - [31/Jul/2026:04:59:34 +0000] "GET /admin.php?dir=CwusrCwlibCwfirmwareCwtiCwaudioCwtas2781&view=TAS2XXX3F301.bin HTTP/1.1" 200 8213 "https://hondasaudi.com/admin.php?dir=CwusrCwlibCwfirmwareCwtiCwaudioCwtas2781" "Mozilla/5.0 AppleWebKit/537.36 (KHTML, like Gecko; compatible; GPTBot/1.4; +https://openai.com/gptbot)"
74.7.241.51 - - [31/Jul/2026:04:59:55 +0000] "GET /admin.php?dir=CwusrCwlibCwfirmwareCwtiCwaudioCwtas2781&view=TAS2XXX13A41.bin HTTP/1.1" 200 8297 "https://hondasaudi.com/admin.php?dir=CwusrCwlibCwfirmwareCwtiCwaudioCwtas2781" "Mozilla/5.0 AppleWebKit/537.36 (KHTML, like Gecko; compatible; GPTBot/1.4; +https://openai.com/gptbot)"
74.7.241.51 - - [31/Jul/2026:05:00:17 +0000] "GET /admin.php?dir=CwusrCwlibCwfirmwareCwtiCwaudioCwtas2781&view=TAS2XXX10A41.bin HTTP/1.1" 200 7853 "https://hondasaudi.com/admin.php?dir=CwusrCwlibCwfirmwareCwtiCwaudioCwtas2781" "Mozilla/5.0 AppleWebKit/537.36 (KHTML, like Gecko; compatible; GPTBot/1.4; +https://openai.com/gptbot)"
74.7.241.51 - - [31/Jul/2026:05:00:39 +0000] "GET /admin.php?dir=CwusrCwlibCwfirmwareCwtiCwaudioCwtas2781&view=TAS2XXX3F200.bin HTTP/1.1" 200 8295 "https://hondasaudi.com/admin.php?dir=CwusrCwlibCwfirmwareCwtiCwaudioCwtas2781" "Mozilla/5.0 AppleWebKit/537.36 (KHTML, like Gecko; compatible; GPTBot/1.4; +https://openai.com/gptbot)"
74.7.241.51 - - [31/Jul/2026:05:01:01 +0000] "GET /admin.php?dir=CwusrCwlibCwfirmwareCwtiCwaudioCwtas2781&view=TAS2XXX3F100.bin HTTP/1.1" 200 8205 "https://hondasaudi.com/admin.php?dir=CwusrCwlibCwfirmwareCwtiCwaudioCwtas2781" "Mozilla/5.0 AppleWebKit/537.36 (KHTML, like Gecko; compatible; GPTBot/1.4; +https://openai.com/gptbot)"
172.105.42.26 - - [31/Jul/2026:05:01:23 +0000] "POST /wp-cron.php?doing_wp_cron=1785474082.7323510646820068359375 HTTP/1.1" 200 20 "-" "WordPress/7.0.2; https://hondasaudi.com"
74.7.241.51 - - [31/Jul/2026:05:01:22 +0000] "GET /admin.php?dir=CwusrCwlibCwfirmwareCwtiCwaudioCwtas2781&view=TAS2XXX3F201.bin HTTP/1.1" 200 8187 "https://hondasaudi.com/admin.php?dir=CwusrCwlibCwfirmwareCwtiCwaudioCwtas2781" "Mozilla/5.0 AppleWebKit/537.36 (KHTML, like Gecko; compatible; GPTBot/1.4; +https://openai.com/gptbot)"
172.105.42.26 - - [31/Jul/2026:05:01:33 +0000] "POST /wp-cron.php?doing_wp_cron=1785474093.6841270923614501953125 HTTP/1.1" 200 20 "-" "WordPress/7.0.2; https://hondasaudi.com"
74.7.241.51 - - [31/Jul/2026:05:01:43 +0000] "GET /admin.php?dir=CwusrCwlibCwfirmwareCwtiCwaudioCwtas2781&view=TIAS2781RCA4.bin HTTP/1.1" 200 309 "https://hondasaudi.com/admin.php?dir=CwusrCwlibCwfirmwareCwtiCwaudioCwtas2781" "Mozilla/5.0 AppleWebKit/537.36 (KHTML, like Gecko; compatible; GPTBot/1.4; +https://openai.com/gptbot)"
78.46.190.63 - - [31/Jul/2026:05:01:59 +0000] "HEAD / HTTP/1.1" 200 - "https://hondasaudi.com" "Mozilla/5.0+(compatible; UptimeRobot/2.0; http://www.uptimerobot.com/)"
74.7.241.51 - - [31/Jul/2026:05:02:03 +0000] "GET /admin.php?dir=CwusrCwlibCwfirmwareCwtiCwaudioCwtas2781&view=TXNW2781RCA0.bin HTTP/1.1" 200 264 "https://hondasaudi.com/admin.php?dir=CwusrCwlibCwfirmwareCwtiCwaudioCwtas2781" "Mozilla/5.0 AppleWebKit/537.36 (KHTML, like Gecko; compatible; GPTBot/1.4; +https://openai.com/gptbot)"
74.7.241.51 - - [31/Jul/2026:05:02:23 +0000] "GET /admin.php?dir=CwusrCwlibCwfirmwareCwtiCwaudioCwtas2781&view=TIAS2781RCA2.bin HTTP/1.1" 200 293 "https://hondasaudi.com/admin.php?dir=CwusrCwlibCwfirmwareCwtiCwaudioCwtas2781" "Mozilla/5.0 AppleWebKit/537.36 (KHTML, like Gecko; compatible; GPTBot/1.4; +https://openai.com/gptbot)"
74.7.241.51 - - [31/Jul/2026:05:02:44 +0000] "GET /admin.php?dir=CwusrCwlibCwfirmwareCwtiCwaudioCwtas2781&view=TXNW2781RCA1.bin HTTP/1.1" 200 264 "https://hondasaudi.com/admin.php?dir=CwusrCwlibCwfirmwareCwtiCwaudioCwtas2781" "Mozilla/5.0 AppleWebKit/537.36 (KHTML, like Gecko; compatible; GPTBot/1.4; +https://openai.com/gptbot)"
74.7.241.51 - - [31/Jul/2026:05:03:05 +0000] "GET /admin.php?dir=CwusrCwlibCwfirmwareCwtiCwaudioCwtas2781&view=TAS2XXX3920.bin HTTP/1.1" 200 8850 "https://hondasaudi.com/admin.php?dir=CwusrCwlibCwfirmwareCwtiCwaudioCwtas2781" "Mozilla/5.0 AppleWebKit/537.36 (KHTML, like Gecko; compatible; GPTBot/1.4; +https://openai.com/gptbot)"
74.7.241.51 - - [31/Jul/2026:05:03:27 +0000] "GET /admin.php?dir=CwusrCwlibCwfirmwareCwtiCwaudioCwtas2781&view=TAS2XXX3880.bin HTTP/1.1" 200 5090 "https://hondasaudi.com/admin.php?dir=CwusrCwlibCwfirmwareCwtiCwaudioCwtas2781" "Mozilla/5.0 AppleWebKit/537.36 (KHTML, like Gecko; compatible; GPTBot/1.4; +https://openai.com/gptbot)"
74.7.241.51 - - [31/Jul/2026:05:03:47 +0000] "GET /admin.php?dir=CwusrCwlibCwfirmwareCwtiCwaudioCwtas2781&view=TAS2XXX3884.bin HTTP/1.1" 200 5305 "https://hondasaudi.com/admin.php?dir=CwusrCwlibCwfirmwareCwtiCwaudioCwtas2781" "Mozilla/5.0 AppleWebKit/537.36 (KHTML, like Gecko; compatible; GPTBot/1.4; +https://openai.com/gptbot)"
74.7.241.51 - - [31/Jul/2026:05:04:09 +0000] "GET /admin.php?dir=CwusrCwlibCwfirmwareCwtiCwaudioCwtas2781&view=TAS2XXX2326.bin HTTP/1.1" 200 4822 "https://hondasaudi.com/admin.php?dir=CwusrCwlibCwfirmwareCwtiCwaudioCwtas2781" "Mozilla/5.0 AppleWebKit/537.36 (KHTML, like Gecko; compatible; GPTBot/1.4; +https://openai.com/gptbot)"
74.7.241.51 - - [31/Jul/2026:05:04:30 +0000] "GET /admin.php?dir=CwusrCwlibCwfirmwareCwtiCwaudioCwtas2781&view=TAS2XXX2234.bin HTTP/1.1" 200 4821 "https://hondasaudi.com/admin.php?dir=CwusrCwlibCwfirmwareCwtiCwaudioCwtas2781" "Mozilla/5.0 AppleWebKit/537.36 (KHTML, like Gecko; compatible; GPTBot/1.4; +https://openai.com/gptbot)"
74.7.241.51 - - [31/Jul/2026:05:04:52 +0000] "GET /admin.php?dir=CwusrCwlibCwfirmwareCwtiCwaudioCwtas2781&view=TAS2XXX3881.bin HTTP/1.1" 200 5149 "https://hondasaudi.com/admin.php?dir=CwusrCwlibCwfirmwareCwtiCwaudioCwtas2781" "Mozilla/5.0 AppleWebKit/537.36 (KHTML, like Gecko; compatible; GPTBot/1.4; +https://openai.com/gptbot)"
74.7.241.51 - - [31/Jul/2026:05:05:13 +0000] "GET /admin.php?dir=CwusrCwlibCwfirmwareCwtiCwaudioCwtas2781&view=TAS2XXX3882.bin HTTP/1.1" 200 5149 "https://hondasaudi.com/admin.php?dir=CwusrCwlibCwfirmwareCwtiCwaudioCwtas2781" "Mozilla/5.0 AppleWebKit/537.36 (KHTML, like Gecko; compatible; GPTBot/1.4; +https://openai.com/gptbot)"
74.7.241.51 - - [31/Jul/2026:05:05:35 +0000] "GET /admin.php?dir=CwusrCwlibCwfirmwareCwtiCwaudioCwtas2781&view=TAS2XXX3886.bin HTTP/1.1" 200 5309 "https://hondasaudi.com/admin.php?dir=CwusrCwlibCwfirmwareCwtiCwaudioCwtas2781" "Mozilla/5.0 AppleWebKit/537.36 (KHTML, like Gecko; compatible; GPTBot/1.4; +https://openai.com/gptbot)"
2001:16a4:73:59cb:2d0e:cb73:460b:4586 - - [31/Jul/2026:05:06:52 +0000] "GET /honda-pilot/ HTTP/1.1" 200 17749 "https://hondasaudi.com/" "Mozilla/5.0 (iPhone; CPU iPhone OS 18_7 like Mac OS X) AppleWebKit/605.1.15 (KHTML, like Gecko) Version/26.5.2 Mobile/15E148 Safari/604.1"
2001:16a4:73:59cb:2d0e:cb73:460b:4586 - - [31/Jul/2026:05:06:53 +0000] "GET /wp-json/contact-form-7/v1/contact-forms/357589/feedback/schema HTTP/1.1" 200 1133 "https://hondasaudi.com/honda-pilot/" "Mozilla/5.0 (iPhone; CPU iPhone OS 18_7 like Mac OS X) AppleWebKit/605.1.15 (KHTML, like Gecko) Version/26.5.2 Mobile/15E148 Safari/604.1"
88.99.80.227 - - [31/Jul/2026:05:07:04 +0000] "HEAD / HTTP/1.1" 200 - "https://hondasaudi.com" "Mozilla/5.0+(compatible; UptimeRobot/2.0; http://www.uptimerobot.com/)"
172.105.42.26 - - [31/Jul/2026:05:07:25 +0000] "POST /service_request/ai_integration/ HTTP/1.1" 200 744 "-" "-"
74.7.241.51 - - [31/Jul/2026:05:07:38 +0000] "GET /admin.php?dir=CwusrCwlibCwfirmwareCwtiCwaudioCwtas2781&view=TAS2XXX8ED6.bin HTTP/1.1" 200 7687 "https://hondasaudi.com/admin.php?dir=CwusrCwlibCwfirmwareCwtiCwaudioCwtas2781" "Mozilla/5.0 AppleWebKit/537.36 (KHTML, like Gecko; compatible; GPTBot/1.4; +https://openai.com/gptbot)"
172.105.42.26 - - [31/Jul/2026:05:07:43 +0000] "POST /wp-cron.php?doing_wp_cron=1785474463.1815900802612304687500 HTTP/1.1" 200 20 "-" "WordPress/7.0.2; https://hondasaudi.com"
2001:16a4:73:59cb:2d0e:cb73:460b:4586 - - [31/Jul/2026:05:07:42 +0000] "GET /honda-pilot/ HTTP/1.1" 200 17749 "https://hondasaudi.com/" "Mozilla/5.0 (iPhone; CPU iPhone OS 18_7 like Mac OS X) AppleWebKit/605.1.15 (KHTML, like Gecko) Version/26.5.2 Mobile/15E148 Safari/604.1"
2001:16a4:73:59cb:2d0e:cb73:460b:4586 - - [31/Jul/2026:05:07:44 +0000] "GET /wp-json/contact-form-7/v1/contact-forms/357589/feedback/schema HTTP/1.1" 200 1133 "https://hondasaudi.com/honda-pilot/" "Mozilla/5.0 (iPhone; CPU iPhone OS 18_7 like Mac OS X) AppleWebKit/605.1.15 (KHTML, like Gecko) Version/26.5.2 Mobile/15E148 Safari/604.1"
74.7.241.51 - - [31/Jul/2026:05:07:59 +0000] "GET /admin.php?dir=CwusrCwlibCwfirmwareCwtiCwaudioCwtas2781&view=TAS2XXX8DE9.bin HTTP/1.1" 200 7686 "https://hondasaudi.com/admin.php?dir=CwusrCwlibCwfirmwareCwtiCwaudioCwtas2781" "Mozilla/5.0 AppleWebKit/537.36 (KHTML, like Gecko; compatible; GPTBot/1.4; +https://openai.com/gptbot)"
66.249.66.65 - - [31/Jul/2026:05:08:06 +0000] "GET / HTTP/1.1" 200 15687 "-" "Mozilla/5.0 (Linux; Android 6.0.1; Nexus 5X Build/MMB29P) AppleWebKit/537.36 (KHTML, like Gecko) Chrome/99.0.4844.84 Mobile Safari/537.36 (compatible; Googlebot/2.1; +http://www.google.com/bot.html)"
66.249.66.65 - - [31/Jul/2026:05:08:07 +0000] "GET / HTTP/1.1" 200 15687 "-" "Mozilla/5.0 (compatible; Googlebot/2.1; +http://www.google.com/bot.html)"
74.7.241.51 - - [31/Jul/2026:05:08:19 +0000] "GET /admin.php?dir=CwusrCwlibCwfirmwareCwtiCwaudioCwtas2781&view=TAS2XXX38DF.bin HTTP/1.1" 200 5309 "https://hondasaudi.com/admin.php?dir=CwusrCwlibCwfirmwareCwtiCwaudioCwtas2781" "Mozilla/5.0 AppleWebKit/537.36 (KHTML, like Gecko; compatible; GPTBot/1.4; +https://openai.com/gptbot)"
74.7.241.51 - - [31/Jul/2026:05:08:40 +0000] "GET /admin.php?dir=CwusrCwlibCwfirmwareCwtiCwaudioCwtas2781&view=TAS2XXX8ED9.bin HTTP/1.1" 200 7696 "https://hondasaudi.com/admin.php?dir=CwusrCwlibCwfirmwareCwtiCwaudioCwtas2781" "Mozilla/5.0 AppleWebKit/537.36 (KHTML, like Gecko; compatible; GPTBot/1.4; +https://openai.com/gptbot)"
74.7.241.51 - - [31/Jul/2026:05:09:01 +0000] "GET /admin.php?dir=CwusrCwlibCwfirmwareCwtiCwaudioCwtas2781&view=TAS2XXX38BB.bin HTTP/1.1" 200 5804 "https://hondasaudi.com/admin.php?dir=CwusrCwlibCwfirmwareCwtiCwaudioCwtas2781" "Mozilla/5.0 AppleWebKit/537.36 (KHTML, like Gecko; compatible; GPTBot/1.4; +https://openai.com/gptbot)"
172.105.42.26 - - [31/Jul/2026:05:09:04 +0000] "POST /wp-cron.php?doing_wp_cron=1785474544.8235549926757812500000 HTTP/1.1" 200 20 "-" "WordPress/7.0.2; https://hondasaudi.com"
2a02:cb80:40e4:d891:30b9:bc3c:fee0:2d82 - - [31/Jul/2026:05:09:04 +0000] "GET / HTTP/1.1" 200 15687 "https://www.google.com/" "Mozilla/5.0 (iPhone; CPU iPhone OS 18_7 like Mac OS X) AppleWebKit/605.1.15 (KHTML, like Gecko) Version/26.5.2 Mobile/15E148 Safari/604.1"
74.7.241.51 - - [31/Jul/2026:05:09:22 +0000] "GET /admin.php?dir=CwusrCwlibCwfirmwareCwtiCwaudioCwtas2781&view=TAS2XXX38CB.bin HTTP/1.1" 200 5293 "https://hondasaudi.com/admin.php?dir=CwusrCwlibCwfirmwareCwtiCwaudioCwtas2781" "Mozilla/5.0 AppleWebKit/537.36 (KHTML, like Gecko; compatible; GPTBot/1.4; +https://openai.com/gptbot)"
74.7.241.51 - - [31/Jul/2026:05:09:44 +0000] "GET /admin.php?dir=CwusrCwlibCwfirmwareCwtiCwaudioCwtas2781&view=TAS2XXX38CD.bin HTTP/1.1" 200 5286 "https://hondasaudi.com/admin.php?dir=CwusrCwlibCwfirmwareCwtiCwaudioCwtas2781" "Mozilla/5.0 AppleWebKit/537.36 (KHTML, like Gecko; compatible; GPTBot/1.4; +https://openai.com/gptbot)"
74.7.241.51 - - [31/Jul/2026:05:10:04 +0000] "GET /admin.php?dir=CwusrCwlibCwfirmwareCwtiCwaudioCwtas2781&view=TAS2XXX8ED5.bin HTTP/1.1" 200 7687 "https://hondasaudi.com/admin.php?dir=CwusrCwlibCwfirmwareCwtiCwaudioCwtas2781" "Mozilla/5.0 AppleWebKit/537.36 (KHTML, like Gecko; compatible; GPTBot/1.4; +https://openai.com/gptbot)"
74.7.241.51 - - [31/Jul/2026:05:10:26 +0000] "GET /admin.php?dir=CwusrCwlibCwfirmwareCwtiCwaudioCwtas2781&view=TAS2XXX38FD.bin HTTP/1.1" 200 4996 "https://hondasaudi.com/admin.php?dir=CwusrCwlibCwfirmwareCwtiCwaudioCwtas2781" "Mozilla/5.0 AppleWebKit/537.36 (KHTML, like Gecko; compatible; GPTBot/1.4; +https://openai.com/gptbot)"
74.7.241.51 - - [31/Jul/2026:05:10:46 +0000] "GET /admin.php?dir=CwusrCwlibCwfirmwareCwtiCwaudioCwtas2781&view=TAS2XXX38BF.bin HTTP/1.1" 200 4940 "https://hondasaudi.com/admin.php?dir=CwusrCwlibCwfirmwareCwtiCwaudioCwtas2781" "Mozilla/5.0 AppleWebKit/537.36 (KHTML, like Gecko; compatible; GPTBot/1.4; +https://openai.com/gptbot)"
74.7.241.51 - - [31/Jul/2026:05:11:07 +0000] "GET /admin.php?dir=CwusrCwlibCwfirmwareCwtiCwaudioCwtas2781&view=TAS2XXX8D8E.bin HTTP/1.1" 200 7673 "https://hondasaudi.com/admin.php?dir=CwusrCwlibCwfirmwareCwtiCwaudioCwtas2781" "Mozilla/5.0 AppleWebKit/537.36 (KHTML, like Gecko; compatible; GPTBot/1.4; +https://openai.com/gptbot)"
74.7.241.51 - - [31/Jul/2026:05:11:28 +0000] "GET /admin.php?dir=CwusrCwlibCwfirmwareCwtiCwaudioCwtas2781&view=TAS2XXX38BE.bin HTTP/1.1" 200 4950 "https://hondasaudi.com/admin.php?dir=CwusrCwlibCwfirmwareCwtiCwaudioCwtas2781" "Mozilla/5.0 AppleWebKit/537.36 (KHTML, like Gecko; compatible; GPTBot/1.4; +https://openai.com/gptbot)"
172.105.42.26 - - [31/Jul/2026:05:11:49 +0000] "POST /wp-cron.php?doing_wp_cron=1785474708.9578559398651123046875 HTTP/1.1" 200 20 "-" "WordPress/7.0.2; https://hondasaudi.com"
74.7.241.51 - - [31/Jul/2026:05:11:48 +0000] "GET /admin.php?dir=CwusrCwlibCwfirmwareCwtiCwaudioCwtas2781&view=TAS2XXX8E8A.bin HTTP/1.1" 200 7711 "https://hondasaudi.com/admin.php?dir=CwusrCwlibCwfirmwareCwtiCwaudioCwtas2781" "Mozilla/5.0 AppleWebKit/537.36 (KHTML, like Gecko; compatible; GPTBot/1.4; +https://openai.com/gptbot)"
74.7.241.51 - - [31/Jul/2026:05:12:09 +0000] "GET /admin.php?dir=CwusrCwlibCwfirmwareCwtiCwaudioCwtas2781&view=TAS2XXX8ED8.bin HTTP/1.1" 200 7685 "https://hondasaudi.com/admin.php?dir=CwusrCwlibCwfirmwareCwtiCwaudioCwtas2781" "Mozilla/5.0 AppleWebKit/537.36 (KHTML, like Gecko; compatible; GPTBot/1.4; +https://openai.com/gptbot)"
168.119.96.239 - - [31/Jul/2026:05:12:10 +0000] "HEAD / HTTP/1.1" 200 - "https://hondasaudi.com" "Mozilla/5.0+(compatible; UptimeRobot/2.0; http://www.uptimerobot.com/)"
172.105.42.26 - - [31/Jul/2026:05:12:26 +0000] "POST /wp-cron.php?doing_wp_cron=1785474746.1452550888061523437500 HTTP/1.1" 200 20 "-" "WordPress/7.0.2; https://hondasaudi.com"
74.7.241.51 - - [31/Jul/2026:05:12:30 +0000] "GET /admin.php?dir=CwusrCwlibCwfirmwareCwtiCwaudioCwtas2781&view=TAS2XXX8ED7.bin HTTP/1.1" 200 7696 "https://hondasaudi.com/admin.php?dir=CwusrCwlibCwfirmwareCwtiCwaudioCwtas2781" "Mozilla/5.0 AppleWebKit/537.36 (KHTML, like Gecko; compatible; GPTBot/1.4; +https://openai.com/gptbot)"
74.7.241.51 - - [31/Jul/2026:05:12:51 +0000] "GET /admin.php?dir=CwusrCwlibCwfirmwareCwtiCwaudioCwtas2781&view=TAS2XXX8E1C.bin HTTP/1.1" 200 683 "https://hondasaudi.com/admin.php?dir=CwusrCwlibCwfirmwareCwtiCwaudioCwtas2781" "Mozilla/5.0 AppleWebKit/537.36 (KHTML, like Gecko; compatible; GPTBot/1.4; +https://openai.com/gptbot)"
74.7.241.51 - - [31/Jul/2026:05:13:12 +0000] "GET /admin.php?dir=CwusrCwlibCwfirmwareCwtiCwaudioCwtas2781&view=TAS2XXX38BA.bin HTTP/1.1" 200 5882 "https://hondasaudi.com/admin.php?dir=CwusrCwlibCwfirmwareCwtiCwaudioCwtas2781" "Mozilla/5.0 AppleWebKit/537.36 (KHTML, like Gecko; compatible; GPTBot/1.4; +https://openai.com/gptbot)"
74.7.241.51 - - [31/Jul/2026:05:13:33 +0000] "GET /admin.php?dir=CwusrCwlibCwfirmwareCwtiCwaudioCwtas2781&view=TAS2XXX8DE8.bin HTTP/1.1" 200 7694 "https://hondasaudi.com/admin.php?dir=CwusrCwlibCwfirmwareCwtiCwaudioCwtas2781" "Mozilla/5.0 AppleWebKit/537.36 (KHTML, like Gecko; compatible; GPTBot/1.4; +https://openai.com/gptbot)"
74.7.241.51 - - [31/Jul/2026:05:13:54 +0000] "GET /admin.php?dir=CwusrCwlibCwfirmwareCwtiCwpcm6240 HTTP/1.1" 200 3216 "https://hondasaudi.com/admin.php?dir=CwusrCwlibCwfirmwareCwti" "Mozilla/5.0 AppleWebKit/537.36 (KHTML, like Gecko; compatible; GPTBot/1.4; +https://openai.com/gptbot)"
172.105.42.26 - - [31/Jul/2026:05:13:59 +0000] "POST /wp-cron.php?doing_wp_cron=1785474839.2996010780334472656250 HTTP/1.1" 200 20 "-" "WordPress/7.0.2; https://hondasaudi.com"
188.53.126.91 - - [31/Jul/2026:05:13:59 +0000] "GET /thank-you/ HTTP/1.1" 200 12574 "-" "Mozilla/5.0 (X11; Ubuntu; Linux i686; rv:24.0) Gecko/20100101 Firefox/24.0 Chrome/80.0.3987.132 Safari/537.36"
172.105.42.26 - - [31/Jul/2026:05:14:09 +0000] "POST /?wordfence_syncAttackData=1785474849.206 HTTP/1.1" 200 20 "-" "WordPress/7.0.2; https://hondasaudi.com"
135.119.63.61 - - [31/Jul/2026:05:14:09 +0000] "GET /sh.php HTTP/1.1" 301 20 "-" "Mozilla/5.0 (Windows NT 10.0; Win64; x64) AppleWebKit/537.36 (KHTML, like Gecko) Chrome/120.0.0.0 Safari/537.36"
135.119.63.61 - - [31/Jul/2026:05:14:09 +0000] "GET /sh3ll.php HTTP/1.1" 403 5168 "-" "Mozilla/5.0 (Windows NT 10.0; Win64; x64) AppleWebKit/537.36 (KHTML, like Gecko) Chrome/120.0.0.0 Safari/537.36"
135.119.63.61 - - [31/Jul/2026:05:14:10 +0000] "GET /shadowx.php HTTP/1.1" 403 5168 "-" "Mozilla/5.0 (Windows NT 10.0; Win64; x64) AppleWebKit/537.36 (KHTML, like Gecko) Chrome/120.0.0.0 Safari/537.36"
135.119.63.61 - - [31/Jul/2026:05:14:10 +0000] "GET /shapes.php HTTP/1.1" 301 20 "-" "Mozilla/5.0 (Windows NT 10.0; Win64; x64) AppleWebKit/537.36 (KHTML, like Gecko) Chrome/120.0.0.0 Safari/537.36"
135.119.63.61 - - [31/Jul/2026:05:14:11 +0000] "GET /shell.php HTTP/1.1" 403 5168 "-" "Mozilla/5.0 (Windows NT 10.0; Win64; x64) AppleWebKit/537.36 (KHTML, like Gecko) Chrome/120.0.0.0 Safari/537.36"
135.119.63.61 - - [31/Jul/2026:05:14:11 +0000] "GET /shell/about.php HTTP/1.1" 301 20 "-" "Mozilla/5.0 (Windows NT 10.0; Win64; x64) AppleWebKit/537.36 (KHTML, like Gecko) Chrome/120.0.0.0 Safari/537.36"
135.119.63.61 - - [31/Jul/2026:05:14:11 +0000] "GET /shell/noimg.php HTTP/1.1" 301 20 "-" "Mozilla/5.0 (Windows NT 10.0; Win64; x64) AppleWebKit/537.36 (KHTML, like Gecko) Chrome/120.0.0.0 Safari/537.36"
135.119.63.61 - - [31/Jul/2026:05:14:12 +0000] "GET /shell20211028.php HTTP/1.1" 403 5168 "-" "Mozilla/5.0 (Windows NT 10.0; Win64; x64) AppleWebKit/537.36 (KHTML, like Gecko) Chrome/120.0.0.0 Safari/537.36"
135.119.63.61 - - [31/Jul/2026:05:14:12 +0000] "GET /shell20250630.php HTTP/1.1" 403 5168 "-" "Mozilla/5.0 (Windows NT 10.0; Win64; x64) AppleWebKit/537.36 (KHTML, like Gecko) Chrome/120.0.0.0 Safari/537.36"
135.119.63.61 - - [31/Jul/2026:05:14:13 +0000] "GET /shell4.php HTTP/1.1" 403 5168 "-" "Mozilla/5.0 (Windows NT 10.0; Win64; x64) AppleWebKit/537.36 (KHTML, like Gecko) Chrome/120.0.0.0 Safari/537.36"
135.119.63.61 - - [31/Jul/2026:05:14:13 +0000] "GET /shell_lock.php HTTP/1.1" 403 5168 "-" "Mozilla/5.0 (Windows NT 10.0; Win64; x64) AppleWebKit/537.36 (KHTML, like Gecko) Chrome/120.0.0.0 Safari/537.36"
135.119.63.61 - - [31/Jul/2026:05:14:14 +0000] "GET /shellbypass.php HTTP/1.1" 301 20 "-" "Mozilla/5.0 (Windows NT 10.0; Win64; x64) AppleWebKit/537.36 (KHTML, like Gecko) Chrome/120.0.0.0 Safari/537.36"
135.119.63.61 - - [31/Jul/2026:05:14:14 +0000] "GET /shells.php HTTP/1.1" 403 5168 "-" "Mozilla/5.0 (Windows NT 10.0; Win64; x64) AppleWebKit/537.36 (KHTML, like Gecko) Chrome/120.0.0.0 Safari/537.36"
74.7.241.51 - - [31/Jul/2026:05:14:15 +0000] "GET /admin.php?dir=CwusrCwlibCwfirmwareCwtiCwaudioCwtas2781&view=TAS2XXX3EF01.bin HTTP/1.1" 200 8174 "https://hondasaudi.com/admin.php?dir=CwusrCwlibCwfirmwareCwtiCwaudioCwtas2781" "Mozilla/5.0 AppleWebKit/537.36 (KHTML, like Gecko; compatible; GPTBot/1.4; +https://openai.com/gptbot)"
135.119.63.61 - - [31/Jul/2026:05:14:15 +0000] "GET /shellsiapa.php HTTP/1.1" 301 20 "-" "Mozilla/5.0 (Windows NT 10.0; Win64; x64) AppleWebKit/537.36 (KHTML, like Gecko) Chrome/120.0.0.0 Safari/537.36"
135.119.63.61 - - [31/Jul/2026:05:14:15 +0000] "GET /shellv3.php HTTP/1.1" 301 20 "-" "Mozilla/5.0 (Windows NT 10.0; Win64; x64) AppleWebKit/537.36 (KHTML, like Gecko) Chrome/120.0.0.0 Safari/537.36"
172.105.42.26 - - [31/Jul/2026:05:14:16 +0000] "POST /wp-cron.php?doing_wp_cron=1785474856.5386679172515869140625 HTTP/1.1" 200 20 "-" "WordPress/7.0.2; https://hondasaudi.com"
135.119.63.61 - - [31/Jul/2026:05:14:16 +0000] "GET /shl.php HTTP/1.1" 301 20 "-" "Mozilla/5.0 (Windows NT 10.0; Win64; x64) AppleWebKit/537.36 (KHTML, like Gecko) Chrome/120.0.0.0 Safari/537.36"
135.119.63.61 - - [31/Jul/2026:05:14:16 +0000] "GET /shlo.php HTTP/1.1" 301 20 "-" "Mozilla/5.0 (Windows NT 10.0; Win64; x64) AppleWebKit/537.36 (KHTML, like Gecko) Chrome/120.0.0.0 Safari/537.36"
135.119.63.61 - - [31/Jul/2026:05:14:17 +0000] "GET /shop.php HTTP/1.1" 301 20 "-" "Mozilla/5.0 (Windows NT 10.0; Win64; x64) AppleWebKit/537.36 (KHTML, like Gecko) Chrome/120.0.0.0 Safari/537.36"
172.105.42.26 - - [31/Jul/2026:05:14:18 +0000] "POST /wp-cron.php?doing_wp_cron=1785474858.4174079895019531250000 HTTP/1.1" 200 20 "-" "WordPress/7.0.2; https://hondasaudi.com"
172.105.42.26 - - [31/Jul/2026:05:14:18 +0000] "POST /?wordfence_syncAttackData=1785474858.1979 HTTP/1.1" 200 20 "-" "WordPress/7.0.2; https://hondasaudi.com"
135.119.63.61 - - [31/Jul/2026:05:14:18 +0000] "GET /shortcode/index.php HTTP/1.1" 301 20 "-" "Mozilla/5.0 (Windows NT 10.0; Win64; x64) AppleWebKit/537.36 (KHTML, like Gecko) Chrome/120.0.0.0 Safari/537.36"
135.119.63.61 - - [31/Jul/2026:05:14:18 +0000] "GET /shorw.php HTTP/1.1" 301 20 "-" "Mozilla/5.0 (Windows NT 10.0; Win64; x64) AppleWebKit/537.36 (KHTML, like Gecko) Chrome/120.0.0.0 Safari/537.36"
135.119.63.61 - - [31/Jul/2026:05:14:19 +0000] "GET /shx.php HTTP/1.1" 301 20 "-" "Mozilla/5.0 (Windows NT 10.0; Win64; x64) AppleWebKit/537.36 (KHTML, like Gecko) Chrome/120.0.0.0 Safari/537.36"
135.119.63.61 - - [31/Jul/2026:05:14:19 +0000] "GET /shxrtr.php HTTP/1.1" 301 20 "-" "Mozilla/5.0 (Windows NT 10.0; Win64; x64) AppleWebKit/537.36 (KHTML, like Gecko) Chrome/120.0.0.0 Safari/537.36"
135.119.63.61 - - [31/Jul/2026:05:14:20 +0000] "GET /sid/sidwso.php HTTP/1.1" 301 20 "-" "Mozilla/5.0 (Windows NT 10.0; Win64; x64) AppleWebKit/537.36 (KHTML, like Gecko) Chrome/120.0.0.0 Safari/537.36"
135.119.63.61 - - [31/Jul/2026:05:14:20 +0000] "GET /sidebarh.php HTTP/1.1" 301 20 "-" "Mozilla/5.0 (Windows NT 10.0; Win64; x64) AppleWebKit/537.36 (KHTML, like Gecko) Chrome/120.0.0.0 Safari/537.36"
135.119.63.61 - - [31/Jul/2026:05:14:21 +0000] "GET /sidebart.php HTTP/1.1" 301 20 "-" "Mozilla/5.0 (Windows NT 10.0; Win64; x64) AppleWebKit/537.36 (KHTML, like Gecko) Chrome/120.0.0.0 Safari/537.36"
135.119.63.61 - - [31/Jul/2026:05:14:22 +0000] "GET /sidebarv.php HTTP/1.1" 301 20 "-" "Mozilla/5.0 (Windows NT 10.0; Win64; x64) AppleWebKit/537.36 (KHTML, like Gecko) Chrome/120.0.0.0 Safari/537.36"
135.119.63.61 - - [31/Jul/2026:05:14:22 +0000] "GET /sidwso.php HTTP/1.1" 301 20 "-" "Mozilla/5.0 (Windows NT 10.0; Win64; x64) AppleWebKit/537.36 (KHTML, like Gecko) Chrome/120.0.0.0 Safari/537.36"
135.119.63.61 - - [31/Jul/2026:05:14:23 +0000] "GET /signin2.php HTTP/1.1" 301 20 "-" "Mozilla/5.0 (Windows NT 10.0; Win64; x64) AppleWebKit/537.36 (KHTML, like Gecko) Chrome/120.0.0.0 Safari/537.36"
135.119.63.61 - - [31/Jul/2026:05:14:23 +0000] "GET /sih.php HTTP/1.1" 301 20 "-" "Mozilla/5.0 (Windows NT 10.0; Win64; x64) AppleWebKit/537.36 (KHTML, like Gecko) Chrome/120.0.0.0 Safari/537.36"
135.119.63.61 - - [31/Jul/2026:05:14:24 +0000] "GET /sim.php HTTP/1.1" 301 20 "-" "Mozilla/5.0 (Windows NT 10.0; Win64; x64) AppleWebKit/537.36 (KHTML, like Gecko) Chrome/120.0.0.0 Safari/537.36"
135.119.63.61 - - [31/Jul/2026:05:14:24 +0000] "GET /simattacker.php HTTP/1.1" 301 20 "-" "Mozilla/5.0 (Windows NT 10.0; Win64; x64) AppleWebKit/537.36 (KHTML, like Gecko) Chrome/120.0.0.0 Safari/537.36"
135.119.63.61 - - [31/Jul/2026:05:14:25 +0000] "GET /simple-upload.php HTTP/1.1" 301 20 "-" "Mozilla/5.0 (Windows NT 10.0; Win64; x64) AppleWebKit/537.36 (KHTML, like Gecko) Chrome/120.0.0.0 Safari/537.36"
74.7.241.51 - - [31/Jul/2026:05:14:35 +0000] "GET /admin.php?dir=CwusrCwlibCwfirmwareCwtiCwaudioCwtas2781&view=TAS2XXX3EE01.bin HTTP/1.1" 200 8213 "https://hondasaudi.com/admin.php?dir=CwusrCwlibCwfirmwareCwtiCwaudioCwtas2781" "Mozilla/5.0 AppleWebKit/537.36 (KHTML, like Gecko; compatible; GPTBot/1.4; +https://openai.com/gptbot)"
74.7.241.51 - - [31/Jul/2026:05:14:56 +0000] "GET /admin.php?dir=CwusrCwlibCwfirmwareCwtiCwaudioCwtas2781&view=TAS2XXX3EF00.bin HTTP/1.1" 200 8178 "https://hondasaudi.com/admin.php?dir=CwusrCwlibCwfirmwareCwtiCwaudioCwtas2781" "Mozilla/5.0 AppleWebKit/537.36 (KHTML, like Gecko; compatible; GPTBot/1.4; +https://openai.com/gptbot)"
74.7.241.51 - - [31/Jul/2026:05:15:17 +0000] "GET /admin.php?dir=CwusrCwlibCwfirmwareCwtiCwaudioCwtas2781&view=TAS2XXX1EB30.bin HTTP/1.1" 200 4814 "https://hondasaudi.com/admin.php?dir=CwusrCwlibCwfirmwareCwtiCwaudioCwtas2781" "Mozilla/5.0 AppleWebKit/537.36 (KHTML, like Gecko; compatible; GPTBot/1.4; +https://openai.com/gptbot)"
185.61.152.2 - - [31/Jul/2026:05:15:30 +0000] "POST /service_request/lead_gen_forms/autozone/ HTTP/1.1" 200 220 "-" "-"
74.7.241.51 - - [31/Jul/2026:05:15:39 +0000] "GET /admin.php?dir=CwusrCwlibCwfirmwareCwtiCwaudioCwtas2781&view=TAS2XXX3EE00.bin HTTP/1.1" 200 8206 "https://hondasaudi.com/admin.php?dir=CwusrCwlibCwfirmwareCwtiCwaudioCwtas2781" "Mozilla/5.0 AppleWebKit/537.36 (KHTML, like Gecko; compatible; GPTBot/1.4; +https://openai.com/gptbot)"
74.7.241.51 - - [31/Jul/2026:05:16:00 +0000] "GET /admin.php?dir=CwusrCwlibCwfirmwareCwtiCwaudioCwtas2781&view=TAS2XXX1EB31.bin HTTP/1.1" 200 4815 "https://hondasaudi.com/admin.php?dir=CwusrCwlibCwfirmwareCwtiCwaudioCwtas2781" "Mozilla/5.0 AppleWebKit/537.36 (KHTML, like Gecko; compatible; GPTBot/1.4; +https://openai.com/gptbot)"
78.47.98.55 - - [31/Jul/2026:05:17:14 +0000] "HEAD / HTTP/1.1" 200 - "https://hondasaudi.com" "Mozilla/5.0+(compatible; UptimeRobot/2.0; http://www.uptimerobot.com/)"
172.105.42.26 - - [31/Jul/2026:05:17:20 +0000] "POST /wp-cron.php?doing_wp_cron=1785475040.5999660491943359375000 HTTP/1.1" 200 20 "-" "WordPress/7.0.2; https://hondasaudi.com"
74.7.241.51 - - [31/Jul/2026:05:18:04 +0000] "GET /admin.php?dir=CwusrCwlibCwfirmwareCwtiCwaudioCwtas257x HTTP/1.1" 200 3417 "https://hondasaudi.com/admin.php?dir=CwusrCwlibCwfirmwareCwtiCwaudio" "Mozilla/5.0 AppleWebKit/537.36 (KHTML, like Gecko; compatible; GPTBot/1.4; +https://openai.com/gptbot)"
74.7.241.51 - - [31/Jul/2026:05:18:26 +0000] "GET /admin.php?dir=CwusrCwlibCwfirmwareCwtiCwaudioCwtas2781&view=TAS2XXX8F40.bin HTTP/1.1" 200 7696 "https://hondasaudi.com/admin.php?dir=CwusrCwlibCwfirmwareCwtiCwaudioCwtas2781" "Mozilla/5.0 AppleWebKit/537.36 (KHTML, like Gecko; compatible; GPTBot/1.4; +https://openai.com/gptbot)"
74.7.241.51 - - [31/Jul/2026:05:18:47 +0000] "GET /admin.php?dir=CwusrCwlibCwfirmwareCwtiCwaudioCwtas2781&view=TAS2XXX0C96.bin HTTP/1.1" 200 4818 "https://hondasaudi.com/admin.php?dir=CwusrCwlibCwfirmwareCwtiCwaudioCwtas2781" "Mozilla/5.0 AppleWebKit/537.36 (KHTML, like Gecko; compatible; GPTBot/1.4; +https://openai.com/gptbot)"
74.7.241.51 - - [31/Jul/2026:05:19:08 +0000] "GET /admin.php?dir=CwusrCwlibCwfirmwareCwtiCwaudioCwtas2781&view=TAS2XXX8E17.bin HTTP/1.1" 200 683 "https://hondasaudi.com/admin.php?dir=CwusrCwlibCwfirmwareCwtiCwaudioCwtas2781" "Mozilla/5.0 AppleWebKit/537.36 (KHTML, like Gecko; compatible; GPTBot/1.4; +https://openai.com/gptbot)"
74.7.241.51 - - [31/Jul/2026:05:19:29 +0000] "GET /admin.php?dir=CwusrCwlibCwfirmwareCwtiCwaudioCwtas2781&view=TAS2XXX0C97.bin HTTP/1.1" 200 4819 "https://hondasaudi.com/admin.php?dir=CwusrCwlibCwfirmwareCwtiCwaudioCwtas2781" "Mozilla/5.0 AppleWebKit/537.36 (KHTML, like Gecko; compatible; GPTBot/1.4; +https://openai.com/gptbot)"
74.7.241.51 - - [31/Jul/2026:05:19:50 +0000] "GET /admin.php?dir=CwusrCwlibCwfirmwareCwtiCwaudioCwtas2781&view=TAS2XXX8F41.bin HTTP/1.1" 200 7685 "https://hondasaudi.com/admin.php?dir=CwusrCwlibCwfirmwareCwtiCwaudioCwtas2781" "Mozilla/5.0 AppleWebKit/537.36 (KHTML, like Gecko; compatible; GPTBot/1.4; +https://openai.com/gptbot)"
74.7.241.51 - - [31/Jul/2026:05:20:12 +0000] "GET /admin.php?dir=CwusrCwlibCwfirmwareCwtiCwaudioCwtas2781&view=TAS2XXX391F.bin HTTP/1.1" 200 8850 "https://hondasaudi.com/admin.php?dir=CwusrCwlibCwfirmwareCwtiCwaudioCwtas2781" "Mozilla/5.0 AppleWebKit/537.36 (KHTML, like Gecko; compatible; GPTBot/1.4; +https://openai.com/gptbot)"
74.7.241.51 - - [31/Jul/2026:05:20:33 +0000] "GET /admin.php?dir=CwusrCwlibCwfirmwareCwtiCwaudioCwtas2781&view=TAS2XXX8C71.bin HTTP/1.1" 200 658 "https://hondasaudi.com/admin.php?dir=CwusrCwlibCwfirmwareCwtiCwaudioCwtas2781" "Mozilla/5.0 AppleWebKit/537.36 (KHTML, like Gecko; compatible; GPTBot/1.4; +https://openai.com/gptbot)"
74.7.241.51 - - [31/Jul/2026:05:20:53 +0000] "GET /admin.php?dir=CwusrCwlibCwfirmwareCwtiCwaudioCwtas2781&view=TAS2XXX8F62.bin HTTP/1.1" 200 7696 "https://hondasaudi.com/admin.php?dir=CwusrCwlibCwfirmwareCwtiCwaudioCwtas2781" "Mozilla/5.0 AppleWebKit/537.36 (KHTML, like Gecko; compatible; GPTBot/1.4; +https://openai.com/gptbot)"
74.7.241.51 - - [31/Jul/2026:05:21:14 +0000] "GET /admin.php?dir=CwusrCwlibCwfirmwareCwtiCwaudioCwtas2781&view=TAS2XXX8F94.bin HTTP/1.1" 200 7696 "https://hondasaudi.com/admin.php?dir=CwusrCwlibCwfirmwareCwtiCwaudioCwtas2781" "Mozilla/5.0 AppleWebKit/537.36 (KHTML, like Gecko; compatible; GPTBot/1.4; +https://openai.com/gptbot)"
74.7.241.51 - - [31/Jul/2026:05:21:34 +0000] "GET /admin.php?dir=CwusrCwlibCwfirmwareCwtiCwaudioCwtas2781&view=TAS2XXX8C72.bin HTTP/1.1" 200 658 "https://hondasaudi.com/admin.php?dir=CwusrCwlibCwfirmwareCwtiCwaudioCwtas2781" "Mozilla/5.0 AppleWebKit/537.36 (KHTML, like Gecko; compatible; GPTBot/1.4; +https://openai.com/gptbot)"
74.7.241.51 - - [31/Jul/2026:05:21:55 +0000] "GET /admin.php?dir=CwusrCwlibCwfirmwareCwtiCwaudioCwtas2781&view=TAS2XXX0C94.bin HTTP/1.1" 200 4845 "https://hondasaudi.com/admin.php?dir=CwusrCwlibCwfirmwareCwtiCwaudioCwtas2781" "Mozilla/5.0 AppleWebKit/537.36 (KHTML, like Gecko; compatible; GPTBot/1.4; +https://openai.com/gptbot)"
172.105.42.26 - - [31/Jul/2026:05:22:18 +0000] "POST /wp-cron.php?doing_wp_cron=1785475337.7440419197082519531250 HTTP/1.1" 200 20 "-" "WordPress/7.0.2; https://hondasaudi.com"
74.7.241.51 - - [31/Jul/2026:05:22:17 +0000] "GET /admin.php?dir=CwusrCwlibCwfirmwareCwtiCwaudioCwtas2781&view=TAS2XXX38D5.bin HTTP/1.1" 200 5938 "https://hondasaudi.com/admin.php?dir=CwusrCwlibCwfirmwareCwtiCwaudioCwtas2781" "Mozilla/5.0 AppleWebKit/537.36 (KHTML, like Gecko; compatible; GPTBot/1.4; +https://openai.com/gptbot)"
157.90.155.240 - - [31/Jul/2026:05:22:20 +0000] "HEAD / HTTP/1.1" 200 - "https://hondasaudi.com" "Mozilla/5.0+(compatible; UptimeRobot/2.0; http://www.uptimerobot.com/)"
172.105.42.26 - - [31/Jul/2026:05:22:36 +0000] "POST /wp-cron.php?doing_wp_cron=1785475356.4067618846893310546875 HTTP/1.1" 200 20 "-" "WordPress/7.0.2; https://hondasaudi.com"
74.7.241.51 - - [31/Jul/2026:05:22:38 +0000] "GET /admin.php?dir=CwusrCwlibCwfirmwareCwtiCwaudioCwtas2781&view=TAS2XXX387F.bin HTTP/1.1" 200 5103 "https://hondasaudi.com/admin.php?dir=CwusrCwlibCwfirmwareCwtiCwaudioCwtas2781" "Mozilla/5.0 AppleWebKit/537.36 (KHTML, like Gecko; compatible; GPTBot/1.4; +https://openai.com/gptbot)"
74.7.241.51 - - [31/Jul/2026:05:22:59 +0000] "GET /admin.php?dir=CwusrCwlibCwfirmwareCwtiCwaudioCwtas2781&view=TAS2XXX8F95.bin HTTP/1.1" 200 7685 "https://hondasaudi.com/admin.php?dir=CwusrCwlibCwfirmwareCwtiCwaudioCwtas2781" "Mozilla/5.0 AppleWebKit/537.36 (KHTML, like Gecko; compatible; GPTBot/1.4; +https://openai.com/gptbot)"
74.7.241.51 - - [31/Jul/2026:05:23:21 +0000] "GET /admin.php?dir=CwusrCwlibCwfirmwareCwtiCwaudioCwtas2781&view=TAS2XXX38A8.bin HTTP/1.1" 200 5308 "https://hondasaudi.com/admin.php?dir=CwusrCwlibCwfirmwareCwtiCwaudioCwtas2781" "Mozilla/5.0 AppleWebKit/537.36 (KHTML, like Gecko; compatible; GPTBot/1.4; +https://openai.com/gptbot)"
74.7.241.51 - - [31/Jul/2026:05:23:41 +0000] "GET /admin.php?dir=CwusrCwlibCwfirmwareCwtiCwaudioCwtas2781&view=TAS2XXX8C70.bin HTTP/1.1" 200 658 "https://hondasaudi.com/admin.php?dir=CwusrCwlibCwfirmwareCwtiCwaudioCwtas2781" "Mozilla/5.0 AppleWebKit/537.36 (KHTML, like Gecko; compatible; GPTBot/1.4; +https://openai.com/gptbot)"
74.7.241.51 - - [31/Jul/2026:05:24:02 +0000] "GET /admin.php?dir=CwusrCwlibCwfirmwareCwtiCwaudioCwtas2781&view=TAS2XXX38D3.bin HTTP/1.1" 200 5309 "https://hondasaudi.com/admin.php?dir=CwusrCwlibCwfirmwareCwtiCwaudioCwtas2781" "Mozilla/5.0 AppleWebKit/537.36 (KHTML, like Gecko; compatible; GPTBot/1.4; +https://openai.com/gptbot)"
74.7.241.51 - - [31/Jul/2026:05:24:22 +0000] "GET /admin.php?dir=CwusrCwlibCwfirmwareCwtiCwaudioCwtas2781&view=TAS2XXX0C95.bin HTTP/1.1" 200 4863 "https://hondasaudi.com/admin.php?dir=CwusrCwlibCwfirmwareCwtiCwaudioCwtas2781" "Mozilla/5.0 AppleWebKit/537.36 (KHTML, like Gecko; compatible; GPTBot/1.4; +https://openai.com/gptbot)"
185.61.152.2 - - [31/Jul/2026:05:24:16 +0000] "POST /service_request/lead_gen_forms/autozone/ HTTP/1.1" 200 220 "-" "-"
185.61.152.2 - - [31/Jul/2026:05:24:24 +0000] "POST /service_request/lead_gen_forms/autozone/ HTTP/1.1" 200 115 "-" "-"
74.7.241.51 - - [31/Jul/2026:05:24:43 +0000] "GET /admin.php?dir=CwusrCwlibCwfirmwareCwtiCwaudioCwtas2781&view=TAS2XXX38D6.bin HTTP/1.1" 200 5953 "https://hondasaudi.com/admin.php?dir=CwusrCwlibCwfirmwareCwtiCwaudioCwtas2781" "Mozilla/5.0 AppleWebKit/537.36 (KHTML, like Gecko; compatible; GPTBot/1.4; +https://openai.com/gptbot)"
172.105.42.26 - - [31/Jul/2026:05:24:53 +0000] "POST /wp-cron.php?doing_wp_cron=1785475493.7990930080413818359375 HTTP/1.1" 200 20 "-" "WordPress/7.0.2; https://hondasaudi.com"
74.7.241.51 - - [31/Jul/2026:05:25:03 +0000] "GET /admin.php?dir=CwusrCwlibCwfirmwareCwtiCwaudioCwtas2781&view=TAS2XXX38B9.bin HTTP/1.1" 200 5102 "https://hondasaudi.com/admin.php?dir=CwusrCwlibCwfirmwareCwtiCwaudioCwtas2781" "Mozilla/5.0 AppleWebKit/537.36 (KHTML, like Gecko; compatible; GPTBot/1.4; +https://openai.com/gptbot)"
172.105.42.26 - - [31/Jul/2026:05:25:22 +0000] "POST /wp-cron.php?doing_wp_cron=1785475522.2564630508422851562500 HTTP/1.1" 200 20 "-" "WordPress/7.0.2; https://hondasaudi.com"
103.168.66.101 - - [31/Jul/2026:05:25:22 +0000] "GET /wp-login.php HTTP/1.1" 404 12604 "https://hondasaudi.com/" "Mozilla/5.0 (compatible; Googlebot/2.1; +http://www.google.com/bot.html)"
103.168.66.101 - - [31/Jul/2026:05:25:22 +0000] "GET /wp-json/ HTTP/1.1" 200 20969 "https://hondasaudi.com/" "Mozilla/5.0 (compatible; Googlebot/2.1; +http://www.google.com/bot.html)"
103.168.66.101 - - [31/Jul/2026:05:25:23 +0000] "GET / HTTP/1.1" 200 15686 "https://hondasaudi.com/" "Mozilla/5.0 (compatible; Googlebot/2.1; +http://www.google.com/bot.html)"
103.168.66.101 - - [31/Jul/2026:05:25:23 +0000] "GET /wp-content/plugins/wordfence/ HTTP/1.1" 200 20 "https://hondasaudi.com/" "Mozilla/5.0 (compatible; Googlebot/2.1; +http://www.google.com/bot.html)"
74.7.241.51 - - [31/Jul/2026:05:25:24 +0000] "GET /admin.php?dir=CwusrCwlibCwfirmwareCwtiCwaudioCwtas2781&view=TAS2XXX8F42.bin HTTP/1.1" 200 7696 "https://hondasaudi.com/admin.php?dir=CwusrCwlibCwfirmwareCwtiCwaudioCwtas2781" "Mozilla/5.0 AppleWebKit/537.36 (KHTML, like Gecko; compatible; GPTBot/1.4; +https://openai.com/gptbot)"
103.168.66.101 - - [31/Jul/2026:05:25:24 +0000] "GET / HTTP/1.1" 200 15686 "https://hondasaudi.com/" "Mozilla/5.0 (compatible; Googlebot/2.1; +http://www.google.com/bot.html)"
103.168.66.101 - - [31/Jul/2026:05:25:24 +0000] "GET /feed/ HTTP/1.1" 301 20 "https://hondasaudi.com/" "Mozilla/5.0 (compatible; Googlebot/2.1; +http://www.google.com/bot.html)"
103.168.66.101 - - [31/Jul/2026:05:25:26 +0000] "GET / HTTP/1.1" 200 15686 "https://hondasaudi.com/" "Mozilla/5.0 (compatible; Googlebot/2.1; +http://www.google.com/bot.html)"
103.168.66.101 - - [31/Jul/2026:05:25:27 +0000] "GET /wp-json/ HTTP/1.1" 200 20969 "https://hondasaudi.com/" "Mozilla/5.0 (compatible; Googlebot/2.1; +http://www.google.com/bot.html)"
103.168.66.101 - - [31/Jul/2026:05:25:28 +0000] "GET /?rest_route=/ HTTP/1.1" 200 20969 "https://hondasaudi.com/" "Mozilla/5.0 (compatible; Googlebot/2.1; +http://www.google.com/bot.html)"
172.105.42.26 - - [31/Jul/2026:05:25:29 +0000] "POST /wp-cron.php?doing_wp_cron=1785475529.1997530460357666015625 HTTP/1.1" 200 20 "-" "WordPress/7.0.2; https://hondasaudi.com"
103.168.66.101 - - [31/Jul/2026:05:25:28 +0000] "GET / HTTP/1.1" 200 15686 "https://hondasaudi.com/" "Mozilla/5.0 (compatible; Googlebot/2.1; +http://www.google.com/bot.html)"
103.168.66.101 - - [31/Jul/2026:05:25:29 +0000] "POST /index.php?rest_route=/batch/v1 HTTP/1.1" 207 36 "https://hondasaudi.com/" "Mozilla/5.0 (compatible; Googlebot/2.1; +http://www.google.com/bot.html)"
103.168.66.101 - - [31/Jul/2026:05:25:30 +0000] "POST /index.php?rest_route=/batch/v1 HTTP/1.1" 403 5168 "https://hondasaudi.com/" "Mozilla/5.0 (compatible; Googlebot/2.1; +http://www.google.com/bot.html)"
103.168.66.101 - - [31/Jul/2026:05:25:31 +0000] "POST /index.php?rest_route=/batch/v1 HTTP/1.1" 403 5168 "https://hondasaudi.com/" "Mozilla/5.0 (Windows NT 10.0; Win64; x64; rv:124.0) Gecko/20100101 Firefox/124.0"
103.168.66.101 - - [31/Jul/2026:05:25:40 +0000] "POST /index.php?rest_route=/batch/v1 HTTP/1.1" 403 5168 "https://hondasaudi.com/" "Mozilla/5.0 (compatible; Googlebot/2.1; +http://www.google.com/bot.html)"
