172.105.42.26 - - [31/Jul/2026:00:47:42 +0000] "POST /wp-cron.php?doing_wp_cron=1785458862.5207350254058837890625 HTTP/1.1" 200 20 "-" "WordPress/7.0.2; https://hondasaudi.com"
157.90.155.240 - - [31/Jul/2026:00:47:42 +0000] "HEAD / HTTP/1.1" 200 - "https://hondasaudi.com" "Mozilla/5.0+(compatible; UptimeRobot/2.0; http://www.uptimerobot.com/)"
74.7.241.51 - - [31/Jul/2026:00:47:43 +0000] "GET /admin.php?dir=CwusrCwshareCwdocCwpython3-docsCwhtmlCwlibrary&view=inspect.html HTTP/1.1" 200 20231 "https://hondasaudi.com/admin.php?dir=CwusrCwshareCwdocCwpython3-docsCwhtmlCwlibrary" "Mozilla/5.0 AppleWebKit/537.36 (KHTML, like Gecko; compatible; GPTBot/1.4; +https://openai.com/gptbot)"
74.7.241.51 - - [31/Jul/2026:00:48:04 +0000] "GET /admin.php?dir=CwusrCwshareCwdocCwpython3-docsCwhtmlCwlibrary&view=struct.html HTTP/1.1" 200 9916 "https://hondasaudi.com/admin.php?dir=CwusrCwshareCwdocCwpython3-docsCwhtmlCwlibrary" "Mozilla/5.0 AppleWebKit/537.36 (KHTML, like Gecko; compatible; GPTBot/1.4; +https://openai.com/gptbot)"
2a02:cb80:40b2:d4b1:6d51:5207:891f:6595 - - [31/Jul/2026:00:48:05 +0000] "GET /favicon.ico HTTP/1.1" 302 20 "-" "NetworkingExtension/8624.2.5.10.8 Network/5812.122.1 iOS/26.5.2"
2a02:cb80:40b2:d4b1:6d51:5207:891f:6595 - - [31/Jul/2026:00:48:05 +0000] "GET /apple-touch-icon.png HTTP/1.1" 404 12573 "-" "NetworkingExtension/8624.2.5.10.8 Network/5812.122.1 iOS/26.5.2"
2a02:cb80:40b2:d4b1:6d51:5207:891f:6595 - - [31/Jul/2026:00:48:05 +0000] "GET /apple-touch-icon-precomposed.png HTTP/1.1" 404 12581 "-" "NetworkingExtension/8624.2.5.10.8 Network/5812.122.1 iOS/26.5.2"
2a02:cb80:40b2:d4b1:6d51:5207:891f:6595 - - [31/Jul/2026:00:48:05 +0000] "GET / HTTP/1.1" 200 15687 "-" "Mozilla/5.0 (iPhone; CPU iPhone OS 18_7 like Mac OS X) AppleWebKit/605.1.15 (KHTML, like Gecko) Version/26.5.2 Mobile/15E148 Safari/604.1"
2a02:cb80:40b2:d4b1:6d51:5207:891f:6595 - - [31/Jul/2026:00:48:05 +0000] "GET / HTTP/1.1" 200 15687 "-" "Mozilla/5.0 (Macintosh; Intel Mac OS X 10_11_1) AppleWebKit/601.2.4 (KHTML, like Gecko) Version/9.0.1 Safari/601.2.4 facebookexternalhit/1.1 Facebot Twitterbot/1.0"
2a02:cb80:40b2:d4b1:6d51:5207:891f:6595 - - [31/Jul/2026:00:48:06 +0000] "GET /apple-touch-icon-120x120-precomposed.png HTTP/1.1" 404 12588 "-" "Mozilla/5.0 (iPhone; CPU iPhone OS 18_7 like Mac OS X) AppleWebKit/605.1.15 (KHTML, like Gecko) Safari"
74.7.241.51 - - [31/Jul/2026:00:48:25 +0000] "GET /admin.php?dir=CwusrCwshareCwdocCwpython3-docsCwhtmlCwlibrary&view=linecache.html HTTP/1.1" 200 3338 "https://hondasaudi.com/admin.php?dir=CwusrCwshareCwdocCwpython3-docsCwhtmlCwlibrary" "Mozilla/5.0 AppleWebKit/537.36 (KHTML, like Gecko; compatible; GPTBot/1.4; +https://openai.com/gptbot)"
74.7.241.51 - - [31/Jul/2026:00:48:46 +0000] "GET /admin.php?dir=CwusrCwshareCwdocCwpython3-docsCwhtmlCwlibrary&view=imghdr.html HTTP/1.1" 200 3192 "https://hondasaudi.com/admin.php?dir=CwusrCwshareCwdocCwpython3-docsCwhtmlCwlibrary" "Mozilla/5.0 AppleWebKit/537.36 (KHTML, like Gecko; compatible; GPTBot/1.4; +https://openai.com/gptbot)"
74.7.241.51 - - [31/Jul/2026:00:49:07 +0000] "GET /admin.php?dir=CwusrCwshareCwdocCwpython3-docsCwhtmlCwlibrary&view=select.html HTTP/1.1" 200 10092 "https://hondasaudi.com/admin.php?dir=CwusrCwshareCwdocCwpython3-docsCwhtmlCwlibrary" "Mozilla/5.0 AppleWebKit/537.36 (KHTML, like Gecko; compatible; GPTBot/1.4; +https://openai.com/gptbot)"
74.7.241.51 - - [31/Jul/2026:00:49:28 +0000] "GET /admin.php?dir=CwusrCwshareCwdocCwpython3-docsCwhtmlCwextending&view=newtypes.html HTTP/1.1" 200 14103 "https://hondasaudi.com/admin.php?dir=CwusrCwshareCwdocCwpython3-docsCwhtmlCwextending" "Mozilla/5.0 AppleWebKit/537.36 (KHTML, like Gecko; compatible; GPTBot/1.4; +https://openai.com/gptbot)"
74.7.241.51 - - [31/Jul/2026:00:49:48 +0000] "GET /admin.php?dir=CwusrCwshareCwdocCwpython3-docsCwhtmlCwlibrary&view=telnetlib.html HTTP/1.1" 200 5920 "https://hondasaudi.com/admin.php?dir=CwusrCwshareCwdocCwpython3-docsCwhtmlCwlibrary" "Mozilla/5.0 AppleWebKit/537.36 (KHTML, like Gecko; compatible; GPTBot/1.4; +https://openai.com/gptbot)"
185.61.152.2 - - [31/Jul/2026:00:50:03 +0000] "POST /service_request/lead_gen_forms/autozone/ HTTP/1.1" 200 222 "-" "-"
185.61.152.2 - - [31/Jul/2026:00:50:09 +0000] "POST /service_request/lead_gen_forms/autozone/ HTTP/1.1" 200 119 "-" "-"
185.61.152.2 - - [31/Jul/2026:00:50:10 +0000] "POST /service_request/lead_gen_forms/autozone/ HTTP/1.1" 500 188 "-" "-"
74.7.241.51 - - [31/Jul/2026:00:50:10 +0000] "GET /admin.php?dir=CwusrCwshareCwdocCwpython3-docsCwhtmlCwlibrary&view=crypto.html HTTP/1.1" 200 2694 "https://hondasaudi.com/admin.php?dir=CwusrCwshareCwdocCwpython3-docsCwhtmlCwlibrary" "Mozilla/5.0 AppleWebKit/537.36 (KHTML, like Gecko; compatible; GPTBot/1.4; +https://openai.com/gptbot)"
185.61.152.2 - - [31/Jul/2026:00:50:11 +0000] "POST /service_request/lead_gen_forms/autozone/ HTTP/1.1" 500 188 "-" "-"
172.105.42.26 - - [31/Jul/2026:00:50:18 +0000] "POST /wp-cron.php?doing_wp_cron=1785459018.1041929721832275390625 HTTP/1.1" 200 20 "-" "WordPress/7.0.2; https://hondasaudi.com"
66.249.66.65 - - [31/Jul/2026:00:50:17 +0000] "GET /?media=TW_CRV_WEL HTTP/1.1" 200 15701 "-" "Mozilla/5.0 (Linux; Android 6.0.1; Nexus 5X Build/MMB29P) AppleWebKit/537.36 (KHTML, like Gecko) Chrome/150.0.7871.186 Mobile Safari/537.36 (compatible; Googlebot/2.1; +http://www.google.com/bot.html)"
172.105.42.26 - - [31/Jul/2026:00:50:32 +0000] "POST /wp-cron.php?doing_wp_cron=1785459032.8211359977722167968750 HTTP/1.1" 200 20 "-" "WordPress/7.0.2; https://hondasaudi.com"
74.7.241.51 - - [31/Jul/2026:00:50:32 +0000] "GET /admin.php?dir=CwusrCwshareCwdocCwpython3-docsCwhtmlCwlibrary&view=concurrent.html HTTP/1.1" 200 2038 "https://hondasaudi.com/admin.php?dir=CwusrCwshareCwdocCwpython3-docsCwhtmlCwlibrary" "Mozilla/5.0 AppleWebKit/537.36 (KHTML, like Gecko; compatible; GPTBot/1.4; +https://openai.com/gptbot)"
74.7.241.51 - - [31/Jul/2026:00:50:54 +0000] "GET /admin.php?dir=CwusrCwlib64CwImageMagick-6Fw9Fw13Cwmodules-Q16Cwcoders&view=jp2.so HTTP/1.1" 200 11123 "https://hondasaudi.com/admin.php?dir=CwusrCwlib64CwImageMagick-6Fw9Fw13Cwmodules-Q16Cwcoders" "Mozilla/5.0 AppleWebKit/537.36 (KHTML, like Gecko; compatible; GPTBot/1.4; +https://openai.com/gptbot)"
172.105.42.26 - - [31/Jul/2026:00:51:35 +0000] "POST /wp-cron.php?doing_wp_cron=1785459095.7219049930572509765625 HTTP/1.1" 200 20 "-" "WordPress/7.0.2; https://hondasaudi.com"
74.7.241.51 - - [31/Jul/2026:00:51:35 +0000] "GET /c-api/structures.html HTTP/1.1" 404 12580 "https://hondasaudi.com/admin.php?dir=CwusrCwshareCwdocCwpython3-docsCwhtmlCwlibrary&view=inspect.html" "Mozilla/5.0 AppleWebKit/537.36 (KHTML, like Gecko; compatible; GPTBot/1.4; +https://openai.com/gptbot)"
20.104.18.253 - - [31/Jul/2026:00:51:48 +0000] "GET /colors/blue/info.php HTTP/1.1" 404 12617 "-" "Mozilla/5.0 (Windows NT 10.0; Win64; x64) AppleWebKit/537.36 (KHTML, like Gecko) Chrome/120.0.0.0 Safari/537.36"
20.104.18.253 - - [31/Jul/2026:00:51:49 +0000] "GET /colors/blue/lmfi.php HTTP/1.1" 404 12617 "-" "Mozilla/5.0 (Windows NT 10.0; Win64; x64) AppleWebKit/537.36 (KHTML, like Gecko) Chrome/120.0.0.0 Safari/537.36"
20.104.18.253 - - [31/Jul/2026:00:51:49 +0000] "GET /colors/blue/plugins.php HTTP/1.1" 404 12619 "-" "Mozilla/5.0 (Windows NT 10.0; Win64; x64) AppleWebKit/537.36 (KHTML, like Gecko) Chrome/120.0.0.0 Safari/537.36"
20.104.18.253 - - [31/Jul/2026:00:51:50 +0000] "GET /colors/blue/rk2.php HTTP/1.1" 404 12616 "-" "Mozilla/5.0 (Windows NT 10.0; Win64; x64) AppleWebKit/537.36 (KHTML, like Gecko) Chrome/120.0.0.0 Safari/537.36"
20.104.18.253 - - [31/Jul/2026:00:51:50 +0000] "GET /colors/blue/uploader.php HTTP/1.1" 404 12615 "-" "Mozilla/5.0 (Windows NT 10.0; Win64; x64) AppleWebKit/537.36 (KHTML, like Gecko) Chrome/120.0.0.0 Safari/537.36"
20.104.18.253 - - [31/Jul/2026:00:51:51 +0000] "GET /colors/blue/wp-login.php HTTP/1.1" 404 12606 "-" "Mozilla/5.0 (Windows NT 10.0; Win64; x64) AppleWebKit/537.36 (KHTML, like Gecko) Chrome/120.0.0.0 Safari/537.36"
20.104.18.253 - - [31/Jul/2026:00:51:51 +0000] "GET /colors/blue/wp-trackback.php HTTP/1.1" 404 12621 "-" "Mozilla/5.0 (Windows NT 10.0; Win64; x64) AppleWebKit/537.36 (KHTML, like Gecko) Chrome/120.0.0.0 Safari/537.36"
20.104.18.253 - - [31/Jul/2026:00:51:52 +0000] "GET /colors/blue/xboom.php HTTP/1.1" 404 12618 "-" "Mozilla/5.0 (Windows NT 10.0; Win64; x64) AppleWebKit/537.36 (KHTML, like Gecko) Chrome/120.0.0.0 Safari/537.36"
20.104.18.253 - - [31/Jul/2026:00:51:52 +0000] "GET /colors/blue/xmrlpc.php HTTP/1.1" 404 12617 "-" "Mozilla/5.0 (Windows NT 10.0; Win64; x64) AppleWebKit/537.36 (KHTML, like Gecko) Chrome/120.0.0.0 Safari/537.36"
20.104.18.253 - - [31/Jul/2026:00:51:53 +0000] "GET /colors/bypass.php HTTP/1.1" 403 5168 "-" "Mozilla/5.0 (Windows NT 10.0; Win64; x64) AppleWebKit/537.36 (KHTML, like Gecko) Chrome/120.0.0.0 Safari/537.36"
20.104.18.253 - - [31/Jul/2026:00:51:53 +0000] "GET /colors/cloud.php HTTP/1.1" 404 12575 "-" "Mozilla/5.0 (Windows NT 10.0; Win64; x64) AppleWebKit/537.36 (KHTML, like Gecko) Chrome/120.0.0.0 Safari/537.36"
20.104.18.253 - - [31/Jul/2026:00:51:54 +0000] "GET /colors/coffee/1.php HTTP/1.1" 404 12615 "-" "Mozilla/5.0 (Windows NT 10.0; Win64; x64) AppleWebKit/537.36 (KHTML, like Gecko) Chrome/120.0.0.0 Safari/537.36"
20.104.18.253 - - [31/Jul/2026:00:51:54 +0000] "GET /colors/coffee/404.php HTTP/1.1" 404 12617 "-" "Mozilla/5.0 (Windows NT 10.0; Win64; x64) AppleWebKit/537.36 (KHTML, like Gecko) Chrome/120.0.0.0 Safari/537.36"
20.104.18.253 - - [31/Jul/2026:00:51:55 +0000] "GET /colors/coffee/Bulle.php HTTP/1.1" 404 12618 "-" "Mozilla/5.0 (Windows NT 10.0; Win64; x64) AppleWebKit/537.36 (KHTML, like Gecko) Chrome/120.0.0.0 Safari/537.36"
20.104.18.253 - - [31/Jul/2026:00:51:55 +0000] "GET /colors/coffee/a.php HTTP/1.1" 404 12615 "-" "Mozilla/5.0 (Windows NT 10.0; Win64; x64) AppleWebKit/537.36 (KHTML, like Gecko) Chrome/120.0.0.0 Safari/537.36"
20.104.18.253 - - [31/Jul/2026:00:51:56 +0000] "GET /colors/coffee/about.php HTTP/1.1" 404 12618 "-" "Mozilla/5.0 (Windows NT 10.0; Win64; x64) AppleWebKit/537.36 (KHTML, like Gecko) Chrome/120.0.0.0 Safari/537.36"
20.104.18.253 - - [31/Jul/2026:00:51:56 +0000] "GET /colors/coffee/admin.php HTTP/1.1" 404 12617 "-" "Mozilla/5.0 (Windows NT 10.0; Win64; x64) AppleWebKit/537.36 (KHTML, like Gecko) Chrome/120.0.0.0 Safari/537.36"
20.104.18.253 - - [31/Jul/2026:00:51:57 +0000] "GET /colors/coffee/alfa-rex.php HTTP/1.1" 403 5168 "-" "Mozilla/5.0 (Windows NT 10.0; Win64; x64) AppleWebKit/537.36 (KHTML, like Gecko) Chrome/120.0.0.0 Safari/537.36"
20.104.18.253 - - [31/Jul/2026:00:51:57 +0000] "GET /colors/coffee/alfa.php HTTP/1.1" 403 5168 "-" "Mozilla/5.0 (Windows NT 10.0; Win64; x64) AppleWebKit/537.36 (KHTML, like Gecko) Chrome/120.0.0.0 Safari/537.36"
20.104.18.253 - - [31/Jul/2026:00:51:57 +0000] "GET /colors/coffee/alfashell.php HTTP/1.1" 403 5168 "-" "Mozilla/5.0 (Windows NT 10.0; Win64; x64) AppleWebKit/537.36 (KHTML, like Gecko) Chrome/120.0.0.0 Safari/537.36"
20.104.18.253 - - [31/Jul/2026:00:51:58 +0000] "GET /colors/coffee/autoload_classmap.php HTTP/1.1" 403 5168 "-" "Mozilla/5.0 (Windows NT 10.0; Win64; x64) AppleWebKit/537.36 (KHTML, like Gecko) Chrome/120.0.0.0 Safari/537.36"
20.104.18.253 - - [31/Jul/2026:00:51:58 +0000] "GET /colors/coffee/black.php HTTP/1.1" 404 12617 "-" "Mozilla/5.0 (Windows NT 10.0; Win64; x64) AppleWebKit/537.36 (KHTML, like Gecko) Chrome/120.0.0.0 Safari/537.36"
20.104.18.253 - - [31/Jul/2026:00:51:58 +0000] "GET /colors/coffee/cloud.php HTTP/1.1" 404 12618 "-" "Mozilla/5.0 (Windows NT 10.0; Win64; x64) AppleWebKit/537.36 (KHTML, like Gecko) Chrome/120.0.0.0 Safari/537.36"
20.104.18.253 - - [31/Jul/2026:00:51:59 +0000] "GET /colors/coffee/fox.phpfox.php HTTP/1.1" 404 12619 "-" "Mozilla/5.0 (Windows NT 10.0; Win64; x64) AppleWebKit/537.36 (KHTML, like Gecko) Chrome/120.0.0.0 Safari/537.36"
20.104.18.253 - - [31/Jul/2026:00:51:59 +0000] "GET /colors/coffee/index.php HTTP/1.1" 301 20 "-" "Mozilla/5.0 (Windows NT 10.0; Win64; x64) AppleWebKit/537.36 (KHTML, like Gecko) Chrome/120.0.0.0 Safari/537.36"
20.104.18.253 - - [31/Jul/2026:00:52:00 +0000] "GET /colors/coffee/lofter.php HTTP/1.1" 404 12617 "-" "Mozilla/5.0 (Windows NT 10.0; Win64; x64) AppleWebKit/537.36 (KHTML, like Gecko) Chrome/120.0.0.0 Safari/537.36"
20.104.18.253 - - [31/Jul/2026:00:52:00 +0000] "GET /colors/coffee/mailer.php HTTP/1.1" 404 12619 "-" "Mozilla/5.0 (Windows NT 10.0; Win64; x64) AppleWebKit/537.36 (KHTML, like Gecko) Chrome/120.0.0.0 Safari/537.36"
20.104.18.253 - - [31/Jul/2026:00:52:01 +0000] "GET /colors/coffee/maro.php HTTP/1.1" 404 12617 "-" "Mozilla/5.0 (Windows NT 10.0; Win64; x64) AppleWebKit/537.36 (KHTML, like Gecko) Chrome/120.0.0.0 Safari/537.36"
20.104.18.253 - - [31/Jul/2026:00:52:02 +0000] "GET /colors/coffee/mini.local.php HTTP/1.1" 404 12618 "-" "Mozilla/5.0 (Windows NT 10.0; Win64; x64) AppleWebKit/537.36 (KHTML, like Gecko) Chrome/120.0.0.0 Safari/537.36"
20.104.18.253 - - [31/Jul/2026:00:52:02 +0000] "GET /colors/coffee/mini.php HTTP/1.1" 403 5168 "-" "Mozilla/5.0 (Windows NT 10.0; Win64; x64) AppleWebKit/537.36 (KHTML, like Gecko) Chrome/120.0.0.0 Safari/537.36"
20.104.18.253 - - [31/Jul/2026:00:52:02 +0000] "GET /colors/coffee/minishell.php HTTP/1.1" 403 5168 "-" "Mozilla/5.0 (Windows NT 10.0; Win64; x64) AppleWebKit/537.36 (KHTML, like Gecko) Chrome/120.0.0.0 Safari/537.36"
20.104.18.253 - - [31/Jul/2026:00:52:03 +0000] "GET /colors/coffee/sh3ll.php HTTP/1.1" 403 5168 "-" "Mozilla/5.0 (Windows NT 10.0; Win64; x64) AppleWebKit/537.36 (KHTML, like Gecko) Chrome/120.0.0.0 Safari/537.36"
74.7.241.51 - - [31/Jul/2026:00:52:37 +0000] "GET /admin.php?dir=CwusrCwlib64CwImageMagick-6Fw9Fw13Cwmodules-Q16Cwcoders&view=pango.la HTTP/1.1" 200 672 "https://hondasaudi.com/admin.php?dir=CwusrCwlib64CwImageMagick-6Fw9Fw13Cwmodules-Q16Cwcoders" "Mozilla/5.0 AppleWebKit/537.36 (KHTML, like Gecko; compatible; GPTBot/1.4; +https://openai.com/gptbot)"
172.105.42.26 - - [31/Jul/2026:00:52:48 +0000] "POST /wp-cron.php?doing_wp_cron=1785459168.2860009670257568359375 HTTP/1.1" 200 20 "-" "WordPress/7.0.2; https://hondasaudi.com"
49.13.134.145 - - [31/Jul/2026:00:52:48 +0000] "HEAD / HTTP/1.1" 200 - "https://hondasaudi.com" "Mozilla/5.0+(compatible; UptimeRobot/2.0; http://www.uptimerobot.com/)"
172.105.42.26 - - [31/Jul/2026:00:53:19 +0000] "POST /wp-cron.php?doing_wp_cron=1785459199.8662569522857666015625 HTTP/1.1" 200 20 "-" "WordPress/7.0.2; https://hondasaudi.com"
74.7.241.51 - - [31/Jul/2026:00:53:19 +0000] "GET /c-api/arg.html HTTP/1.1" 404 12574 "https://hondasaudi.com/admin.php?dir=CwusrCwshareCwdocCwpython3-docsCwhtmlCwextending&view=newtypes.html" "Mozilla/5.0 AppleWebKit/537.36 (KHTML, like Gecko; compatible; GPTBot/1.4; +https://openai.com/gptbot)"
172.105.42.26 - - [31/Jul/2026:00:53:38 +0000] "POST /wp-cron.php?doing_wp_cron=1785459218.3180460929870605468750 HTTP/1.1" 200 20 "-" "WordPress/7.0.2; https://hondasaudi.com"
2001:16a4:227:3048:7168:b446:5173:5928 - - [31/Jul/2026:00:53:38 +0000] "GET / HTTP/1.1" 200 15687 "-" "Mozilla/5.0 (iPhone; CPU iPhone OS 18_5 like Mac OS X) AppleWebKit/605.1.15 (KHTML, like Gecko) Version/18.5 Mobile/15E148 Safari/604.1"
74.7.241.51 - - [31/Jul/2026:00:53:39 +0000] "GET /c-api/typeobj.html HTTP/1.1" 404 12577 "https://hondasaudi.com/admin.php?dir=CwusrCwshareCwdocCwpython3-docsCwhtmlCwextending&view=newtypes.html" "Mozilla/5.0 AppleWebKit/537.36 (KHTML, like Gecko; compatible; GPTBot/1.4; +https://openai.com/gptbot)"
2001:16a4:227:3048:7168:b446:5173:5928 - - [31/Jul/2026:00:53:39 +0000] "GET / HTTP/1.1" 200 15687 "-" "Mozilla/5.0 (iPhone; CPU iPhone OS 18_5 like Mac OS X) AppleWebKit/605.1.15 (KHTML, like Gecko) Version/18.5 Mobile/15E148 Safari/604.1"
74.7.241.51 - - [31/Jul/2026:00:54:00 +0000] "GET /c-api/exceptions.html HTTP/1.1" 404 12578 "https://hondasaudi.com/admin.php?dir=CwusrCwshareCwdocCwpython3-docsCwhtmlCwextending&view=newtypes.html" "Mozilla/5.0 AppleWebKit/537.36 (KHTML, like Gecko; compatible; GPTBot/1.4; +https://openai.com/gptbot)"
172.105.42.26 - - [31/Jul/2026:00:54:21 +0000] "POST /wp-cron.php?doing_wp_cron=1785459261.6884889602661132812500 HTTP/1.1" 200 20 "-" "WordPress/7.0.2; https://hondasaudi.com"
74.7.241.51 - - [31/Jul/2026:00:54:21 +0000] "GET /c-api/abstract.html HTTP/1.1" 404 12578 "https://hondasaudi.com/admin.php?dir=CwusrCwshareCwdocCwpython3-docsCwhtmlCwextending&view=newtypes.html" "Mozilla/5.0 AppleWebKit/537.36 (KHTML, like Gecko; compatible; GPTBot/1.4; +https://openai.com/gptbot)"
172.105.42.26 - - [31/Jul/2026:00:54:42 +0000] "POST /wp-cron.php?doing_wp_cron=1785459282.1488070487976074218750 HTTP/1.1" 200 20 "-" "WordPress/7.0.2; https://hondasaudi.com"
74.7.241.51 - - [31/Jul/2026:00:54:41 +0000] "GET /c-api/type.html HTTP/1.1" 404 12574 "https://hondasaudi.com/admin.php?dir=CwusrCwshareCwdocCwpython3-docsCwhtmlCwextending&view=newtypes.html" "Mozilla/5.0 AppleWebKit/537.36 (KHTML, like Gecko; compatible; GPTBot/1.4; +https://openai.com/gptbot)"
185.61.152.2 - - [31/Jul/2026:00:54:33 +0000] "POST /service_request/lead_gen_forms/autozone/ HTTP/1.1" 200 1003 "-" "-"
74.7.241.51 - - [31/Jul/2026:00:55:03 +0000] "GET /admin.php?dir=CwusrCwlib64CwImageMagick-6Fw9Fw13Cwmodules-Q16Cwcoders&view=matte.la HTTP/1.1" 200 645 "https://hondasaudi.com/admin.php?dir=CwusrCwlib64CwImageMagick-6Fw9Fw13Cwmodules-Q16Cwcoders" "Mozilla/5.0 AppleWebKit/537.36 (KHTML, like Gecko; compatible; GPTBot/1.4; +https://openai.com/gptbot)"
172.105.42.26 - - [31/Jul/2026:00:55:41 +0000] "POST /wp-cron.php?doing_wp_cron=1785459341.2703020572662353515625 HTTP/1.1" 200 20 "-" "WordPress/7.0.2; https://hondasaudi.com"
2001:16a2:c032:fca4:e179:3116:f0e3:2253 - - [31/Jul/2026:00:55:39 +0000] "GET / HTTP/1.1" 200 15687 "-" "Mozilla/5.0 (Macintosh; Intel Mac OS X 10_15_7) AppleWebKit/605.1.15 (KHTML, like Gecko) Version/26.5 Safari/605.1.15"
172.105.42.26 - - [31/Jul/2026:00:56:18 +0000] "POST /service_request/ai_integration/ HTTP/1.1" 200 735 "-" "-"
172.105.42.26 - - [31/Jul/2026:00:57:54 +0000] "POST /wp-cron.php?doing_wp_cron=1785459474.6767089366912841796875 HTTP/1.1" 200 20 "-" "WordPress/7.0.2; https://hondasaudi.com"
159.69.158.189 - - [31/Jul/2026:00:57:52 +0000] "HEAD / HTTP/1.1" 200 - "https://hondasaudi.com" "Mozilla/5.0+(compatible; UptimeRobot/2.0; http://www.uptimerobot.com/)"
172.105.42.26 - - [31/Jul/2026:00:58:46 +0000] "POST /wp-cron.php?doing_wp_cron=1785459526.8322958946228027343750 HTTP/1.1" 200 20 "-" "WordPress/7.0.2; https://hondasaudi.com"
74.7.241.51 - - [31/Jul/2026:00:58:45 +0000] "GET /admin.php?dir=CwusrCwshareCwdocCwpython3-docsCwhtmlCw_sourcesCwextending&view=extending.rst.txt HTTP/1.1" 200 19252 "https://hondasaudi.com/admin.php?dir=CwusrCwshareCwdocCwpython3-docsCwhtmlCw_sourcesCwextending" "Mozilla/5.0 AppleWebKit/537.36 (KHTML, like Gecko; compatible; GPTBot/1.4; +https://openai.com/gptbot)"
74.7.241.51 - - [31/Jul/2026:00:59:05 +0000] "GET /admin.php?dir=CwusrCwlib64CwImageMagick-6Fw9Fw13Cwmodules-Q16Cwcoders&view=sixel.la HTTP/1.1" 200 645 "https://hondasaudi.com/admin.php?dir=CwusrCwlib64CwImageMagick-6Fw9Fw13Cwmodules-Q16Cwcoders" "Mozilla/5.0 AppleWebKit/537.36 (KHTML, like Gecko; compatible; GPTBot/1.4; +https://openai.com/gptbot)"
74.7.241.51 - - [31/Jul/2026:00:59:26 +0000] "GET /admin.php?dir=CwusrCwinclude&edit=gnumake.h HTTP/1.1" 200 3839 "https://hondasaudi.com/admin.php?dir=CwusrCwinclude" "Mozilla/5.0 AppleWebKit/537.36 (KHTML, like Gecko; compatible; GPTBot/1.4; +https://openai.com/gptbot)"
172.105.42.26 - - [31/Jul/2026:00:59:32 +0000] "POST /wp-cron.php?doing_wp_cron=1785459572.2890660762786865234375 HTTP/1.1" 200 20 "-" "WordPress/7.0.2; https://hondasaudi.com"
74.7.241.51 - - [31/Jul/2026:00:59:48 +0000] "GET /admin.php?dir=CwusrCwshareCwdocCwpython3-docsCwhtmlCwwhatsnew&edit=index.html HTTP/1.1" 200 10558 "https://hondasaudi.com/admin.php?dir=CwusrCwshareCwdocCwpython3-docsCwhtmlCwwhatsnew" "Mozilla/5.0 AppleWebKit/537.36 (KHTML, like Gecko; compatible; GPTBot/1.4; +https://openai.com/gptbot)"
74.7.241.51 - - [31/Jul/2026:01:00:10 +0000] "GET /admin.php?dir=CwusrCwlib64CwImageMagick-6Fw9Fw13Cwmodules-Q16Cwcoders&view=ycbcr.la HTTP/1.1" 200 645 "https://hondasaudi.com/admin.php?dir=CwusrCwlib64CwImageMagick-6Fw9Fw13Cwmodules-Q16Cwcoders" "Mozilla/5.0 AppleWebKit/537.36 (KHTML, like Gecko; compatible; GPTBot/1.4; +https://openai.com/gptbot)"
74.7.241.51 - - [31/Jul/2026:01:00:30 +0000] "GET /admin.php?dir=CwusrCwshareCwdocCwpython3-docsCwhtmlCwfaq&edit=index.html HTTP/1.1" 200 4457 "https://hondasaudi.com/admin.php?dir=CwusrCwshareCwdocCwpython3-docsCwhtmlCwfaq" "Mozilla/5.0 AppleWebKit/537.36 (KHTML, like Gecko; compatible; GPTBot/1.4; +https://openai.com/gptbot)"
74.7.241.51 - - [31/Jul/2026:01:00:52 +0000] "GET /admin.php?dir=CwusrCwshareCwdocCwpython3-docsCwhtmlCw_sourcesCwdistutils&view=sourcedist.rst.txt HTTP/1.1" 200 3328 "https://hondasaudi.com/admin.php?dir=CwusrCwshareCwdocCwpython3-docsCwhtmlCw_sourcesCwdistutils" "Mozilla/5.0 AppleWebKit/537.36 (KHTML, like Gecko; compatible; GPTBot/1.4; +https://openai.com/gptbot)"
74.7.241.51 - - [31/Jul/2026:01:01:13 +0000] "GET /admin.php?dir=CwusrCwshareCwdocCwpython3-docsCwhtmlCw_sourcesCwlibrary&edit=cmath.rst.txt HTTP/1.1" 200 5709 "https://hondasaudi.com/admin.php?dir=CwusrCwshareCwdocCwpython3-docsCwhtmlCw_sourcesCwlibrary" "Mozilla/5.0 AppleWebKit/537.36 (KHTML, like Gecko; compatible; GPTBot/1.4; +https://openai.com/gptbot)"
136.110.53.184 - - [31/Jul/2026:01:01:14 +0000] "POST /?rest_route=/batch/v1 HTTP/1.1" 403 5168 "-" "Mozilla/5.0 (Windows NT 10.0; Win64; x64) AppleWebKit/537.36 (KHTML, like Gecko) Chrome/131.0.0.0 Safari/537.36"
74.7.241.51 - - [31/Jul/2026:01:02:14 +0000] "GET /admin.php?dir=CwusrCwsbin&edit=ddns-confgen HTTP/1.1" 200 2452 "https://hondasaudi.com/admin.php?dir=CwCwsbin" "Mozilla/5.0 AppleWebKit/537.36 (KHTML, like Gecko; compatible; GPTBot/1.4; +https://openai.com/gptbot)"
74.7.241.51 - - [31/Jul/2026:01:02:36 +0000] "GET /admin.php?dir=Cwrun&edit=restartsrv_rsyslog HTTP/1.1" 200 2448 "https://hondasaudi.com/admin.php?dir=CwvarCwrun" "Mozilla/5.0 AppleWebKit/537.36 (KHTML, like Gecko; compatible; GPTBot/1.4; +https://openai.com/gptbot)"
74.7.241.51 - - [31/Jul/2026:01:02:56 +0000] "GET /admin.php?dir=CwusrCwsbin&edit=xfs_spaceman HTTP/1.1" 200 2452 "https://hondasaudi.com/admin.php?dir=CwCwsbin" "Mozilla/5.0 AppleWebKit/537.36 (KHTML, like Gecko; compatible; GPTBot/1.4; +https://openai.com/gptbot)"
172.105.42.26 - - [31/Jul/2026:01:03:00 +0000] "POST /wp-cron.php?doing_wp_cron=1785459780.0799639225006103515625 HTTP/1.1" 200 20 "-" "WordPress/7.0.2; https://hondasaudi.com"
88.99.80.227 - - [31/Jul/2026:01:02:59 +0000] "HEAD / HTTP/1.1" 200 - "https://hondasaudi.com" "Mozilla/5.0+(compatible; UptimeRobot/2.0; http://www.uptimerobot.com/)"
74.7.241.51 - - [31/Jul/2026:01:03:18 +0000] "GET /admin.php?dir=CwusrCwshare&edit=config.site HTTP/1.1" 200 2910 "https://hondasaudi.com/admin.php?dir=CwusrCwshare" "Mozilla/5.0 AppleWebKit/537.36 (KHTML, like Gecko; compatible; GPTBot/1.4; +https://openai.com/gptbot)"
172.105.42.26 - - [31/Jul/2026:01:04:01 +0000] "POST /wp-cron.php?doing_wp_cron=1785459841.0218520164489746093750 HTTP/1.1" 200 20 "-" "WordPress/7.0.2; https://hondasaudi.com"
74.7.241.51 - - [31/Jul/2026:01:04:00 +0000] "GET /admin.php?dir=CwusrCwsbin&edit=ipmi-console HTTP/1.1" 200 2451 "https://hondasaudi.com/admin.php?dir=CwCwsbin" "Mozilla/5.0 AppleWebKit/537.36 (KHTML, like Gecko; compatible; GPTBot/1.4; +https://openai.com/gptbot)"
172.105.42.26 - - [31/Jul/2026:01:04:28 +0000] "POST /service_request/ai_integration/ HTTP/1.1" 200 723 "-" "-"
74.7.241.51 - - [31/Jul/2026:01:04:43 +0000] "GET /admin.php?dir=CwusrCwinclude&edit=gdfontt.h HTTP/1.1" 200 2828 "https://hondasaudi.com/admin.php?dir=CwusrCwinclude" "Mozilla/5.0 AppleWebKit/537.36 (KHTML, like Gecko; compatible; GPTBot/1.4; +https://openai.com/gptbot)"
74.7.241.51 - - [31/Jul/2026:01:05:26 +0000] "GET /admin.php?dir=Cwrun&edit=restartsrv_cphulkd HTTP/1.1" 200 2449 "https://hondasaudi.com/admin.php?dir=CwvarCwrun" "Mozilla/5.0 AppleWebKit/537.36 (KHTML, like Gecko; compatible; GPTBot/1.4; +https://openai.com/gptbot)"
172.105.42.26 - - [31/Jul/2026:01:05:46 +0000] "POST /wp-cron.php?doing_wp_cron=1785459946.8898210525512695312500 HTTP/1.1" 200 20 "-" "WordPress/7.0.2; https://hondasaudi.com"
74.7.241.51 - - [31/Jul/2026:01:06:09 +0000] "GET /admin.php?dir=CwusrCwbin&edit=db_checkpoint HTTP/1.1" 200 2452 "https://hondasaudi.com/admin.php?dir=CwCwbin" "Mozilla/5.0 AppleWebKit/537.36 (KHTML, like Gecko; compatible; GPTBot/1.4; +https://openai.com/gptbot)"
185.61.152.2 - - [31/Jul/2026:01:07:00 +0000] "POST /service_request/lead_gen_forms/autozone/ HTTP/1.1" 200 231 "-" "-"
74.7.241.51 - - [31/Jul/2026:01:07:13 +0000] "GET /admin.php?dir=CwetcCwprofileFwd&edit=vim.sh HTTP/1.1" 200 2627 "https://hondasaudi.com/admin.php?dir=CwetcCwprofileFwd" "Mozilla/5.0 AppleWebKit/537.36 (KHTML, like Gecko; compatible; GPTBot/1.4; +https://openai.com/gptbot)"
172.105.42.26 - - [31/Jul/2026:01:07:17 +0000] "POST /service_request/ai_integration/ HTTP/1.1" 200 766 "-" "-"
172.105.42.26 - - [31/Jul/2026:01:08:06 +0000] "POST /wp-cron.php?doing_wp_cron=1785460086.1094059944152832031250 HTTP/1.1" 200 20 "-" "WordPress/7.0.2; https://hondasaudi.com"
49.13.130.29 - - [31/Jul/2026:01:08:05 +0000] "HEAD / HTTP/1.1" 200 - "https://hondasaudi.com" "Mozilla/5.0+(compatible; UptimeRobot/2.0; http://www.uptimerobot.com/)"
74.7.241.51 - - [31/Jul/2026:01:08:17 +0000] "GET /admin.php?dir=CwusrCwinclude&edit=pngconf.h HTTP/1.1" 200 9597 "https://hondasaudi.com/admin.php?dir=CwusrCwinclude" "Mozilla/5.0 AppleWebKit/537.36 (KHTML, like Gecko; compatible; GPTBot/1.4; +https://openai.com/gptbot)"
172.105.42.26 - - [31/Jul/2026:01:09:18 +0000] "POST /wp-cron.php?doing_wp_cron=1785460158.0704860687255859375000 HTTP/1.1" 200 20 "-" "WordPress/7.0.2; https://hondasaudi.com"
185.61.152.2 - - [31/Jul/2026:01:09:13 +0000] "POST /service_request/lead_gen_forms/autozone/ HTTP/1.1" 200 220 "-" "-"
74.7.241.51 - - [31/Jul/2026:01:09:41 +0000] "GET /admin.php?dir=CwusrCwbin&edit=semodule_link HTTP/1.1" 200 2453 "https://hondasaudi.com/admin.php?dir=CwusrCwbin" "Mozilla/5.0 AppleWebKit/537.36 (KHTML, like Gecko; compatible; GPTBot/1.4; +https://openai.com/gptbot)"
172.105.42.26 - - [31/Jul/2026:01:09:51 +0000] "POST /wp-cron.php?doing_wp_cron=1785460191.7323720455169677734375 HTTP/1.1" 200 20 "-" "WordPress/7.0.2; https://hondasaudi.com"
20.104.18.253 - - [31/Jul/2026:01:09:51 +0000] "GET /helper.php HTTP/1.1" 404 12571 "-" "Mozilla/5.0 (Windows NT 10.0; Win64; x64) AppleWebKit/537.36 (KHTML, like Gecko) Chrome/120.0.0.0 Safari/537.36"
20.104.18.253 - - [31/Jul/2026:01:09:52 +0000] "GET /helper043.php HTTP/1.1" 404 12574 "-" "Mozilla/5.0 (Windows NT 10.0; Win64; x64) AppleWebKit/537.36 (KHTML, like Gecko) Chrome/120.0.0.0 Safari/537.36"
20.104.18.253 - - [31/Jul/2026:01:09:52 +0000] "GET /hhh.php HTTP/1.1" 404 12570 "-" "Mozilla/5.0 (Windows NT 10.0; Win64; x64) AppleWebKit/537.36 (KHTML, like Gecko) Chrome/120.0.0.0 Safari/537.36"
20.104.18.253 - - [31/Jul/2026:01:09:53 +0000] "GET /hi.php HTTP/1.1" 404 12569 "-" "Mozilla/5.0 (Windows NT 10.0; Win64; x64) AppleWebKit/537.36 (KHTML, like Gecko) Chrome/120.0.0.0 Safari/537.36"
20.104.18.253 - - [31/Jul/2026:01:09:53 +0000] "GET /hideo/network.php HTTP/1.1" 404 12578 "-" "Mozilla/5.0 (Windows NT 10.0; Win64; x64) AppleWebKit/537.36 (KHTML, like Gecko) Chrome/120.0.0.0 Safari/537.36"
20.104.18.253 - - [31/Jul/2026:01:09:54 +0000] "GET /hinfofuns.php HTTP/1.1" 404 12574 "-" "Mozilla/5.0 (Windows NT 10.0; Win64; x64) AppleWebKit/537.36 (KHTML, like Gecko) Chrome/120.0.0.0 Safari/537.36"
20.104.18.253 - - [31/Jul/2026:01:09:54 +0000] "GET /hiroshi.php HTTP/1.1" 404 12573 "-" "Mozilla/5.0 (Windows NT 10.0; Win64; x64) AppleWebKit/537.36 (KHTML, like Gecko) Chrome/120.0.0.0 Safari/537.36"
20.104.18.253 - - [31/Jul/2026:01:09:55 +0000] "GET /home.php HTTP/1.1" 404 12569 "-" "Mozilla/5.0 (Windows NT 10.0; Win64; x64) AppleWebKit/537.36 (KHTML, like Gecko) Chrome/120.0.0.0 Safari/537.36"
20.104.18.253 - - [31/Jul/2026:01:09:55 +0000] "GET /homeadmin.php HTTP/1.1" 404 12572 "-" "Mozilla/5.0 (Windows NT 10.0; Win64; x64) AppleWebKit/537.36 (KHTML, like Gecko) Chrome/120.0.0.0 Safari/537.36"
20.104.18.253 - - [31/Jul/2026:01:09:56 +0000] "GET /homealfa.php HTTP/1.1" 404 12572 "-" "Mozilla/5.0 (Windows NT 10.0; Win64; x64) AppleWebKit/537.36 (KHTML, like Gecko) Chrome/120.0.0.0 Safari/537.36"
20.104.18.253 - - [31/Jul/2026:01:09:56 +0000] "GET /homebypass.php HTTP/1.1" 404 12575 "-" "Mozilla/5.0 (Windows NT 10.0; Win64; x64) AppleWebKit/537.36 (KHTML, like Gecko) Chrome/120.0.0.0 Safari/537.36"
20.104.18.253 - - [31/Jul/2026:01:09:57 +0000] "GET /homek.php HTTP/1.1" 404 12571 "-" "Mozilla/5.0 (Windows NT 10.0; Win64; x64) AppleWebKit/537.36 (KHTML, like Gecko) Chrome/120.0.0.0 Safari/537.36"
20.104.18.253 - - [31/Jul/2026:01:09:57 +0000] "GET /homewp.php HTTP/1.1" 404 12571 "-" "Mozilla/5.0 (Windows NT 10.0; Win64; x64) AppleWebKit/537.36 (KHTML, like Gecko) Chrome/120.0.0.0 Safari/537.36"
20.104.18.253 - - [31/Jul/2026:01:09:58 +0000] "GET /hoot.php HTTP/1.1" 404 12569 "-" "Mozilla/5.0 (Windows NT 10.0; Win64; x64) AppleWebKit/537.36 (KHTML, like Gecko) Chrome/120.0.0.0 Safari/537.36"
20.104.18.253 - - [31/Jul/2026:01:09:58 +0000] "GET /hplfuns.php HTTP/1.1" 404 12573 "-" "Mozilla/5.0 (Windows NT 10.0; Win64; x64) AppleWebKit/537.36 (KHTML, like Gecko) Chrome/120.0.0.0 Safari/537.36"
20.104.18.253 - - [31/Jul/2026:01:09:59 +0000] "GET /html.php HTTP/1.1" 404 12569 "-" "Mozilla/5.0 (Windows NT 10.0; Win64; x64) AppleWebKit/537.36 (KHTML, like Gecko) Chrome/120.0.0.0 Safari/537.36"
20.104.18.253 - - [31/Jul/2026:01:09:59 +0000] "GET /html404/cry.php HTTP/1.1" 404 12575 "-" "Mozilla/5.0 (Windows NT 10.0; Win64; x64) AppleWebKit/537.36 (KHTML, like Gecko) Chrome/120.0.0.0 Safari/537.36"
20.104.18.253 - - [31/Jul/2026:01:09:59 +0000] "GET /html404/xccc.php HTTP/1.1" 404 12575 "-" "Mozilla/5.0 (Windows NT 10.0; Win64; x64) AppleWebKit/537.36 (KHTML, like Gecko) Chrome/120.0.0.0 Safari/537.36"
20.104.18.253 - - [31/Jul/2026:01:10:00 +0000] "GET /htmleditor2/natural.php HTTP/1.1" 404 12577 "-" "Mozilla/5.0 (Windows NT 10.0; Win64; x64) AppleWebKit/537.36 (KHTML, like Gecko) Chrome/120.0.0.0 Safari/537.36"
20.104.18.253 - - [31/Jul/2026:01:10:00 +0000] "GET /https-migration.php HTTP/1.1" 404 12574 "-" "Mozilla/5.0 (Windows NT 10.0; Win64; x64) AppleWebKit/537.36 (KHTML, like Gecko) Chrome/120.0.0.0 Safari/537.36"
20.104.18.253 - - [31/Jul/2026:01:10:01 +0000] "GET /hunter.php HTTP/1.1" 404 12570 "-" "Mozilla/5.0 (Windows NT 10.0; Win64; x64) AppleWebKit/537.36 (KHTML, like Gecko) Chrome/120.0.0.0 Safari/537.36"
20.104.18.253 - - [31/Jul/2026:01:10:01 +0000] "GET /husky301.php HTTP/1.1" 404 12573 "-" "Mozilla/5.0 (Windows NT 10.0; Win64; x64) AppleWebKit/537.36 (KHTML, like Gecko) Chrome/120.0.0.0 Safari/537.36"
20.104.18.253 - - [31/Jul/2026:01:10:02 +0000] "GET /i.php HTTP/1.1" 404 12568 "-" "Mozilla/5.0 (Windows NT 10.0; Win64; x64) AppleWebKit/537.36 (KHTML, like Gecko) Chrome/120.0.0.0 Safari/537.36"
20.104.18.253 - - [31/Jul/2026:01:10:02 +0000] "GET /i0004en.php//bk/index.php HTTP/1.1" 301 20 "-" "Mozilla/5.0 (Windows NT 10.0; Win64; x64) AppleWebKit/537.36 (KHTML, like Gecko) Chrome/120.0.0.0 Safari/537.36"
74.7.241.51 - - [31/Jul/2026:01:10:03 +0000] "GET /admin.php?dir=CwusrCwsbin&edit=xfs_metadump HTTP/1.1" 200 2876 "https://hondasaudi.com/admin.php?dir=CwCwsbin" "Mozilla/5.0 AppleWebKit/537.36 (KHTML, like Gecko; compatible; GPTBot/1.4; +https://openai.com/gptbot)"
20.104.18.253 - - [31/Jul/2026:01:10:03 +0000] "GET /i0004en.php//wp-admin/bk/index.php HTTP/1.1" 301 20 "-" "Mozilla/5.0 (Windows NT 10.0; Win64; x64) AppleWebKit/537.36 (KHTML, like Gecko) Chrome/120.0.0.0 Safari/537.36"
20.104.18.253 - - [31/Jul/2026:01:10:03 +0000] "GET /i0004en.php//wp-content/bk/index.php HTTP/1.1" 301 20 "-" "Mozilla/5.0 (Windows NT 10.0; Win64; x64) AppleWebKit/537.36 (KHTML, like Gecko) Chrome/120.0.0.0 Safari/537.36"
20.104.18.253 - - [31/Jul/2026:01:10:04 +0000] "GET /i0004en.php//wp-content/plugins/bk/index.php HTTP/1.1" 301 20 "-" "Mozilla/5.0 (Windows NT 10.0; Win64; x64) AppleWebKit/537.36 (KHTML, like Gecko) Chrome/120.0.0.0 Safari/537.36"
20.104.18.253 - - [31/Jul/2026:01:10:04 +0000] "GET /i0004en.php//wp-content/themes/bk/index.php HTTP/1.1" 301 20 "-" "Mozilla/5.0 (Windows NT 10.0; Win64; x64) AppleWebKit/537.36 (KHTML, like Gecko) Chrome/120.0.0.0 Safari/537.36"
20.104.18.253 - - [31/Jul/2026:01:10:05 +0000] "GET /i0004en.php//wp-content/uploads/bk/index.php HTTP/1.1" 301 20 "-" "Mozilla/5.0 (Windows NT 10.0; Win64; x64) AppleWebKit/537.36 (KHTML, like Gecko) Chrome/120.0.0.0 Safari/537.36"
20.104.18.253 - - [31/Jul/2026:01:10:05 +0000] "GET /i0004en.php//wp-includes/bk/index.php HTTP/1.1" 301 20 "-" "Mozilla/5.0 (Windows NT 10.0; Win64; x64) AppleWebKit/537.36 (KHTML, like Gecko) Chrome/120.0.0.0 Safari/537.36"
20.104.18.253 - - [31/Jul/2026:01:10:05 +0000] "GET /iR7SzrsOUEP.php HTTP/1.1" 404 12577 "-" "Mozilla/5.0 (Windows NT 10.0; Win64; x64) AppleWebKit/537.36 (KHTML, like Gecko) Chrome/120.0.0.0 Safari/537.36"
20.104.18.253 - - [31/Jul/2026:01:10:06 +0000] "GET /iRSzrsOUEP.php HTTP/1.1" 404 12576 "-" "Mozilla/5.0 (Windows NT 10.0; Win64; x64) AppleWebKit/537.36 (KHTML, like Gecko) Chrome/120.0.0.0 Safari/537.36"
74.7.241.51 - - [31/Jul/2026:01:10:44 +0000] "GET /admin.php?dir=CwusrCwinclude&edit=complex.h HTTP/1.1" 200 4428 "https://hondasaudi.com/admin.php?dir=CwusrCwinclude" "Mozilla/5.0 AppleWebKit/537.36 (KHTML, like Gecko; compatible; GPTBot/1.4; +https://openai.com/gptbot)"
172.105.42.26 - - [31/Jul/2026:01:11:11 +0000] "POST /wp-cron.php?doing_wp_cron=1785460271.6990299224853515625000 HTTP/1.1" 200 20 "-" "WordPress/7.0.2; https://hondasaudi.com"
173.252.95.24 - - [31/Jul/2026:01:11:11 +0000] "GET /offers/ HTTP/1.1" 404 12568 "-" "facebookexternalhit/1.1 (+http://www.facebook.com/externalhit_uatext.php)"
172.105.42.26 - - [31/Jul/2026:01:11:16 +0000] "POST /wp-cron.php?doing_wp_cron=1785460276.1170439720153808593750 HTTP/1.1" 200 20 "-" "WordPress/7.0.2; https://hondasaudi.com"
45.142.137.216 - - [31/Jul/2026:01:11:15 +0000] "GET /?utm_source=GoogleGSN&utm_medium=Paid_Traffic&utm_campaign=GSN_HS_2021&utm_id=GSN-0012-003&gad_source=1&gclid=Cj0KCQjwjLGyBhCYARIsAPqTz19B9C_cMTKNh7tEGshME_fwFVCcJpROPrjK3ygt9_3S_x25pAYjMbkaAiv0EALw_wcB HTTP/1.1" 200 15856 "-" "Mozilla/5.0 (X11; Ubuntu; Linux i686; rv:24.0) Gecko/20100101 Firefox/24.0 Chrome/80.0.3987.132 Safari/537.36"
74.7.241.51 - - [31/Jul/2026:01:11:46 +0000] "GET /admin.php?dir=CwusrCwinclude&edit=lastlog.h HTTP/1.1" 200 2536 "https://hondasaudi.com/admin.php?dir=CwusrCwinclude" "Mozilla/5.0 AppleWebKit/537.36 (KHTML, like Gecko; compatible; GPTBot/1.4; +https://openai.com/gptbot)"
74.7.241.51 - - [31/Jul/2026:01:12:28 +0000] "GET /admin.php?dir=CwusrCwinclude&edit=jpeglib.h HTTP/1.1" 200 16410 "https://hondasaudi.com/admin.php?dir=CwusrCwinclude" "Mozilla/5.0 AppleWebKit/537.36 (KHTML, like Gecko; compatible; GPTBot/1.4; +https://openai.com/gptbot)"
74.7.241.51 - - [31/Jul/2026:01:12:49 +0000] "GET /admin.php?dir=CwusrCwshareCwzoneinfoCwAsia&edit=Chita HTTP/1.1" 200 2474 "https://hondasaudi.com/admin.php?dir=CwusrCwshareCwzoneinfoCwAsia" "Mozilla/5.0 AppleWebKit/537.36 (KHTML, like Gecko; compatible; GPTBot/1.4; +https://openai.com/gptbot)"
74.7.241.51 - - [31/Jul/2026:01:13:10 +0000] "GET /admin.php?dir=CwusrCwshareCwdocCwpasswd&edit=ChangeLog HTTP/1.1" 200 5024 "https://hondasaudi.com/admin.php?dir=CwusrCwshareCwdocCwpasswd" "Mozilla/5.0 AppleWebKit/537.36 (KHTML, like Gecko; compatible; GPTBot/1.4; +https://openai.com/gptbot)"
172.105.42.26 - - [31/Jul/2026:01:13:11 +0000] "POST /wp-cron.php?doing_wp_cron=1785460391.7919380664825439453125 HTTP/1.1" 200 20 "-" "WordPress/7.0.2; https://hondasaudi.com"
49.13.164.148 - - [31/Jul/2026:01:13:11 +0000] "HEAD / HTTP/1.1" 200 - "https://hondasaudi.com" "Mozilla/5.0+(compatible; UptimeRobot/2.0; http://www.uptimerobot.com/)"
172.105.42.26 - - [31/Jul/2026:01:14:32 +0000] "POST /wp-cron.php?doing_wp_cron=1785460472.8029460906982421875000 HTTP/1.1" 200 20 "-" "WordPress/7.0.2; https://hondasaudi.com"
74.7.241.51 - - [31/Jul/2026:01:14:36 +0000] "GET /admin.php?dir=CwsysCwbusCwpciCwdriversCwdw_dmac_pci&edit=new_id HTTP/1.1" 200 2488 "https://hondasaudi.com/admin.php?dir=CwsysCwbusCwpciCwdriversCwdw_dmac_pci" "Mozilla/5.0 AppleWebKit/537.36 (KHTML, like Gecko; compatible; GPTBot/1.4; +https://openai.com/gptbot)"
74.7.241.51 - - [31/Jul/2026:01:14:56 +0000] "GET /admin.php?dir=CwusrCwlibCwmodulesCw4Fw18Fw0-477Fw10Fw1Fwel8_8Fwx86_64CwkernelCwdriversCwmediaCwusbCwdvb-usb&edit=dvb-usb-pctv452e.ko.xz HTTP/1.1" 200 2587 "https://hondasaudi.com/admin.php?dir=CwusrCwlibCwmodulesCw4Fw18Fw0-477Fw10Fw1Fwel8_8Fwx86_64CwkernelCwdriversCwmediaCwusbCwdvb-usb" "Mozilla/5.0 AppleWebKit/537.36 (KHTML, like Gecko; compatible; GPTBot/1.4; +https://openai.com/gptbot)"
74.7.241.51 - - [31/Jul/2026:01:15:18 +0000] "GET /admin.php?dir=CwusrCwlibCwmodulesCw4Fw18Fw0-553Fw8Fw1Fwel8_10Fwx86_64CwkernelCwdriversCwmediaCwusbCwdvb-usb&edit=dvb-usb-pctv452e.ko.xz HTTP/1.1" 200 2588 "https://hondasaudi.com/admin.php?dir=CwusrCwlibCwmodulesCw4Fw18Fw0-553Fw8Fw1Fwel8_10Fwx86_64CwkernelCwdriversCwmediaCwusbCwdvb-usb" "Mozilla/5.0 AppleWebKit/537.36 (KHTML, like Gecko; compatible; GPTBot/1.4; +https://openai.com/gptbot)"
172.105.42.26 - - [31/Jul/2026:01:16:17 +0000] "POST /service_request/ai_integration/ HTTP/1.1" 200 712 "-" "-"
74.7.241.51 - - [31/Jul/2026:01:16:21 +0000] "GET /admin.php?dir=CwhomeCwbalubaidCwweb3FwautozoneFwcomFwsaCwwp-contentCwpluginsCwsitepress-multilingual-cmsCwlocaleCworig&view=sitepress.po HTTP/1.1" 200 51892 "https://hondasaudi.com/admin.php?dir=CwhomeCwbalubaidCwweb3FwautozoneFwcomFwsaCwwp-contentCwpluginsCwsitepress-multilingual-cmsCwlocaleCworig" "Mozilla/5.0 AppleWebKit/537.36 (KHTML, like Gecko; compatible; GPTBot/1.4; +https://openai.com/gptbot)"
172.105.42.26 - - [31/Jul/2026:01:16:32 +0000] "POST /wp-cron.php?doing_wp_cron=1785460592.4314770698547363281250 HTTP/1.1" 200 20 "-" "WordPress/7.0.2; https://hondasaudi.com"
172.213.21.22 - - [31/Jul/2026:01:16:32 +0000] "GET / HTTP/1.1" 200 15687 "-" "Mozilla/5.0 AppleWebKit/537.36 (KHTML, like Gecko); compatible; ChatGPT-User/1.0; +https://openai.com/bot"
74.7.241.51 - - [31/Jul/2026:01:16:42 +0000] "GET /admin.php?dir=CwhomeCwbalubaidCwweb1FwautozoneFwcomFwsaCwwp-contentCwpluginsCwsitepress-multilingual-cmsCwlocaleCworig&view=sitepress.po HTTP/1.1" 200 30964 "https://hondasaudi.com/admin.php?dir=CwhomeCwbalubaidCwweb1FwautozoneFwcomFwsaCwwp-contentCwpluginsCwsitepress-multilingual-cmsCwlocaleCworig" "Mozilla/5.0 AppleWebKit/537.36 (KHTML, like Gecko; compatible; GPTBot/1.4; +https://openai.com/gptbot)"
62.238.62.114 - - [31/Jul/2026:01:17:02 +0000] "GET /wp-content/uploads/2025/05/MONA-07-150x150.png HTTP/1.1" 200 36002 "-" "Mozilla/5.0 (X11; Ubuntu; Linux x86_64; rv:72.0) Gecko/20100101 Firefox/72.0"
74.7.241.51 - - [31/Jul/2026:01:17:03 +0000] "GET /admin.php?dir=CwusrCwshareCwdocCwpasswd HTTP/1.1" 200 3323 "https://hondasaudi.com/admin.php?dir=CwusrCwshareCwdocCwpasswd&edit=ChangeLog" "Mozilla/5.0 AppleWebKit/537.36 (KHTML, like Gecko; compatible; GPTBot/1.4; +https://openai.com/gptbot)"
172.105.42.26 - - [31/Jul/2026:01:18:11 +0000] "POST /wp-cron.php?doing_wp_cron=1785460691.1577339172363281250000 HTTP/1.1" 200 20 "-" "WordPress/7.0.2; https://hondasaudi.com"
68.67.112.109 - - [31/Jul/2026:01:18:10 +0000] "GET /honda-pilot/ HTTP/1.1" 200 17749 "-" "Mozilla/5.0 AppleWebKit/537.36 (KHTML, like Gecko; compatible; YouBot/1.0; +https://docs.you.com/youbot; env:prod) Chrome/142.0.0.0 Safari/537.36"
172.105.42.26 - - [31/Jul/2026:01:18:16 +0000] "POST /wp-cron.php?doing_wp_cron=1785460696.5286970138549804687500 HTTP/1.1" 200 20 "-" "WordPress/7.0.2; https://hondasaudi.com"
78.46.190.63 - - [31/Jul/2026:01:18:16 +0000] "HEAD / HTTP/1.1" 200 - "https://hondasaudi.com" "Mozilla/5.0+(compatible; UptimeRobot/2.0; http://www.uptimerobot.com/)"
74.7.241.51 - - [31/Jul/2026:01:18:26 +0000] "GET /admin.php?dir=CwhomeCwbalubaidCwweb2FwautozoneFwcomFwsaCwwp-contentCwpluginsCwsitepress-multilingual-cmsCwlocaleCworig&view=sitepress.po HTTP/1.1" 200 51892 "https://hondasaudi.com/admin.php?dir=CwhomeCwbalubaidCwweb2FwautozoneFwcomFwsaCwwp-contentCwpluginsCwsitepress-multilingual-cmsCwlocaleCworig" "Mozilla/5.0 AppleWebKit/537.36 (KHTML, like Gecko; compatible; GPTBot/1.4; +https://openai.com/gptbot)"
172.105.42.26 - - [31/Jul/2026:01:19:49 +0000] "POST /wp-cron.php?doing_wp_cron=1785460789.3081490993499755859375 HTTP/1.1" 200 20 "-" "WordPress/7.0.2; https://hondasaudi.com"
74.7.241.51 - - [31/Jul/2026:01:19:49 +0000] "GET /admin.php?dir=CwusrCwshareCwgettext-0Fw19Fw8Cwits&edit=appdata.its HTTP/1.1" 200 2669 "https://hondasaudi.com/admin.php?dir=CwusrCwshareCwgettext-0Fw19Fw8Cwits" "Mozilla/5.0 AppleWebKit/537.36 (KHTML, like Gecko; compatible; GPTBot/1.4; +https://openai.com/gptbot)"
74.7.241.51 - - [31/Jul/2026:01:20:10 +0000] "GET /%22%20.%20esc_url(%20get_home_url(%20$blog[ HTTP/1.1" 404 12593 "https://hondasaudi.com/admin.php?dir=CwhomeCwbalubaidCwweb3FwautozoneFwcomFwsaCwwp-contentCwpluginsCwsitepress-multilingual-cmsCwlocaleCworig&view=sitepress.po" "Mozilla/5.0 AppleWebKit/537.36 (KHTML, like Gecko; compatible; GPTBot/1.4; +https://openai.com/gptbot)"
172.105.42.26 - - [31/Jul/2026:01:20:31 +0000] "POST /wp-cron.php?doing_wp_cron=1785460831.2913799285888671875000 HTTP/1.1" 200 20 "-" "WordPress/7.0.2; https://hondasaudi.com"
74.7.241.51 - - [31/Jul/2026:01:20:31 +0000] "GET /plugins.php HTTP/1.1" 404 12572 "https://hondasaudi.com/admin.php?dir=CwhomeCwbalubaidCwweb3FwautozoneFwcomFwsaCwwp-contentCwpluginsCwsitepress-multilingual-cmsCwlocaleCworig&view=sitepress.po" "Mozilla/5.0 AppleWebKit/537.36 (KHTML, like Gecko; compatible; GPTBot/1.4; +https://openai.com/gptbot)"
74.7.241.51 - - [31/Jul/2026:01:20:51 +0000] "GET /%22%20.%20esc_url(%20get_admin_url(%20$blog[ HTTP/1.1" 404 12593 "https://hondasaudi.com/admin.php?dir=CwhomeCwbalubaidCwweb3FwautozoneFwcomFwsaCwwp-contentCwpluginsCwsitepress-multilingual-cmsCwlocaleCworig&view=sitepress.po" "Mozilla/5.0 AppleWebKit/537.36 (KHTML, like Gecko; compatible; GPTBot/1.4; +https://openai.com/gptbot)"
74.7.241.51 - - [31/Jul/2026:01:21:12 +0000] "GET /'%20.%20$description_link_url%20.%20' HTTP/1.1" 301 20 "https://hondasaudi.com/admin.php?dir=CwhomeCwbalubaidCwweb3FwautozoneFwcomFwsaCwwp-contentCwpluginsCwsitepress-multilingual-cmsCwlocaleCworig&view=sitepress.po" "Mozilla/5.0 AppleWebKit/537.36 (KHTML, like Gecko; compatible; GPTBot/1.4; +https://openai.com/gptbot)"
74.7.241.51 - - [31/Jul/2026:01:21:13 +0000] "GET /%20.%20description_link_url%20.%20 HTTP/1.1" 301 20 "https://hondasaudi.com/'%20.%20$description_link_url%20.%20'" "Mozilla/5.0 AppleWebKit/537.36 (KHTML, like Gecko; compatible; GPTBot/1.4; +https://openai.com/gptbot)"
74.7.241.51 - - [31/Jul/2026:01:21:13 +0000] "GET /%20.%20description_link_url HTTP/1.1" 404 12580 "https://hondasaudi.com/%20.%20description_link_url%20.%20" "Mozilla/5.0 AppleWebKit/537.36 (KHTML, like Gecko; compatible; GPTBot/1.4; +https://openai.com/gptbot)"
172.105.42.26 - - [31/Jul/2026:01:22:44 +0000] "POST /service_request/ai_integration/ HTTP/1.1" 200 746 "-" "-"
74.7.241.51 - - [31/Jul/2026:01:22:55 +0000] "GET /'%20.%20$languages_edit_url%20.%20' HTTP/1.1" 301 20 "https://hondasaudi.com/admin.php?dir=CwhomeCwbalubaidCwweb3FwautozoneFwcomFwsaCwwp-contentCwpluginsCwsitepress-multilingual-cmsCwlocaleCworig&view=sitepress.po" "Mozilla/5.0 AppleWebKit/537.36 (KHTML, like Gecko; compatible; GPTBot/1.4; +https://openai.com/gptbot)"
74.7.241.51 - - [31/Jul/2026:01:22:56 +0000] "GET /%20.%20languages_edit_url%20.%20 HTTP/1.1" 301 20 "https://hondasaudi.com/'%20.%20$languages_edit_url%20.%20'" "Mozilla/5.0 AppleWebKit/537.36 (KHTML, like Gecko; compatible; GPTBot/1.4; +https://openai.com/gptbot)"
74.7.241.51 - - [31/Jul/2026:01:22:57 +0000] "GET /%20.%20languages_edit_url HTTP/1.1" 404 12581 "https://hondasaudi.com/%20.%20languages_edit_url%20.%20" "Mozilla/5.0 AppleWebKit/537.36 (KHTML, like Gecko; compatible; GPTBot/1.4; +https://openai.com/gptbot)"
142.132.180.39 - - [31/Jul/2026:01:23:19 +0000] "HEAD / HTTP/1.1" 200 - "https://hondasaudi.com" "Mozilla/5.0+(compatible; UptimeRobot/2.0; http://www.uptimerobot.com/)"
172.105.42.26 - - [31/Jul/2026:01:23:38 +0000] "POST /wp-cron.php?doing_wp_cron=1785461018.6168150901794433593750 HTTP/1.1" 200 20 "-" "WordPress/7.0.2; https://hondasaudi.com"
74.7.241.51 - - [31/Jul/2026:01:23:38 +0000] "GET /'%20.%20$permalinks_settings_url%20.%20' HTTP/1.1" 301 20 "https://hondasaudi.com/admin.php?dir=CwhomeCwbalubaidCwweb3FwautozoneFwcomFwsaCwwp-contentCwpluginsCwsitepress-multilingual-cmsCwlocaleCworig&view=sitepress.po" "Mozilla/5.0 AppleWebKit/537.36 (KHTML, like Gecko; compatible; GPTBot/1.4; +https://openai.com/gptbot)"
74.7.241.51 - - [31/Jul/2026:01:23:39 +0000] "GET /%20.%20permalinks_settings_url%20.%20 HTTP/1.1" 301 20 "https://hondasaudi.com/'%20.%20$permalinks_settings_url%20.%20'" "Mozilla/5.0 AppleWebKit/537.36 (KHTML, like Gecko; compatible; GPTBot/1.4; +https://openai.com/gptbot)"
74.7.241.51 - - [31/Jul/2026:01:23:39 +0000] "GET /%20.%20permalinks_settings_url HTTP/1.1" 404 12586 "https://hondasaudi.com/%20.%20permalinks_settings_url%20.%20" "Mozilla/5.0 AppleWebKit/537.36 (KHTML, like Gecko; compatible; GPTBot/1.4; +https://openai.com/gptbot)"
74.7.241.51 - - [31/Jul/2026:01:23:59 +0000] "GET /'%20.%20$nginx_documentation_url%20.%20' HTTP/1.1" 301 20 "https://hondasaudi.com/admin.php?dir=CwhomeCwbalubaidCwweb3FwautozoneFwcomFwsaCwwp-contentCwpluginsCwsitepress-multilingual-cmsCwlocaleCworig&view=sitepress.po" "Mozilla/5.0 AppleWebKit/537.36 (KHTML, like Gecko; compatible; GPTBot/1.4; +https://openai.com/gptbot)"
74.7.241.51 - - [31/Jul/2026:01:23:59 +0000] "GET /%20.%20nginx_documentation_url%20.%20 HTTP/1.1" 301 20 "https://hondasaudi.com/'%20.%20$nginx_documentation_url%20.%20'" "Mozilla/5.0 AppleWebKit/537.36 (KHTML, like Gecko; compatible; GPTBot/1.4; +https://openai.com/gptbot)"
74.7.241.51 - - [31/Jul/2026:01:24:00 +0000] "GET /%20.%20nginx_documentation_url HTTP/1.1" 404 12582 "https://hondasaudi.com/%20.%20nginx_documentation_url%20.%20" "Mozilla/5.0 AppleWebKit/537.36 (KHTML, like Gecko; compatible; GPTBot/1.4; +https://openai.com/gptbot)"
172.105.42.26 - - [31/Jul/2026:01:24:29 +0000] "POST /service_request/ai_integration/ HTTP/1.1" 200 739 "-" "-"
74.7.241.51 - - [31/Jul/2026:01:25:03 +0000] "GET /'%20.%20$settings_url%20.%20' HTTP/1.1" 301 20 "https://hondasaudi.com/admin.php?dir=CwhomeCwbalubaidCwweb3FwautozoneFwcomFwsaCwwp-contentCwpluginsCwsitepress-multilingual-cmsCwlocaleCworig&view=sitepress.po" "Mozilla/5.0 AppleWebKit/537.36 (KHTML, like Gecko; compatible; GPTBot/1.4; +https://openai.com/gptbot)"
74.7.241.51 - - [31/Jul/2026:01:25:04 +0000] "GET /%20.%20settings_url%20.%20 HTTP/1.1" 301 20 "https://hondasaudi.com/'%20.%20$settings_url%20.%20'" "Mozilla/5.0 AppleWebKit/537.36 (KHTML, like Gecko; compatible; GPTBot/1.4; +https://openai.com/gptbot)"
74.7.241.51 - - [31/Jul/2026:01:25:04 +0000] "GET /%20.%20settings_url HTTP/1.1" 404 12578 "https://hondasaudi.com/%20.%20settings_url%20.%20" "Mozilla/5.0 AppleWebKit/537.36 (KHTML, like Gecko; compatible; GPTBot/1.4; +https://openai.com/gptbot)"
74.7.241.51 - - [31/Jul/2026:01:26:07 +0000] "GET /'%20.%20wp_nonce_url(%20admin_url(%20sprintf(%20$post_type_object-%3E_edit_link%20.%20'&action=untrash',%20$post-%3EID%20)%20),%20'untrash-post_'%20.%20$post-%3EID%20)%20.%20' HTTP/1.1" 301 20 "https://hondasaudi.com/admin.php?dir=CwhomeCwbalubaidCwweb3FwautozoneFwcomFwsaCwwp-contentCwpluginsCwsitepress-multilingual-cmsCwlocaleCworig&view=sitepress.po" "Mozilla/5.0 AppleWebKit/537.36 (KHTML, like Gecko; compatible; GPTBot/1.4; +https://openai.com/gptbot)"
74.7.241.51 - - [31/Jul/2026:01:26:07 +0000] "GET /%20.%20wp_nonce_url(%20admin_url(%20sprintf(%20post_type_object-%3E_edit_link%20.%20&action=untrash,%20post-%3EID%20)%20),%20untrash-post_%20.%20post-%3EID%20)%20.%20 HTTP/1.1" 301 20 "https://hondasaudi.com/'%20.%20wp_nonce_url(%20admin_url(%20sprintf(%20$post_type_object-%3E_edit_link%20.%20'&action=untrash',%20$post-%3EID%20)%20),%20'untrash-post_'%20.%20$post-%3EID%20)%20.%20'" "Mozilla/5.0 AppleWebKit/537.36 (KHTML, like Gecko; compatible; GPTBot/1.4; +https://openai.com/gptbot)"
74.7.241.51 - - [31/Jul/2026:01:26:08 +0000] "GET /%20.%20wp_nonce_url(%20admin_url(%20sprintf(%20post_type_object-%3E_edit_link%20.%20&action=untrash,%20post-%3EID%20)%20),%20untrash-post_%20.%20post-%3EID HTTP/1.1" 404 12646 "https://hondasaudi.com/%20.%20wp_nonce_url(%20admin_url(%20sprintf(%20post_type_object-%3E_edit_link%20.%20&action=untrash,%20post-%3EID%20)%20),%20untrash-post_%20.%20post-%3EID%20)%20.%20" "Mozilla/5.0 AppleWebKit/537.36 (KHTML, like Gecko; compatible; GPTBot/1.4; +https://openai.com/gptbot)"
74.7.241.51 - - [31/Jul/2026:01:26:49 +0000] "GET /'%20.%20get_edit_post_link(%20$original_page_id%20)%20.%20' HTTP/1.1" 301 20 "https://hondasaudi.com/admin.php?dir=CwhomeCwbalubaidCwweb3FwautozoneFwcomFwsaCwwp-contentCwpluginsCwsitepress-multilingual-cmsCwlocaleCworig&view=sitepress.po" "Mozilla/5.0 AppleWebKit/537.36 (KHTML, like Gecko; compatible; GPTBot/1.4; +https://openai.com/gptbot)"
74.7.241.51 - - [31/Jul/2026:01:26:50 +0000] "GET /%20.%20get_edit_post_link(%20original_page_id%20)%20.%20 HTTP/1.1" 301 20 "https://hondasaudi.com/'%20.%20get_edit_post_link(%20$original_page_id%20)%20.%20'" "Mozilla/5.0 AppleWebKit/537.36 (KHTML, like Gecko; compatible; GPTBot/1.4; +https://openai.com/gptbot)"
