103.168.66.101 - - [31/Jul/2026:06:12:30 +0000] "POST /index.php?rest_route=/batch/v1 HTTP/1.1" 403 5168 "https://hondasaudi.com/" "Mozilla/5.0 (Windows NT 10.0; Win64; x64; rv:124.0) Gecko/20100101 Firefox/124.0"
103.168.66.101 - - [31/Jul/2026:06:12:30 +0000] "POST /index.php?rest_route=/batch/v1 HTTP/1.1" 403 5168 "https://hondasaudi.com/" "Mozilla/5.0 (Windows NT 10.0; Win64; x64; rv:124.0) Gecko/20100101 Firefox/124.0"
103.168.66.101 - - [31/Jul/2026:06:12:32 +0000] "POST /index.php?rest_route=/batch/v1 HTTP/1.1" 403 5168 "https://hondasaudi.com/" "Mozilla/5.0 (compatible; Googlebot/2.1; +http://www.google.com/bot.html)"
103.168.66.101 - - [31/Jul/2026:06:12:34 +0000] "POST /index.php?rest_route=/batch/v1 HTTP/1.1" 403 5168 "https://hondasaudi.com/" "Mozilla/5.0 (Windows NT 10.0; Win64; x64) AppleWebKit/537.36 (KHTML, like Gecko) Chrome/122.0.0.0 Safari/537.36"
103.168.66.101 - - [31/Jul/2026:06:12:34 +0000] "POST /index.php?rest_route=/batch/v1 HTTP/1.1" 403 5168 "https://hondasaudi.com/" "Mozilla/5.0 (Windows NT 10.0; Win64; x64) AppleWebKit/537.36 (KHTML, like Gecko) Chrome/122.0.0.0 Safari/537.36"
74.7.241.51 - - [31/Jul/2026:06:12:37 +0000] "GET /admin.php?dir=CwusrCwshareCwdocCwpython2-docsCwhtmlCwtutorial&view=whatnow.html HTTP/1.1" 200 3379 "https://hondasaudi.com/admin.php?dir=CwusrCwshareCwdocCwpython2-docsCwhtmlCwtutorial" "Mozilla/5.0 AppleWebKit/537.36 (KHTML, like Gecko; compatible; GPTBot/1.4; +https://openai.com/gptbot)"
103.168.66.101 - - [31/Jul/2026:06:12:46 +0000] "POST /index.php?rest_route=/batch/v1 HTTP/1.1" 403 5168 "https://hondasaudi.com/" "Mozilla/5.0 (compatible; Googlebot/2.1; +http://www.google.com/bot.html)"
103.168.66.101 - - [31/Jul/2026:06:12:46 +0000] "POST /index.php?rest_route=/batch/v1 HTTP/1.1" 403 5168 "https://hondasaudi.com/" "Mozilla/5.0 (compatible; Googlebot/2.1; +http://www.google.com/bot.html)"
103.168.66.101 - - [31/Jul/2026:06:12:48 +0000] "POST /index.php?rest_route=/batch/v1 HTTP/1.1" 403 5168 "https://hondasaudi.com/" "Mozilla/5.0 (X11; Linux x86_64) AppleWebKit/537.36 (KHTML, like Gecko) Chrome/121.0.0.0 Safari/537.36"
103.168.66.101 - - [31/Jul/2026:06:12:50 +0000] "POST /index.php?rest_route=/batch/v1 HTTP/1.1" 403 5168 "https://hondasaudi.com/" "Mozilla/5.0 (Windows NT 10.0; Win64; x64) AppleWebKit/537.36 (KHTML, like Gecko) Chrome/122.0.0.0 Safari/537.36"
103.168.66.101 - - [31/Jul/2026:06:12:50 +0000] "POST /index.php?rest_route=/batch/v1 HTTP/1.1" 403 5168 "https://hondasaudi.com/" "Mozilla/5.0 (Windows NT 10.0; Win64; x64) AppleWebKit/537.36 (KHTML, like Gecko) Chrome/122.0.0.0 Safari/537.36"
103.168.66.101 - - [31/Jul/2026:06:12:52 +0000] "POST /index.php?rest_route=/batch/v1 HTTP/1.1" 403 5168 "https://hondasaudi.com/" "WordPress/6.4.3; https://wordpress.org/"
103.168.66.101 - - [31/Jul/2026:06:12:56 +0000] "POST /index.php?rest_route=/batch/v1 HTTP/1.1" 403 5168 "https://hondasaudi.com/" "Mozilla/5.0 (Windows NT 10.0; Win64; x64; rv:124.0) Gecko/20100101 Firefox/124.0"
103.168.66.101 - - [31/Jul/2026:06:13:04 +0000] "POST /index.php?rest_route=/batch/v1 HTTP/2.0" 403 5168 "https://hondasaudi.com/" "Mozilla/5.0 (X11; Linux x86_64) AppleWebKit/537.36 (KHTML, like Gecko) Chrome/121.0.0.0 Safari/537.36"
103.168.66.101 - - [31/Jul/2026:06:13:04 +0000] "POST /index.php?rest_route=/batch/v1 HTTP/2.0" 403 5168 "https://hondasaudi.com/" "Mozilla/5.0 (X11; Linux x86_64) AppleWebKit/537.36 (KHTML, like Gecko) Chrome/121.0.0.0 Safari/537.36"
172.105.42.26 - - [31/Jul/2026:06:13:13 +0000] "POST /wp-cron.php?doing_wp_cron=1785478392.9961509704589843750000 HTTP/1.1" 200 20 "-" "WordPress/7.0.2; https://hondasaudi.com"
142.132.180.39 - - [31/Jul/2026:06:13:12 +0000] "HEAD / HTTP/1.1" 200 - "https://hondasaudi.com" "Mozilla/5.0+(compatible; UptimeRobot/2.0; http://www.uptimerobot.com/)"
103.168.66.101 - - [31/Jul/2026:06:13:14 +0000] "POST /index.php?rest_route=/batch/v1 HTTP/1.1" 403 5168 "https://hondasaudi.com/" "Mozilla/5.0 (compatible; Googlebot/2.1; +http://www.google.com/bot.html)"
103.168.66.101 - - [31/Jul/2026:06:13:16 +0000] "POST /index.php?rest_route=/batch/v1 HTTP/1.1" 403 5168 "https://hondasaudi.com/" "Mozilla/5.0 (Windows NT 10.0; Win64; x64) AppleWebKit/537.36 (KHTML, like Gecko) Chrome/122.0.0.0 Safari/537.36"
103.168.66.101 - - [31/Jul/2026:06:13:17 +0000] "POST /index.php?rest_route=/batch/v1 HTTP/1.1" 403 5168 "https://hondasaudi.com/" "Mozilla/5.0 (Windows NT 10.0; Win64; x64) AppleWebKit/537.36 (KHTML, like Gecko) Chrome/122.0.0.0 Safari/537.36"
103.168.66.101 - - [31/Jul/2026:06:13:18 +0000] "POST /index.php?rest_route=/batch/v1 HTTP/1.1" 403 5168 "https://hondasaudi.com/" "Mozilla/5.0 (Macintosh; Intel Mac OS X 10_15_7) AppleWebKit/605.1.15 (KHTML, like Gecko) Version/17.4 Safari/605.1.15"
103.168.66.101 - - [31/Jul/2026:06:13:21 +0000] "POST /index.php?rest_route=/batch/v1 HTTP/1.1" 403 5168 "https://hondasaudi.com/" "Mozilla/5.0 (X11; Linux x86_64) AppleWebKit/537.36 (KHTML, like Gecko) Chrome/121.0.0.0 Safari/537.36"
103.168.66.101 - - [31/Jul/2026:06:13:24 +0000] "POST /index.php?rest_route=/batch/v1 HTTP/1.1" 403 5168 "https://hondasaudi.com/" "Mozilla/5.0 (Windows NT 10.0; Win64; x64) AppleWebKit/537.36 (KHTML, like Gecko) Chrome/122.0.0.0 Safari/537.36"
103.168.66.101 - - [31/Jul/2026:06:13:24 +0000] "POST /index.php?rest_route=/batch/v1 HTTP/1.1" 403 5168 "https://hondasaudi.com/" "Mozilla/5.0 (Windows NT 10.0; Win64; x64) AppleWebKit/537.36 (KHTML, like Gecko) Chrome/122.0.0.0 Safari/537.36"
103.168.66.101 - - [31/Jul/2026:06:13:28 +0000] "POST /index.php?rest_route=/batch/v1 HTTP/1.1" 403 5168 "https://hondasaudi.com/" "Mozilla/5.0 (X11; Linux x86_64) AppleWebKit/537.36 (KHTML, like Gecko) Chrome/121.0.0.0 Safari/537.36"
103.168.66.101 - - [31/Jul/2026:06:13:28 +0000] "POST /index.php?rest_route=/batch/v1 HTTP/1.1" 403 5168 "https://hondasaudi.com/" "Mozilla/5.0 (X11; Linux x86_64) AppleWebKit/537.36 (KHTML, like Gecko) Chrome/121.0.0.0 Safari/537.36"
103.168.66.101 - - [31/Jul/2026:06:13:30 +0000] "POST /index.php?rest_route=/batch/v1 HTTP/1.1" 403 5168 "https://hondasaudi.com/" "Mozilla/5.0 (Windows NT 10.0; Win64; x64) AppleWebKit/537.36 (KHTML, like Gecko) Chrome/122.0.0.0 Safari/537.36 Edg/122.0.0.0"
103.168.66.101 - - [31/Jul/2026:06:13:32 +0000] "POST /index.php?rest_route=/batch/v1 HTTP/1.1" 403 5168 "https://hondasaudi.com/" "Mozilla/5.0 (Windows NT 10.0; Win64; x64; rv:124.0) Gecko/20100101 Firefox/124.0"
103.168.66.101 - - [31/Jul/2026:06:13:32 +0000] "POST /index.php?rest_route=/batch/v1 HTTP/1.1" 403 5168 "https://hondasaudi.com/" "Mozilla/5.0 (Windows NT 10.0; Win64; x64; rv:124.0) Gecko/20100101 Firefox/124.0"
103.168.66.101 - - [31/Jul/2026:06:13:34 +0000] "POST /index.php?rest_route=/batch/v1 HTTP/1.1" 403 5168 "https://hondasaudi.com/" "Mozilla/5.0 (X11; Linux x86_64) AppleWebKit/537.36 (KHTML, like Gecko) Chrome/121.0.0.0 Safari/537.36"
103.168.66.101 - - [31/Jul/2026:06:13:41 +0000] "POST /index.php?rest_route=/batch/v1 HTTP/1.1" 403 5168 "https://hondasaudi.com/" "Mozilla/5.0 (X11; Linux x86_64) AppleWebKit/537.36 (KHTML, like Gecko) Chrome/121.0.0.0 Safari/537.36"
74.7.241.51 - - [31/Jul/2026:06:13:41 +0000] "GET /admin.php?dir=CwusrCwshareCwdocCwpython3-docsCwhtmlCwtutorial&view=whatnow.html HTTP/1.1" 200 3563 "https://hondasaudi.com/admin.php?dir=CwusrCwshareCwdocCwpython3-docsCwhtmlCwtutorial" "Mozilla/5.0 AppleWebKit/537.36 (KHTML, like Gecko; compatible; GPTBot/1.4; +https://openai.com/gptbot)"
103.168.66.101 - - [31/Jul/2026:06:13:41 +0000] "POST /index.php?rest_route=/batch/v1 HTTP/1.1" 403 5168 "https://hondasaudi.com/" "Mozilla/5.0 (X11; Linux x86_64) AppleWebKit/537.36 (KHTML, like Gecko) Chrome/121.0.0.0 Safari/537.36"
103.168.66.101 - - [31/Jul/2026:06:13:43 +0000] "POST /index.php?rest_route=/batch/v1 HTTP/1.1" 403 5168 "https://hondasaudi.com/" "Mozilla/5.0 (Macintosh; Intel Mac OS X 10_15_7) AppleWebKit/605.1.15 (KHTML, like Gecko) Version/17.4 Safari/605.1.15"
103.168.66.101 - - [31/Jul/2026:06:13:50 +0000] "POST /index.php?rest_route=/batch/v1 HTTP/1.1" 403 5168 "https://hondasaudi.com/" "Mozilla/5.0 (X11; Linux x86_64) AppleWebKit/537.36 (KHTML, like Gecko) Chrome/121.0.0.0 Safari/537.36"
103.168.66.101 - - [31/Jul/2026:06:13:51 +0000] "POST /index.php?rest_route=/batch/v1 HTTP/1.1" 403 5168 "https://hondasaudi.com/" "Mozilla/5.0 (X11; Linux x86_64) AppleWebKit/537.36 (KHTML, like Gecko) Chrome/121.0.0.0 Safari/537.36"
103.168.66.101 - - [31/Jul/2026:06:13:52 +0000] "POST /index.php?rest_route=/batch/v1 HTTP/1.1" 403 5168 "https://hondasaudi.com/" "WordPress/6.4.3; https://wordpress.org/"
103.168.66.101 - - [31/Jul/2026:06:13:54 +0000] "POST /index.php?rest_route=/batch/v1 HTTP/1.1" 403 5168 "https://hondasaudi.com/" "Mozilla/5.0 (Windows NT 10.0; Win64; x64) AppleWebKit/537.36 (KHTML, like Gecko) Chrome/122.0.0.0 Safari/537.36"
103.168.66.101 - - [31/Jul/2026:06:13:55 +0000] "POST /index.php?rest_route=/batch/v1 HTTP/1.1" 403 5168 "https://hondasaudi.com/" "Mozilla/5.0 (Windows NT 10.0; Win64; x64) AppleWebKit/537.36 (KHTML, like Gecko) Chrome/122.0.0.0 Safari/537.36"
103.168.66.101 - - [31/Jul/2026:06:13:56 +0000] "POST /index.php?rest_route=/batch/v1 HTTP/1.1" 403 5168 "https://hondasaudi.com/" "Mozilla/5.0 (Windows NT 10.0; Win64; x64; rv:124.0) Gecko/20100101 Firefox/124.0"
74.7.241.51 - - [31/Jul/2026:06:14:03 +0000] "GET /admin.php?dir=CwusrCwshareCwzoneinfoCwrightCwAsia&view=Kuala_Lumpur HTTP/1.1" 200 519 "https://hondasaudi.com/admin.php?dir=CwusrCwshareCwzoneinfoCwrightCwAsia" "Mozilla/5.0 AppleWebKit/537.36 (KHTML, like Gecko; compatible; GPTBot/1.4; +https://openai.com/gptbot)"
103.168.66.101 - - [31/Jul/2026:06:14:03 +0000] "POST /index.php?rest_route=/batch/v1 HTTP/1.1" 403 5168 "https://hondasaudi.com/" "Mozilla/5.0 (Macintosh; Intel Mac OS X 10_15_7) AppleWebKit/605.1.15 (KHTML, like Gecko) Version/17.4 Safari/605.1.15"
103.168.66.101 - - [31/Jul/2026:06:14:04 +0000] "POST /index.php?rest_route=/batch/v1 HTTP/1.1" 403 5168 "https://hondasaudi.com/" "Mozilla/5.0 (Macintosh; Intel Mac OS X 10_15_7) AppleWebKit/605.1.15 (KHTML, like Gecko) Version/17.4 Safari/605.1.15"
103.168.66.101 - - [31/Jul/2026:06:14:07 +0000] "POST /index.php?rest_route=/batch/v1 HTTP/1.1" 403 5168 "https://hondasaudi.com/" "Mozilla/5.0 (Windows NT 10.0; Win64; x64) AppleWebKit/537.36 (KHTML, like Gecko) Chrome/122.0.0.0 Safari/537.36"
103.168.66.101 - - [31/Jul/2026:06:14:13 +0000] "POST /index.php?rest_route=/batch/v1 HTTP/1.1" 403 5168 "https://hondasaudi.com/" "Mozilla/5.0 (Windows NT 10.0; Win64; x64) AppleWebKit/537.36 (KHTML, like Gecko) Chrome/122.0.0.0 Safari/537.36"
103.168.66.101 - - [31/Jul/2026:06:14:16 +0000] "POST /index.php?rest_route=/batch/v1 HTTP/1.1" 403 5168 "https://hondasaudi.com/" "Mozilla/5.0 (Macintosh; Intel Mac OS X 10_15_7) AppleWebKit/605.1.15 (KHTML, like Gecko) Version/17.4 Safari/605.1.15"
103.168.66.101 - - [31/Jul/2026:06:14:22 +0000] "POST /index.php?rest_route=/batch/v1 HTTP/1.1" 403 5168 "https://hondasaudi.com/" "Mozilla/5.0 (Macintosh; Intel Mac OS X 10_15_7) AppleWebKit/605.1.15 (KHTML, like Gecko) Version/17.4 Safari/605.1.15"
103.168.66.101 - - [31/Jul/2026:06:14:23 +0000] "POST /index.php?rest_route=/batch/v1 HTTP/1.1" 403 5168 "https://hondasaudi.com/" "Mozilla/5.0 (X11; Linux x86_64) AppleWebKit/537.36 (KHTML, like Gecko) Chrome/121.0.0.0 Safari/537.36"
103.168.66.101 - - [31/Jul/2026:06:14:28 +0000] "POST /index.php?rest_route=/batch/v1 HTTP/1.1" 403 5168 "https://hondasaudi.com/" "Mozilla/5.0 (Windows NT 10.0; Win64; x64) AppleWebKit/537.36 (KHTML, like Gecko) Chrome/122.0.0.0 Safari/537.36 Edg/122.0.0.0"
103.168.66.101 - - [31/Jul/2026:06:14:30 +0000] "POST /index.php?rest_route=/batch/v1 HTTP/1.1" 403 5168 "https://hondasaudi.com/" "Mozilla/5.0 (X11; Linux x86_64) AppleWebKit/537.36 (KHTML, like Gecko) Chrome/121.0.0.0 Safari/537.36"
103.168.66.101 - - [31/Jul/2026:06:14:31 +0000] "POST /index.php?rest_route=/batch/v1 HTTP/1.1" 403 5168 "https://hondasaudi.com/" "Mozilla/5.0 (X11; Linux x86_64) AppleWebKit/537.36 (KHTML, like Gecko) Chrome/121.0.0.0 Safari/537.36"
103.168.66.101 - - [31/Jul/2026:06:14:32 +0000] "POST /index.php?rest_route=/batch/v1 HTTP/1.1" 403 5168 "https://hondasaudi.com/" "Mozilla/5.0 (Windows NT 10.0; Win64; x64; rv:124.0) Gecko/20100101 Firefox/124.0"
103.168.66.101 - - [31/Jul/2026:06:14:34 +0000] "POST /index.php?rest_route=/batch/v1 HTTP/1.1" 403 5168 "https://hondasaudi.com/" "Mozilla/5.0 (Windows NT 10.0; Win64; x64) AppleWebKit/537.36 (KHTML, like Gecko) Chrome/122.0.0.0 Safari/537.36"
103.168.66.101 - - [31/Jul/2026:06:14:35 +0000] "POST /index.php?rest_route=/batch/v1 HTTP/1.1" 403 5168 "https://hondasaudi.com/" "Mozilla/5.0 (Windows NT 10.0; Win64; x64) AppleWebKit/537.36 (KHTML, like Gecko) Chrome/122.0.0.0 Safari/537.36"
103.168.66.101 - - [31/Jul/2026:06:14:36 +0000] "POST /index.php?rest_route=/batch/v1 HTTP/1.1" 403 5168 "https://hondasaudi.com/" "Mozilla/5.0 (Windows NT 10.0; Win64; x64) AppleWebKit/537.36 (KHTML, like Gecko) Chrome/122.0.0.0 Safari/537.36 Edg/122.0.0.0"
103.168.66.101 - - [31/Jul/2026:06:14:38 +0000] "POST /index.php?rest_route=/batch/v1 HTTP/1.1" 403 5168 "https://hondasaudi.com/" "Mozilla/5.0 (compatible; Googlebot/2.1; +http://www.google.com/bot.html)"
103.168.66.101 - - [31/Jul/2026:06:14:39 +0000] "POST /index.php?rest_route=/batch/v1 HTTP/1.1" 403 5168 "https://hondasaudi.com/" "Mozilla/5.0 (compatible; Googlebot/2.1; +http://www.google.com/bot.html)"
103.168.66.101 - - [31/Jul/2026:06:14:42 +0000] "POST /index.php?rest_route=/batch/v1 HTTP/1.1" 403 5168 "https://hondasaudi.com/" "Mozilla/5.0 (Windows NT 10.0; Win64; x64) AppleWebKit/537.36 (KHTML, like Gecko) Chrome/122.0.0.0 Safari/537.36"
103.168.66.101 - - [31/Jul/2026:06:14:42 +0000] "POST /index.php?rest_route=/batch/v1 HTTP/1.1" 403 5168 "https://hondasaudi.com/" "Mozilla/5.0 (Windows NT 10.0; Win64; x64) AppleWebKit/537.36 (KHTML, like Gecko) Chrome/122.0.0.0 Safari/537.36"
103.168.66.101 - - [31/Jul/2026:06:14:44 +0000] "POST /index.php?rest_route=/batch/v1 HTTP/1.1" 403 5168 "https://hondasaudi.com/" "Mozilla/5.0 (Macintosh; Intel Mac OS X 10_15_7) AppleWebKit/605.1.15 (KHTML, like Gecko) Version/17.4 Safari/605.1.15"
172.105.42.26 - - [31/Jul/2026:06:14:46 +0000] "POST /wp-cron.php?doing_wp_cron=1785478486.5522739887237548828125 HTTP/1.1" 200 20 "-" "WordPress/7.0.2; https://hondasaudi.com"
74.7.241.51 - - [31/Jul/2026:06:14:46 +0000] "GET /admin.php?dir=CwusrCwshareCwzoneinfoCwposixCwUS&view=Indiana-Starke HTTP/1.1" 200 1225 "https://hondasaudi.com/admin.php?dir=CwusrCwshareCwzoneinfoCwposixCwUS" "Mozilla/5.0 AppleWebKit/537.36 (KHTML, like Gecko; compatible; GPTBot/1.4; +https://openai.com/gptbot)"
103.168.66.101 - - [31/Jul/2026:06:14:46 +0000] "POST /index.php?rest_route=/batch/v1 HTTP/1.1" 403 5168 "https://hondasaudi.com/" "Mozilla/5.0 (Windows NT 10.0; Win64; x64) AppleWebKit/537.36 (KHTML, like Gecko) Chrome/122.0.0.0 Safari/537.36"
103.168.66.101 - - [31/Jul/2026:06:14:47 +0000] "POST /index.php?rest_route=/batch/v1 HTTP/1.1" 403 5168 "https://hondasaudi.com/" "Mozilla/5.0 (Windows NT 10.0; Win64; x64) AppleWebKit/537.36 (KHTML, like Gecko) Chrome/122.0.0.0 Safari/537.36"
103.168.66.101 - - [31/Jul/2026:06:14:56 +0000] "POST /index.php?rest_route=/batch/v1 HTTP/1.1" 403 5168 "https://hondasaudi.com/" "Mozilla/5.0 (X11; Linux x86_64) AppleWebKit/537.36 (KHTML, like Gecko) Chrome/121.0.0.0 Safari/537.36"
103.168.66.101 - - [31/Jul/2026:06:14:59 +0000] "POST /index.php?rest_route=/batch/v1 HTTP/1.1" 403 5168 "https://hondasaudi.com/" "Mozilla/5.0 (compatible; Googlebot/2.1; +http://www.google.com/bot.html)"
103.168.66.101 - - [31/Jul/2026:06:14:59 +0000] "POST /index.php?rest_route=/batch/v1 HTTP/1.1" 403 5168 "https://hondasaudi.com/" "Mozilla/5.0 (compatible; Googlebot/2.1; +http://www.google.com/bot.html)"
103.168.66.101 - - [31/Jul/2026:06:15:07 +0000] "POST /index.php?rest_route=/batch/v1 HTTP/1.1" 403 5168 "https://hondasaudi.com/" "Mozilla/5.0 (Macintosh; Intel Mac OS X 10_15_7) AppleWebKit/605.1.15 (KHTML, like Gecko) Version/17.4 Safari/605.1.15"
74.7.241.51 - - [31/Jul/2026:06:15:08 +0000] "GET /admin.php?dir=CwhomeCwbalubaidCwmailCwFwDrafts&view=dovecot-uidlist HTTP/1.1" 200 105 "https://hondasaudi.com/admin.php?dir=CwhomeCwbalubaidCwmailCwFwDrafts" "Mozilla/5.0 AppleWebKit/537.36 (KHTML, like Gecko; compatible; GPTBot/1.4; +https://openai.com/gptbot)"
103.168.66.101 - - [31/Jul/2026:06:15:10 +0000] "POST /index.php?rest_route=/batch/v1 HTTP/1.1" 403 5168 "https://hondasaudi.com/" "WordPress/6.4.3; https://wordpress.org/"
103.168.66.101 - - [31/Jul/2026:06:15:14 +0000] "POST /index.php?rest_route=/batch/v1 HTTP/1.1" 403 5168 "https://hondasaudi.com/" "Mozilla/5.0 (Windows NT 10.0; Win64; x64) AppleWebKit/537.36 (KHTML, like Gecko) Chrome/122.0.0.0 Safari/537.36"
103.168.66.101 - - [31/Jul/2026:06:15:16 +0000] "POST /index.php?rest_route=/batch/v1 HTTP/1.1" 403 5168 "https://hondasaudi.com/" "WordPress/6.4.3; https://wordpress.org/"
103.168.66.101 - - [31/Jul/2026:06:15:16 +0000] "POST /index.php?rest_route=/batch/v1 HTTP/1.1" 403 5168 "https://hondasaudi.com/" "WordPress/6.4.3; https://wordpress.org/"
103.168.66.101 - - [31/Jul/2026:06:15:18 +0000] "POST /index.php?rest_route=/batch/v1 HTTP/1.1" 403 5168 "https://hondasaudi.com/" "WordPress/6.4.3; https://wordpress.org/"
103.168.66.101 - - [31/Jul/2026:06:15:20 +0000] "POST /index.php?rest_route=/batch/v1 HTTP/1.1" 403 5168 "https://hondasaudi.com/" "Mozilla/5.0 (Windows NT 10.0; Win64; x64; rv:124.0) Gecko/20100101 Firefox/124.0"
103.168.66.101 - - [31/Jul/2026:06:15:20 +0000] "POST /index.php?rest_route=/batch/v1 HTTP/1.1" 403 5168 "https://hondasaudi.com/" "Mozilla/5.0 (Windows NT 10.0; Win64; x64; rv:124.0) Gecko/20100101 Firefox/124.0"
103.168.66.101 - - [31/Jul/2026:06:15:25 +0000] "POST /index.php?rest_route=/batch/v1 HTTP/1.1" 403 5168 "https://hondasaudi.com/" "Mozilla/5.0 (Macintosh; Intel Mac OS X 10_15_7) AppleWebKit/605.1.15 (KHTML, like Gecko) Version/17.4 Safari/605.1.15"
103.168.66.101 - - [31/Jul/2026:06:15:32 +0000] "POST /index.php?rest_route=/batch/v1 HTTP/1.1" 403 5168 "https://hondasaudi.com/" "Mozilla/5.0 (compatible; Googlebot/2.1; +http://www.google.com/bot.html)"
103.168.66.101 - - [31/Jul/2026:06:15:33 +0000] "POST /index.php?rest_route=/batch/v1 HTTP/1.1" 403 5168 "https://hondasaudi.com/" "Mozilla/5.0 (compatible; Googlebot/2.1; +http://www.google.com/bot.html)"
103.168.66.101 - - [31/Jul/2026:06:15:34 +0000] "POST /index.php?rest_route=/batch/v1 HTTP/1.1" 403 5168 "https://hondasaudi.com/" "Mozilla/5.0 (Windows NT 10.0; Win64; x64) AppleWebKit/537.36 (KHTML, like Gecko) Chrome/122.0.0.0 Safari/537.36"
103.168.66.101 - - [31/Jul/2026:06:15:37 +0000] "POST /index.php?rest_route=/batch/v1 HTTP/1.1" 403 5168 "https://hondasaudi.com/" "Mozilla/5.0 (Macintosh; Intel Mac OS X 10_15_7) AppleWebKit/605.1.15 (KHTML, like Gecko) Version/17.4 Safari/605.1.15"
103.168.66.101 - - [31/Jul/2026:06:15:37 +0000] "POST /index.php?rest_route=/batch/v1 HTTP/1.1" 403 5168 "https://hondasaudi.com/" "Mozilla/5.0 (Macintosh; Intel Mac OS X 10_15_7) AppleWebKit/605.1.15 (KHTML, like Gecko) Version/17.4 Safari/605.1.15"
103.168.66.101 - - [31/Jul/2026:06:15:41 +0000] "POST /index.php?rest_route=/batch/v1 HTTP/1.1" 403 5168 "https://hondasaudi.com/" "Mozilla/5.0 (compatible; Googlebot/2.1; +http://www.google.com/bot.html)"
103.168.66.101 - - [31/Jul/2026:06:15:41 +0000] "POST /index.php?rest_route=/batch/v1 HTTP/1.1" 403 5168 "https://hondasaudi.com/" "Mozilla/5.0 (compatible; Googlebot/2.1; +http://www.google.com/bot.html)"
103.168.66.101 - - [31/Jul/2026:06:15:42 +0000] "POST /index.php?rest_route=/batch/v1 HTTP/1.1" 403 5168 "https://hondasaudi.com/" "WordPress/6.4.3; https://wordpress.org/"
103.168.66.101 - - [31/Jul/2026:06:15:45 +0000] "POST /index.php?rest_route=/batch/v1 HTTP/1.1" 403 5168 "https://hondasaudi.com/" "Mozilla/5.0 (compatible; Googlebot/2.1; +http://www.google.com/bot.html)"
103.168.66.101 - - [31/Jul/2026:06:15:45 +0000] "POST /index.php?rest_route=/batch/v1 HTTP/1.1" 403 5168 "https://hondasaudi.com/" "Mozilla/5.0 (compatible; Googlebot/2.1; +http://www.google.com/bot.html)"
103.168.66.101 - - [31/Jul/2026:06:15:46 +0000] "POST /index.php?rest_route=/batch/v1 HTTP/1.1" 403 5168 "https://hondasaudi.com/" "WordPress/6.4.3; https://wordpress.org/"
103.168.66.101 - - [31/Jul/2026:06:15:49 +0000] "POST /index.php?rest_route=/batch/v1 HTTP/1.1" 403 5168 "https://hondasaudi.com/" "Mozilla/5.0 (Macintosh; Intel Mac OS X 10_15_7) AppleWebKit/605.1.15 (KHTML, like Gecko) Version/17.4 Safari/605.1.15"
74.7.241.51 - - [31/Jul/2026:06:15:49 +0000] "GET /admin.php?dir=CwusrCwshareCwvimCwvim80&view=menu.vim HTTP/1.1" 200 11581 "https://hondasaudi.com/admin.php?dir=CwusrCwshareCwvimCwvim80" "Mozilla/5.0 AppleWebKit/537.36 (KHTML, like Gecko; compatible; GPTBot/1.4; +https://openai.com/gptbot)"
103.168.66.101 - - [31/Jul/2026:06:15:54 +0000] "POST /index.php?rest_route=/batch/v1 HTTP/1.1" 403 5168 "https://hondasaudi.com/" "Mozilla/5.0 (Macintosh; Intel Mac OS X 10_15_7) AppleWebKit/605.1.15 (KHTML, like Gecko) Version/17.4 Safari/605.1.15"
103.168.66.101 - - [31/Jul/2026:06:15:56 +0000] "POST /index.php?rest_route=/batch/v1 HTTP/1.1" 403 5168 "https://hondasaudi.com/" "WordPress/6.4.3; https://wordpress.org/"
103.168.66.101 - - [31/Jul/2026:06:16:13 +0000] "POST /index.php?rest_route=/batch/v1 HTTP/1.1" 403 5168 "https://hondasaudi.com/" "Mozilla/5.0 (Windows NT 10.0; Win64; x64) AppleWebKit/537.36 (KHTML, like Gecko) Chrome/122.0.0.0 Safari/537.36 Edg/122.0.0.0"
103.168.66.101 - - [31/Jul/2026:06:16:15 +0000] "POST /index.php?rest_route=/batch/v1 HTTP/1.1" 403 5168 "https://hondasaudi.com/" "Mozilla/5.0 (Windows NT 10.0; Win64; x64; rv:124.0) Gecko/20100101 Firefox/124.0"
103.168.66.101 - - [31/Jul/2026:06:16:15 +0000] "POST /index.php?rest_route=/batch/v1 HTTP/1.1" 403 5168 "https://hondasaudi.com/" "Mozilla/5.0 (Windows NT 10.0; Win64; x64; rv:124.0) Gecko/20100101 Firefox/124.0"
103.168.66.101 - - [31/Jul/2026:06:16:22 +0000] "POST /index.php?rest_route=/batch/v1 HTTP/1.1" 403 5168 "https://hondasaudi.com/" "Mozilla/5.0 (Windows NT 10.0; Win64; x64) AppleWebKit/537.36 (KHTML, like Gecko) Chrome/122.0.0.0 Safari/537.36"
103.168.66.101 - - [31/Jul/2026:06:16:24 +0000] "POST /index.php?rest_route=/batch/v1 HTTP/1.1" 403 5168 "https://hondasaudi.com/" "WordPress/6.4.3; https://wordpress.org/"
103.168.66.101 - - [31/Jul/2026:06:16:25 +0000] "POST /index.php?rest_route=/batch/v1 HTTP/1.1" 403 5168 "https://hondasaudi.com/" "WordPress/6.4.3; https://wordpress.org/"
103.168.66.101 - - [31/Jul/2026:06:16:26 +0000] "POST /index.php?rest_route=/batch/v1 HTTP/1.1" 403 5168 "https://hondasaudi.com/" "Mozilla/5.0 (X11; Linux x86_64) AppleWebKit/537.36 (KHTML, like Gecko) Chrome/121.0.0.0 Safari/537.36"
103.168.66.101 - - [31/Jul/2026:06:16:28 +0000] "POST /index.php?rest_route=/batch/v1 HTTP/1.1" 403 5168 "https://hondasaudi.com/" "Mozilla/5.0 (compatible; Googlebot/2.1; +http://www.google.com/bot.html)"
103.168.66.101 - - [31/Jul/2026:06:16:29 +0000] "POST /index.php?rest_route=/batch/v1 HTTP/1.1" 403 5168 "https://hondasaudi.com/" "Mozilla/5.0 (compatible; Googlebot/2.1; +http://www.google.com/bot.html)"
103.168.66.101 - - [31/Jul/2026:06:16:30 +0000] "POST /index.php?rest_route=/batch/v1 HTTP/1.1" 403 5168 "https://hondasaudi.com/" "Mozilla/5.0 (Windows NT 10.0; Win64; x64) AppleWebKit/537.36 (KHTML, like Gecko) Chrome/122.0.0.0 Safari/537.36"
172.105.42.26 - - [31/Jul/2026:06:16:32 +0000] "POST /wp-cron.php?doing_wp_cron=1785478592.4029939174652099609375 HTTP/1.1" 200 20 "-" "WordPress/7.0.2; https://hondasaudi.com"
74.7.241.51 - - [31/Jul/2026:06:16:32 +0000] "GET /install/index.html HTTP/1.1" 404 12575 "https://hondasaudi.com/admin.php?dir=CwusrCwshareCwdocCwpython2-docsCwhtmlCwtutorial&view=whatnow.html" "Mozilla/5.0 AppleWebKit/537.36 (KHTML, like Gecko; compatible; GPTBot/1.4; +https://openai.com/gptbot)"
103.168.66.101 - - [31/Jul/2026:06:16:32 +0000] "POST /index.php?rest_route=/batch/v1 HTTP/1.1" 403 5168 "https://hondasaudi.com/" "Mozilla/5.0 (Windows NT 10.0; Win64; x64) AppleWebKit/537.36 (KHTML, like Gecko) Chrome/122.0.0.0 Safari/537.36 Edg/122.0.0.0"
103.168.66.101 - - [31/Jul/2026:06:16:33 +0000] "POST /index.php?rest_route=/batch/v1 HTTP/1.1" 403 5168 "https://hondasaudi.com/" "Mozilla/5.0 (Windows NT 10.0; Win64; x64) AppleWebKit/537.36 (KHTML, like Gecko) Chrome/122.0.0.0 Safari/537.36 Edg/122.0.0.0"
103.168.66.101 - - [31/Jul/2026:06:16:36 +0000] "POST /index.php?rest_route=/batch/v1 HTTP/1.1" 403 5168 "https://hondasaudi.com/" "Mozilla/5.0 (Windows NT 10.0; Win64; x64) AppleWebKit/537.36 (KHTML, like Gecko) Chrome/122.0.0.0 Safari/537.36"
103.168.66.101 - - [31/Jul/2026:06:16:36 +0000] "POST /index.php?rest_route=/batch/v1 HTTP/1.1" 403 5168 "https://hondasaudi.com/" "Mozilla/5.0 (Windows NT 10.0; Win64; x64) AppleWebKit/537.36 (KHTML, like Gecko) Chrome/122.0.0.0 Safari/537.36"
103.168.66.101 - - [31/Jul/2026:06:16:46 +0000] "POST /index.php?rest_route=/batch/v1 HTTP/1.1" 403 5168 "https://hondasaudi.com/" "Mozilla/5.0 (X11; Linux x86_64) AppleWebKit/537.36 (KHTML, like Gecko) Chrome/121.0.0.0 Safari/537.36"
103.168.66.101 - - [31/Jul/2026:06:16:53 +0000] "POST /index.php?rest_route=/batch/v1 HTTP/1.1" 403 5168 "https://hondasaudi.com/" "Mozilla/5.0 (X11; Linux x86_64) AppleWebKit/537.36 (KHTML, like Gecko) Chrome/121.0.0.0 Safari/537.36"
103.168.66.101 - - [31/Jul/2026:06:16:59 +0000] "POST /index.php?rest_route=/batch/v1 HTTP/1.1" 403 5168 "https://hondasaudi.com/" "Mozilla/5.0 (X11; Linux x86_64) AppleWebKit/537.36 (KHTML, like Gecko) Chrome/121.0.0.0 Safari/537.36"
185.61.152.2 - - [31/Jul/2026:06:16:54 +0000] "POST /service_request/lead_gen_forms/autozone/ HTTP/1.1" 200 221 "-" "-"
66.249.66.64 - - [31/Jul/2026:06:16:59 +0000] "GET /honda-civic/ HTTP/1.1" 200 16108 "-" "Mozilla/5.0 (Linux; Android 6.0.1; Nexus 5X Build/MMB29P) AppleWebKit/537.36 (KHTML, like Gecko) Chrome/150.0.7871.186 Mobile Safari/537.36 (compatible; Googlebot/2.1; +http://www.google.com/bot.html)"
103.168.66.101 - - [31/Jul/2026:06:17:00 +0000] "POST /index.php?rest_route=/batch/v1 HTTP/1.1" 403 5168 "https://hondasaudi.com/" "Mozilla/5.0 (Windows NT 10.0; Win64; x64) AppleWebKit/537.36 (KHTML, like Gecko) Chrome/122.0.0.0 Safari/537.36"
66.249.66.78 - - [31/Jul/2026:06:17:03 +0000] "GET /wp-json/contact-form-7/v1/contact-forms/345974/feedback/schema HTTP/1.1" 200 1148 "https://hondasaudi.com/honda-civic/" "Mozilla/5.0 (Linux; Android 6.0.1; Nexus 5X Build/MMB29P) AppleWebKit/537.36 (KHTML, like Gecko) Chrome/150.0.7871.186 Mobile Safari/537.36 (compatible; Googlebot/2.1; +http://www.google.com/bot.html)"
103.168.66.101 - - [31/Jul/2026:06:17:04 +0000] "POST /index.php?rest_route=/batch/v1 HTTP/1.1" 403 5168 "https://hondasaudi.com/" "Mozilla/5.0 (X11; Linux x86_64) AppleWebKit/537.36 (KHTML, like Gecko) Chrome/121.0.0.0 Safari/537.36"
103.168.66.101 - - [31/Jul/2026:06:17:06 +0000] "POST /index.php?rest_route=/batch/v1 HTTP/1.1" 403 5168 "https://hondasaudi.com/" "WordPress/6.4.3; https://wordpress.org/"
103.168.66.101 - - [31/Jul/2026:06:17:11 +0000] "POST /index.php?rest_route=/batch/v1 HTTP/1.1" 403 5168 "https://hondasaudi.com/" "WordPress/6.4.3; https://wordpress.org/"
103.168.66.101 - - [31/Jul/2026:06:17:18 +0000] "POST /index.php?rest_route=/batch/v1 HTTP/1.1" 403 5168 "https://hondasaudi.com/" "Mozilla/5.0 (compatible; Googlebot/2.1; +http://www.google.com/bot.html)"
103.168.66.101 - - [31/Jul/2026:06:17:21 +0000] "POST /index.php?rest_route=/batch/v1 HTTP/1.1" 403 5168 "https://hondasaudi.com/" "Mozilla/5.0 (Windows NT 10.0; Win64; x64) AppleWebKit/537.36 (KHTML, like Gecko) Chrome/122.0.0.0 Safari/537.36"
103.168.66.101 - - [31/Jul/2026:06:17:24 +0000] "POST /index.php?rest_route=/batch/v1 HTTP/1.1" 403 5168 "https://hondasaudi.com/" "Mozilla/5.0 (Windows NT 10.0; Win64; x64; rv:124.0) Gecko/20100101 Firefox/124.0"
103.168.66.101 - - [31/Jul/2026:06:17:24 +0000] "POST /index.php?rest_route=/batch/v1 HTTP/1.1" 403 5168 "https://hondasaudi.com/" "Mozilla/5.0 (Windows NT 10.0; Win64; x64; rv:124.0) Gecko/20100101 Firefox/124.0"
103.168.66.101 - - [31/Jul/2026:06:17:25 +0000] "POST /index.php?rest_route=/batch/v1 HTTP/1.1" 403 5168 "https://hondasaudi.com/" "WordPress/6.4.3; https://wordpress.org/"
103.168.66.101 - - [31/Jul/2026:06:17:29 +0000] "POST /index.php?rest_route=/batch/v1 HTTP/1.1" 403 5168 "https://hondasaudi.com/" "Mozilla/5.0 (Windows NT 10.0; Win64; x64) AppleWebKit/537.36 (KHTML, like Gecko) Chrome/122.0.0.0 Safari/537.36"
185.61.152.2 - - [31/Jul/2026:06:17:24 +0000] "POST /service_request/lead_gen_forms/autozone/ HTTP/1.1" 200 1002 "-" "-"
185.61.152.2 - - [31/Jul/2026:06:17:35 +0000] "POST /service_request/lead_gen_forms/autozone/ HTTP/1.1" 200 117 "-" "-"
185.61.152.2 - - [31/Jul/2026:06:17:36 +0000] "POST /service_request/lead_gen_forms/autozone/ HTTP/1.1" 500 188 "-" "-"
185.61.152.2 - - [31/Jul/2026:06:17:37 +0000] "POST /service_request/lead_gen_forms/autozone/ HTTP/1.1" 500 188 "-" "-"
103.168.66.101 - - [31/Jul/2026:06:17:39 +0000] "POST /index.php?rest_route=/batch/v1 HTTP/1.1" 403 5168 "https://hondasaudi.com/" "Mozilla/5.0 (Windows NT 10.0; Win64; x64) AppleWebKit/537.36 (KHTML, like Gecko) Chrome/122.0.0.0 Safari/537.36 Edg/122.0.0.0"
103.168.66.101 - - [31/Jul/2026:06:17:40 +0000] "POST /index.php?rest_route=/batch/v1 HTTP/1.1" 403 5168 "https://hondasaudi.com/" "Mozilla/5.0 (Windows NT 10.0; Win64; x64) AppleWebKit/537.36 (KHTML, like Gecko) Chrome/122.0.0.0 Safari/537.36 Edg/122.0.0.0"
103.168.66.101 - - [31/Jul/2026:06:17:46 +0000] "POST /index.php?rest_route=/batch/v1 HTTP/1.1" 403 5168 "https://hondasaudi.com/" "Mozilla/5.0 (Windows NT 10.0; Win64; x64) AppleWebKit/537.36 (KHTML, like Gecko) Chrome/122.0.0.0 Safari/537.36"
103.168.66.101 - - [31/Jul/2026:06:17:48 +0000] "POST /index.php?rest_route=/batch/v1 HTTP/1.1" 403 5168 "https://hondasaudi.com/" "Mozilla/5.0 (Windows NT 10.0; Win64; x64) AppleWebKit/537.36 (KHTML, like Gecko) Chrome/122.0.0.0 Safari/537.36 Edg/122.0.0.0"
103.168.66.101 - - [31/Jul/2026:06:17:49 +0000] "POST /index.php?rest_route=/batch/v1 HTTP/1.1" 403 5168 "https://hondasaudi.com/" "Mozilla/5.0 (Windows NT 10.0; Win64; x64) AppleWebKit/537.36 (KHTML, like Gecko) Chrome/122.0.0.0 Safari/537.36 Edg/122.0.0.0"
103.168.66.101 - - [31/Jul/2026:06:17:50 +0000] "POST /index.php?rest_route=/batch/v1 HTTP/1.1" 403 5168 "https://hondasaudi.com/" "Mozilla/5.0 (compatible; Googlebot/2.1; +http://www.google.com/bot.html)"
103.168.66.101 - - [31/Jul/2026:06:17:53 +0000] "POST /index.php?rest_route=/batch/v1 HTTP/1.1" 403 5168 "https://hondasaudi.com/" "Mozilla/5.0 (Windows NT 10.0; Win64; x64; rv:124.0) Gecko/20100101 Firefox/124.0"
103.168.66.101 - - [31/Jul/2026:06:17:53 +0000] "POST /index.php?rest_route=/batch/v1 HTTP/1.1" 403 5168 "https://hondasaudi.com/" "Mozilla/5.0 (Windows NT 10.0; Win64; x64; rv:124.0) Gecko/20100101 Firefox/124.0"
103.168.66.101 - - [31/Jul/2026:06:17:54 +0000] "POST /index.php?rest_route=/batch/v1 HTTP/1.1" 403 5168 "https://hondasaudi.com/" "WordPress/6.4.3; https://wordpress.org/"
103.168.66.101 - - [31/Jul/2026:06:17:57 +0000] "POST /index.php?rest_route=/batch/v1 HTTP/1.1" 403 5168 "https://hondasaudi.com/" "WordPress/6.4.3; https://wordpress.org/"
103.168.66.101 - - [31/Jul/2026:06:17:57 +0000] "POST /index.php?rest_route=/batch/v1 HTTP/1.1" 403 5168 "https://hondasaudi.com/" "WordPress/6.4.3; https://wordpress.org/"
103.168.66.101 - - [31/Jul/2026:06:18:03 +0000] "POST /index.php?rest_route=/batch/v1 HTTP/1.1" 403 5168 "https://hondasaudi.com/" "Mozilla/5.0 (Macintosh; Intel Mac OS X 10_15_7) AppleWebKit/605.1.15 (KHTML, like Gecko) Version/17.4 Safari/605.1.15"
103.168.66.101 - - [31/Jul/2026:06:18:06 +0000] "POST /index.php?rest_route=/batch/v1 HTTP/1.1" 403 5168 "https://hondasaudi.com/" "WordPress/6.4.3; https://wordpress.org/"
103.168.66.101 - - [31/Jul/2026:06:18:06 +0000] "POST /index.php?rest_route=/batch/v1 HTTP/1.1" 403 5168 "https://hondasaudi.com/" "WordPress/6.4.3; https://wordpress.org/"
103.168.66.101 - - [31/Jul/2026:06:18:08 +0000] "POST /index.php?rest_route=/batch/v1 HTTP/1.1" 403 5168 "https://hondasaudi.com/" "WordPress/6.4.3; https://wordpress.org/"
103.168.66.101 - - [31/Jul/2026:06:18:10 +0000] "POST /index.php?rest_route=/batch/v1 HTTP/1.1" 403 5168 "https://hondasaudi.com/" "Mozilla/5.0 (X11; Linux x86_64) AppleWebKit/537.36 (KHTML, like Gecko) Chrome/121.0.0.0 Safari/537.36"
103.168.66.101 - - [31/Jul/2026:06:18:10 +0000] "POST /index.php?rest_route=/batch/v1 HTTP/1.1" 403 5168 "https://hondasaudi.com/" "Mozilla/5.0 (X11; Linux x86_64) AppleWebKit/537.36 (KHTML, like Gecko) Chrome/121.0.0.0 Safari/537.36"
103.168.66.101 - - [31/Jul/2026:06:18:12 +0000] "POST /index.php?rest_route=/batch/v1 HTTP/1.1" 403 5168 "https://hondasaudi.com/" "Mozilla/5.0 (X11; Linux x86_64) AppleWebKit/537.36 (KHTML, like Gecko) Chrome/121.0.0.0 Safari/537.36"
103.168.66.101 - - [31/Jul/2026:06:18:15 +0000] "POST /index.php?rest_route=/batch/v1 HTTP/1.1" 403 5168 "https://hondasaudi.com/" "Mozilla/5.0 (Macintosh; Intel Mac OS X 10_15_7) AppleWebKit/605.1.15 (KHTML, like Gecko) Version/17.4 Safari/605.1.15"
168.119.123.75 - - [31/Jul/2026:06:18:18 +0000] "HEAD / HTTP/1.1" 200 - "https://hondasaudi.com" "Mozilla/5.0+(compatible; UptimeRobot/2.0; http://www.uptimerobot.com/)"
103.168.66.101 - - [31/Jul/2026:06:18:19 +0000] "POST /index.php?rest_route=/batch/v1 HTTP/1.1" 403 5168 "https://hondasaudi.com/" "WordPress/6.4.3; https://wordpress.org/"
103.168.66.101 - - [31/Jul/2026:06:18:21 +0000] "POST /index.php?rest_route=/batch/v1 HTTP/1.1" 403 5168 "https://hondasaudi.com/" "Mozilla/5.0 (Windows NT 10.0; Win64; x64) AppleWebKit/537.36 (KHTML, like Gecko) Chrome/122.0.0.0 Safari/537.36"
103.168.66.101 - - [31/Jul/2026:06:18:21 +0000] "POST /index.php?rest_route=/batch/v1 HTTP/1.1" 403 5168 "https://hondasaudi.com/" "Mozilla/5.0 (Windows NT 10.0; Win64; x64) AppleWebKit/537.36 (KHTML, like Gecko) Chrome/122.0.0.0 Safari/537.36"
103.168.66.101 - - [31/Jul/2026:06:18:28 +0000] "POST /index.php?rest_route=/batch/v1 HTTP/1.1" 403 5168 "https://hondasaudi.com/" "Mozilla/5.0 (Windows NT 10.0; Win64; x64) AppleWebKit/537.36 (KHTML, like Gecko) Chrome/122.0.0.0 Safari/537.36 Edg/122.0.0.0"
103.168.66.101 - - [31/Jul/2026:06:18:30 +0000] "POST /index.php?rest_route=/batch/v1 HTTP/1.1" 403 5168 "https://hondasaudi.com/" "Mozilla/5.0 (Windows NT 10.0; Win64; x64) AppleWebKit/537.36 (KHTML, like Gecko) Chrome/122.0.0.0 Safari/537.36"
103.168.66.101 - - [31/Jul/2026:06:18:31 +0000] "POST /index.php?rest_route=/batch/v1 HTTP/1.1" 403 5168 "https://hondasaudi.com/" "Mozilla/5.0 (Windows NT 10.0; Win64; x64) AppleWebKit/537.36 (KHTML, like Gecko) Chrome/122.0.0.0 Safari/537.36"
103.168.66.101 - - [31/Jul/2026:06:18:32 +0000] "POST /index.php?rest_route=/batch/v1 HTTP/1.1" 403 5168 "https://hondasaudi.com/" "Mozilla/5.0 (Windows NT 10.0; Win64; x64; rv:124.0) Gecko/20100101 Firefox/124.0"
103.168.66.101 - - [31/Jul/2026:06:18:39 +0000] "POST /index.php?rest_route=/batch/v1 HTTP/1.1" 403 5168 "https://hondasaudi.com/" "WordPress/6.4.3; https://wordpress.org/"
103.168.66.101 - - [31/Jul/2026:06:18:41 +0000] "POST /index.php?rest_route=/batch/v1 HTTP/1.1" 403 5168 "https://hondasaudi.com/" "WordPress/6.4.3; https://wordpress.org/"
103.168.66.101 - - [31/Jul/2026:06:18:42 +0000] "POST /index.php?rest_route=/batch/v1 HTTP/1.1" 403 5168 "https://hondasaudi.com/" "WordPress/6.4.3; https://wordpress.org/"
103.168.66.101 - - [31/Jul/2026:06:18:43 +0000] "POST /index.php?rest_route=/batch/v1 HTTP/1.1" 403 5168 "https://hondasaudi.com/" "Mozilla/5.0 (X11; Linux x86_64) AppleWebKit/537.36 (KHTML, like Gecko) Chrome/121.0.0.0 Safari/537.36"
103.168.66.101 - - [31/Jul/2026:06:18:46 +0000] "POST /index.php?rest_route=/batch/v1 HTTP/1.1" 403 5168 "https://hondasaudi.com/" "Mozilla/5.0 (X11; Linux x86_64) AppleWebKit/537.36 (KHTML, like Gecko) Chrome/121.0.0.0 Safari/537.36"
103.168.66.101 - - [31/Jul/2026:06:18:51 +0000] "POST /index.php?rest_route=/batch/v1 HTTP/1.1" 403 5168 "https://hondasaudi.com/" "Mozilla/5.0 (X11; Linux x86_64) AppleWebKit/537.36 (KHTML, like Gecko) Chrome/121.0.0.0 Safari/537.36"
103.168.66.101 - - [31/Jul/2026:06:18:52 +0000] "POST /index.php?rest_route=/batch/v1 HTTP/1.1" 403 5168 "https://hondasaudi.com/" "Mozilla/5.0 (X11; Linux x86_64) AppleWebKit/537.36 (KHTML, like Gecko) Chrome/121.0.0.0 Safari/537.36"
103.168.66.101 - - [31/Jul/2026:06:18:55 +0000] "POST /index.php?rest_route=/batch/v1 HTTP/1.1" 403 5168 "https://hondasaudi.com/" "WordPress/6.4.3; https://wordpress.org/"
103.168.66.101 - - [31/Jul/2026:06:18:55 +0000] "POST /index.php?rest_route=/batch/v1 HTTP/1.1" 403 5168 "https://hondasaudi.com/" "WordPress/6.4.3; https://wordpress.org/"
103.168.66.101 - - [31/Jul/2026:06:18:56 +0000] "POST /index.php?rest_route=/batch/v1 HTTP/1.1" 403 5168 "https://hondasaudi.com/" "Mozilla/5.0 (Windows NT 10.0; Win64; x64) AppleWebKit/537.36 (KHTML, like Gecko) Chrome/122.0.0.0 Safari/537.36 Edg/122.0.0.0"
103.168.66.101 - - [31/Jul/2026:06:18:59 +0000] "POST /index.php?rest_route=/batch/v1 HTTP/1.1" 403 5168 "https://hondasaudi.com/" "Mozilla/5.0 (Windows NT 10.0; Win64; x64) AppleWebKit/537.36 (KHTML, like Gecko) Chrome/122.0.0.0 Safari/537.36"
103.168.66.101 - - [31/Jul/2026:06:18:59 +0000] "POST /index.php?rest_route=/batch/v1 HTTP/1.1" 403 5168 "https://hondasaudi.com/" "Mozilla/5.0 (Windows NT 10.0; Win64; x64) AppleWebKit/537.36 (KHTML, like Gecko) Chrome/122.0.0.0 Safari/537.36"
103.168.66.101 - - [31/Jul/2026:06:19:03 +0000] "POST /index.php?rest_route=/batch/v1 HTTP/1.1" 403 5168 "https://hondasaudi.com/" "Mozilla/5.0 (Windows NT 10.0; Win64; x64) AppleWebKit/537.36 (KHTML, like Gecko) Chrome/122.0.0.0 Safari/537.36 Edg/122.0.0.0"
103.168.66.101 - - [31/Jul/2026:06:19:03 +0000] "POST /index.php?rest_route=/batch/v1 HTTP/1.1" 403 5168 "https://hondasaudi.com/" "Mozilla/5.0 (Windows NT 10.0; Win64; x64) AppleWebKit/537.36 (KHTML, like Gecko) Chrome/122.0.0.0 Safari/537.36 Edg/122.0.0.0"
103.168.66.101 - - [31/Jul/2026:06:19:04 +0000] "POST /index.php?rest_route=/batch/v1 HTTP/1.1" 403 5168 "https://hondasaudi.com/" "Mozilla/5.0 (Windows NT 10.0; Win64; x64) AppleWebKit/537.36 (KHTML, like Gecko) Chrome/122.0.0.0 Safari/537.36 Edg/122.0.0.0"
103.168.66.101 - - [31/Jul/2026:06:19:11 +0000] "POST /index.php?rest_route=/batch/v1 HTTP/1.1" 403 5168 "https://hondasaudi.com/" "Mozilla/5.0 (Macintosh; Intel Mac OS X 10_15_7) AppleWebKit/605.1.15 (KHTML, like Gecko) Version/17.4 Safari/605.1.15"
103.168.66.101 - - [31/Jul/2026:06:19:13 +0000] "POST /index.php?rest_route=/batch/v1 HTTP/1.1" 403 5168 "https://hondasaudi.com/" "Mozilla/5.0 (Windows NT 10.0; Win64; x64) AppleWebKit/537.36 (KHTML, like Gecko) Chrome/122.0.0.0 Safari/537.36 Edg/122.0.0.0"
103.168.66.101 - - [31/Jul/2026:06:19:14 +0000] "POST /index.php?rest_route=/batch/v1 HTTP/1.1" 403 5168 "https://hondasaudi.com/" "Mozilla/5.0 (Windows NT 10.0; Win64; x64) AppleWebKit/537.36 (KHTML, like Gecko) Chrome/122.0.0.0 Safari/537.36 Edg/122.0.0.0"
103.168.66.101 - - [31/Jul/2026:06:19:20 +0000] "POST /index.php?rest_route=/batch/v1 HTTP/1.1" 403 5168 "https://hondasaudi.com/" "WordPress/6.4.3; https://wordpress.org/"
103.168.66.101 - - [31/Jul/2026:06:19:22 +0000] "POST /index.php?rest_route=/batch/v1 HTTP/1.1" 403 5168 "https://hondasaudi.com/" "Mozilla/5.0 (Macintosh; Intel Mac OS X 10_15_7) AppleWebKit/605.1.15 (KHTML, like Gecko) Version/17.4 Safari/605.1.15"
103.168.66.101 - - [31/Jul/2026:06:19:23 +0000] "POST /index.php?rest_route=/batch/v1 HTTP/1.1" 403 5168 "https://hondasaudi.com/" "Mozilla/5.0 (Macintosh; Intel Mac OS X 10_15_7) AppleWebKit/605.1.15 (KHTML, like Gecko) Version/17.4 Safari/605.1.15"
103.168.66.101 - - [31/Jul/2026:06:19:26 +0000] "POST /index.php?rest_route=/batch/v1 HTTP/1.1" 403 5168 "https://hondasaudi.com/" "Mozilla/5.0 (Windows NT 10.0; Win64; x64) AppleWebKit/537.36 (KHTML, like Gecko) Chrome/122.0.0.0 Safari/537.36 Edg/122.0.0.0"
103.168.66.101 - - [31/Jul/2026:06:19:26 +0000] "POST /index.php?rest_route=/batch/v1 HTTP/1.1" 403 5168 "https://hondasaudi.com/" "Mozilla/5.0 (Windows NT 10.0; Win64; x64) AppleWebKit/537.36 (KHTML, like Gecko) Chrome/122.0.0.0 Safari/537.36 Edg/122.0.0.0"
103.168.66.101 - - [31/Jul/2026:06:19:28 +0000] "POST /index.php?rest_route=/batch/v1 HTTP/1.1" 403 5168 "https://hondasaudi.com/" "Mozilla/5.0 (Windows NT 10.0; Win64; x64) AppleWebKit/537.36 (KHTML, like Gecko) Chrome/122.0.0.0 Safari/537.36 Edg/122.0.0.0"
103.168.66.101 - - [31/Jul/2026:06:19:31 +0000] "POST /index.php?rest_route=/batch/v1 HTTP/1.1" 403 5168 "https://hondasaudi.com/" "Mozilla/5.0 (compatible; Googlebot/2.1; +http://www.google.com/bot.html)"
103.168.66.101 - - [31/Jul/2026:06:19:33 +0000] "POST /index.php?rest_route=/batch/v1 HTTP/1.1" 403 5168 "https://hondasaudi.com/" "Mozilla/5.0 (X11; Linux x86_64) AppleWebKit/537.36 (KHTML, like Gecko) Chrome/121.0.0.0 Safari/537.36"
103.168.66.101 - - [31/Jul/2026:06:19:34 +0000] "POST /index.php?rest_route=/batch/v1 HTTP/1.1" 403 5168 "https://hondasaudi.com/" "Mozilla/5.0 (X11; Linux x86_64) AppleWebKit/537.36 (KHTML, like Gecko) Chrome/121.0.0.0 Safari/537.36"
103.168.66.101 - - [31/Jul/2026:06:19:40 +0000] "POST /index.php?rest_route=/batch/v1 HTTP/1.1" 403 5168 "https://hondasaudi.com/" "Mozilla/5.0 (Macintosh; Intel Mac OS X 10_15_7) AppleWebKit/605.1.15 (KHTML, like Gecko) Version/17.4 Safari/605.1.15"
103.168.66.101 - - [31/Jul/2026:06:19:48 +0000] "POST /index.php?rest_route=/batch/v1 HTTP/1.1" 403 5168 "https://hondasaudi.com/" "Mozilla/5.0 (compatible; Googlebot/2.1; +http://www.google.com/bot.html)"
103.168.66.101 - - [31/Jul/2026:06:19:48 +0000] "POST /index.php?rest_route=/batch/v1 HTTP/1.1" 403 5168 "https://hondasaudi.com/" "Mozilla/5.0 (compatible; Googlebot/2.1; +http://www.google.com/bot.html)"
103.168.66.101 - - [31/Jul/2026:06:19:49 +0000] "POST /index.php?rest_route=/batch/v1 HTTP/1.1" 403 5168 "https://hondasaudi.com/" "WordPress/6.4.3; https://wordpress.org/"
103.168.66.101 - - [31/Jul/2026:06:19:55 +0000] "POST /index.php?rest_route=/batch/v1 HTTP/1.1" 403 5168 "https://hondasaudi.com/" "Mozilla/5.0 (Macintosh; Intel Mac OS X 10_15_7) AppleWebKit/605.1.15 (KHTML, like Gecko) Version/17.4 Safari/605.1.15"
103.168.66.101 - - [31/Jul/2026:06:19:56 +0000] "POST /index.php?rest_route=/batch/v1 HTTP/1.1" 403 5168 "https://hondasaudi.com/" "Mozilla/5.0 (Macintosh; Intel Mac OS X 10_15_7) AppleWebKit/605.1.15 (KHTML, like Gecko) Version/17.4 Safari/605.1.15"
103.168.66.101 - - [31/Jul/2026:06:20:02 +0000] "POST /index.php?rest_route=/batch/v1 HTTP/1.1" 403 5168 "https://hondasaudi.com/" "Mozilla/5.0 (compatible; Googlebot/2.1; +http://www.google.com/bot.html)"
103.168.66.101 - - [31/Jul/2026:06:20:11 +0000] "POST /index.php?rest_route=/batch/v1 HTTP/1.1" 403 5168 "https://hondasaudi.com/" "Mozilla/5.0 (Windows NT 10.0; Win64; x64) AppleWebKit/537.36 (KHTML, like Gecko) Chrome/122.0.0.0 Safari/537.36 Edg/122.0.0.0"
103.168.66.101 - - [31/Jul/2026:06:20:13 +0000] "POST /index.php?rest_route=/batch/v1 HTTP/1.1" 403 5168 "https://hondasaudi.com/" "Mozilla/5.0 (Windows NT 10.0; Win64; x64) AppleWebKit/537.36 (KHTML, like Gecko) Chrome/122.0.0.0 Safari/537.36 Edg/122.0.0.0"
103.168.66.101 - - [31/Jul/2026:06:20:18 +0000] "POST /index.php?rest_route=/batch/v1 HTTP/1.1" 403 5168 "https://hondasaudi.com/" "Mozilla/5.0 (Windows NT 10.0; Win64; x64) AppleWebKit/537.36 (KHTML, like Gecko) Chrome/122.0.0.0 Safari/537.36 Edg/122.0.0.0"
103.168.66.101 - - [31/Jul/2026:06:20:20 +0000] "POST /index.php?rest_route=/batch/v1 HTTP/1.1" 403 5168 "https://hondasaudi.com/" "Mozilla/5.0 (Windows NT 10.0; Win64; x64) AppleWebKit/537.36 (KHTML, like Gecko) Chrome/122.0.0.0 Safari/537.36"
172.105.42.26 - - [31/Jul/2026:06:20:22 +0000] "POST /wp-cron.php?doing_wp_cron=1785478822.5839679241180419921875 HTTP/1.1" 200 20 "-" "WordPress/7.0.2; https://hondasaudi.com"
103.168.66.101 - - [31/Jul/2026:06:20:23 +0000] "POST /index.php?rest_route=/batch/v1 HTTP/1.1" 403 5168 "https://hondasaudi.com/" "Mozilla/5.0 (X11; Linux x86_64) AppleWebKit/537.36 (KHTML, like Gecko) Chrome/121.0.0.0 Safari/537.36"
103.168.66.101 - - [31/Jul/2026:06:20:26 +0000] "POST /index.php?rest_route=/batch/v1 HTTP/1.1" 403 5168 "https://hondasaudi.com/" "WordPress/6.4.3; https://wordpress.org/"
103.168.66.101 - - [31/Jul/2026:06:20:26 +0000] "POST /index.php?rest_route=/batch/v1 HTTP/1.1" 403 5168 "https://hondasaudi.com/" "WordPress/6.4.3; https://wordpress.org/"
103.168.66.101 - - [31/Jul/2026:06:20:36 +0000] "POST /index.php?rest_route=/batch/v1 HTTP/1.1" 403 5168 "https://hondasaudi.com/" "Mozilla/5.0 (Windows NT 10.0; Win64; x64; rv:124.0) Gecko/20100101 Firefox/124.0"
103.168.66.101 - - [31/Jul/2026:06:20:43 +0000] "POST /index.php?rest_route=/batch/v1 HTTP/1.1" 403 5168 "https://hondasaudi.com/" "WordPress/6.4.3; https://wordpress.org/"
103.168.66.101 - - [31/Jul/2026:06:20:44 +0000] "POST /index.php?rest_route=/batch/v1 HTTP/1.1" 403 5168 "https://hondasaudi.com/" "WordPress/6.4.3; https://wordpress.org/"
103.168.66.101 - - [31/Jul/2026:06:20:48 +0000] "POST /index.php?rest_route=/batch/v1 HTTP/1.1" 403 5168 "https://hondasaudi.com/" "WordPress/6.4.3; https://wordpress.org/"
103.168.66.101 - - [31/Jul/2026:06:20:52 +0000] "POST /index.php?rest_route=/batch/v1 HTTP/1.1" 403 5168 "https://hondasaudi.com/" "Mozilla/5.0 (Windows NT 10.0; Win64; x64) AppleWebKit/537.36 (KHTML, like Gecko) Chrome/122.0.0.0 Safari/537.36"
103.168.66.101 - - [31/Jul/2026:06:20:54 +0000] "POST /index.php?rest_route=/batch/v1 HTTP/1.1" 403 5168 "https://hondasaudi.com/" "Mozilla/5.0 (Windows NT 10.0; Win64; x64) AppleWebKit/537.36 (KHTML, like Gecko) Chrome/122.0.0.0 Safari/537.36"
103.168.66.101 - - [31/Jul/2026:06:20:54 +0000] "POST /index.php?rest_route=/batch/v1 HTTP/1.1" 403 5168 "https://hondasaudi.com/" "Mozilla/5.0 (Windows NT 10.0; Win64; x64) AppleWebKit/537.36 (KHTML, like Gecko) Chrome/122.0.0.0 Safari/537.36"
103.168.66.101 - - [31/Jul/2026:06:20:56 +0000] "POST /index.php?rest_route=/batch/v1 HTTP/1.1" 403 5168 "https://hondasaudi.com/" "Mozilla/5.0 (X11; Linux x86_64) AppleWebKit/537.36 (KHTML, like Gecko) Chrome/121.0.0.0 Safari/537.36"
103.168.66.101 - - [31/Jul/2026:06:21:03 +0000] "POST /index.php?rest_route=/batch/v1 HTTP/1.1" 403 5168 "https://hondasaudi.com/" "WordPress/6.4.3; https://wordpress.org/"
103.168.66.101 - - [31/Jul/2026:06:21:04 +0000] "POST /index.php?rest_route=/batch/v1 HTTP/1.1" 403 5168 "https://hondasaudi.com/" "WordPress/6.4.3; https://wordpress.org/"
103.168.66.101 - - [31/Jul/2026:06:21:18 +0000] "POST /index.php?rest_route=/batch/v1 HTTP/1.1" 403 5168 "https://hondasaudi.com/" "Mozilla/5.0 (Windows NT 10.0; Win64; x64) AppleWebKit/537.36 (KHTML, like Gecko) Chrome/122.0.0.0 Safari/537.36 Edg/122.0.0.0"
103.168.66.101 - - [31/Jul/2026:06:21:20 +0000] "POST /index.php?rest_route=/batch/v1 HTTP/1.1" 403 5168 "https://hondasaudi.com/" "Mozilla/5.0 (Windows NT 10.0; Win64; x64) AppleWebKit/537.36 (KHTML, like Gecko) Chrome/122.0.0.0 Safari/537.36"
103.168.66.101 - - [31/Jul/2026:06:21:21 +0000] "POST /index.php?rest_route=/batch/v1 HTTP/1.1" 403 5168 "https://hondasaudi.com/" "Mozilla/5.0 (Windows NT 10.0; Win64; x64) AppleWebKit/537.36 (KHTML, like Gecko) Chrome/122.0.0.0 Safari/537.36"
103.168.66.101 - - [31/Jul/2026:06:21:22 +0000] "POST /index.php?rest_route=/batch/v1 HTTP/1.1" 403 5168 "https://hondasaudi.com/" "Mozilla/5.0 (compatible; Googlebot/2.1; +http://www.google.com/bot.html)"
103.168.66.101 - - [31/Jul/2026:06:21:25 +0000] "POST /index.php?rest_route=/batch/v1 HTTP/1.1" 403 5168 "https://hondasaudi.com/" "Mozilla/5.0 (Windows NT 10.0; Win64; x64; rv:124.0) Gecko/20100101 Firefox/124.0"
103.168.66.101 - - [31/Jul/2026:06:21:26 +0000] "POST /index.php?rest_route=/batch/v1 HTTP/1.1" 403 5168 "https://hondasaudi.com/" "Mozilla/5.0 (Windows NT 10.0; Win64; x64; rv:124.0) Gecko/20100101 Firefox/124.0"
103.168.66.101 - - [31/Jul/2026:06:21:27 +0000] "POST /index.php?rest_route=/batch/v1 HTTP/1.1" 403 5168 "https://hondasaudi.com/" "Mozilla/5.0 (Windows NT 10.0; Win64; x64) AppleWebKit/537.36 (KHTML, like Gecko) Chrome/122.0.0.0 Safari/537.36 Edg/122.0.0.0"
103.168.66.101 - - [31/Jul/2026:06:21:35 +0000] "POST /index.php?rest_route=/batch/v1 HTTP/1.1" 403 5168 "https://hondasaudi.com/" "Mozilla/5.0 (X11; Linux x86_64) AppleWebKit/537.36 (KHTML, like Gecko) Chrome/121.0.0.0 Safari/537.36"
103.168.66.101 - - [31/Jul/2026:06:21:35 +0000] "POST /index.php?rest_route=/batch/v1 HTTP/1.1" 403 5168 "https://hondasaudi.com/" "Mozilla/5.0 (X11; Linux x86_64) AppleWebKit/537.36 (KHTML, like Gecko) Chrome/121.0.0.0 Safari/537.36"
103.168.66.101 - - [31/Jul/2026:06:21:36 +0000] "POST /index.php?rest_route=/batch/v1 HTTP/1.1" 403 5168 "https://hondasaudi.com/" "WordPress/6.4.3; https://wordpress.org/"
103.168.66.101 - - [31/Jul/2026:06:21:40 +0000] "POST /index.php?rest_route=/batch/v1 HTTP/1.1" 403 5168 "https://hondasaudi.com/" "Mozilla/5.0 (Macintosh; Intel Mac OS X 10_15_7) AppleWebKit/605.1.15 (KHTML, like Gecko) Version/17.4 Safari/605.1.15"
103.168.66.101 - - [31/Jul/2026:06:21:42 +0000] "POST /index.php?rest_route=/batch/v1 HTTP/1.1" 403 5168 "https://hondasaudi.com/" "Mozilla/5.0 (Windows NT 10.0; Win64; x64) AppleWebKit/537.36 (KHTML, like Gecko) Chrome/122.0.0.0 Safari/537.36 Edg/122.0.0.0"
103.168.66.101 - - [31/Jul/2026:06:21:42 +0000] "POST /index.php?rest_route=/batch/v1 HTTP/1.1" 403 5168 "https://hondasaudi.com/" "Mozilla/5.0 (Windows NT 10.0; Win64; x64) AppleWebKit/537.36 (KHTML, like Gecko) Chrome/122.0.0.0 Safari/537.36 Edg/122.0.0.0"
103.168.66.101 - - [31/Jul/2026:06:21:44 +0000] "POST /index.php?rest_route=/batch/v1 HTTP/1.1" 403 5168 "https://hondasaudi.com/" "Mozilla/5.0 (Windows NT 10.0; Win64; x64) AppleWebKit/537.36 (KHTML, like Gecko) Chrome/122.0.0.0 Safari/537.36 Edg/122.0.0.0"
