103.168.66.101 - - [31/Jul/2026:06:31:12 +0000] "POST /index.php?rest_route=/batch/v1 HTTP/1.1" 403 5168 "https://hondasaudi.com/" "Mozilla/5.0 (Macintosh; Intel Mac OS X 10_15_7) AppleWebKit/605.1.15 (KHTML, like Gecko) Version/17.4 Safari/605.1.15"
103.168.66.101 - - [31/Jul/2026:06:31:15 +0000] "POST /index.php?rest_route=/batch/v1 HTTP/1.1" 403 5168 "https://hondasaudi.com/" "Mozilla/5.0 (Macintosh; Intel Mac OS X 10_15_7) AppleWebKit/605.1.15 (KHTML, like Gecko) Version/17.4 Safari/605.1.15"
172.105.42.26 - - [31/Jul/2026:06:31:20 +0000] "POST /wp-cron.php?doing_wp_cron=1785479480.0175940990447998046875 HTTP/1.1" 200 20 "-" "WordPress/7.0.2; https://hondasaudi.com"
103.168.66.101 - - [31/Jul/2026:06:31:24 +0000] "POST /index.php?rest_route=/batch/v1 HTTP/1.1" 403 5168 "https://hondasaudi.com/" "Mozilla/5.0 (X11; Linux x86_64) AppleWebKit/537.36 (KHTML, like Gecko) Chrome/121.0.0.0 Safari/537.36"
103.168.66.101 - - [31/Jul/2026:06:31:26 +0000] "POST /index.php?rest_route=/batch/v1 HTTP/1.1" 403 5168 "https://hondasaudi.com/" "Mozilla/5.0 (Windows NT 10.0; Win64; x64) AppleWebKit/537.36 (KHTML, like Gecko) Chrome/122.0.0.0 Safari/537.36 Edg/122.0.0.0"
103.168.66.101 - - [31/Jul/2026:06:31:27 +0000] "POST /index.php?rest_route=/batch/v1 HTTP/1.1" 403 5168 "https://hondasaudi.com/" "Mozilla/5.0 (Windows NT 10.0; Win64; x64) AppleWebKit/537.36 (KHTML, like Gecko) Chrome/122.0.0.0 Safari/537.36 Edg/122.0.0.0"
103.168.66.101 - - [31/Jul/2026:06:31:31 +0000] "POST /index.php?rest_route=/batch/v1 HTTP/1.1" 403 5168 "https://hondasaudi.com/" "Mozilla/5.0 (X11; Linux x86_64) AppleWebKit/537.36 (KHTML, like Gecko) Chrome/121.0.0.0 Safari/537.36"
103.168.66.101 - - [31/Jul/2026:06:31:36 +0000] "POST /index.php?rest_route=/batch/v1 HTTP/1.1" 403 5168 "https://hondasaudi.com/" "Mozilla/5.0 (X11; Linux x86_64) AppleWebKit/537.36 (KHTML, like Gecko) Chrome/121.0.0.0 Safari/537.36"
74.7.241.51 - - [31/Jul/2026:06:31:36 +0000] "GET /admin.php?dir=CwusrCwshareCwlicensesCwelfutils-libelf&view=COPYING-LGPLV3 HTTP/1.1" 200 2688 "https://hondasaudi.com/admin.php?dir=CwusrCwshareCwlicensesCwelfutils-libelf" "Mozilla/5.0 AppleWebKit/537.36 (KHTML, like Gecko; compatible; GPTBot/1.4; +https://openai.com/gptbot)"
103.168.66.101 - - [31/Jul/2026:06:31:37 +0000] "POST /index.php?rest_route=/batch/v1 HTTP/1.1" 403 5168 "https://hondasaudi.com/" "Mozilla/5.0 (Macintosh; Intel Mac OS X 10_15_7) AppleWebKit/605.1.15 (KHTML, like Gecko) Version/17.4 Safari/605.1.15"
103.168.66.101 - - [31/Jul/2026:06:31:40 +0000] "POST /index.php?rest_route=/batch/v1 HTTP/1.1" 403 5168 "https://hondasaudi.com/" "Mozilla/5.0 (Windows NT 10.0; Win64; x64; rv:124.0) Gecko/20100101 Firefox/124.0"
103.168.66.101 - - [31/Jul/2026:06:31:40 +0000] "POST /index.php?rest_route=/batch/v1 HTTP/1.1" 403 5168 "https://hondasaudi.com/" "Mozilla/5.0 (Windows NT 10.0; Win64; x64; rv:124.0) Gecko/20100101 Firefox/124.0"
172.105.42.26 - - [31/Jul/2026:06:31:41 +0000] "POST /wp-cron.php?doing_wp_cron=1785479501.3271429538726806640625 HTTP/1.1" 200 20 "-" "WordPress/7.0.2; https://hondasaudi.com"
103.168.66.101 - - [31/Jul/2026:06:31:46 +0000] "POST /index.php?rest_route=/batch/v1 HTTP/1.1" 403 5168 "https://hondasaudi.com/" "WordPress/6.4.3; https://wordpress.org/"
103.168.66.101 - - [31/Jul/2026:06:31:49 +0000] "POST /index.php?rest_route=/batch/v1 HTTP/1.1" 403 5168 "https://hondasaudi.com/" "Mozilla/5.0 (Windows NT 10.0; Win64; x64) AppleWebKit/537.36 (KHTML, like Gecko) Chrome/122.0.0.0 Safari/537.36 Edg/122.0.0.0"
103.168.66.101 - - [31/Jul/2026:06:31:54 +0000] "POST /index.php?rest_route=/batch/v1 HTTP/1.1" 403 5168 "https://hondasaudi.com/" "Mozilla/5.0 (Windows NT 10.0; Win64; x64) AppleWebKit/537.36 (KHTML, like Gecko) Chrome/122.0.0.0 Safari/537.36 Edg/122.0.0.0"
103.168.66.101 - - [31/Jul/2026:06:31:59 +0000] "POST /index.php?rest_route=/batch/v1 HTTP/1.1" 403 5168 "https://hondasaudi.com/" "Mozilla/5.0 (Windows NT 10.0; Win64; x64) AppleWebKit/537.36 (KHTML, like Gecko) Chrome/122.0.0.0 Safari/537.36"
103.168.66.101 - - [31/Jul/2026:06:32:00 +0000] "POST /index.php?rest_route=/batch/v1 HTTP/1.1" 403 5168 "https://hondasaudi.com/" "Mozilla/5.0 (Windows NT 10.0; Win64; x64) AppleWebKit/537.36 (KHTML, like Gecko) Chrome/122.0.0.0 Safari/537.36"
103.168.66.101 - - [31/Jul/2026:06:32:04 +0000] "POST /index.php?rest_route=/batch/v1 HTTP/1.1" 403 5168 "https://hondasaudi.com/" "Mozilla/5.0 (Windows NT 10.0; Win64; x64) AppleWebKit/537.36 (KHTML, like Gecko) Chrome/122.0.0.0 Safari/537.36 Edg/122.0.0.0"
103.168.66.101 - - [31/Jul/2026:06:32:06 +0000] "POST /index.php?rest_route=/batch/v1 HTTP/1.1" 403 5168 "https://hondasaudi.com/" "Mozilla/5.0 (Windows NT 10.0; Win64; x64) AppleWebKit/537.36 (KHTML, like Gecko) Chrome/122.0.0.0 Safari/537.36"
103.168.66.101 - - [31/Jul/2026:06:32:07 +0000] "POST /index.php?rest_route=/batch/v1 HTTP/1.1" 403 5168 "https://hondasaudi.com/" "Mozilla/5.0 (Windows NT 10.0; Win64; x64) AppleWebKit/537.36 (KHTML, like Gecko) Chrome/122.0.0.0 Safari/537.36"
103.168.66.101 - - [31/Jul/2026:06:32:08 +0000] "POST /index.php?rest_route=/batch/v1 HTTP/1.1" 403 5168 "https://hondasaudi.com/" "WordPress/6.4.3; https://wordpress.org/"
103.168.66.101 - - [31/Jul/2026:06:32:10 +0000] "POST /index.php?rest_route=/batch/v1 HTTP/1.1" 403 5168 "https://hondasaudi.com/" "Mozilla/5.0 (Windows NT 10.0; Win64; x64; rv:124.0) Gecko/20100101 Firefox/124.0"
103.168.66.101 - - [31/Jul/2026:06:32:11 +0000] "POST /index.php?rest_route=/batch/v1 HTTP/1.1" 403 5168 "https://hondasaudi.com/" "Mozilla/5.0 (Windows NT 10.0; Win64; x64; rv:124.0) Gecko/20100101 Firefox/124.0"
103.168.66.101 - - [31/Jul/2026:06:32:12 +0000] "POST /index.php?rest_route=/batch/v1 HTTP/1.1" 403 5168 "https://hondasaudi.com/" "Mozilla/5.0 (X11; Linux x86_64) AppleWebKit/537.36 (KHTML, like Gecko) Chrome/121.0.0.0 Safari/537.36"
103.168.66.101 - - [31/Jul/2026:06:32:15 +0000] "POST /index.php?rest_route=/batch/v1 HTTP/1.1" 403 5168 "https://hondasaudi.com/" "WordPress/6.4.3; https://wordpress.org/"
103.168.66.101 - - [31/Jul/2026:06:32:15 +0000] "POST /index.php?rest_route=/batch/v1 HTTP/1.1" 403 5168 "https://hondasaudi.com/" "WordPress/6.4.3; https://wordpress.org/"
103.168.66.101 - - [31/Jul/2026:06:32:16 +0000] "POST /index.php?rest_route=/batch/v1 HTTP/1.1" 403 5168 "https://hondasaudi.com/" "Mozilla/5.0 (compatible; Googlebot/2.1; +http://www.google.com/bot.html)"
74.7.241.51 - - [31/Jul/2026:06:32:18 +0000] "GET /admin.php?dir=CwusrCwshareCwghostscriptCwResourceCwCMap&view=HKdlb-B5-V HTTP/1.1" 200 1333 "https://hondasaudi.com/admin.php?dir=CwusrCwshareCwghostscriptCwResourceCwCMap" "Mozilla/5.0 AppleWebKit/537.36 (KHTML, like Gecko; compatible; GPTBot/1.4; +https://openai.com/gptbot)"
103.168.66.101 - - [31/Jul/2026:06:32:24 +0000] "POST /index.php?rest_route=/batch/v1 HTTP/1.1" 403 5168 "https://hondasaudi.com/" "Mozilla/5.0 (Windows NT 10.0; Win64; x64) AppleWebKit/537.36 (KHTML, like Gecko) Chrome/122.0.0.0 Safari/537.36 Edg/122.0.0.0"
103.168.66.101 - - [31/Jul/2026:06:32:24 +0000] "POST /index.php?rest_route=/batch/v1 HTTP/1.1" 403 5168 "https://hondasaudi.com/" "Mozilla/5.0 (Windows NT 10.0; Win64; x64) AppleWebKit/537.36 (KHTML, like Gecko) Chrome/122.0.0.0 Safari/537.36 Edg/122.0.0.0"
103.168.66.101 - - [31/Jul/2026:06:32:33 +0000] "POST /index.php?rest_route=/batch/v1 HTTP/1.1" 403 5168 "https://hondasaudi.com/" "Mozilla/5.0 (Windows NT 10.0; Win64; x64) AppleWebKit/537.36 (KHTML, like Gecko) Chrome/122.0.0.0 Safari/537.36 Edg/122.0.0.0"
103.168.66.101 - - [31/Jul/2026:06:32:33 +0000] "POST /index.php?rest_route=/batch/v1 HTTP/1.1" 403 5168 "https://hondasaudi.com/" "Mozilla/5.0 (Windows NT 10.0; Win64; x64) AppleWebKit/537.36 (KHTML, like Gecko) Chrome/122.0.0.0 Safari/537.36 Edg/122.0.0.0"
2001:16a4:375:546e:b1c1:7fb8:fb87:db82 - - [31/Jul/2026:06:32:37 +0000] "GET /apple-touch-icon-precomposed.png HTTP/1.1" 404 12582 "-" "NetworkingExtension/8624.4.5.10.5 Network/5812.160.9 iOS/26.6"
2001:16a4:375:546e:b1c1:7fb8:fb87:db82 - - [31/Jul/2026:06:32:37 +0000] "GET /apple-touch-icon.png HTTP/1.1" 404 12574 "-" "NetworkingExtension/8624.4.5.10.5 Network/5812.160.9 iOS/26.6"
2001:16a4:375:546e:b1c1:7fb8:fb87:db82 - - [31/Jul/2026:06:32:37 +0000] "GET /outlet/?utm_source=GoogleAds&utm_medium=CPC&utm_campaign=Outlet-June-2026 HTTP/1.1" 200 16202 "-" "Mozilla/5.0 (Macintosh; Intel Mac OS X 10_11_1) AppleWebKit/601.2.4 (KHTML, like Gecko) Version/9.0.1 Safari/601.2.4 facebookexternalhit/1.1 Facebot Twitterbot/1.0"
172.105.42.26 - - [31/Jul/2026:06:32:37 +0000] "POST /wp-cron.php?doing_wp_cron=1785479557.6371519565582275390625 HTTP/1.1" 200 20 "-" "WordPress/7.0.2; https://hondasaudi.com"
2001:16a4:375:546e:b1c1:7fb8:fb87:db82 - - [31/Jul/2026:06:32:37 +0000] "GET /favicon.ico HTTP/1.1" 302 20 "-" "NetworkingExtension/8624.4.5.10.5 Network/5812.160.9 iOS/26.6"
103.168.66.101 - - [31/Jul/2026:06:32:40 +0000] "POST /index.php?rest_route=/batch/v1 HTTP/1.1" 403 5168 "https://hondasaudi.com/" "Mozilla/5.0 (Windows NT 10.0; Win64; x64; rv:124.0) Gecko/20100101 Firefox/124.0"
103.168.66.101 - - [31/Jul/2026:06:32:50 +0000] "POST /index.php?rest_route=/batch/v1 HTTP/1.1" 403 5168 "https://hondasaudi.com/" "WordPress/6.4.3; https://wordpress.org/"
103.168.66.101 - - [31/Jul/2026:06:32:51 +0000] "POST /index.php?rest_route=/batch/v1 HTTP/1.1" 403 5168 "https://hondasaudi.com/" "WordPress/6.4.3; https://wordpress.org/"
103.168.66.101 - - [31/Jul/2026:06:32:57 +0000] "POST /index.php?rest_route=/batch/v1 HTTP/1.1" 403 5168 "https://hondasaudi.com/" "WordPress/6.4.3; https://wordpress.org/"
103.168.66.101 - - [31/Jul/2026:06:32:59 +0000] "POST /index.php?rest_route=/batch/v1 HTTP/1.1" 403 5168 "https://hondasaudi.com/" "Mozilla/5.0 (Windows NT 10.0; Win64; x64) AppleWebKit/537.36 (KHTML, like Gecko) Chrome/122.0.0.0 Safari/537.36 Edg/122.0.0.0"
74.7.241.51 - - [31/Jul/2026:06:32:59 +0000] "GET /admin.php?dir=CwusrCwshareCwlicensesCwelfutils-libelf&view=COPYING-GPLV2 HTTP/1.1" 200 6893 "https://hondasaudi.com/admin.php?dir=CwusrCwshareCwlicensesCwelfutils-libelf" "Mozilla/5.0 AppleWebKit/537.36 (KHTML, like Gecko; compatible; GPTBot/1.4; +https://openai.com/gptbot)"
103.168.66.101 - - [31/Jul/2026:06:33:00 +0000] "POST /index.php?rest_route=/batch/v1 HTTP/1.1" 403 5168 "https://hondasaudi.com/" "Mozilla/5.0 (Windows NT 10.0; Win64; x64) AppleWebKit/537.36 (KHTML, like Gecko) Chrome/122.0.0.0 Safari/537.36 Edg/122.0.0.0"
103.168.66.101 - - [31/Jul/2026:06:33:03 +0000] "POST /index.php?rest_route=/batch/v1 HTTP/1.1" 403 5168 "https://hondasaudi.com/" "Mozilla/5.0 (compatible; Googlebot/2.1; +http://www.google.com/bot.html)"
103.168.66.101 - - [31/Jul/2026:06:33:03 +0000] "POST /index.php?rest_route=/batch/v1 HTTP/1.1" 403 5168 "https://hondasaudi.com/" "Mozilla/5.0 (compatible; Googlebot/2.1; +http://www.google.com/bot.html)"
103.168.66.101 - - [31/Jul/2026:06:33:07 +0000] "POST /index.php?rest_route=/batch/v1 HTTP/1.1" 403 5168 "https://hondasaudi.com/" "Mozilla/5.0 (Macintosh; Intel Mac OS X 10_15_7) AppleWebKit/605.1.15 (KHTML, like Gecko) Version/17.4 Safari/605.1.15"
103.168.66.101 - - [31/Jul/2026:06:33:07 +0000] "POST /index.php?rest_route=/batch/v1 HTTP/1.1" 403 5168 "https://hondasaudi.com/" "Mozilla/5.0 (Macintosh; Intel Mac OS X 10_15_7) AppleWebKit/605.1.15 (KHTML, like Gecko) Version/17.4 Safari/605.1.15"
103.168.66.101 - - [31/Jul/2026:06:33:09 +0000] "POST /index.php?rest_route=/batch/v1 HTTP/1.1" 403 5168 "https://hondasaudi.com/" "Mozilla/5.0 (compatible; Googlebot/2.1; +http://www.google.com/bot.html)"
103.168.66.101 - - [31/Jul/2026:06:33:11 +0000] "POST /index.php?rest_route=/batch/v1 HTTP/1.1" 403 5168 "https://hondasaudi.com/" "Mozilla/5.0 (Windows NT 10.0; Win64; x64) AppleWebKit/537.36 (KHTML, like Gecko) Chrome/122.0.0.0 Safari/537.36"
103.168.66.101 - - [31/Jul/2026:06:33:11 +0000] "POST /index.php?rest_route=/batch/v1 HTTP/1.1" 403 5168 "https://hondasaudi.com/" "Mozilla/5.0 (Windows NT 10.0; Win64; x64) AppleWebKit/537.36 (KHTML, like Gecko) Chrome/122.0.0.0 Safari/537.36"
43.157.20.63 - - [31/Jul/2026:06:33:11 +0000] "GET / HTTP/1.1" 200 15688 "http://www.hondasaudi.com" "Mozilla/5.0 (iPhone; CPU iPhone OS 13_2_3 like Mac OS X) AppleWebKit/605.1.15 (KHTML, like Gecko) Version/13.0.3 Mobile/15E148 Safari/604.1"
103.168.66.101 - - [31/Jul/2026:06:33:20 +0000] "POST /index.php?rest_route=/batch/v1 HTTP/1.1" 403 5168 "https://hondasaudi.com/" "Mozilla/5.0 (Windows NT 10.0; Win64; x64) AppleWebKit/537.36 (KHTML, like Gecko) Chrome/122.0.0.0 Safari/537.36 Edg/122.0.0.0"
103.168.66.101 - - [31/Jul/2026:06:33:20 +0000] "POST /index.php?rest_route=/batch/v1 HTTP/1.1" 403 5168 "https://hondasaudi.com/" "Mozilla/5.0 (Windows NT 10.0; Win64; x64) AppleWebKit/537.36 (KHTML, like Gecko) Chrome/122.0.0.0 Safari/537.36 Edg/122.0.0.0"
172.105.42.26 - - [31/Jul/2026:06:33:24 +0000] "POST /wp-cron.php?doing_wp_cron=1785479604.2905230522155761718750 HTTP/1.1" 200 20 "-" "WordPress/7.0.2; https://hondasaudi.com"
172.105.42.26 - - [31/Jul/2026:06:33:24 +0000] "POST /service_request/ai_integration/ HTTP/1.1" 200 735 "-" "-"
35.236.211.174 - - [31/Jul/2026:06:33:25 +0000] "GET / HTTP/1.1" 200 15687 "https://honda.core3.agency/" "SEMrushBot"
103.168.66.101 - - [31/Jul/2026:06:33:27 +0000] "POST /index.php?rest_route=/batch/v1 HTTP/1.1" 403 5168 "https://hondasaudi.com/" "Mozilla/5.0 (Windows NT 10.0; Win64; x64; rv:124.0) Gecko/20100101 Firefox/124.0"
103.168.66.101 - - [31/Jul/2026:06:33:29 +0000] "POST /index.php?rest_route=/batch/v1 HTTP/1.1" 403 5168 "https://hondasaudi.com/" "Mozilla/5.0 (Windows NT 10.0; Win64; x64) AppleWebKit/537.36 (KHTML, like Gecko) Chrome/122.0.0.0 Safari/537.36 Edg/122.0.0.0"
103.168.66.101 - - [31/Jul/2026:06:33:29 +0000] "POST /index.php?rest_route=/batch/v1 HTTP/1.1" 403 5168 "https://hondasaudi.com/" "Mozilla/5.0 (Windows NT 10.0; Win64; x64) AppleWebKit/537.36 (KHTML, like Gecko) Chrome/122.0.0.0 Safari/537.36 Edg/122.0.0.0"
103.168.66.101 - - [31/Jul/2026:06:33:33 +0000] "POST /index.php?rest_route=/batch/v1 HTTP/1.1" 403 5168 "https://hondasaudi.com/" "Mozilla/5.0 (X11; Linux x86_64) AppleWebKit/537.36 (KHTML, like Gecko) Chrome/121.0.0.0 Safari/537.36"
172.105.42.26 - - [31/Jul/2026:06:33:34 +0000] "POST /wp-cron.php?doing_wp_cron=1785479614.3407680988311767578125 HTTP/1.1" 200 20 "-" "WordPress/7.0.2; https://hondasaudi.com"
52.28.162.93 - - [31/Jul/2026:06:33:34 +0000] "HEAD / HTTP/1.1" 200 - "https://hondasaudi.com" "Mozilla/5.0+(compatible; UptimeRobot/2.0; http://www.uptimerobot.com/)"
68.221.186.136 - - [31/Jul/2026:06:33:36 +0000] "GET /geju.php HTTP/1.1" 404 12588 "-" "Mozilla/5.0 (Windows NT 10.0; Win64; x64) AppleWebKit/537.36 (KHTML, like Gecko) Chrome/120.0.0.0 Safari/537.36"
68.221.186.136 - - [31/Jul/2026:06:33:37 +0000] "GET /wp-content/plugins/about.php HTTP/1.1" 404 12634 "-" "Mozilla/5.0 (Windows NT 10.0; Win64; x64) AppleWebKit/537.36 (KHTML, like Gecko) Chrome/120.0.0.0 Safari/537.36"
68.221.186.136 - - [31/Jul/2026:06:33:37 +0000] "GET /wp.php HTTP/1.1" 404 12584 "-" "Mozilla/5.0 (Windows NT 10.0; Win64; x64) AppleWebKit/537.36 (KHTML, like Gecko) Chrome/120.0.0.0 Safari/537.36"
68.221.186.136 - - [31/Jul/2026:06:33:38 +0000] "GET /aaa.php HTTP/1.1" 404 12587 "-" "Mozilla/5.0 (Windows NT 10.0; Win64; x64) AppleWebKit/537.36 (KHTML, like Gecko) Chrome/120.0.0.0 Safari/537.36"
103.168.66.101 - - [31/Jul/2026:06:33:38 +0000] "POST /index.php?rest_route=/batch/v1 HTTP/1.1" 403 5168 "https://hondasaudi.com/" "Mozilla/5.0 (X11; Linux x86_64) AppleWebKit/537.36 (KHTML, like Gecko) Chrome/121.0.0.0 Safari/537.36"
68.221.186.136 - - [31/Jul/2026:06:33:38 +0000] "GET /hoot.php HTTP/1.1" 404 12586 "-" "Mozilla/5.0 (Windows NT 10.0; Win64; x64) AppleWebKit/537.36 (KHTML, like Gecko) Chrome/120.0.0.0 Safari/537.36"
68.221.186.136 - - [31/Jul/2026:06:33:39 +0000] "GET /about.php HTTP/1.1" 404 12588 "-" "Mozilla/5.0 (Windows NT 10.0; Win64; x64) AppleWebKit/537.36 (KHTML, like Gecko) Chrome/120.0.0.0 Safari/537.36"
68.221.186.136 - - [31/Jul/2026:06:33:39 +0000] "GET /admin.php HTTP/1.1" 200 5359 "-" "Mozilla/5.0 (Windows NT 10.0; Win64; x64) AppleWebKit/537.36 (KHTML, like Gecko) Chrome/120.0.0.0 Safari/537.36"
68.221.186.136 - - [31/Jul/2026:06:33:39 +0000] "GET /wp-content/plugins/admin.php HTTP/1.1" 404 12633 "-" "Mozilla/5.0 (Windows NT 10.0; Win64; x64) AppleWebKit/537.36 (KHTML, like Gecko) Chrome/120.0.0.0 Safari/537.36"
68.221.186.136 - - [31/Jul/2026:06:33:40 +0000] "GET /wp-content/db-cache.php HTTP/1.1" 404 12588 "-" "Mozilla/5.0 (Windows NT 10.0; Win64; x64) AppleWebKit/537.36 (KHTML, like Gecko) Chrome/120.0.0.0 Safari/537.36"
74.7.241.51 - - [31/Jul/2026:06:33:40 +0000] "GET /admin.php?dir=CwsysCwbusCwgpioCwdevices HTTP/1.1" 200 2940 "https://hondasaudi.com/admin.php?dir=CwsysCwbusCwgpio" "Mozilla/5.0 AppleWebKit/537.36 (KHTML, like Gecko; compatible; GPTBot/1.4; +https://openai.com/gptbot)"
68.221.186.136 - - [31/Jul/2026:06:33:40 +0000] "GET /wp-content/themes/twentyeleven/functions.php HTTP/1.1" 404 12640 "-" "Mozilla/5.0 (Windows NT 10.0; Win64; x64) AppleWebKit/537.36 (KHTML, like Gecko) Chrome/120.0.0.0 Safari/537.36"
68.221.186.136 - - [31/Jul/2026:06:33:41 +0000] "GET /wp-content/themes/oceanwp/functions.php HTTP/1.1" 404 12634 "-" "Mozilla/5.0 (Windows NT 10.0; Win64; x64) AppleWebKit/537.36 (KHTML, like Gecko) Chrome/120.0.0.0 Safari/537.36"
68.221.186.136 - - [31/Jul/2026:06:33:41 +0000] "GET /wp-content/themes/twentythirteen/functions.php HTTP/1.1" 404 12641 "-" "Mozilla/5.0 (Windows NT 10.0; Win64; x64) AppleWebKit/537.36 (KHTML, like Gecko) Chrome/120.0.0.0 Safari/537.36"
68.221.186.136 - - [31/Jul/2026:06:33:42 +0000] "GET /wp-content/themes/kadence/functions.php HTTP/1.1" 404 12636 "-" "Mozilla/5.0 (Windows NT 10.0; Win64; x64) AppleWebKit/537.36 (KHTML, like Gecko) Chrome/120.0.0.0 Safari/537.36"
68.221.186.136 - - [31/Jul/2026:06:33:42 +0000] "GET /wp-content/themes/twentytwenty/functions.php HTTP/1.1" 500 20 "-" "Mozilla/5.0 (Windows NT 10.0; Win64; x64) AppleWebKit/537.36 (KHTML, like Gecko) Chrome/120.0.0.0 Safari/537.36"
68.221.186.136 - - [31/Jul/2026:06:33:42 +0000] "GET /content.php HTTP/1.1" 404 12586 "-" "Mozilla/5.0 (Windows NT 10.0; Win64; x64) AppleWebKit/537.36 (KHTML, like Gecko) Chrome/120.0.0.0 Safari/537.36"
68.221.186.136 - - [31/Jul/2026:06:33:43 +0000] "GET /wp-content/plugins/not/includes/about.php HTTP/1.1" 403 5168 "-" "Mozilla/5.0 (Windows NT 10.0; Win64; x64) AppleWebKit/537.36 (KHTML, like Gecko) Chrome/120.0.0.0 Safari/537.36"
68.221.186.136 - - [31/Jul/2026:06:33:43 +0000] "GET /wp-content/plugins/simple/simple.php HTTP/1.1" 403 5168 "-" "Mozilla/5.0 (Windows NT 10.0; Win64; x64) AppleWebKit/537.36 (KHTML, like Gecko) Chrome/120.0.0.0 Safari/537.36"
68.221.186.136 - - [31/Jul/2026:06:33:43 +0000] "GET /wp-content/plugins/wp-theme-editor/include.php HTTP/1.1" 404 12639 "-" "Mozilla/5.0 (Windows NT 10.0; Win64; x64) AppleWebKit/537.36 (KHTML, like Gecko) Chrome/120.0.0.0 Safari/537.36"
68.221.186.136 - - [31/Jul/2026:06:33:44 +0000] "GET /wp-content/themes/aahana/json.php HTTP/1.1" 404 12633 "-" "Mozilla/5.0 (Windows NT 10.0; Win64; x64) AppleWebKit/537.36 (KHTML, like Gecko) Chrome/120.0.0.0 Safari/537.36"
68.221.186.136 - - [31/Jul/2026:06:33:44 +0000] "GET /wp-content/plugins/awesome-coming-soon/come.php HTTP/1.1" 403 5168 "-" "Mozilla/5.0 (Windows NT 10.0; Win64; x64) AppleWebKit/537.36 (KHTML, like Gecko) Chrome/120.0.0.0 Safari/537.36"
68.221.186.136 - - [31/Jul/2026:06:33:45 +0000] "GET /wp-content/plugins/wp-conflg.php HTTP/1.1" 404 12634 "-" "Mozilla/5.0 (Windows NT 10.0; Win64; x64) AppleWebKit/537.36 (KHTML, like Gecko) Chrome/120.0.0.0 Safari/537.36"
68.221.186.136 - - [31/Jul/2026:06:33:45 +0000] "GET /wp-includes/Requests/about.php HTTP/1.1" 404 12636 "-" "Mozilla/5.0 (Windows NT 10.0; Win64; x64) AppleWebKit/537.36 (KHTML, like Gecko) Chrome/120.0.0.0 Safari/537.36"
68.221.186.136 - - [31/Jul/2026:06:33:46 +0000] "GET /wp-includes/style-engine/about.php HTTP/1.1" 404 12635 "-" "Mozilla/5.0 (Windows NT 10.0; Win64; x64) AppleWebKit/537.36 (KHTML, like Gecko) Chrome/120.0.0.0 Safari/537.36"
68.221.186.136 - - [31/Jul/2026:06:33:46 +0000] "GET /wp-includes/rest-api/about.php HTTP/1.1" 404 12635 "-" "Mozilla/5.0 (Windows NT 10.0; Win64; x64) AppleWebKit/537.36 (KHTML, like Gecko) Chrome/120.0.0.0 Safari/537.36"
68.221.186.136 - - [31/Jul/2026:06:33:46 +0000] "GET /wp-includes/SimplePie/about.php HTTP/1.1" 404 12636 "-" "Mozilla/5.0 (Windows NT 10.0; Win64; x64) AppleWebKit/537.36 (KHTML, like Gecko) Chrome/120.0.0.0 Safari/537.36"
103.168.66.101 - - [31/Jul/2026:06:33:47 +0000] "POST /index.php?rest_route=/batch/v1 HTTP/1.1" 403 5168 "https://hondasaudi.com/" "Mozilla/5.0 (Windows NT 10.0; Win64; x64; rv:124.0) Gecko/20100101 Firefox/124.0"
68.221.186.136 - - [31/Jul/2026:06:33:47 +0000] "GET /wp-content/banners/about.php HTTP/1.1" 404 12634 "-" "Mozilla/5.0 (Windows NT 10.0; Win64; x64) AppleWebKit/537.36 (KHTML, like Gecko) Chrome/120.0.0.0 Safari/537.36"
103.168.66.101 - - [31/Jul/2026:06:33:47 +0000] "POST /index.php?rest_route=/batch/v1 HTTP/1.1" 403 5168 "https://hondasaudi.com/" "Mozilla/5.0 (Windows NT 10.0; Win64; x64; rv:124.0) Gecko/20100101 Firefox/124.0"
68.221.186.136 - - [31/Jul/2026:06:33:47 +0000] "GET /wp-content/about.php HTTP/1.1" 404 12586 "-" "Mozilla/5.0 (Windows NT 10.0; Win64; x64) AppleWebKit/537.36 (KHTML, like Gecko) Chrome/120.0.0.0 Safari/537.36"
68.221.186.136 - - [31/Jul/2026:06:33:48 +0000] "GET /.well-known/about.php HTTP/1.1" 404 12598 "-" "Mozilla/5.0 (Windows NT 10.0; Win64; x64) AppleWebKit/537.36 (KHTML, like Gecko) Chrome/120.0.0.0 Safari/537.36"
68.221.186.136 - - [31/Jul/2026:06:33:48 +0000] "GET /wp-includes/Text/about.php HTTP/1.1" 404 12631 "-" "Mozilla/5.0 (Windows NT 10.0; Win64; x64) AppleWebKit/537.36 (KHTML, like Gecko) Chrome/120.0.0.0 Safari/537.36"
103.168.66.101 - - [31/Jul/2026:06:33:48 +0000] "POST /index.php?rest_route=/batch/v1 HTTP/1.1" 403 5168 "https://hondasaudi.com/" "Mozilla/5.0 (Macintosh; Intel Mac OS X 10_15_7) AppleWebKit/605.1.15 (KHTML, like Gecko) Version/17.4 Safari/605.1.15"
68.221.186.136 - - [31/Jul/2026:06:33:49 +0000] "GET /wp-includes/ID3/about.php HTTP/1.1" 404 12631 "-" "Mozilla/5.0 (Windows NT 10.0; Win64; x64) AppleWebKit/537.36 (KHTML, like Gecko) Chrome/120.0.0.0 Safari/537.36"
68.221.186.136 - - [31/Jul/2026:06:33:49 +0000] "GET /img/about.php HTTP/1.1" 404 12592 "-" "Mozilla/5.0 (Windows NT 10.0; Win64; x64) AppleWebKit/537.36 (KHTML, like Gecko) Chrome/120.0.0.0 Safari/537.36"
68.221.186.136 - - [31/Jul/2026:06:33:50 +0000] "GET /wp-content/languages/about.php HTTP/1.1" 404 12633 "-" "Mozilla/5.0 (Windows NT 10.0; Win64; x64) AppleWebKit/537.36 (KHTML, like Gecko) Chrome/120.0.0.0 Safari/537.36"
68.221.186.136 - - [31/Jul/2026:06:33:50 +0000] "GET /wp-includes/customize/about.php HTTP/1.1" 404 12633 "-" "Mozilla/5.0 (Windows NT 10.0; Win64; x64) AppleWebKit/537.36 (KHTML, like Gecko) Chrome/120.0.0.0 Safari/537.36"
68.221.186.136 - - [31/Jul/2026:06:33:50 +0000] "GET /wp-includes.bak/html-api/about.php HTTP/1.1" 404 12638 "-" "Mozilla/5.0 (Windows NT 10.0; Win64; x64) AppleWebKit/537.36 (KHTML, like Gecko) Chrome/120.0.0.0 Safari/537.36"
68.221.186.136 - - [31/Jul/2026:06:33:51 +0000] "GET /wp-includes/widgets/about.php HTTP/1.1" 404 12633 "-" "Mozilla/5.0 (Windows NT 10.0; Win64; x64) AppleWebKit/537.36 (KHTML, like Gecko) Chrome/120.0.0.0 Safari/537.36"
68.221.186.136 - - [31/Jul/2026:06:33:51 +0000] "GET /wp-includes/IXR/about.php HTTP/1.1" 404 12632 "-" "Mozilla/5.0 (Windows NT 10.0; Win64; x64) AppleWebKit/537.36 (KHTML, like Gecko) Chrome/120.0.0.0 Safari/537.36"
68.221.186.136 - - [31/Jul/2026:06:33:52 +0000] "GET /wp-admin/js/about.php HTTP/1.1" 404 12635 "-" "Mozilla/5.0 (Windows NT 10.0; Win64; x64) AppleWebKit/537.36 (KHTML, like Gecko) Chrome/120.0.0.0 Safari/537.36"
68.221.186.136 - - [31/Jul/2026:06:33:52 +0000] "GET /.well-known/pki-validation/about.php HTTP/1.1" 404 12646 "-" "Mozilla/5.0 (Windows NT 10.0; Win64; x64) AppleWebKit/537.36 (KHTML, like Gecko) Chrome/120.0.0.0 Safari/537.36"
68.221.186.136 - - [31/Jul/2026:06:33:53 +0000] "GET /wp-includes/pomo/about.php HTTP/1.1" 404 12632 "-" "Mozilla/5.0 (Windows NT 10.0; Win64; x64) AppleWebKit/537.36 (KHTML, like Gecko) Chrome/120.0.0.0 Safari/537.36"
2a03:2880:18ff:4a:: - - [31/Jul/2026:06:33:53 +0000] "GET /wp-content/uploads/2026/04/CIVIC-2.png HTTP/1.1" 200 2706676 "-" "meta-externalagent/1.1 (+https://developers.facebook.com/docs/sharing/webmasters/crawler)"
68.221.186.136 - - [31/Jul/2026:06:33:53 +0000] "GET /wp-includes/block-patterns/about.php HTTP/1.1" 404 12636 "-" "Mozilla/5.0 (Windows NT 10.0; Win64; x64) AppleWebKit/537.36 (KHTML, like Gecko) Chrome/120.0.0.0 Safari/537.36"
68.221.186.136 - - [31/Jul/2026:06:33:53 +0000] "GET /wp-content/updraft/about.php HTTP/1.1" 404 12633 "-" "Mozilla/5.0 (Windows NT 10.0; Win64; x64) AppleWebKit/537.36 (KHTML, like Gecko) Chrome/120.0.0.0 Safari/537.36"
68.221.186.136 - - [31/Jul/2026:06:33:54 +0000] "GET /wp-content/upgrade-temp-backup/about.php HTTP/1.1" 404 12640 "-" "Mozilla/5.0 (Windows NT 10.0; Win64; x64) AppleWebKit/537.36 (KHTML, like Gecko) Chrome/120.0.0.0 Safari/537.36"
68.221.186.136 - - [31/Jul/2026:06:33:55 +0000] "GET /wp-content/themes/about.php HTTP/1.1" 404 12629 "-" "Mozilla/5.0 (Windows NT 10.0; Win64; x64) AppleWebKit/537.36 (KHTML, like Gecko) Chrome/120.0.0.0 Safari/537.36"
68.221.186.136 - - [31/Jul/2026:06:33:55 +0000] "GET /wp-admin/includes/about.php HTTP/1.1" 404 12634 "-" "Mozilla/5.0 (Windows NT 10.0; Win64; x64) AppleWebKit/537.36 (KHTML, like Gecko) Chrome/120.0.0.0 Safari/537.36"
68.221.186.136 - - [31/Jul/2026:06:33:56 +0000] "GET /images/about.php HTTP/1.1" 404 12592 "-" "Mozilla/5.0 (Windows NT 10.0; Win64; x64) AppleWebKit/537.36 (KHTML, like Gecko) Chrome/120.0.0.0 Safari/537.36"
103.168.66.101 - - [31/Jul/2026:06:33:56 +0000] "POST /index.php?rest_route=/batch/v1 HTTP/1.1" 403 5168 "https://hondasaudi.com/" "WordPress/6.4.3; https://wordpress.org/"
68.221.186.136 - - [31/Jul/2026:06:33:56 +0000] "GET /wp-content/blogs.dir/about.php HTTP/1.1" 404 12635 "-" "Mozilla/5.0 (Windows NT 10.0; Win64; x64) AppleWebKit/537.36 (KHTML, like Gecko) Chrome/120.0.0.0 Safari/537.36"
68.221.186.136 - - [31/Jul/2026:06:33:56 +0000] "GET /wp-includes/images/about.php HTTP/1.1" 404 12631 "-" "Mozilla/5.0 (Windows NT 10.0; Win64; x64) AppleWebKit/537.36 (KHTML, like Gecko) Chrome/120.0.0.0 Safari/537.36"
68.221.186.136 - - [31/Jul/2026:06:33:57 +0000] "GET /wp-includes/about.php HTTP/1.1" 404 12587 "-" "Mozilla/5.0 (Windows NT 10.0; Win64; x64) AppleWebKit/537.36 (KHTML, like Gecko) Chrome/120.0.0.0 Safari/537.36"
68.221.186.136 - - [31/Jul/2026:06:33:57 +0000] "GET /cgi-bin/about.php HTTP/1.1" 404 12595 "-" "Mozilla/5.0 (Windows NT 10.0; Win64; x64) AppleWebKit/537.36 (KHTML, like Gecko) Chrome/120.0.0.0 Safari/537.36"
68.221.186.136 - - [31/Jul/2026:06:33:58 +0000] "GET /wp-content/gallery/about.php HTTP/1.1" 404 12634 "-" "Mozilla/5.0 (Windows NT 10.0; Win64; x64) AppleWebKit/537.36 (KHTML, like Gecko) Chrome/120.0.0.0 Safari/537.36"
68.221.186.136 - - [31/Jul/2026:06:33:58 +0000] "GET /wp-includes/blocks/about.php HTTP/1.1" 404 12631 "-" "Mozilla/5.0 (Windows NT 10.0; Win64; x64) AppleWebKit/537.36 (KHTML, like Gecko) Chrome/120.0.0.0 Safari/537.36"
68.221.186.136 - - [31/Jul/2026:06:33:59 +0000] "GET /wp-admin/css/about.php HTTP/1.1" 404 12634 "-" "Mozilla/5.0 (Windows NT 10.0; Win64; x64) AppleWebKit/537.36 (KHTML, like Gecko) Chrome/120.0.0.0 Safari/537.36"
68.221.186.136 - - [31/Jul/2026:06:33:59 +0000] "GET /wp-admin/images/about.php HTTP/1.1" 404 12635 "-" "Mozilla/5.0 (Windows NT 10.0; Win64; x64) AppleWebKit/537.36 (KHTML, like Gecko) Chrome/120.0.0.0 Safari/537.36"
68.221.186.136 - - [31/Jul/2026:06:34:00 +0000] "GET /.well-known/pki-validation/cloud.php HTTP/1.1" 404 12646 "-" "Mozilla/5.0 (Windows NT 10.0; Win64; x64) AppleWebKit/537.36 (KHTML, like Gecko) Chrome/120.0.0.0 Safari/537.36"
68.221.186.136 - - [31/Jul/2026:06:34:00 +0000] "GET /.well-known/acme-challenge/cloud.php HTTP/1.1" 404 12646 "-" "Mozilla/5.0 (Windows NT 10.0; Win64; x64) AppleWebKit/537.36 (KHTML, like Gecko) Chrome/120.0.0.0 Safari/537.36"
68.221.186.136 - - [31/Jul/2026:06:34:00 +0000] "GET /wp-admin/network/cloud.php HTTP/1.1" 404 12638 "-" "Mozilla/5.0 (Windows NT 10.0; Win64; x64) AppleWebKit/537.36 (KHTML, like Gecko) Chrome/120.0.0.0 Safari/537.36"
68.221.186.136 - - [31/Jul/2026:06:34:01 +0000] "GET /cloud.php HTTP/1.1" 404 12588 "-" "Mozilla/5.0 (Windows NT 10.0; Win64; x64) AppleWebKit/537.36 (KHTML, like Gecko) Chrome/120.0.0.0 Safari/537.36"
103.168.66.101 - - [31/Jul/2026:06:34:01 +0000] "POST /index.php?rest_route=/batch/v1 HTTP/1.1" 403 5168 "https://hondasaudi.com/" "WordPress/6.4.3; https://wordpress.org/"
68.221.186.136 - - [31/Jul/2026:06:34:01 +0000] "GET /cgi-bin/cloud.php HTTP/1.1" 404 12594 "-" "Mozilla/5.0 (Windows NT 10.0; Win64; x64) AppleWebKit/537.36 (KHTML, like Gecko) Chrome/120.0.0.0 Safari/537.36"
68.221.186.136 - - [31/Jul/2026:06:34:02 +0000] "GET /wp-content/updates.php HTTP/1.1" 404 12586 "-" "Mozilla/5.0 (Windows NT 10.0; Win64; x64) AppleWebKit/537.36 (KHTML, like Gecko) Chrome/120.0.0.0 Safari/537.36"
74.7.241.51 - - [31/Jul/2026:06:34:02 +0000] "GET /admin.php?dir=CwsysCwbusCwgpioCwdrivers HTTP/1.1" 200 2941 "https://hondasaudi.com/admin.php?dir=CwsysCwbusCwgpio" "Mozilla/5.0 AppleWebKit/537.36 (KHTML, like Gecko; compatible; GPTBot/1.4; +https://openai.com/gptbot)"
68.221.186.136 - - [31/Jul/2026:06:34:02 +0000] "GET /css/cloud.php HTTP/1.1" 404 12590 "-" "Mozilla/5.0 (Windows NT 10.0; Win64; x64) AppleWebKit/537.36 (KHTML, like Gecko) Chrome/120.0.0.0 Safari/537.36"
103.168.66.101 - - [31/Jul/2026:06:34:03 +0000] "POST /index.php?rest_route=/batch/v1 HTTP/1.1" 403 5168 "https://hondasaudi.com/" "Mozilla/5.0 (Macintosh; Intel Mac OS X 10_15_7) AppleWebKit/605.1.15 (KHTML, like Gecko) Version/17.4 Safari/605.1.15"
68.221.186.136 - - [31/Jul/2026:06:34:03 +0000] "GET /wp-admin/user/cloud.php HTTP/1.1" 404 12635 "-" "Mozilla/5.0 (Windows NT 10.0; Win64; x64) AppleWebKit/537.36 (KHTML, like Gecko) Chrome/120.0.0.0 Safari/537.36"
68.221.186.136 - - [31/Jul/2026:06:34:03 +0000] "GET /img/cloud.php HTTP/1.1" 404 12591 "-" "Mozilla/5.0 (Windows NT 10.0; Win64; x64) AppleWebKit/537.36 (KHTML, like Gecko) Chrome/120.0.0.0 Safari/537.36"
68.221.186.136 - - [31/Jul/2026:06:34:04 +0000] "GET /wp-admin/css/colors/coffee/cloud.php HTTP/1.1" 404 12641 "-" "Mozilla/5.0 (Windows NT 10.0; Win64; x64) AppleWebKit/537.36 (KHTML, like Gecko) Chrome/120.0.0.0 Safari/537.36"
68.221.186.136 - - [31/Jul/2026:06:34:04 +0000] "GET /wp-admin/images/cloud.php HTTP/1.1" 404 12635 "-" "Mozilla/5.0 (Windows NT 10.0; Win64; x64) AppleWebKit/537.36 (KHTML, like Gecko) Chrome/120.0.0.0 Safari/537.36"
68.221.186.136 - - [31/Jul/2026:06:34:05 +0000] "GET /avaa.php HTTP/1.1" 404 12587 "-" "Mozilla/5.0 (Windows NT 10.0; Win64; x64) AppleWebKit/537.36 (KHTML, like Gecko) Chrome/120.0.0.0 Safari/537.36"
68.221.186.136 - - [31/Jul/2026:06:34:05 +0000] "GET /images/cloud.php HTTP/1.1" 404 12591 "-" "Mozilla/5.0 (Windows NT 10.0; Win64; x64) AppleWebKit/537.36 (KHTML, like Gecko) Chrome/120.0.0.0 Safari/537.36"
68.221.186.136 - - [31/Jul/2026:06:34:05 +0000] "GET /wp-admin/js/widgets/cloud.php HTTP/1.1" 404 12641 "-" "Mozilla/5.0 (Windows NT 10.0; Win64; x64) AppleWebKit/537.36 (KHTML, like Gecko) Chrome/120.0.0.0 Safari/537.36"
68.221.186.136 - - [31/Jul/2026:06:34:06 +0000] "GET /wp-includes/Requests/Text/admin.php HTTP/1.1" 404 12637 "-" "Mozilla/5.0 (Windows NT 10.0; Win64; x64) AppleWebKit/537.36 (KHTML, like Gecko) Chrome/120.0.0.0 Safari/537.36"
68.221.186.136 - - [31/Jul/2026:06:34:06 +0000] "GET /wp-admin/css/colors/cloud.php HTTP/1.1" 404 12636 "-" "Mozilla/5.0 (Windows NT 10.0; Win64; x64) AppleWebKit/537.36 (KHTML, like Gecko) Chrome/120.0.0.0 Safari/537.36"
68.221.186.136 - - [31/Jul/2026:06:34:07 +0000] "GET /wp-admin/includes/cloud.php HTTP/1.1" 404 12634 "-" "Mozilla/5.0 (Windows NT 10.0; Win64; x64) AppleWebKit/537.36 (KHTML, like Gecko) Chrome/120.0.0.0 Safari/537.36"
68.221.186.136 - - [31/Jul/2026:06:34:08 +0000] "GET /wp-admin/css/colors/blue/cloud.php HTTP/1.1" 404 12641 "-" "Mozilla/5.0 (Windows NT 10.0; Win64; x64) AppleWebKit/537.36 (KHTML, like Gecko) Chrome/120.0.0.0 Safari/537.36"
68.221.186.136 - - [31/Jul/2026:06:34:08 +0000] "GET /wp-admin/cloud.php HTTP/1.1" 404 12591 "-" "Mozilla/5.0 (Windows NT 10.0; Win64; x64) AppleWebKit/537.36 (KHTML, like Gecko) Chrome/120.0.0.0 Safari/537.36"
68.221.186.136 - - [31/Jul/2026:06:34:08 +0000] "GET /updates.php HTTP/1.1" 404 12590 "-" "Mozilla/5.0 (Windows NT 10.0; Win64; x64) AppleWebKit/537.36 (KHTML, like Gecko) Chrome/120.0.0.0 Safari/537.36"
68.221.186.136 - - [31/Jul/2026:06:34:09 +0000] "GET /libraries/legacy/updates.php HTTP/1.1" 404 12640 "-" "Mozilla/5.0 (Windows NT 10.0; Win64; x64) AppleWebKit/537.36 (KHTML, like Gecko) Chrome/120.0.0.0 Safari/537.36"
68.221.186.136 - - [31/Jul/2026:06:34:09 +0000] "GET /libraries/phpmailer/updates.php HTTP/1.1" 404 12641 "-" "Mozilla/5.0 (Windows NT 10.0; Win64; x64) AppleWebKit/537.36 (KHTML, like Gecko) Chrome/120.0.0.0 Safari/537.36"
68.221.186.136 - - [31/Jul/2026:06:34:10 +0000] "GET /libraries/vendor/updates.php HTTP/1.1" 404 12641 "-" "Mozilla/5.0 (Windows NT 10.0; Win64; x64) AppleWebKit/537.36 (KHTML, like Gecko) Chrome/120.0.0.0 Safari/537.36"
68.221.186.136 - - [31/Jul/2026:06:34:10 +0000] "GET /alfa-rex.php7 HTTP/1.1" 403 5168 "-" "Mozilla/5.0 (Windows NT 10.0; Win64; x64) AppleWebKit/537.36 (KHTML, like Gecko) Chrome/120.0.0.0 Safari/537.36"
68.221.186.136 - - [31/Jul/2026:06:34:11 +0000] "GET /alfanew.php HTTP/1.1" 403 5168 "-" "Mozilla/5.0 (Windows NT 10.0; Win64; x64) AppleWebKit/537.36 (KHTML, like Gecko) Chrome/120.0.0.0 Safari/537.36"
68.221.186.136 - - [31/Jul/2026:06:34:11 +0000] "GET /wp-content/plugins/Cache/Cache.php HTTP/1.1" 403 5168 "-" "Mozilla/5.0 (Windows NT 10.0; Win64; x64) AppleWebKit/537.36 (KHTML, like Gecko) Chrome/120.0.0.0 Safari/537.36"
103.168.66.101 - - [31/Jul/2026:06:34:11 +0000] "POST /index.php?rest_route=/batch/v1 HTTP/1.1" 403 5168 "https://hondasaudi.com/" "Mozilla/5.0 (Windows NT 10.0; Win64; x64; rv:124.0) Gecko/20100101 Firefox/124.0"
68.221.186.136 - - [31/Jul/2026:06:34:11 +0000] "GET /wp-admin/js/widgets/about.php7 HTTP/1.1" 404 12641 "-" "Mozilla/5.0 (Windows NT 10.0; Win64; x64) AppleWebKit/537.36 (KHTML, like Gecko) Chrome/120.0.0.0 Safari/537.36"
68.221.186.136 - - [31/Jul/2026:06:34:12 +0000] "GET /wp-p.php7 HTTP/1.1" 404 12585 "-" "Mozilla/5.0 (Windows NT 10.0; Win64; x64) AppleWebKit/537.36 (KHTML, like Gecko) Chrome/120.0.0.0 Safari/537.36"
68.221.186.136 - - [31/Jul/2026:06:34:12 +0000] "GET /wp-admin/repeater.php HTTP/1.1" 404 12595 "-" "Mozilla/5.0 (Windows NT 10.0; Win64; x64) AppleWebKit/537.36 (KHTML, like Gecko) Chrome/120.0.0.0 Safari/537.36"
68.221.186.136 - - [31/Jul/2026:06:34:13 +0000] "GET /wp-includes/repeater.php HTTP/1.1" 404 12589 "-" "Mozilla/5.0 (Windows NT 10.0; Win64; x64) AppleWebKit/537.36 (KHTML, like Gecko) Chrome/120.0.0.0 Safari/537.36"
68.221.186.136 - - [31/Jul/2026:06:34:13 +0000] "GET /wp-content/repeater.php HTTP/1.1" 404 12588 "-" "Mozilla/5.0 (Windows NT 10.0; Win64; x64) AppleWebKit/537.36 (KHTML, like Gecko) Chrome/120.0.0.0 Safari/537.36"
103.168.66.101 - - [31/Jul/2026:06:34:14 +0000] "POST /index.php?rest_route=/batch/v1 HTTP/1.1" 403 5168 "https://hondasaudi.com/" "Mozilla/5.0 (Windows NT 10.0; Win64; x64) AppleWebKit/537.36 (KHTML, like Gecko) Chrome/122.0.0.0 Safari/537.36"
103.168.66.101 - - [31/Jul/2026:06:34:14 +0000] "POST /index.php?rest_route=/batch/v1 HTTP/1.1" 403 5168 "https://hondasaudi.com/" "Mozilla/5.0 (Windows NT 10.0; Win64; x64) AppleWebKit/537.36 (KHTML, like Gecko) Chrome/122.0.0.0 Safari/537.36"
103.168.66.101 - - [31/Jul/2026:06:34:17 +0000] "POST /index.php?rest_route=/batch/v1 HTTP/1.1" 403 5168 "https://hondasaudi.com/" "Mozilla/5.0 (Macintosh; Intel Mac OS X 10_15_7) AppleWebKit/605.1.15 (KHTML, like Gecko) Version/17.4 Safari/605.1.15"
103.168.66.101 - - [31/Jul/2026:06:34:23 +0000] "POST /index.php?rest_route=/batch/v1 HTTP/1.1" 403 5168 "https://hondasaudi.com/" "Mozilla/5.0 (Macintosh; Intel Mac OS X 10_15_7) AppleWebKit/605.1.15 (KHTML, like Gecko) Version/17.4 Safari/605.1.15"
74.7.241.51 - - [31/Jul/2026:06:34:23 +0000] "GET /admin.php?dir=CwsysCwfirmwareCwacpiCwinterrupts&view=ff_pmtimer HTTP/1.1" 200 82 "https://hondasaudi.com/admin.php?dir=CwsysCwfirmwareCwacpiCwinterrupts" "Mozilla/5.0 AppleWebKit/537.36 (KHTML, like Gecko; compatible; GPTBot/1.4; +https://openai.com/gptbot)"
103.168.66.101 - - [31/Jul/2026:06:34:24 +0000] "POST /index.php?rest_route=/batch/v1 HTTP/1.1" 403 5168 "https://hondasaudi.com/" "Mozilla/5.0 (compatible; Googlebot/2.1; +http://www.google.com/bot.html)"
103.168.66.101 - - [31/Jul/2026:06:34:26 +0000] "POST /index.php?rest_route=/batch/v1 HTTP/1.1" 403 5168 "https://hondasaudi.com/" "Mozilla/5.0 (Macintosh; Intel Mac OS X 10_15_7) AppleWebKit/605.1.15 (KHTML, like Gecko) Version/17.4 Safari/605.1.15"
103.168.66.101 - - [31/Jul/2026:06:34:27 +0000] "POST /index.php?rest_route=/batch/v1 HTTP/1.1" 403 5168 "https://hondasaudi.com/" "Mozilla/5.0 (Macintosh; Intel Mac OS X 10_15_7) AppleWebKit/605.1.15 (KHTML, like Gecko) Version/17.4 Safari/605.1.15"
103.168.66.101 - - [31/Jul/2026:06:34:28 +0000] "POST /index.php?rest_route=/batch/v1 HTTP/1.1" 403 5168 "https://hondasaudi.com/" "Mozilla/5.0 (compatible; Googlebot/2.1; +http://www.google.com/bot.html)"
103.168.66.101 - - [31/Jul/2026:06:34:42 +0000] "POST /index.php?rest_route=/batch/v1 HTTP/1.1" 403 5168 "https://hondasaudi.com/" "WordPress/6.4.3; https://wordpress.org/"
74.7.241.51 - - [31/Jul/2026:06:34:44 +0000] "GET /admin.php?dir=CwprocCw2737456CwtaskCw2737656Cwnet&view=dev HTTP/1.1" 200 5367 "https://hondasaudi.com/admin.php?dir=CwprocCw2737456CwtaskCw2737656Cwnet" "Mozilla/5.0 AppleWebKit/537.36 (KHTML, like Gecko; compatible; GPTBot/1.4; +https://openai.com/gptbot)"
103.168.66.101 - - [31/Jul/2026:06:34:49 +0000] "POST /index.php?rest_route=/batch/v1 HTTP/1.1" 403 5168 "https://hondasaudi.com/" "Mozilla/5.0 (Windows NT 10.0; Win64; x64; rv:124.0) Gecko/20100101 Firefox/124.0"
103.168.66.101 - - [31/Jul/2026:06:34:49 +0000] "POST /index.php?rest_route=/batch/v1 HTTP/1.1" 403 5168 "https://hondasaudi.com/" "Mozilla/5.0 (Windows NT 10.0; Win64; x64; rv:124.0) Gecko/20100101 Firefox/124.0"
103.168.66.101 - - [31/Jul/2026:06:34:58 +0000] "POST /index.php?rest_route=/batch/v1 HTTP/1.1" 403 5168 "https://hondasaudi.com/" "Mozilla/5.0 (compatible; Googlebot/2.1; +http://www.google.com/bot.html)"
103.168.66.101 - - [31/Jul/2026:06:34:58 +0000] "POST /index.php?rest_route=/batch/v1 HTTP/1.1" 403 5168 "https://hondasaudi.com/" "Mozilla/5.0 (compatible; Googlebot/2.1; +http://www.google.com/bot.html)"
103.168.66.101 - - [31/Jul/2026:06:35:00 +0000] "POST /index.php?rest_route=/batch/v1 HTTP/1.1" 403 5168 "https://hondasaudi.com/" "Mozilla/5.0 (Windows NT 10.0; Win64; x64) AppleWebKit/537.36 (KHTML, like Gecko) Chrome/122.0.0.0 Safari/537.36"
103.168.66.101 - - [31/Jul/2026:06:35:03 +0000] "POST /index.php?rest_route=/batch/v1 HTTP/1.1" 403 5168 "https://hondasaudi.com/" "Mozilla/5.0 (Windows NT 10.0; Win64; x64) AppleWebKit/537.36 (KHTML, like Gecko) Chrome/122.0.0.0 Safari/537.36 Edg/122.0.0.0"
103.168.66.101 - - [31/Jul/2026:06:35:05 +0000] "POST /index.php?rest_route=/batch/v1 HTTP/1.1" 403 5168 "https://hondasaudi.com/" "WordPress/6.4.3; https://wordpress.org/"
103.168.66.101 - - [31/Jul/2026:06:35:06 +0000] "POST /index.php?rest_route=/batch/v1 HTTP/1.1" 403 5168 "https://hondasaudi.com/" "WordPress/6.4.3; https://wordpress.org/"
103.168.66.101 - - [31/Jul/2026:06:35:07 +0000] "POST /index.php?rest_route=/batch/v1 HTTP/1.1" 403 5168 "https://hondasaudi.com/" "Mozilla/5.0 (Macintosh; Intel Mac OS X 10_15_7) AppleWebKit/605.1.15 (KHTML, like Gecko) Version/17.4 Safari/605.1.15"
103.168.66.101 - - [31/Jul/2026:06:35:16 +0000] "POST /index.php?rest_route=/batch/v1 HTTP/1.1" 403 5168 "https://hondasaudi.com/" "Mozilla/5.0 (Windows NT 10.0; Win64; x64) AppleWebKit/537.36 (KHTML, like Gecko) Chrome/122.0.0.0 Safari/537.36 Edg/122.0.0.0"
103.168.66.101 - - [31/Jul/2026:06:35:18 +0000] "POST /index.php?rest_route=/batch/v1 HTTP/1.1" 403 5168 "https://hondasaudi.com/" "Mozilla/5.0 (Windows NT 10.0; Win64; x64) AppleWebKit/537.36 (KHTML, like Gecko) Chrome/122.0.0.0 Safari/537.36 Edg/122.0.0.0"
103.168.66.101 - - [31/Jul/2026:06:35:23 +0000] "POST /index.php?rest_route=/batch/v1 HTTP/1.1" 403 5168 "https://hondasaudi.com/" "Mozilla/5.0 (Windows NT 10.0; Win64; x64) AppleWebKit/537.36 (KHTML, like Gecko) Chrome/122.0.0.0 Safari/537.36 Edg/122.0.0.0"
172.105.42.26 - - [31/Jul/2026:06:35:24 +0000] "POST /wp-cron.php?doing_wp_cron=1785479724.7239398956298828125000 HTTP/1.1" 200 20 "-" "WordPress/7.0.2; https://hondasaudi.com"
2a00:5400:e266:72b2:959e:a535:6357:8253 - - [31/Jul/2026:06:35:24 +0000] "GET / HTTP/1.1" 200 15687 "https://www.google.com/" "Mozilla/5.0 (iPhone; CPU iPhone OS 18_7 like Mac OS X) AppleWebKit/605.1.15 (KHTML, like Gecko) Version/26.6 Mobile/15E148 Safari/604.1"
103.168.66.101 - - [31/Jul/2026:06:35:30 +0000] "POST /index.php?rest_route=/batch/v1 HTTP/1.1" 403 5168 "https://hondasaudi.com/" "Mozilla/5.0 (Windows NT 10.0; Win64; x64) AppleWebKit/537.36 (KHTML, like Gecko) Chrome/122.0.0.0 Safari/537.36"
103.168.66.101 - - [31/Jul/2026:06:35:32 +0000] "POST /index.php?rest_route=/batch/v1 HTTP/1.1" 403 5168 "https://hondasaudi.com/" "Mozilla/5.0 (X11; Linux x86_64) AppleWebKit/537.36 (KHTML, like Gecko) Chrome/121.0.0.0 Safari/537.36"
103.168.66.101 - - [31/Jul/2026:06:35:32 +0000] "POST /index.php?rest_route=/batch/v1 HTTP/1.1" 403 5168 "https://hondasaudi.com/" "Mozilla/5.0 (X11; Linux x86_64) AppleWebKit/537.36 (KHTML, like Gecko) Chrome/121.0.0.0 Safari/537.36"
103.168.66.101 - - [31/Jul/2026:06:35:44 +0000] "POST /index.php?rest_route=/batch/v1 HTTP/1.1" 403 5168 "https://hondasaudi.com/" "Mozilla/5.0 (X11; Linux x86_64) AppleWebKit/537.36 (KHTML, like Gecko) Chrome/121.0.0.0 Safari/537.36"
103.168.66.101 - - [31/Jul/2026:06:35:44 +0000] "POST /index.php?rest_route=/batch/v1 HTTP/1.1" 403 5168 "https://hondasaudi.com/" "Mozilla/5.0 (X11; Linux x86_64) AppleWebKit/537.36 (KHTML, like Gecko) Chrome/121.0.0.0 Safari/537.36"
172.105.42.26 - - [31/Jul/2026:06:35:45 +0000] "POST /wp-cron.php?doing_wp_cron=1785479745.2764539718627929687500 HTTP/1.1" 200 20 "-" "WordPress/7.0.2; https://hondasaudi.com"
2a00:5400:e266:72b2:959e:a535:6357:8253 - - [31/Jul/2026:06:35:45 +0000] "GET / HTTP/1.1" 200 15579 "https://hondasaudi.com/" "Mozilla/5.0 (iPhone; CPU iPhone OS 18_7 like Mac OS X) AppleWebKit/605.1.15 (KHTML, like Gecko) Version/26.6 Mobile/15E148 Safari/604.1"
103.168.66.101 - - [31/Jul/2026:06:35:46 +0000] "POST /index.php?rest_route=/batch/v1 HTTP/1.1" 403 5168 "https://hondasaudi.com/" "Mozilla/5.0 (Macintosh; Intel Mac OS X 10_15_7) AppleWebKit/605.1.15 (KHTML, like Gecko) Version/17.4 Safari/605.1.15"
103.168.66.101 - - [31/Jul/2026:06:35:48 +0000] "POST /index.php?rest_route=/batch/v1 HTTP/1.1" 403 5168 "https://hondasaudi.com/" "WordPress/6.4.3; https://wordpress.org/"
103.168.66.101 - - [31/Jul/2026:06:35:48 +0000] "POST /index.php?rest_route=/batch/v1 HTTP/1.1" 403 5168 "https://hondasaudi.com/" "WordPress/6.4.3; https://wordpress.org/"
103.168.66.101 - - [31/Jul/2026:06:35:50 +0000] "POST /index.php?rest_route=/batch/v1 HTTP/1.1" 403 5168 "https://hondasaudi.com/" "Mozilla/5.0 (Windows NT 10.0; Win64; x64; rv:124.0) Gecko/20100101 Firefox/124.0"
103.168.66.101 - - [31/Jul/2026:06:35:52 +0000] "POST /index.php?rest_route=/batch/v1 HTTP/1.1" 403 5168 "https://hondasaudi.com/" "Mozilla/5.0 (compatible; Googlebot/2.1; +http://www.google.com/bot.html)"
103.168.66.101 - - [31/Jul/2026:06:35:57 +0000] "POST /index.php?rest_route=/batch/v1 HTTP/1.1" 403 5168 "https://hondasaudi.com/" "Mozilla/5.0 (compatible; Googlebot/2.1; +http://www.google.com/bot.html)"
103.168.66.101 - - [31/Jul/2026:06:35:59 +0000] "POST /index.php?rest_route=/batch/v1 HTTP/1.1" 403 5168 "https://hondasaudi.com/" "Mozilla/5.0 (X11; Linux x86_64) AppleWebKit/537.36 (KHTML, like Gecko) Chrome/121.0.0.0 Safari/537.36"
103.168.66.101 - - [31/Jul/2026:06:36:01 +0000] "POST /index.php?rest_route=/batch/v1 HTTP/1.1" 403 5168 "https://hondasaudi.com/" "Mozilla/5.0 (X11; Linux x86_64) AppleWebKit/537.36 (KHTML, like Gecko) Chrome/121.0.0.0 Safari/537.36"
103.168.66.101 - - [31/Jul/2026:06:36:02 +0000] "POST /index.php?rest_route=/batch/v1 HTTP/1.1" 403 5168 "https://hondasaudi.com/" "Mozilla/5.0 (X11; Linux x86_64) AppleWebKit/537.36 (KHTML, like Gecko) Chrome/121.0.0.0 Safari/537.36"
103.168.66.101 - - [31/Jul/2026:06:36:04 +0000] "POST /index.php?rest_route=/batch/v1 HTTP/1.1" 403 5168 "https://hondasaudi.com/" "Mozilla/5.0 (Windows NT 10.0; Win64; x64) AppleWebKit/537.36 (KHTML, like Gecko) Chrome/122.0.0.0 Safari/537.36"
103.168.66.101 - - [31/Jul/2026:06:36:06 +0000] "POST /index.php?rest_route=/batch/v1 HTTP/1.1" 403 5168 "https://hondasaudi.com/" "Mozilla/5.0 (Windows NT 10.0; Win64; x64) AppleWebKit/537.36 (KHTML, like Gecko) Chrome/122.0.0.0 Safari/537.36 Edg/122.0.0.0"
103.168.66.101 - - [31/Jul/2026:06:36:06 +0000] "POST /index.php?rest_route=/batch/v1 HTTP/1.1" 403 5168 "https://hondasaudi.com/" "Mozilla/5.0 (Windows NT 10.0; Win64; x64) AppleWebKit/537.36 (KHTML, like Gecko) Chrome/122.0.0.0 Safari/537.36 Edg/122.0.0.0"
74.7.241.51 - - [31/Jul/2026:06:36:07 +0000] "GET /admin.php?dir=CwprocCw2531238CwtaskCw2531300Cwnet&view=dev HTTP/1.1" 200 5367 "https://hondasaudi.com/admin.php?dir=CwprocCw2531238CwtaskCw2531300Cwnet" "Mozilla/5.0 AppleWebKit/537.36 (KHTML, like Gecko; compatible; GPTBot/1.4; +https://openai.com/gptbot)"
103.168.66.101 - - [31/Jul/2026:06:36:08 +0000] "POST /index.php?rest_route=/batch/v1 HTTP/1.1" 403 5168 "https://hondasaudi.com/" "Mozilla/5.0 (Windows NT 10.0; Win64; x64) AppleWebKit/537.36 (KHTML, like Gecko) Chrome/122.0.0.0 Safari/537.36"
103.168.66.101 - - [31/Jul/2026:06:36:10 +0000] "POST /index.php?rest_route=/batch/v1 HTTP/1.1" 403 5168 "https://hondasaudi.com/" "Mozilla/5.0 (Windows NT 10.0; Win64; x64) AppleWebKit/537.36 (KHTML, like Gecko) Chrome/122.0.0.0 Safari/537.36"
103.168.66.101 - - [31/Jul/2026:06:36:10 +0000] "POST /index.php?rest_route=/batch/v1 HTTP/1.1" 403 5168 "https://hondasaudi.com/" "Mozilla/5.0 (Windows NT 10.0; Win64; x64) AppleWebKit/537.36 (KHTML, like Gecko) Chrome/122.0.0.0 Safari/537.36"
103.168.66.101 - - [31/Jul/2026:06:36:15 +0000] "POST /index.php?rest_route=/batch/v1 HTTP/1.1" 403 5168 "https://hondasaudi.com/" "Mozilla/5.0 (Windows NT 10.0; Win64; x64) AppleWebKit/537.36 (KHTML, like Gecko) Chrome/122.0.0.0 Safari/537.36 Edg/122.0.0.0"
103.168.66.101 - - [31/Jul/2026:06:36:17 +0000] "POST /index.php?rest_route=/batch/v1 HTTP/1.1" 403 5168 "https://hondasaudi.com/" "Mozilla/5.0 (X11; Linux x86_64) AppleWebKit/537.36 (KHTML, like Gecko) Chrome/121.0.0.0 Safari/537.36"
103.168.66.101 - - [31/Jul/2026:06:36:17 +0000] "POST /index.php?rest_route=/batch/v1 HTTP/1.1" 403 5168 "https://hondasaudi.com/" "Mozilla/5.0 (X11; Linux x86_64) AppleWebKit/537.36 (KHTML, like Gecko) Chrome/121.0.0.0 Safari/537.36"
103.168.66.101 - - [31/Jul/2026:06:36:22 +0000] "POST /index.php?rest_route=/batch/v1 HTTP/1.1" 403 5168 "https://hondasaudi.com/" "Mozilla/5.0 (Windows NT 10.0; Win64; x64) AppleWebKit/537.36 (KHTML, like Gecko) Chrome/122.0.0.0 Safari/537.36"
103.168.66.101 - - [31/Jul/2026:06:36:27 +0000] "POST /index.php?rest_route=/batch/v1 HTTP/1.1" 403 5168 "https://hondasaudi.com/" "WordPress/6.4.3; https://wordpress.org/"
103.168.66.101 - - [31/Jul/2026:06:36:29 +0000] "POST /index.php?rest_route=/batch/v1 HTTP/1.1" 403 5168 "https://hondasaudi.com/" "Mozilla/5.0 (Windows NT 10.0; Win64; x64) AppleWebKit/537.36 (KHTML, like Gecko) Chrome/122.0.0.0 Safari/537.36 Edg/122.0.0.0"
103.168.66.101 - - [31/Jul/2026:06:36:34 +0000] "POST /index.php?rest_route=/batch/v1 HTTP/1.1" 403 5168 "https://hondasaudi.com/" "Mozilla/5.0 (Windows NT 10.0; Win64; x64) AppleWebKit/537.36 (KHTML, like Gecko) Chrome/122.0.0.0 Safari/537.36 Edg/122.0.0.0"
103.168.66.101 - - [31/Jul/2026:06:36:36 +0000] "POST /index.php?rest_route=/batch/v1 HTTP/1.1" 403 5168 "https://hondasaudi.com/" "Mozilla/5.0 (Windows NT 10.0; Win64; x64) AppleWebKit/537.36 (KHTML, like Gecko) Chrome/122.0.0.0 Safari/537.36 Edg/122.0.0.0"
103.168.66.101 - - [31/Jul/2026:06:36:38 +0000] "POST /index.php?rest_route=/batch/v1 HTTP/1.1" 403 5168 "https://hondasaudi.com/" "Mozilla/5.0 (X11; Linux x86_64) AppleWebKit/537.36 (KHTML, like Gecko) Chrome/121.0.0.0 Safari/537.36"
103.168.66.101 - - [31/Jul/2026:06:36:38 +0000] "POST /index.php?rest_route=/batch/v1 HTTP/1.1" 403 5168 "https://hondasaudi.com/" "Mozilla/5.0 (X11; Linux x86_64) AppleWebKit/537.36 (KHTML, like Gecko) Chrome/121.0.0.0 Safari/537.36"
103.168.66.101 - - [31/Jul/2026:06:36:40 +0000] "POST /index.php?rest_route=/batch/v1 HTTP/1.1" 403 5168 "https://hondasaudi.com/" "Mozilla/5.0 (Windows NT 10.0; Win64; x64) AppleWebKit/537.36 (KHTML, like Gecko) Chrome/122.0.0.0 Safari/537.36 Edg/122.0.0.0"
103.168.66.101 - - [31/Jul/2026:06:36:42 +0000] "POST /index.php?rest_route=/batch/v1 HTTP/1.1" 403 5168 "https://hondasaudi.com/" "WordPress/6.4.3; https://wordpress.org/"
103.168.66.101 - - [31/Jul/2026:06:36:43 +0000] "POST /index.php?rest_route=/batch/v1 HTTP/1.1" 403 5168 "https://hondasaudi.com/" "WordPress/6.4.3; https://wordpress.org/"
103.168.66.101 - - [31/Jul/2026:06:36:46 +0000] "POST /index.php?rest_route=/batch/v1 HTTP/1.1" 403 5168 "https://hondasaudi.com/" "Mozilla/5.0 (Windows NT 10.0; Win64; x64) AppleWebKit/537.36 (KHTML, like Gecko) Chrome/122.0.0.0 Safari/537.36 Edg/122.0.0.0"
