74.7.241.26 - - [30/Jul/2026:15:20:12 +0000] "GET /admin.php?dir=CwusrCwshareCwghostscriptCwlib&view=Stc680p.upp HTTP/1.1" 200 606 "https://hondasaudi.com/admin.php?dir=CwusrCwshareCwghostscriptCwlib" "Mozilla/5.0 AppleWebKit/537.36 (KHTML, like Gecko; compatible; GPTBot/1.4; +https://openai.com/gptbot)"
74.7.241.26 - - [30/Jul/2026:15:20:32 +0000] "GET /admin.php?dir=CwusrCwshareCwghostscriptCwlib&view=PM760p.upp HTTP/1.1" 200 619 "https://hondasaudi.com/admin.php?dir=CwusrCwshareCwghostscriptCwlib" "Mozilla/5.0 AppleWebKit/537.36 (KHTML, like Gecko; compatible; GPTBot/1.4; +https://openai.com/gptbot)"
74.7.241.26 - - [30/Jul/2026:15:20:54 +0000] "GET /admin.php?dir=CwusrCwshareCwghostscriptCwlib&view=Stc680pl.upp HTTP/1.1" 200 589 "https://hondasaudi.com/admin.php?dir=CwusrCwshareCwghostscriptCwlib" "Mozilla/5.0 AppleWebKit/537.36 (KHTML, like Gecko; compatible; GPTBot/1.4; +https://openai.com/gptbot)"
74.7.241.26 - - [30/Jul/2026:15:21:16 +0000] "GET /admin.php?dir=CwusrCwshareCwghostscriptCwlib&view=PM820pl.upp HTTP/1.1" 200 593 "https://hondasaudi.com/admin.php?dir=CwusrCwshareCwghostscriptCwlib" "Mozilla/5.0 AppleWebKit/537.36 (KHTML, like Gecko; compatible; GPTBot/1.4; +https://openai.com/gptbot)"
43.153.26.165 - - [30/Jul/2026:15:21:19 +0000] "GET / HTTP/1.1" 200 15688 "http://www.hondasaudi.com" "Mozilla/5.0 (iPhone; CPU iPhone OS 13_2_3 like Mac OS X) AppleWebKit/605.1.15 (KHTML, like Gecko) Version/13.0.3 Mobile/15E148 Safari/604.1"
172.105.42.26 - - [30/Jul/2026:15:21:37 +0000] "POST /wp-cron.php?doing_wp_cron=1785424897.5859470367431640625000 HTTP/1.1" 200 20 "-" "WordPress/7.0.2; https://hondasaudi.com"
74.7.241.26 - - [30/Jul/2026:15:21:37 +0000] "GET /admin.php?dir=CwusrCwshareCwghostscriptCwlib&view=Stc760pl.upp HTTP/1.1" 200 590 "https://hondasaudi.com/admin.php?dir=CwusrCwshareCwghostscriptCwlib" "Mozilla/5.0 AppleWebKit/537.36 (KHTML, like Gecko; compatible; GPTBot/1.4; +https://openai.com/gptbot)"
74.7.241.26 - - [30/Jul/2026:15:21:57 +0000] "GET /admin.php?dir=CwusrCwshareCwghostscriptCwlib&view=bj8pa06n.upp HTTP/1.1" 200 548 "https://hondasaudi.com/admin.php?dir=CwusrCwshareCwghostscriptCwlib" "Mozilla/5.0 AppleWebKit/537.36 (KHTML, like Gecko; compatible; GPTBot/1.4; +https://openai.com/gptbot)"
74.7.241.26 - - [30/Jul/2026:15:22:17 +0000] "GET /admin.php?dir=CwusrCwshareCwghostscriptCwlib&view=Stc760p.upp HTTP/1.1" 200 607 "https://hondasaudi.com/admin.php?dir=CwusrCwshareCwghostscriptCwlib" "Mozilla/5.0 AppleWebKit/537.36 (KHTML, like Gecko; compatible; GPTBot/1.4; +https://openai.com/gptbot)"
74.7.241.26 - - [30/Jul/2026:15:22:38 +0000] "GET /admin.php?dir=CwusrCwshareCwghostscriptCwlib&view=bj8pp12f.upp HTTP/1.1" 200 561 "https://hondasaudi.com/admin.php?dir=CwusrCwshareCwghostscriptCwlib" "Mozilla/5.0 AppleWebKit/537.36 (KHTML, like Gecko; compatible; GPTBot/1.4; +https://openai.com/gptbot)"
74.7.241.26 - - [30/Jul/2026:15:22:59 +0000] "GET /admin.php?dir=CwusrCwshareCwghostscriptCwlib&view=Stc670pl.upp HTTP/1.1" 200 599 "https://hondasaudi.com/admin.php?dir=CwusrCwshareCwghostscriptCwlib" "Mozilla/5.0 AppleWebKit/537.36 (KHTML, like Gecko; compatible; GPTBot/1.4; +https://openai.com/gptbot)"
172.105.42.26 - - [30/Jul/2026:15:23:15 +0000] "POST /wp-cron.php?doing_wp_cron=1785424995.0877010822296142578125 HTTP/1.1" 200 20 "-" "WordPress/7.0.2; https://hondasaudi.com"
3.79.134.69 - - [30/Jul/2026:15:23:14 +0000] "HEAD / HTTP/1.1" 200 - "https://hondasaudi.com" "Mozilla/5.0+(compatible; UptimeRobot/2.0; http://www.uptimerobot.com/)"
74.7.241.26 - - [30/Jul/2026:15:23:20 +0000] "GET /admin.php?dir=CwusrCwshareCwghostscriptCwlib&view=Stc670p.upp HTTP/1.1" 200 616 "https://hondasaudi.com/admin.php?dir=CwusrCwshareCwghostscriptCwlib" "Mozilla/5.0 AppleWebKit/537.36 (KHTML, like Gecko; compatible; GPTBot/1.4; +https://openai.com/gptbot)"
74.7.241.26 - - [30/Jul/2026:15:23:42 +0000] "GET /admin.php?dir=CwusrCwshareCwghostscriptCwlib&view=PM820p.upp HTTP/1.1" 200 610 "https://hondasaudi.com/admin.php?dir=CwusrCwshareCwghostscriptCwlib" "Mozilla/5.0 AppleWebKit/537.36 (KHTML, like Gecko; compatible; GPTBot/1.4; +https://openai.com/gptbot)"
74.7.241.26 - - [30/Jul/2026:15:24:03 +0000] "GET /admin.php?dir=CwusrCwshareCwghostscriptCwlib&view=Stc740p.upp HTTP/1.1" 200 568 "https://hondasaudi.com/admin.php?dir=CwusrCwshareCwghostscriptCwlib" "Mozilla/5.0 AppleWebKit/537.36 (KHTML, like Gecko; compatible; GPTBot/1.4; +https://openai.com/gptbot)"
74.7.241.26 - - [30/Jul/2026:15:24:24 +0000] "GET /admin.php?dir=CwusrCwshareCwghostscriptCwlib&edit=ras8m.upp HTTP/1.1" 200 2634 "https://hondasaudi.com/admin.php?dir=CwusrCwshareCwghostscriptCwlib" "Mozilla/5.0 AppleWebKit/537.36 (KHTML, like Gecko; compatible; GPTBot/1.4; +https://openai.com/gptbot)"
74.7.241.26 - - [30/Jul/2026:15:24:44 +0000] "GET /admin.php?dir=CwusrCwshareCwghostscriptCwlib&view=Stc777p.upp HTTP/1.1" 200 606 "https://hondasaudi.com/admin.php?dir=CwusrCwshareCwghostscriptCwlib" "Mozilla/5.0 AppleWebKit/537.36 (KHTML, like Gecko; compatible; GPTBot/1.4; +https://openai.com/gptbot)"
74.7.241.26 - - [30/Jul/2026:15:25:06 +0000] "GET /admin.php?dir=CwusrCwshareCwghostscriptCwlib&view=Stp870p.upp HTTP/1.1" 200 609 "https://hondasaudi.com/admin.php?dir=CwusrCwshareCwghostscriptCwlib" "Mozilla/5.0 AppleWebKit/537.36 (KHTML, like Gecko; compatible; GPTBot/1.4; +https://openai.com/gptbot)"
74.7.241.26 - - [30/Jul/2026:15:25:26 +0000] "GET /admin.php?dir=CwusrCwshareCwghostscriptCwlib&view=stc640p.upp HTTP/1.1" 200 600 "https://hondasaudi.com/admin.php?dir=CwusrCwshareCwghostscriptCwlib" "Mozilla/5.0 AppleWebKit/537.36 (KHTML, like Gecko; compatible; GPTBot/1.4; +https://openai.com/gptbot)"
74.7.241.26 - - [30/Jul/2026:15:25:48 +0000] "GET /admin.php?dir=CwusrCwshareCwghostscriptCwlib&view=st640pg.upp HTTP/1.1" 200 645 "https://hondasaudi.com/admin.php?dir=CwusrCwshareCwghostscriptCwlib" "Mozilla/5.0 AppleWebKit/537.36 (KHTML, like Gecko; compatible; GPTBot/1.4; +https://openai.com/gptbot)"
74.7.241.26 - - [30/Jul/2026:15:26:08 +0000] "GET /admin.php?dir=CwusrCwshareCwghostscriptCwlib&view=Stp720pl.upp HTTP/1.1" 200 591 "https://hondasaudi.com/admin.php?dir=CwusrCwshareCwghostscriptCwlib" "Mozilla/5.0 AppleWebKit/537.36 (KHTML, like Gecko; compatible; GPTBot/1.4; +https://openai.com/gptbot)"
74.7.241.26 - - [30/Jul/2026:15:26:29 +0000] "GET /admin.php?dir=CwusrCwshareCwghostscriptCwlib&view=Stp720p.upp HTTP/1.1" 200 616 "https://hondasaudi.com/admin.php?dir=CwusrCwshareCwghostscriptCwlib" "Mozilla/5.0 AppleWebKit/537.36 (KHTML, like Gecko; compatible; GPTBot/1.4; +https://openai.com/gptbot)"
172.105.42.26 - - [30/Jul/2026:15:26:50 +0000] "POST /wp-cron.php?doing_wp_cron=1785425210.2426249980926513671875 HTTP/1.1" 200 20 "-" "WordPress/7.0.2; https://hondasaudi.com"
74.7.241.26 - - [30/Jul/2026:15:26:50 +0000] "GET /admin.php?dir=CwusrCwshareCwghostscriptCwlib&view=st640plg.upp HTTP/1.1" 200 634 "https://hondasaudi.com/admin.php?dir=CwusrCwshareCwghostscriptCwlib" "Mozilla/5.0 AppleWebKit/537.36 (KHTML, like Gecko; compatible; GPTBot/1.4; +https://openai.com/gptbot)"
74.7.241.26 - - [30/Jul/2026:15:27:11 +0000] "GET /admin.php?dir=CwusrCwshareCwghostscriptCwlib&view=Stp870pl.upp HTTP/1.1" 200 592 "https://hondasaudi.com/admin.php?dir=CwusrCwshareCwghostscriptCwlib" "Mozilla/5.0 AppleWebKit/537.36 (KHTML, like Gecko; compatible; GPTBot/1.4; +https://openai.com/gptbot)"
172.105.42.26 - - [30/Jul/2026:15:27:29 +0000] "POST /wp-cron.php?doing_wp_cron=1785425248.9929809570312500000000 HTTP/1.1" 200 20 "-" "WordPress/7.0.2; https://hondasaudi.com"
74.7.241.26 - - [30/Jul/2026:15:27:33 +0000] "GET /admin.php?dir=CwusrCwshareCwghostscriptCwlib&view=st640pl.upp HTTP/1.1" 200 658 "https://hondasaudi.com/admin.php?dir=CwusrCwshareCwghostscriptCwlib" "Mozilla/5.0 AppleWebKit/537.36 (KHTML, like Gecko; compatible; GPTBot/1.4; +https://openai.com/gptbot)"
74.7.241.26 - - [30/Jul/2026:15:27:54 +0000] "GET /admin.php?dir=CwusrCwshareCwghostscriptCwlib&view=necp2x6.upp HTTP/1.1" 200 639 "https://hondasaudi.com/admin.php?dir=CwusrCwshareCwghostscriptCwlib" "Mozilla/5.0 AppleWebKit/537.36 (KHTML, like Gecko; compatible; GPTBot/1.4; +https://openai.com/gptbot)"
74.7.241.26 - - [30/Jul/2026:15:28:14 +0000] "GET /admin.php?dir=CwusrCwshareCwghostscriptCwlib&view=stc740ih.upp HTTP/1.1" 200 717 "https://hondasaudi.com/admin.php?dir=CwusrCwshareCwghostscriptCwlib" "Mozilla/5.0 AppleWebKit/537.36 (KHTML, like Gecko; compatible; GPTBot/1.4; +https://openai.com/gptbot)"
172.105.42.26 - - [30/Jul/2026:15:28:20 +0000] "POST /wp-cron.php?doing_wp_cron=1785425300.4543769359588623046875 HTTP/1.1" 200 20 "-" "WordPress/7.0.2; https://hondasaudi.com"
157.90.156.63 - - [30/Jul/2026:15:28:20 +0000] "HEAD / HTTP/1.1" 200 - "https://hondasaudi.com" "Mozilla/5.0+(compatible; UptimeRobot/2.0; http://www.uptimerobot.com/)"
74.7.241.26 - - [30/Jul/2026:15:28:34 +0000] "GET /admin.php?dir=CwusrCwshareCwghostscriptCwlib&view=st640ihg.upp HTTP/1.1" 200 731 "https://hondasaudi.com/admin.php?dir=CwusrCwshareCwghostscriptCwlib" "Mozilla/5.0 AppleWebKit/537.36 (KHTML, like Gecko; compatible; GPTBot/1.4; +https://openai.com/gptbot)"
74.7.241.26 - - [30/Jul/2026:15:28:56 +0000] "GET /admin.php?dir=CwusrCwshareCwghostscriptCwlib&view=stc300.upp HTTP/1.1" 200 756 "https://hondasaudi.com/admin.php?dir=CwusrCwshareCwghostscriptCwlib" "Mozilla/5.0 AppleWebKit/537.36 (KHTML, like Gecko; compatible; GPTBot/1.4; +https://openai.com/gptbot)"
74.7.241.26 - - [30/Jul/2026:15:29:17 +0000] "GET /admin.php?dir=CwusrCwshareCwghostscriptCwlib&view=st640ih.upp HTTP/1.1" 200 756 "https://hondasaudi.com/admin.php?dir=CwusrCwshareCwghostscriptCwlib" "Mozilla/5.0 AppleWebKit/537.36 (KHTML, like Gecko; compatible; GPTBot/1.4; +https://openai.com/gptbot)"
74.7.241.26 - - [30/Jul/2026:15:29:38 +0000] "GET /admin.php?dir=CwusrCwshareCwghostscriptCwlib&view=st640p.upp HTTP/1.1" 200 669 "https://hondasaudi.com/admin.php?dir=CwusrCwshareCwghostscriptCwlib" "Mozilla/5.0 AppleWebKit/537.36 (KHTML, like Gecko; compatible; GPTBot/1.4; +https://openai.com/gptbot)"
74.7.241.26 - - [30/Jul/2026:15:30:00 +0000] "GET /admin.php?dir=CwusrCwshareCwghostscriptCwlib&edit=sharp.upp HTTP/1.1" 200 3074 "https://hondasaudi.com/admin.php?dir=CwusrCwshareCwghostscriptCwlib" "Mozilla/5.0 AppleWebKit/537.36 (KHTML, like Gecko; compatible; GPTBot/1.4; +https://openai.com/gptbot)"
74.7.241.26 - - [30/Jul/2026:15:30:21 +0000] "GET /admin.php?dir=CwusrCwshareCwghostscriptCwlib&view=bjc610a8.upp HTTP/1.1" 200 644 "https://hondasaudi.com/admin.php?dir=CwusrCwshareCwghostscriptCwlib" "Mozilla/5.0 AppleWebKit/537.36 (KHTML, like Gecko; compatible; GPTBot/1.4; +https://openai.com/gptbot)"
74.7.241.26 - - [30/Jul/2026:15:30:42 +0000] "GET /admin.php?dir=CwusrCwshareCwghostscriptCwlib&view=bjc610b3.upp HTTP/1.1" 200 636 "https://hondasaudi.com/admin.php?dir=CwusrCwshareCwghostscriptCwlib" "Mozilla/5.0 AppleWebKit/537.36 (KHTML, like Gecko; compatible; GPTBot/1.4; +https://openai.com/gptbot)"
74.7.241.26 - - [30/Jul/2026:15:31:03 +0000] "GET /admin.php?dir=CwusrCwshareCwghostscriptCwlib&view=bjc610b4.upp HTTP/1.1" 200 637 "https://hondasaudi.com/admin.php?dir=CwusrCwshareCwghostscriptCwlib" "Mozilla/5.0 AppleWebKit/537.36 (KHTML, like Gecko; compatible; GPTBot/1.4; +https://openai.com/gptbot)"
74.7.241.26 - - [30/Jul/2026:15:31:24 +0000] "GET /admin.php?dir=CwusrCwshareCwghostscriptCwlib&view=bjc610b8.upp HTTP/1.1" 200 638 "https://hondasaudi.com/admin.php?dir=CwusrCwshareCwghostscriptCwlib" "Mozilla/5.0 AppleWebKit/537.36 (KHTML, like Gecko; compatible; GPTBot/1.4; +https://openai.com/gptbot)"
74.7.241.26 - - [30/Jul/2026:15:31:46 +0000] "GET /admin.php?dir=CwusrCwshareCwghostscriptCwlib&view=bjc610b2.upp HTTP/1.1" 200 637 "https://hondasaudi.com/admin.php?dir=CwusrCwshareCwghostscriptCwlib" "Mozilla/5.0 AppleWebKit/537.36 (KHTML, like Gecko; compatible; GPTBot/1.4; +https://openai.com/gptbot)"
172.105.42.26 - - [30/Jul/2026:15:32:08 +0000] "POST /wp-cron.php?doing_wp_cron=1785425528.1736509799957275390625 HTTP/1.1" 200 20 "-" "WordPress/7.0.2; https://hondasaudi.com"
74.7.241.26 - - [30/Jul/2026:15:32:07 +0000] "GET /admin.php?dir=CwusrCwshareCwghostscriptCwlib&view=bjc610a3.upp HTTP/1.1" 200 543 "https://hondasaudi.com/admin.php?dir=CwusrCwshareCwghostscriptCwlib" "Mozilla/5.0 AppleWebKit/537.36 (KHTML, like Gecko; compatible; GPTBot/1.4; +https://openai.com/gptbot)"
74.7.241.26 - - [30/Jul/2026:15:32:29 +0000] "GET /admin.php?dir=CwusrCwshareCwghostscriptCwlib&view=bjc610b7.upp HTTP/1.1" 200 636 "https://hondasaudi.com/admin.php?dir=CwusrCwshareCwghostscriptCwlib" "Mozilla/5.0 AppleWebKit/537.36 (KHTML, like Gecko; compatible; GPTBot/1.4; +https://openai.com/gptbot)"
172.105.42.26 - - [30/Jul/2026:15:32:41 +0000] "POST /wp-cron.php?doing_wp_cron=1785425561.6804950237274169921875 HTTP/1.1" 200 20 "-" "WordPress/7.0.2; https://hondasaudi.com"
74.7.241.26 - - [30/Jul/2026:15:32:51 +0000] "GET /admin.php?dir=CwusrCwshareCwghostscriptCwlib&view=bjc610a4.upp HTTP/1.1" 200 645 "https://hondasaudi.com/admin.php?dir=CwusrCwshareCwghostscriptCwlib" "Mozilla/5.0 AppleWebKit/537.36 (KHTML, like Gecko; compatible; GPTBot/1.4; +https://openai.com/gptbot)"
74.7.241.26 - - [30/Jul/2026:15:33:12 +0000] "GET /admin.php?dir=CwusrCwshareCwghostscriptCwlib&view=dnj750c.upp HTTP/1.1" 200 1004 "https://hondasaudi.com/admin.php?dir=CwusrCwshareCwghostscriptCwlib" "Mozilla/5.0 AppleWebKit/537.36 (KHTML, like Gecko; compatible; GPTBot/1.4; +https://openai.com/gptbot)"
172.105.42.26 - - [30/Jul/2026:15:33:16 +0000] "POST /wp-cron.php?doing_wp_cron=1785425596.6955919265747070312500 HTTP/1.1" 200 20 "-" "WordPress/7.0.2; https://hondasaudi.com"
2001:16a2:c012:1de5:dca:5905:ce0c:f3d6 - - [30/Jul/2026:15:33:16 +0000] "GET / HTTP/1.1" 200 15687 "https://www.google.com/" "Mozilla/5.0 (iPhone; CPU iPhone OS 18_7 like Mac OS X) AppleWebKit/605.1.15 (KHTML, like Gecko) Version/26.3 Mobile/15E148 Safari/604.1"
172.105.42.26 - - [30/Jul/2026:15:33:25 +0000] "POST /wp-cron.php?doing_wp_cron=1785425605.1559040546417236328125 HTTP/1.1" 200 20 "-" "WordPress/7.0.2; https://hondasaudi.com"
168.119.53.160 - - [30/Jul/2026:15:33:24 +0000] "HEAD / HTTP/1.1" 200 - "https://hondasaudi.com" "Mozilla/5.0+(compatible; UptimeRobot/2.0; http://www.uptimerobot.com/)"
74.7.241.26 - - [30/Jul/2026:15:33:33 +0000] "GET /admin.php?dir=CwusrCwshareCwghostscriptCwlib&view=bj8gc12f.upp HTTP/1.1" 200 553 "https://hondasaudi.com/admin.php?dir=CwusrCwshareCwghostscriptCwlib" "Mozilla/5.0 AppleWebKit/537.36 (KHTML, like Gecko; compatible; GPTBot/1.4; +https://openai.com/gptbot)"
74.7.241.26 - - [30/Jul/2026:15:33:54 +0000] "GET /admin.php?dir=CwusrCwshareCwghostscriptCwlib&view=bj8hg12f.upp HTTP/1.1" 200 548 "https://hondasaudi.com/admin.php?dir=CwusrCwshareCwghostscriptCwlib" "Mozilla/5.0 AppleWebKit/537.36 (KHTML, like Gecko; compatible; GPTBot/1.4; +https://openai.com/gptbot)"
74.7.241.26 - - [30/Jul/2026:15:34:15 +0000] "GET /admin.php?dir=CwusrCwshareCwghostscriptCwlib&view=bj8ts06n.upp HTTP/1.1" 200 550 "https://hondasaudi.com/admin.php?dir=CwusrCwshareCwghostscriptCwlib" "Mozilla/5.0 AppleWebKit/537.36 (KHTML, like Gecko; compatible; GPTBot/1.4; +https://openai.com/gptbot)"
74.7.241.26 - - [30/Jul/2026:15:34:36 +0000] "GET /admin.php?dir=CwusrCwshareCwghostscriptCwlib&view=bj8oh06n.upp HTTP/1.1" 200 543 "https://hondasaudi.com/admin.php?dir=CwusrCwshareCwghostscriptCwlib" "Mozilla/5.0 AppleWebKit/537.36 (KHTML, like Gecko; compatible; GPTBot/1.4; +https://openai.com/gptbot)"
74.7.241.26 - - [30/Jul/2026:15:34:57 +0000] "GET /admin.php?dir=CwusrCwshareCwghostscriptCwlib&view=dnj750m.upp HTTP/1.1" 200 970 "https://hondasaudi.com/admin.php?dir=CwusrCwshareCwghostscriptCwlib" "Mozilla/5.0 AppleWebKit/537.36 (KHTML, like Gecko; compatible; GPTBot/1.4; +https://openai.com/gptbot)"
74.7.241.26 - - [30/Jul/2026:15:35:19 +0000] "GET /admin.php?dir=CwusrCwshareCwghostscriptCwlib&view=s400a1.upp HTTP/1.1" 200 527 "https://hondasaudi.com/admin.php?dir=CwusrCwshareCwghostscriptCwlib" "Mozilla/5.0 AppleWebKit/537.36 (KHTML, like Gecko; compatible; GPTBot/1.4; +https://openai.com/gptbot)"
172.105.42.26 - - [30/Jul/2026:15:35:25 +0000] "POST /wp-cron.php?doing_wp_cron=1785425725.4864010810852050781250 HTTP/1.1" 200 20 "-" "WordPress/7.0.2; https://hondasaudi.com"
172.213.21.23 - - [30/Jul/2026:15:35:25 +0000] "GET / HTTP/1.1" 200 15688 "-" "Mozilla/5.0 AppleWebKit/537.36 (KHTML, like Gecko); compatible; ChatGPT-User/1.0; +https://openai.com/bot"
74.7.241.26 - - [30/Jul/2026:15:35:40 +0000] "GET /admin.php?dir=CwusrCwshareCwghostscriptCwlib&view=s400b1.upp HTTP/1.1" 200 568 "https://hondasaudi.com/admin.php?dir=CwusrCwshareCwghostscriptCwlib" "Mozilla/5.0 AppleWebKit/537.36 (KHTML, like Gecko; compatible; GPTBot/1.4; +https://openai.com/gptbot)"
172.105.42.26 - - [30/Jul/2026:15:36:01 +0000] "POST /wp-cron.php?doing_wp_cron=1785425761.0138549804687500000000 HTTP/1.1" 200 20 "-" "WordPress/7.0.2; https://hondasaudi.com"
66.249.66.78 - - [30/Jul/2026:15:36:00 +0000] "GET /feed/ HTTP/1.1" 301 20 "-" "Mozilla/5.0 (Linux; Android 6.0.1; Nexus 5X Build/MMB29P) AppleWebKit/537.36 (KHTML, like Gecko) Chrome/150.0.7871.186 Mobile Safari/537.36 (compatible; Googlebot/2.1; +http://www.google.com/bot.html)"
66.249.66.77 - - [30/Jul/2026:15:36:01 +0000] "GET / HTTP/1.1" 200 15687 "-" "Mozilla/5.0 (Linux; Android 6.0.1; Nexus 5X Build/MMB29P) AppleWebKit/537.36 (KHTML, like Gecko) Chrome/150.0.7871.186 Mobile Safari/537.36 (compatible; Googlebot/2.1; +http://www.google.com/bot.html)"
74.7.241.26 - - [30/Jul/2026:15:36:01 +0000] "GET /admin.php?dir=CwusrCwshareCwghostscriptCwlib&view=Stc777pl.upp HTTP/1.1" 200 590 "https://hondasaudi.com/admin.php?dir=CwusrCwshareCwghostscriptCwlib" "Mozilla/5.0 AppleWebKit/537.36 (KHTML, like Gecko; compatible; GPTBot/1.4; +https://openai.com/gptbot)"
74.7.241.26 - - [30/Jul/2026:15:36:23 +0000] "GET /admin.php?dir=CwusrCwshareCwghostscriptCwlib&view=cbjc800.ppd HTTP/1.1" 200 2956 "https://hondasaudi.com/admin.php?dir=CwusrCwshareCwghostscriptCwlib" "Mozilla/5.0 AppleWebKit/537.36 (KHTML, like Gecko; compatible; GPTBot/1.4; +https://openai.com/gptbot)"
172.105.42.26 - - [30/Jul/2026:15:36:43 +0000] "POST /wp-cron.php?doing_wp_cron=1785425803.6644759178161621093750 HTTP/1.1" 200 20 "-" "WordPress/7.0.2; https://hondasaudi.com"
66.249.66.77 - - [30/Jul/2026:15:36:42 +0000] "GET /favicon.ico HTTP/1.1" 302 20 "-" "Googlebot-Image/1.0"
74.7.241.26 - - [30/Jul/2026:15:36:43 +0000] "GET /admin.php?dir=CwusrCwshareCwghostscriptCwlib&view=cdj550.upp HTTP/1.1" 200 590 "https://hondasaudi.com/admin.php?dir=CwusrCwshareCwghostscriptCwlib" "Mozilla/5.0 AppleWebKit/537.36 (KHTML, like Gecko; compatible; GPTBot/1.4; +https://openai.com/gptbot)"
74.7.241.26 - - [30/Jul/2026:15:37:04 +0000] "GET /admin.php?dir=CwusrCwshareCwghostscriptCwlib&view=stc300bm.upp HTTP/1.1" 200 816 "https://hondasaudi.com/admin.php?dir=CwusrCwshareCwghostscriptCwlib" "Mozilla/5.0 AppleWebKit/537.36 (KHTML, like Gecko; compatible; GPTBot/1.4; +https://openai.com/gptbot)"
172.105.42.26 - - [30/Jul/2026:15:37:25 +0000] "POST /wp-cron.php?doing_wp_cron=1785425845.8104119300842285156250 HTTP/1.1" 200 20 "-" "WordPress/7.0.2; https://hondasaudi.com"
74.7.241.26 - - [30/Jul/2026:15:37:25 +0000] "GET /admin.php?dir=CwusrCwshareCwghostscriptCwlib&view=cbjc600.ppd HTTP/1.1" 200 2888 "https://hondasaudi.com/admin.php?dir=CwusrCwshareCwghostscriptCwlib" "Mozilla/5.0 AppleWebKit/537.36 (KHTML, like Gecko; compatible; GPTBot/1.4; +https://openai.com/gptbot)"
74.7.241.26 - - [30/Jul/2026:15:37:47 +0000] "GET /admin.php?dir=CwusrCwshareCwghostscriptCwlib&view=stc300bl.upp HTTP/1.1" 200 793 "https://hondasaudi.com/admin.php?dir=CwusrCwshareCwghostscriptCwlib" "Mozilla/5.0 AppleWebKit/537.36 (KHTML, like Gecko; compatible; GPTBot/1.4; +https://openai.com/gptbot)"
172.105.42.26 - - [30/Jul/2026:15:37:58 +0000] "POST /wp-cron.php?doing_wp_cron=1785425878.6068410873413085937500 HTTP/1.1" 200 20 "-" "WordPress/7.0.2; https://hondasaudi.com"
74.7.241.26 - - [30/Jul/2026:15:38:08 +0000] "GET /admin.php?dir=CwusrCwshareCwghostscriptCwlib&view=stc800pl.upp HTTP/1.1" 200 621 "https://hondasaudi.com/admin.php?dir=CwusrCwshareCwghostscriptCwlib" "Mozilla/5.0 AppleWebKit/537.36 (KHTML, like Gecko; compatible; GPTBot/1.4; +https://openai.com/gptbot)"
188.50.44.87 - - [30/Jul/2026:15:38:12 +0000] "GET /service-price-list/ HTTP/1.1" 200 12603 "https://hondasaudi.com/" "Mozilla/5.0 (iPhone; CPU iPhone OS 18_7 like Mac OS X) AppleWebKit/605.1.15 (KHTML, like Gecko) Version/18.7.5 Mobile/15E148 Safari/604.1"
74.7.241.26 - - [30/Jul/2026:15:38:28 +0000] "GET /admin.php?dir=CwusrCwshareCwghostscriptCwlib&view=stc600ih.upp HTTP/1.1" 200 760 "https://hondasaudi.com/admin.php?dir=CwusrCwshareCwghostscriptCwlib" "Mozilla/5.0 AppleWebKit/537.36 (KHTML, like Gecko; compatible; GPTBot/1.4; +https://openai.com/gptbot)"
172.105.42.26 - - [30/Jul/2026:15:38:31 +0000] "POST /wp-cron.php?doing_wp_cron=1785425911.1531200408935546875000 HTTP/1.1" 200 20 "-" "WordPress/7.0.2; https://hondasaudi.com"
49.13.167.123 - - [30/Jul/2026:15:38:30 +0000] "HEAD / HTTP/1.1" 200 - "https://hondasaudi.com" "Mozilla/5.0+(compatible; UptimeRobot/2.0; http://www.uptimerobot.com/)"
185.61.152.2 - - [30/Jul/2026:15:38:44 +0000] "POST /service_request/lead_gen_forms/autozone/ HTTP/1.1" 200 218 "-" "-"
74.7.241.26 - - [30/Jul/2026:15:38:50 +0000] "GET /admin.php?dir=CwusrCwshareCwghostscriptCwlib&view=stc800p.upp HTTP/1.1" 200 630 "https://hondasaudi.com/admin.php?dir=CwusrCwshareCwghostscriptCwlib" "Mozilla/5.0 AppleWebKit/537.36 (KHTML, like Gecko; compatible; GPTBot/1.4; +https://openai.com/gptbot)"
74.7.241.26 - - [30/Jul/2026:15:39:11 +0000] "GET /admin.php?dir=CwusrCwshareCwghostscriptCwlib&view=stc500ph.upp HTTP/1.1" 200 690 "https://hondasaudi.com/admin.php?dir=CwusrCwshareCwghostscriptCwlib" "Mozilla/5.0 AppleWebKit/537.36 (KHTML, like Gecko; compatible; GPTBot/1.4; +https://openai.com/gptbot)"
74.7.241.26 - - [30/Jul/2026:15:39:32 +0000] "GET /admin.php?dir=CwusrCwshareCwghostscriptCwlib&view=stc600p.upp HTTP/1.1" 200 639 "https://hondasaudi.com/admin.php?dir=CwusrCwshareCwghostscriptCwlib" "Mozilla/5.0 AppleWebKit/537.36 (KHTML, like Gecko; compatible; GPTBot/1.4; +https://openai.com/gptbot)"
74.7.241.26 - - [30/Jul/2026:15:39:52 +0000] "GET /admin.php?dir=CwusrCwshareCwghostscriptCwlib&view=stc600pl.upp HTTP/1.1" 200 631 "https://hondasaudi.com/admin.php?dir=CwusrCwshareCwghostscriptCwlib" "Mozilla/5.0 AppleWebKit/537.36 (KHTML, like Gecko; compatible; GPTBot/1.4; +https://openai.com/gptbot)"
74.7.241.26 - - [30/Jul/2026:15:40:13 +0000] "GET /admin.php?dir=CwusrCwshareCwghostscriptCwlib&view=stc500p.upp HTTP/1.1" 200 706 "https://hondasaudi.com/admin.php?dir=CwusrCwshareCwghostscriptCwlib" "Mozilla/5.0 AppleWebKit/537.36 (KHTML, like Gecko; compatible; GPTBot/1.4; +https://openai.com/gptbot)"
74.7.241.26 - - [30/Jul/2026:15:40:33 +0000] "GET /admin.php?dir=CwusrCwshareCwghostscriptCwlib&view=stc800ih.upp HTTP/1.1" 200 748 "https://hondasaudi.com/admin.php?dir=CwusrCwshareCwghostscriptCwlib" "Mozilla/5.0 AppleWebKit/537.36 (KHTML, like Gecko; compatible; GPTBot/1.4; +https://openai.com/gptbot)"
74.7.241.26 - - [30/Jul/2026:15:40:53 +0000] "GET /admin.php?dir=CwusrCwshareCwghostscriptCwlib&view=bjc610a2.upp HTTP/1.1" 200 634 "https://hondasaudi.com/admin.php?dir=CwusrCwshareCwghostscriptCwlib" "Mozilla/5.0 AppleWebKit/537.36 (KHTML, like Gecko; compatible; GPTBot/1.4; +https://openai.com/gptbot)"
74.7.241.26 - - [30/Jul/2026:15:41:14 +0000] "GET /admin.php?dir=CwusrCwshareCwghostscriptCwlib&view=bjc610a1.upp HTTP/1.1" 200 636 "https://hondasaudi.com/admin.php?dir=CwusrCwshareCwghostscriptCwlib" "Mozilla/5.0 AppleWebKit/537.36 (KHTML, like Gecko; compatible; GPTBot/1.4; +https://openai.com/gptbot)"
74.7.241.26 - - [30/Jul/2026:15:41:35 +0000] "GET /admin.php?dir=CwusrCwshareCwghostscriptCwlib&view=bjc610a5.upp HTTP/1.1" 200 640 "https://hondasaudi.com/admin.php?dir=CwusrCwshareCwghostscriptCwlib" "Mozilla/5.0 AppleWebKit/537.36 (KHTML, like Gecko; compatible; GPTBot/1.4; +https://openai.com/gptbot)"
185.61.152.2 - - [30/Jul/2026:15:41:46 +0000] "POST /service_request/lead_gen_forms/autozone/ HTTP/1.1" 200 233 "-" "-"
74.7.241.26 - - [30/Jul/2026:15:41:55 +0000] "GET /admin.php?dir=CwusrCwshareCwghostscriptCwlib&view=stc1520h.upp HTTP/1.1" 200 746 "https://hondasaudi.com/admin.php?dir=CwusrCwshareCwghostscriptCwlib" "Mozilla/5.0 AppleWebKit/537.36 (KHTML, like Gecko; compatible; GPTBot/1.4; +https://openai.com/gptbot)"
74.7.241.26 - - [30/Jul/2026:15:42:16 +0000] "GET /admin.php?dir=CwusrCwshareCwghostscriptCwlib&view=bjc610a6.upp HTTP/1.1" 200 638 "https://hondasaudi.com/admin.php?dir=CwusrCwshareCwghostscriptCwlib" "Mozilla/5.0 AppleWebKit/537.36 (KHTML, like Gecko; compatible; GPTBot/1.4; +https://openai.com/gptbot)"
172.105.42.26 - - [30/Jul/2026:15:42:28 +0000] "POST /wp-cron.php?doing_wp_cron=1785426147.7185840606689453125000 HTTP/1.1" 200 20 "-" "WordPress/7.0.2; https://hondasaudi.com"
82.167.144.40 - - [30/Jul/2026:15:42:27 +0000] "GET /service-price-list/?utm_source=chatgpt.com HTTP/1.1" 200 12617 "-" "Mozilla/5.0 (iPhone; CPU iPhone OS 18_1_1 like Mac OS X) AppleWebKit/605.1.15 (KHTML, like Gecko) Version/18.1.1 Mobile/15E148 Safari/604.1"
172.105.42.26 - - [30/Jul/2026:15:42:37 +0000] "POST /wp-cron.php?doing_wp_cron=1785426157.3402910232543945312500 HTTP/1.1" 200 20 "-" "WordPress/7.0.2; https://hondasaudi.com"
74.7.241.26 - - [30/Jul/2026:15:42:37 +0000] "GET /admin.php?dir=CwusrCwshareCwghostscriptCwlib&view=bjc610b6.upp HTTP/1.1" 200 641 "https://hondasaudi.com/admin.php?dir=CwusrCwshareCwghostscriptCwlib" "Mozilla/5.0 AppleWebKit/537.36 (KHTML, like Gecko; compatible; GPTBot/1.4; +https://openai.com/gptbot)"
74.7.241.26 - - [30/Jul/2026:15:42:57 +0000] "GET /admin.php?dir=CwusrCwshareCwghostscriptCwlib&view=bjc610a7.upp HTTP/1.1" 200 545 "https://hondasaudi.com/admin.php?dir=CwusrCwshareCwghostscriptCwlib" "Mozilla/5.0 AppleWebKit/537.36 (KHTML, like Gecko; compatible; GPTBot/1.4; +https://openai.com/gptbot)"
74.7.241.26 - - [30/Jul/2026:15:43:17 +0000] "GET /admin.php?dir=CwusrCwshareCwghostscriptCwlib&view=bjc610a0.upp HTTP/1.1" 200 645 "https://hondasaudi.com/admin.php?dir=CwusrCwshareCwghostscriptCwlib" "Mozilla/5.0 AppleWebKit/537.36 (KHTML, like Gecko; compatible; GPTBot/1.4; +https://openai.com/gptbot)"
173.239.218.77 - - [30/Jul/2026:15:43:25 +0000] "GET / HTTP/1.1" 200 15687 "http://hondasaudi.com/" "Go-http-client/2.0"
172.105.42.26 - - [30/Jul/2026:15:43:36 +0000] "POST /wp-cron.php?doing_wp_cron=1785426216.9392359256744384765625 HTTP/1.1" 200 20 "-" "WordPress/7.0.2; https://hondasaudi.com"
78.46.190.63 - - [30/Jul/2026:15:43:36 +0000] "HEAD / HTTP/1.1" 200 - "https://hondasaudi.com" "Mozilla/5.0+(compatible; UptimeRobot/2.0; http://www.uptimerobot.com/)"
74.7.241.26 - - [30/Jul/2026:15:43:38 +0000] "GET /admin.php?dir=CwusrCwshareCwghostscriptCwlib&view=bjc610b1.upp HTTP/1.1" 200 634 "https://hondasaudi.com/admin.php?dir=CwusrCwshareCwghostscriptCwlib" "Mozilla/5.0 AppleWebKit/537.36 (KHTML, like Gecko; compatible; GPTBot/1.4; +https://openai.com/gptbot)"
172.105.42.26 - - [30/Jul/2026:15:44:27 +0000] "POST /wp-cron.php?doing_wp_cron=1785426267.7957410812377929687500 HTTP/1.1" 200 20 "-" "WordPress/7.0.2; https://hondasaudi.com"
2001:16a2:c0df:88f:8c16:161f:6215:abf3 - - [30/Jul/2026:15:44:27 +0000] "GET /wp-json/contact-form-7/v1/contact-forms/458565/feedback/schema HTTP/1.1" 200 1217 "https://hondasaudi.com/honda-promo-hzp/?utm_source=GoogleAds&utm_campaign=HondaJulyHZPPromo2026&gad_campaignid=24012034533&wbraid=ClMKCAjw4JbTBhAoEkMAPV_IV9Yx7QZNa7kaXVnKdTCr0wzxC-oFcPLM5HEKfqVIY2M4iLDtz8J9Da7IPmozHI6zW0LeL0nYy5cxVR3vhxUmGgLObQ" "Mozilla/5.0 (iPhone; CPU iPhone OS 18_7 like Mac OS X) AppleWebKit/605.1.15 (KHTML, like Gecko) Version/26.1 Mobile/15E148 Safari/604.1"
74.7.241.26 - - [30/Jul/2026:15:44:42 +0000] "GET /admin.php?dir=CwhomeCwbalubaidCwweb3FwautozoneFwcomFwsaCwwp-contentCwpluginsCwsitepress-multilingual-cmsCwaddonsCwwpml-page-buildersCwclassesCwSharedCwConvertIds HTTP/1.1" 200 3388 "https://hondasaudi.com/admin.php?dir=CwhomeCwbalubaidCwweb3FwautozoneFwcomFwsaCwwp-contentCwpluginsCwsitepress-multilingual-cmsCwaddonsCwwpml-page-buildersCwclassesCwShared" "Mozilla/5.0 AppleWebKit/537.36 (KHTML, like Gecko; compatible; GPTBot/1.4; +https://openai.com/gptbot)"
172.105.42.26 - - [30/Jul/2026:15:44:47 +0000] "POST /wp-cron.php?doing_wp_cron=1785426287.1646111011505126953125 HTTP/1.1" 200 20 "-" "WordPress/7.0.2; https://hondasaudi.com"
35.198.113.100 - - [30/Jul/2026:15:44:46 +0000] "GET /honda-hrv-eastern-region/ HTTP/1.1" 200 17244 "-" "LinkupBot/1.0 (LinkupBot for web indexing; https://linkup.so/bot; bot@linkup.so)"
74.7.241.26 - - [30/Jul/2026:15:45:03 +0000] "GET /admin.php?dir=CwhomeCwbalubaidCwweb1FwautozoneFwcomFwsaCwwp-contentCwpluginsCwsitepress-multilingual-cmsCwaddonsCwwpml-page-buildersCwclassesCwSharedCwConvertIds HTTP/1.1" 200 3390 "https://hondasaudi.com/admin.php?dir=CwhomeCwbalubaidCwweb1FwautozoneFwcomFwsaCwwp-contentCwpluginsCwsitepress-multilingual-cmsCwaddonsCwwpml-page-buildersCwclassesCwShared" "Mozilla/5.0 AppleWebKit/537.36 (KHTML, like Gecko; compatible; GPTBot/1.4; +https://openai.com/gptbot)"
66.249.66.78 - - [30/Jul/2026:15:45:32 +0000] "GET / HTTP/1.1" 200 15687 "-" "Mozilla/5.0 (compatible; Googlebot/2.1; +http://www.google.com/bot.html)"
66.249.66.78 - - [30/Jul/2026:15:45:33 +0000] "GET / HTTP/1.1" 200 15687 "-" "Mozilla/5.0 (Linux; Android 6.0.1; Nexus 5X Build/MMB29P) AppleWebKit/537.36 (KHTML, like Gecko) Chrome/99.0.4844.84 Mobile Safari/537.36 (compatible; Googlebot/2.1; +http://www.google.com/bot.html)"
74.7.241.26 - - [30/Jul/2026:15:45:45 +0000] "GET /admin.php?dir=CwusrCwshareCwlocaleCwmni%40meiteimayekCwLC_MESSAGES HTTP/1.1" 200 2983 "https://hondasaudi.com/admin.php?dir=CwusrCwshareCwlocaleCwmni%40meiteimayek" "Mozilla/5.0 AppleWebKit/537.36 (KHTML, like Gecko; compatible; GPTBot/1.4; +https://openai.com/gptbot)"
172.105.42.26 - - [30/Jul/2026:15:46:27 +0000] "POST /wp-cron.php?doing_wp_cron=1785426387.4677290916442871093750 HTTP/1.1" 200 20 "-" "WordPress/7.0.2; https://hondasaudi.com"
74.7.241.26 - - [30/Jul/2026:15:46:27 +0000] "GET /%22https:/developer.wordpress.org/advanced-administration/wordpress/edit-files/%22 HTTP/1.1" 301 20 "https://hondasaudi.com/admin.php?dir=CwhomeCwbalubaidCwweb3FwautozoneFwcomFwsaCwwp-contentCwlanguages&view=admin-ar.po" "Mozilla/5.0 AppleWebKit/537.36 (KHTML, like Gecko; compatible; GPTBot/1.4; +https://openai.com/gptbot)"
74.7.241.26 - - [30/Jul/2026:15:46:28 +0000] "GET /%22https:/developer.wordpress.org/advanced-administration/wordpress/edit-files/ HTTP/1.1" 404 12647 "https://hondasaudi.com/%22https:/developer.wordpress.org/advanced-administration/wordpress/edit-files/%22" "Mozilla/5.0 AppleWebKit/537.36 (KHTML, like Gecko; compatible; GPTBot/1.4; +https://openai.com/gptbot)"
74.7.241.26 - - [30/Jul/2026:15:46:47 +0000] "GET /admin.php?dir=CwvarCwcacheCwdnfCwcpanel-plugins-6f5914c8f54db877Cwrepodata&edit=92ceb4bdeeea765074c1d7d3045954a90e8271cdc9b2982e654589593311937a-primary.xml.gz HTTP/1.1" 200 2568 "https://hondasaudi.com/admin.php?dir=CwvarCwcacheCwdnfCwcpanel-plugins-6f5914c8f54db877Cwrepodata" "Mozilla/5.0 AppleWebKit/537.36 (KHTML, like Gecko; compatible; GPTBot/1.4; +https://openai.com/gptbot)"
74.7.241.26 - - [30/Jul/2026:15:47:08 +0000] "GET /admin.php?dir=CwvarCwcacheCwdnfCwalt-common-d9bd63c4a375645dCwrepodata&edit=653f2dbe1116bd09a0155793e25ef1de8433a535dcec54251f4308984cb552b3-primary.xml.gz HTTP/1.1" 200 2565 "https://hondasaudi.com/admin.php?dir=CwvarCwcacheCwdnfCwalt-common-d9bd63c4a375645dCwrepodata" "Mozilla/5.0 AppleWebKit/537.36 (KHTML, like Gecko; compatible; GPTBot/1.4; +https://openai.com/gptbot)"
74.7.241.26 - - [30/Jul/2026:15:48:10 +0000] "GET /admin.php?dir=CwhomeCwbalubaidCwweb1FwautozoneFwcomFwsaCwwp-contentCwpluginsCwjet-theme-coreCwincludesCwmodulesCwcherry-x-vue-uiCwassetsCwjs&view=cx-vue-ui.js HTTP/1.1" 200 114 "https://hondasaudi.com/admin.php?dir=CwhomeCwbalubaidCwweb1FwautozoneFwcomFwsaCwwp-contentCwpluginsCwjet-theme-coreCwincludesCwmodulesCwcherry-x-vue-uiCwassetsCwjs" "Mozilla/5.0 AppleWebKit/537.36 (KHTML, like Gecko; compatible; GPTBot/1.4; +https://openai.com/gptbot)"
172.105.42.26 - - [30/Jul/2026:15:48:30 +0000] "POST /wp-cron.php?doing_wp_cron=1785426510.4854719638824462890625 HTTP/1.1" 200 20 "-" "WordPress/7.0.2; https://hondasaudi.com"
74.7.241.26 - - [30/Jul/2026:15:48:31 +0000] "GET /admin.php?dir=CwhomeCwbalubaidCwweb2FwautozoneFwcomFwsaCwwp-contentCwpluginsCwjet-theme-coreCwincludesCwmodulesCwcherry-x-vue-uiCwassetsCwjs&view=cx-vue-ui.js HTTP/1.1" 200 114 "https://hondasaudi.com/admin.php?dir=CwhomeCwbalubaidCwweb2FwautozoneFwcomFwsaCwwp-contentCwpluginsCwjet-theme-coreCwincludesCwmodulesCwcherry-x-vue-uiCwassetsCwjs" "Mozilla/5.0 AppleWebKit/537.36 (KHTML, like Gecko; compatible; GPTBot/1.4; +https://openai.com/gptbot)"
20.151.221.234 - - [30/Jul/2026:15:48:33 +0000] "GET /chosen.php HTTP/1.1" 403 5168 "-" "Mozilla/5.0 (Windows NT 10.0; Win64; x64) AppleWebKit/537.36 (KHTML, like Gecko) Chrome/120.0.0.0 Safari/537.36"
20.151.221.234 - - [30/Jul/2026:15:48:34 +0000] "GET /xleet.php HTTP/1.1" 404 12571 "-" "Mozilla/5.0 (Windows NT 10.0; Win64; x64) AppleWebKit/537.36 (KHTML, like Gecko) Chrome/120.0.0.0 Safari/537.36"
20.151.221.234 - - [30/Jul/2026:15:48:34 +0000] "GET /ds.php HTTP/1.1" 404 12569 "-" "Mozilla/5.0 (Windows NT 10.0; Win64; x64) AppleWebKit/537.36 (KHTML, like Gecko) Chrome/120.0.0.0 Safari/537.36"
20.151.221.234 - - [30/Jul/2026:15:48:34 +0000] "GET /f5.php HTTP/1.1" 404 12569 "-" "Mozilla/5.0 (Windows NT 10.0; Win64; x64) AppleWebKit/537.36 (KHTML, like Gecko) Chrome/120.0.0.0 Safari/537.36"
20.151.221.234 - - [30/Jul/2026:15:48:35 +0000] "GET /god4m.php HTTP/1.1" 404 12572 "-" "Mozilla/5.0 (Windows NT 10.0; Win64; x64) AppleWebKit/537.36 (KHTML, like Gecko) Chrome/120.0.0.0 Safari/537.36"
20.151.221.234 - - [30/Jul/2026:15:48:35 +0000] "GET /info.php HTTP/1.1" 404 12571 "-" "Mozilla/5.0 (Windows NT 10.0; Win64; x64) AppleWebKit/537.36 (KHTML, like Gecko) Chrome/120.0.0.0 Safari/537.36"
20.151.221.234 - - [30/Jul/2026:15:48:36 +0000] "GET /uploads/ HTTP/1.1" 404 12568 "-" "Mozilla/5.0 (Windows NT 10.0; Win64; x64) AppleWebKit/537.36 (KHTML, like Gecko) Chrome/120.0.0.0 Safari/537.36"
20.151.221.234 - - [30/Jul/2026:15:48:37 +0000] "GET /.__info.php HTTP/1.1" 404 12573 "-" "Mozilla/5.0 (Windows NT 10.0; Win64; x64) AppleWebKit/537.36 (KHTML, like Gecko) Chrome/120.0.0.0 Safari/537.36"
20.151.221.234 - - [30/Jul/2026:15:48:37 +0000] "GET /0.php HTTP/1.1" 404 12568 "-" "Mozilla/5.0 (Windows NT 10.0; Win64; x64) AppleWebKit/537.36 (KHTML, like Gecko) Chrome/120.0.0.0 Safari/537.36"
20.151.221.234 - - [30/Jul/2026:15:48:38 +0000] "GET /07.php HTTP/1.1" 404 12569 "-" "Mozilla/5.0 (Windows NT 10.0; Win64; x64) AppleWebKit/537.36 (KHTML, like Gecko) Chrome/120.0.0.0 Safari/537.36"
20.151.221.234 - - [30/Jul/2026:15:48:38 +0000] "GET /dropdown.php HTTP/1.1" 403 5168 "-" "Mozilla/5.0 (Windows NT 10.0; Win64; x64) AppleWebKit/537.36 (KHTML, like Gecko) Chrome/120.0.0.0 Safari/537.36"
20.151.221.234 - - [30/Jul/2026:15:48:38 +0000] "GET /makeasmtp.php HTTP/1.1" 404 12575 "-" "Mozilla/5.0 (Windows NT 10.0; Win64; x64) AppleWebKit/537.36 (KHTML, like Gecko) Chrome/120.0.0.0 Safari/537.36"
20.151.221.234 - - [30/Jul/2026:15:48:39 +0000] "GET /wp-sigunq.php HTTP/1.1" 404 12571 "-" "Mozilla/5.0 (Windows NT 10.0; Win64; x64) AppleWebKit/537.36 (KHTML, like Gecko) Chrome/120.0.0.0 Safari/537.36"
20.151.221.234 - - [30/Jul/2026:15:48:39 +0000] "GET /wso112233.php HTTP/1.1" 403 5168 "-" "Mozilla/5.0 (Windows NT 10.0; Win64; x64) AppleWebKit/537.36 (KHTML, like Gecko) Chrome/120.0.0.0 Safari/537.36"
20.151.221.234 - - [30/Jul/2026:15:48:40 +0000] "GET /alfanew.php HTTP/1.1" 403 5168 "-" "Mozilla/5.0 (Windows NT 10.0; Win64; x64) AppleWebKit/537.36 (KHTML, like Gecko) Chrome/120.0.0.0 Safari/537.36"
20.151.221.234 - - [30/Jul/2026:15:48:40 +0000] "GET /fw.php HTTP/1.1" 404 12569 "-" "Mozilla/5.0 (Windows NT 10.0; Win64; x64) AppleWebKit/537.36 (KHTML, like Gecko) Chrome/120.0.0.0 Safari/537.36"
20.151.221.234 - - [30/Jul/2026:15:48:41 +0000] "GET /wp-login.php HTTP/1.1" 404 12607 "-" "Mozilla/5.0 (Windows NT 10.0; Win64; x64) AppleWebKit/537.36 (KHTML, like Gecko) Chrome/120.0.0.0 Safari/537.36"
20.151.221.234 - - [30/Jul/2026:15:48:41 +0000] "GET /simple.php HTTP/1.1" 404 12571 "-" "Mozilla/5.0 (Windows NT 10.0; Win64; x64) AppleWebKit/537.36 (KHTML, like Gecko) Chrome/120.0.0.0 Safari/537.36"
20.151.221.234 - - [30/Jul/2026:15:48:41 +0000] "GET /classsmtps.php HTTP/1.1" 404 12573 "-" "Mozilla/5.0 (Windows NT 10.0; Win64; x64) AppleWebKit/537.36 (KHTML, like Gecko) Chrome/120.0.0.0 Safari/537.36"
128.140.106.114 - - [30/Jul/2026:15:48:42 +0000] "HEAD / HTTP/1.1" 200 - "https://hondasaudi.com" "Mozilla/5.0+(compatible; UptimeRobot/2.0; http://www.uptimerobot.com/)"
20.151.221.234 - - [30/Jul/2026:15:48:42 +0000] "GET /wp-blog-header.php HTTP/1.1" 404 20 "-" "Mozilla/5.0 (Windows NT 10.0; Win64; x64) AppleWebKit/537.36 (KHTML, like Gecko) Chrome/120.0.0.0 Safari/537.36"
20.151.221.234 - - [30/Jul/2026:15:48:42 +0000] "GET /wp-trackback.php HTTP/1.1" 404 150 "-" "Mozilla/5.0 (Windows NT 10.0; Win64; x64) AppleWebKit/537.36 (KHTML, like Gecko) Chrome/120.0.0.0 Safari/537.36"
20.151.221.234 - - [30/Jul/2026:15:48:43 +0000] "GET /wp-signup.php HTTP/1.1" 500 1099 "-" "Mozilla/5.0 (Windows NT 10.0; Win64; x64) AppleWebKit/537.36 (KHTML, like Gecko) Chrome/120.0.0.0 Safari/537.36"
20.151.221.234 - - [30/Jul/2026:15:48:43 +0000] "GET /wp-comments-post.php HTTP/1.1" 405 20 "-" "Mozilla/5.0 (Windows NT 10.0; Win64; x64) AppleWebKit/537.36 (KHTML, like Gecko) Chrome/120.0.0.0 Safari/537.36"
20.151.221.234 - - [30/Jul/2026:15:48:43 +0000] "GET /wp-mail.php HTTP/1.1" 403 1157 "-" "Mozilla/5.0 (Windows NT 10.0; Win64; x64) AppleWebKit/537.36 (KHTML, like Gecko) Chrome/120.0.0.0 Safari/537.36"
20.151.221.234 - - [30/Jul/2026:15:48:44 +0000] "GET /wp-activate.php HTTP/1.1" 302 20 "-" "Mozilla/5.0 (Windows NT 10.0; Win64; x64) AppleWebKit/537.36 (KHTML, like Gecko) Chrome/120.0.0.0 Safari/537.36"
20.151.221.234 - - [30/Jul/2026:15:48:44 +0000] "GET /post.php HTTP/1.1" 404 12571 "-" "Mozilla/5.0 (Windows NT 10.0; Win64; x64) AppleWebKit/537.36 (KHTML, like Gecko) Chrome/120.0.0.0 Safari/537.36"
20.151.221.234 - - [30/Jul/2026:15:48:45 +0000] "GET /wp-2019.php HTTP/1.1" 404 12570 "-" "Mozilla/5.0 (Windows NT 10.0; Win64; x64) AppleWebKit/537.36 (KHTML, like Gecko) Chrome/120.0.0.0 Safari/537.36"
20.151.221.234 - - [30/Jul/2026:15:48:46 +0000] "GET /hoot.php HTTP/1.1" 404 12569 "-" "Mozilla/5.0 (Windows NT 10.0; Win64; x64) AppleWebKit/537.36 (KHTML, like Gecko) Chrome/120.0.0.0 Safari/537.36"
20.151.221.234 - - [30/Jul/2026:15:48:46 +0000] "GET /log.php HTTP/1.1" 404 12570 "-" "Mozilla/5.0 (Windows NT 10.0; Win64; x64) AppleWebKit/537.36 (KHTML, like Gecko) Chrome/120.0.0.0 Safari/537.36"
20.151.221.234 - - [30/Jul/2026:15:48:47 +0000] "GET /bak.php HTTP/1.1" 404 12570 "-" "Mozilla/5.0 (Windows NT 10.0; Win64; x64) AppleWebKit/537.36 (KHTML, like Gecko) Chrome/120.0.0.0 Safari/537.36"
20.151.221.234 - - [30/Jul/2026:15:48:47 +0000] "GET /content.php HTTP/1.1" 404 12569 "-" "Mozilla/5.0 (Windows NT 10.0; Win64; x64) AppleWebKit/537.36 (KHTML, like Gecko) Chrome/120.0.0.0 Safari/537.36"
20.151.221.234 - - [30/Jul/2026:15:48:48 +0000] "GET /upfile.php HTTP/1.1" 404 12571 "-" "Mozilla/5.0 (Windows NT 10.0; Win64; x64) AppleWebKit/537.36 (KHTML, like Gecko) Chrome/120.0.0.0 Safari/537.36"
20.151.221.234 - - [30/Jul/2026:15:48:48 +0000] "GET /bypass.php HTTP/1.1" 403 5168 "-" "Mozilla/5.0 (Windows NT 10.0; Win64; x64) AppleWebKit/537.36 (KHTML, like Gecko) Chrome/120.0.0.0 Safari/537.36"
20.151.221.234 - - [30/Jul/2026:15:48:48 +0000] "GET /updates.php HTTP/1.1" 404 12572 "-" "Mozilla/5.0 (Windows NT 10.0; Win64; x64) AppleWebKit/537.36 (KHTML, like Gecko) Chrome/120.0.0.0 Safari/537.36"
20.151.221.234 - - [30/Jul/2026:15:48:49 +0000] "GET /xmrlpc.php HTTP/1.1" 404 12571 "-" "Mozilla/5.0 (Windows NT 10.0; Win64; x64) AppleWebKit/537.36 (KHTML, like Gecko) Chrome/120.0.0.0 Safari/537.36"
20.151.221.234 - - [30/Jul/2026:15:48:49 +0000] "GET /ae.php HTTP/1.1" 404 12569 "-" "Mozilla/5.0 (Windows NT 10.0; Win64; x64) AppleWebKit/537.36 (KHTML, like Gecko) Chrome/120.0.0.0 Safari/537.36"
20.151.221.234 - - [30/Jul/2026:15:48:50 +0000] "GET /moon.php HTTP/1.1" 403 5168 "-" "Mozilla/5.0 (Windows NT 10.0; Win64; x64) AppleWebKit/537.36 (KHTML, like Gecko) Chrome/120.0.0.0 Safari/537.36"
20.151.221.234 - - [30/Jul/2026:15:48:50 +0000] "GET /blog.php HTTP/1.1" 404 12570 "-" "Mozilla/5.0 (Windows NT 10.0; Win64; x64) AppleWebKit/537.36 (KHTML, like Gecko) Chrome/120.0.0.0 Safari/537.36"
20.151.221.234 - - [30/Jul/2026:15:48:50 +0000] "GET /ini.php HTTP/1.1" 404 12569 "-" "Mozilla/5.0 (Windows NT 10.0; Win64; x64) AppleWebKit/537.36 (KHTML, like Gecko) Chrome/120.0.0.0 Safari/537.36"
20.151.221.234 - - [30/Jul/2026:15:48:51 +0000] "GET /admin-ajax.php HTTP/1.1" 404 12574 "-" "Mozilla/5.0 (Windows NT 10.0; Win64; x64) AppleWebKit/537.36 (KHTML, like Gecko) Chrome/120.0.0.0 Safari/537.36"
20.151.221.234 - - [30/Jul/2026:15:48:51 +0000] "GET /akc.php HTTP/1.1" 404 12569 "-" "Mozilla/5.0 (Windows NT 10.0; Win64; x64) AppleWebKit/537.36 (KHTML, like Gecko) Chrome/120.0.0.0 Safari/537.36"
20.151.221.234 - - [30/Jul/2026:15:48:52 +0000] "GET /akcc.php HTTP/1.1" 404 12570 "-" "Mozilla/5.0 (Windows NT 10.0; Win64; x64) AppleWebKit/537.36 (KHTML, like Gecko) Chrome/120.0.0.0 Safari/537.36"
20.151.221.234 - - [30/Jul/2026:15:48:52 +0000] "GET /asasx.php HTTP/1.1" 404 12571 "-" "Mozilla/5.0 (Windows NT 10.0; Win64; x64) AppleWebKit/537.36 (KHTML, like Gecko) Chrome/120.0.0.0 Safari/537.36"
20.151.221.234 - - [30/Jul/2026:15:48:53 +0000] "GET /axx.php HTTP/1.1" 404 12570 "-" "Mozilla/5.0 (Windows NT 10.0; Win64; x64) AppleWebKit/537.36 (KHTML, like Gecko) Chrome/120.0.0.0 Safari/537.36"
74.7.241.26 - - [30/Jul/2026:15:48:53 +0000] "GET /admin.php?dir=CwusrCwshareCwdocCwperl-Unicode-Collate&edit=Changes HTTP/1.1" 200 11494 "https://hondasaudi.com/admin.php?dir=CwusrCwshareCwdocCwperl-Unicode-Collate" "Mozilla/5.0 AppleWebKit/537.36 (KHTML, like Gecko; compatible; GPTBot/1.4; +https://openai.com/gptbot)"
20.151.221.234 - - [30/Jul/2026:15:48:53 +0000] "GET /berax.php HTTP/1.1" 404 12571 "-" "Mozilla/5.0 (Windows NT 10.0; Win64; x64) AppleWebKit/537.36 (KHTML, like Gecko) Chrome/120.0.0.0 Safari/537.36"
20.151.221.234 - - [30/Jul/2026:15:48:54 +0000] "GET /build.php HTTP/1.1" 404 12571 "-" "Mozilla/5.0 (Windows NT 10.0; Win64; x64) AppleWebKit/537.36 (KHTML, like Gecko) Chrome/120.0.0.0 Safari/537.36"
20.151.221.234 - - [30/Jul/2026:15:48:54 +0000] "GET /buy.php HTTP/1.1" 404 12570 "-" "Mozilla/5.0 (Windows NT 10.0; Win64; x64) AppleWebKit/537.36 (KHTML, like Gecko) Chrome/120.0.0.0 Safari/537.36"
20.151.221.234 - - [30/Jul/2026:15:48:55 +0000] "GET /checkbox.php HTTP/1.1" 404 12573 "-" "Mozilla/5.0 (Windows NT 10.0; Win64; x64) AppleWebKit/537.36 (KHTML, like Gecko) Chrome/120.0.0.0 Safari/537.36"
20.151.221.234 - - [30/Jul/2026:15:48:55 +0000] "GET /cong.php HTTP/1.1" 404 12570 "-" "Mozilla/5.0 (Windows NT 10.0; Win64; x64) AppleWebKit/537.36 (KHTML, like Gecko) Chrome/120.0.0.0 Safari/537.36"
20.151.221.234 - - [30/Jul/2026:15:48:56 +0000] "GET /file4.php HTTP/1.1" 404 12571 "-" "Mozilla/5.0 (Windows NT 10.0; Win64; x64) AppleWebKit/537.36 (KHTML, like Gecko) Chrome/120.0.0.0 Safari/537.36"
20.151.221.234 - - [30/Jul/2026:15:48:56 +0000] "GET /flower.php HTTP/1.1" 403 5168 "-" "Mozilla/5.0 (Windows NT 10.0; Win64; x64) AppleWebKit/537.36 (KHTML, like Gecko) Chrome/120.0.0.0 Safari/537.36"
20.151.221.234 - - [30/Jul/2026:15:48:57 +0000] "GET /form.php HTTP/1.1" 404 12570 "-" "Mozilla/5.0 (Windows NT 10.0; Win64; x64) AppleWebKit/537.36 (KHTML, like Gecko) Chrome/120.0.0.0 Safari/537.36"
20.151.221.234 - - [30/Jul/2026:15:48:57 +0000] "GET /gecko.php HTTP/1.1" 403 5168 "-" "Mozilla/5.0 (Windows NT 10.0; Win64; x64) AppleWebKit/537.36 (KHTML, like Gecko) Chrome/120.0.0.0 Safari/537.36"
20.151.221.234 - - [30/Jul/2026:15:48:57 +0000] "GET /kyami.php HTTP/1.1" 404 12572 "-" "Mozilla/5.0 (Windows NT 10.0; Win64; x64) AppleWebKit/537.36 (KHTML, like Gecko) Chrome/120.0.0.0 Safari/537.36"
20.151.221.234 - - [30/Jul/2026:15:48:58 +0000] "GET /manager.php HTTP/1.1" 404 12570 "-" "Mozilla/5.0 (Windows NT 10.0; Win64; x64) AppleWebKit/537.36 (KHTML, like Gecko) Chrome/120.0.0.0 Safari/537.36"
20.151.221.234 - - [30/Jul/2026:15:48:58 +0000] "GET /mari.php HTTP/1.1" 404 12571 "-" "Mozilla/5.0 (Windows NT 10.0; Win64; x64) AppleWebKit/537.36 (KHTML, like Gecko) Chrome/120.0.0.0 Safari/537.36"
20.151.221.234 - - [30/Jul/2026:15:48:59 +0000] "GET /nc4.php HTTP/1.1" 404 12570 "-" "Mozilla/5.0 (Windows NT 10.0; Win64; x64) AppleWebKit/537.36 (KHTML, like Gecko) Chrome/120.0.0.0 Safari/537.36"
20.151.221.234 - - [30/Jul/2026:15:48:59 +0000] "GET /cgi-bin/ HTTP/1.1" 404 12571 "-" "Mozilla/5.0 (Windows NT 10.0; Win64; x64) AppleWebKit/537.36 (KHTML, like Gecko) Chrome/120.0.0.0 Safari/537.36"
74.7.241.26 - - [30/Jul/2026:15:49:56 +0000] "GET /admin.php?dir=CwhomeCwbalubaidCwweb3FwautozoneFwcomFwsaCwwp-includesCwjsCwdist&view=escape-html.min.js HTTP/1.1" 200 632 "https://hondasaudi.com/admin.php?dir=CwhomeCwbalubaidCwweb3FwautozoneFwcomFwsaCwwp-includesCwjsCwdist" "Mozilla/5.0 AppleWebKit/537.36 (KHTML, like Gecko; compatible; GPTBot/1.4; +https://openai.com/gptbot)"
185.61.152.2 - - [30/Jul/2026:15:50:29 +0000] "POST /service_request/lead_gen_forms/autozone/ HTTP/1.1" 200 231 "-" "-"
172.105.42.26 - - [30/Jul/2026:15:50:47 +0000] "POST /wp-cron.php?doing_wp_cron=1785426646.9986679553985595703125 HTTP/1.1" 200 20 "-" "WordPress/7.0.2; https://hondasaudi.com"
156.215.195.56 - - [30/Jul/2026:15:50:46 +0000] "GET /apple-touch-icon-precomposed.png HTTP/1.1" 404 12581 "-" "NetworkingExtension/8621.5.1.10.7 Network/4277.140.33.700.1 iOS/18.7.2"
156.215.195.56 - - [30/Jul/2026:15:50:46 +0000] "GET /apple-touch-icon.png HTTP/1.1" 404 12574 "-" "NetworkingExtension/8621.5.1.10.7 Network/4277.140.33.700.1 iOS/18.7.2"
156.215.195.56 - - [30/Jul/2026:15:50:46 +0000] "GET /favicon.ico HTTP/1.1" 302 20 "-" "NetworkingExtension/8621.5.1.10.7 Network/4277.140.33.700.1 iOS/18.7.2"
156.215.195.56 - - [30/Jul/2026:15:50:46 +0000] "GET /focused-cars/?utm_source=GoogleAds&utm_medium=Paid_Traffic&utm_campaign=GSN_HS_2021&utm_id=GSN-0012-003&gad_source=1&gad_campaignid=15485647876&gbraid=0AAAAAoT5x1j2l6VC0UD3eXjkMlYZBusOX HTTP/1.1" 200 18968 "-" "Mozilla/5.0 (Macintosh; Intel Mac OS X 10_11_1) AppleWebKit/601.2.4 (KHTML, like Gecko) Version/9.0.1 Safari/601.2.4 facebookexternalhit/1.1 Facebot Twitterbot/1.0"
156.215.195.56 - - [30/Jul/2026:15:50:47 +0000] "GET /wp-content/uploads/2026/04/ZR-V-2-768x1024.png HTTP/1.1" 200 1092628 "-" "NetworkingExtension/8621.5.1.10.7 Network/4277.140.33.700.1 iOS/18.7.2"
74.7.241.26 - - [30/Jul/2026:15:50:59 +0000] "GET /admin.php?dir=CwhomeCwbalubaidCwweb2FwautozoneFwcomFwsaCwwp-includesCwjsCwdist&view=escape-html.min.js HTTP/1.1" 200 632 "https://hondasaudi.com/admin.php?dir=CwhomeCwbalubaidCwweb2FwautozoneFwcomFwsaCwwp-includesCwjsCwdist" "Mozilla/5.0 AppleWebKit/537.36 (KHTML, like Gecko; compatible; GPTBot/1.4; +https://openai.com/gptbot)"
74.7.241.26 - - [30/Jul/2026:15:51:41 +0000] "GET /admin.php?dir=CwhomeCwbalubaidCwweb1FwautozoneFwcomFwsaCwwp-includesCwjsCwdist&view=escape-html.min.js HTTP/1.1" 200 632 "https://hondasaudi.com/admin.php?dir=CwhomeCwbalubaidCwweb1FwautozoneFwcomFwsaCwwp-includesCwjsCwdist" "Mozilla/5.0 AppleWebKit/537.36 (KHTML, like Gecko; compatible; GPTBot/1.4; +https://openai.com/gptbot)"
74.7.241.26 - - [30/Jul/2026:15:52:03 +0000] "GET /admin.php?dir=CwhomeCwbalubaidCwweb4FwautozoneFwcomFwsaCwwp-includesCwjsCwdist&view=escape-html.min.js HTTP/1.1" 200 632 "https://hondasaudi.com/admin.php?dir=CwhomeCwbalubaidCwweb4FwautozoneFwcomFwsaCwwp-includesCwjsCwdist" "Mozilla/5.0 AppleWebKit/537.36 (KHTML, like Gecko; compatible; GPTBot/1.4; +https://openai.com/gptbot)"
74.7.241.26 - - [30/Jul/2026:15:52:23 +0000] "GET /admin.php?dir=CwhomeCwbalubaidCwweb1FwautozoneFwcomFwsaCwwp-contentCwuploadsCwelementorCwcss HTTP/1.1" 200 4483 "https://hondasaudi.com/admin.php?dir=CwhomeCwbalubaidCwweb1FwautozoneFwcomFwsaCwwp-contentCwuploadsCwelementor" "Mozilla/5.0 AppleWebKit/537.36 (KHTML, like Gecko; compatible; GPTBot/1.4; +https://openai.com/gptbot)"
172.105.42.26 - - [30/Jul/2026:15:53:05 +0000] "POST /wp-cron.php?doing_wp_cron=1785426785.0267748832702636718750 HTTP/1.1" 200 20 "-" "WordPress/7.0.2; https://hondasaudi.com"
74.7.241.26 - - [30/Jul/2026:15:53:04 +0000] "GET /admin.php?dir=CwhomeCwbalubaidCwweb2FwautozoneFwcomFwsaCwwp-contentCwuploadsCwelementorCwcss HTTP/1.1" 200 7464 "https://hondasaudi.com/admin.php?dir=CwhomeCwbalubaidCwweb2FwautozoneFwcomFwsaCwwp-contentCwuploadsCwelementor" "Mozilla/5.0 AppleWebKit/537.36 (KHTML, like Gecko; compatible; GPTBot/1.4; +https://openai.com/gptbot)"
172.105.42.26 - - [30/Jul/2026:15:53:45 +0000] "POST /wp-cron.php?doing_wp_cron=1785426825.6403920650482177734375 HTTP/1.1" 200 20 "-" "WordPress/7.0.2; https://hondasaudi.com"
78.47.173.76 - - [30/Jul/2026:15:53:47 +0000] "HEAD / HTTP/1.1" 200 - "https://hondasaudi.com" "Mozilla/5.0+(compatible; UptimeRobot/2.0; http://www.uptimerobot.com/)"
74.7.241.26 - - [30/Jul/2026:15:53:47 +0000] "GET /admin.php?dir=CwprocCw576352CwtaskCw576363&view=loginuid HTTP/1.1" 200 5371 "https://hondasaudi.com/admin.php?dir=CwprocCw576352CwtaskCw576363" "Mozilla/5.0 AppleWebKit/537.36 (KHTML, like Gecko; compatible; GPTBot/1.4; +https://openai.com/gptbot)"
