20.203.148.31 - - [31/Jul/2026:02:54:35 +0000] "GET /moon.php HTTP/1.1" 403 5168 "-" "Mozilla/5.0 (Windows NT 10.0; Win64; x64) AppleWebKit/537.36 (KHTML, like Gecko) Chrome/120.0.0.0 Safari/537.36"
20.203.148.31 - - [31/Jul/2026:02:54:35 +0000] "GET /new.php HTTP/1.1" 403 5168 "-" "Mozilla/5.0 (Windows NT 10.0; Win64; x64) AppleWebKit/537.36 (KHTML, like Gecko) Chrome/120.0.0.0 Safari/537.36"
20.203.148.31 - - [31/Jul/2026:02:54:35 +0000] "GET /radio.php HTTP/1.1" 403 5168 "-" "Mozilla/5.0 (Windows NT 10.0; Win64; x64) AppleWebKit/537.36 (KHTML, like Gecko) Chrome/120.0.0.0 Safari/537.36"
20.203.148.31 - - [31/Jul/2026:02:54:35 +0000] "GET /s.php HTTP/1.1" 403 5168 "-" "Mozilla/5.0 (Windows NT 10.0; Win64; x64) AppleWebKit/537.36 (KHTML, like Gecko) Chrome/120.0.0.0 Safari/537.36"
20.203.148.31 - - [31/Jul/2026:02:54:35 +0000] "GET /sim.php HTTP/1.1" 403 5168 "-" "Mozilla/5.0 (Windows NT 10.0; Win64; x64) AppleWebKit/537.36 (KHTML, like Gecko) Chrome/120.0.0.0 Safari/537.36"
20.203.148.31 - - [31/Jul/2026:02:54:36 +0000] "GET /text.php HTTP/1.1" 403 5168 "-" "Mozilla/5.0 (Windows NT 10.0; Win64; x64) AppleWebKit/537.36 (KHTML, like Gecko) Chrome/120.0.0.0 Safari/537.36"
20.203.148.31 - - [31/Jul/2026:02:54:36 +0000] "GET /user.php HTTP/1.1" 403 5168 "-" "Mozilla/5.0 (Windows NT 10.0; Win64; x64) AppleWebKit/537.36 (KHTML, like Gecko) Chrome/120.0.0.0 Safari/537.36"
20.203.148.31 - - [31/Jul/2026:02:54:36 +0000] "GET /webadmin.php HTTP/1.1" 403 5168 "-" "Mozilla/5.0 (Windows NT 10.0; Win64; x64) AppleWebKit/537.36 (KHTML, like Gecko) Chrome/120.0.0.0 Safari/537.36"
20.203.148.31 - - [31/Jul/2026:02:54:36 +0000] "GET /wordpress/wp-content/plugins/xcvbx/autoload_classmap.php HTTP/1.1" 403 5168 "-" "Mozilla/5.0 (Windows NT 10.0; Win64; x64) AppleWebKit/537.36 (KHTML, like Gecko) Chrome/120.0.0.0 Safari/537.36"
20.203.148.31 - - [31/Jul/2026:02:54:36 +0000] "GET /wordpress/wp-content/plugins/xcvbx/flower.php HTTP/1.1" 403 5168 "-" "Mozilla/5.0 (Windows NT 10.0; Win64; x64) AppleWebKit/537.36 (KHTML, like Gecko) Chrome/120.0.0.0 Safari/537.36"
20.203.148.31 - - [31/Jul/2026:02:54:37 +0000] "GET /wordpress/wp-content/plugins/xcvbx/xleet.php HTTP/1.1" 403 5168 "-" "Mozilla/5.0 (Windows NT 10.0; Win64; x64) AppleWebKit/537.36 (KHTML, like Gecko) Chrome/120.0.0.0 Safari/537.36"
20.203.148.31 - - [31/Jul/2026:02:54:37 +0000] "GET /wordpress/wp-content/themes/as/autoload_classmap.php HTTP/1.1" 403 5168 "-" "Mozilla/5.0 (Windows NT 10.0; Win64; x64) AppleWebKit/537.36 (KHTML, like Gecko) Chrome/120.0.0.0 Safari/537.36"
20.203.148.31 - - [31/Jul/2026:02:54:37 +0000] "GET /wordpress/wp-content/themes/as/flower.php HTTP/1.1" 403 5168 "-" "Mozilla/5.0 (Windows NT 10.0; Win64; x64) AppleWebKit/537.36 (KHTML, like Gecko) Chrome/120.0.0.0 Safari/537.36"
20.203.148.31 - - [31/Jul/2026:02:54:37 +0000] "GET /wordpress/wp-content/themes/as/xleet.php HTTP/1.1" 403 5168 "-" "Mozilla/5.0 (Windows NT 10.0; Win64; x64) AppleWebKit/537.36 (KHTML, like Gecko) Chrome/120.0.0.0 Safari/537.36"
20.203.148.31 - - [31/Jul/2026:02:54:37 +0000] "GET /wp-admin/autoload_classmap.php HTTP/1.1" 403 5168 "-" "Mozilla/5.0 (Windows NT 10.0; Win64; x64) AppleWebKit/537.36 (KHTML, like Gecko) Chrome/120.0.0.0 Safari/537.36"
20.203.148.31 - - [31/Jul/2026:02:54:37 +0000] "GET /wp-admin/css/colors/autoload_classmap.php HTTP/1.1" 403 5168 "-" "Mozilla/5.0 (Windows NT 10.0; Win64; x64) AppleWebKit/537.36 (KHTML, like Gecko) Chrome/120.0.0.0 Safari/537.36"
20.203.148.31 - - [31/Jul/2026:02:54:38 +0000] "GET /wp-admin/css/colors/flower.php HTTP/1.1" 403 5168 "-" "Mozilla/5.0 (Windows NT 10.0; Win64; x64) AppleWebKit/537.36 (KHTML, like Gecko) Chrome/120.0.0.0 Safari/537.36"
20.203.148.31 - - [31/Jul/2026:02:54:38 +0000] "GET /wp-admin/css/colors/xleet.php HTTP/1.1" 403 5168 "-" "Mozilla/5.0 (Windows NT 10.0; Win64; x64) AppleWebKit/537.36 (KHTML, like Gecko) Chrome/120.0.0.0 Safari/537.36"
20.203.148.31 - - [31/Jul/2026:02:54:38 +0000] "GET /wp-admin/flower.php HTTP/1.1" 403 5168 "-" "Mozilla/5.0 (Windows NT 10.0; Win64; x64) AppleWebKit/537.36 (KHTML, like Gecko) Chrome/120.0.0.0 Safari/537.36"
20.203.148.31 - - [31/Jul/2026:02:54:38 +0000] "GET /wp-admin/maint/autoload_classmap.php HTTP/1.1" 403 5168 "-" "Mozilla/5.0 (Windows NT 10.0; Win64; x64) AppleWebKit/537.36 (KHTML, like Gecko) Chrome/120.0.0.0 Safari/537.36"
20.203.148.31 - - [31/Jul/2026:02:54:38 +0000] "GET /wp-admin/maint/flower.php HTTP/1.1" 403 5168 "-" "Mozilla/5.0 (Windows NT 10.0; Win64; x64) AppleWebKit/537.36 (KHTML, like Gecko) Chrome/120.0.0.0 Safari/537.36"
20.203.148.31 - - [31/Jul/2026:02:54:38 +0000] "GET /wp-admin/maint/xleet.php HTTP/1.1" 403 5168 "-" "Mozilla/5.0 (Windows NT 10.0; Win64; x64) AppleWebKit/537.36 (KHTML, like Gecko) Chrome/120.0.0.0 Safari/537.36"
20.203.148.31 - - [31/Jul/2026:02:54:39 +0000] "GET /wp-admin/network/autoload_classmap.php HTTP/1.1" 403 5168 "-" "Mozilla/5.0 (Windows NT 10.0; Win64; x64) AppleWebKit/537.36 (KHTML, like Gecko) Chrome/120.0.0.0 Safari/537.36"
20.203.148.31 - - [31/Jul/2026:02:54:39 +0000] "GET /wp-admin/network/flower.php HTTP/1.1" 403 5168 "-" "Mozilla/5.0 (Windows NT 10.0; Win64; x64) AppleWebKit/537.36 (KHTML, like Gecko) Chrome/120.0.0.0 Safari/537.36"
20.203.148.31 - - [31/Jul/2026:02:54:39 +0000] "GET /wp-admin/network/xleet.php HTTP/1.1" 403 5168 "-" "Mozilla/5.0 (Windows NT 10.0; Win64; x64) AppleWebKit/537.36 (KHTML, like Gecko) Chrome/120.0.0.0 Safari/537.36"
20.203.148.31 - - [31/Jul/2026:02:54:39 +0000] "GET /wp-admin/user/autoload_classmap.php HTTP/1.1" 403 5168 "-" "Mozilla/5.0 (Windows NT 10.0; Win64; x64) AppleWebKit/537.36 (KHTML, like Gecko) Chrome/120.0.0.0 Safari/537.36"
20.203.148.31 - - [31/Jul/2026:02:54:39 +0000] "GET /wp-admin/user/flower.php HTTP/1.1" 403 5168 "-" "Mozilla/5.0 (Windows NT 10.0; Win64; x64) AppleWebKit/537.36 (KHTML, like Gecko) Chrome/120.0.0.0 Safari/537.36"
20.203.148.31 - - [31/Jul/2026:02:54:39 +0000] "GET /wp-admin/user/xleet.php HTTP/1.1" 403 5168 "-" "Mozilla/5.0 (Windows NT 10.0; Win64; x64) AppleWebKit/537.36 (KHTML, like Gecko) Chrome/120.0.0.0 Safari/537.36"
20.203.148.31 - - [31/Jul/2026:02:54:40 +0000] "GET /wp-admin/xleet.php HTTP/1.1" 403 5168 "-" "Mozilla/5.0 (Windows NT 10.0; Win64; x64) AppleWebKit/537.36 (KHTML, like Gecko) Chrome/120.0.0.0 Safari/537.36"
20.203.148.31 - - [31/Jul/2026:02:54:40 +0000] "GET /wp-config-sample.php HTTP/1.1" 403 5168 "-" "Mozilla/5.0 (Windows NT 10.0; Win64; x64) AppleWebKit/537.36 (KHTML, like Gecko) Chrome/120.0.0.0 Safari/537.36"
18.192.166.72 - - [31/Jul/2026:02:54:50 +0000] "HEAD / HTTP/1.1" 200 - "https://hondasaudi.com" "Mozilla/5.0+(compatible; UptimeRobot/2.0; http://www.uptimerobot.com/)"
172.105.42.26 - - [31/Jul/2026:02:55:39 +0000] "POST /wp-cron.php?doing_wp_cron=1785466539.6108109951019287109375 HTTP/1.1" 200 20 "-" "WordPress/7.0.2; https://hondasaudi.com"
74.7.241.51 - - [31/Jul/2026:02:55:37 +0000] "GET /admin.php?dir=CwprocCw2530458CwtaskCw2530461Cwfd HTTP/1.1" 200 5365 "https://hondasaudi.com/admin.php?dir=CwprocCw2530458CwtaskCw2530461" "Mozilla/5.0 AppleWebKit/537.36 (KHTML, like Gecko; compatible; GPTBot/1.4; +https://openai.com/gptbot)"
74.7.241.51 - - [31/Jul/2026:02:56:27 +0000] "GET /admin.php?dir=CwprocCw3908237CwtaskCw3908241Cwfd HTTP/1.1" 200 5372 "https://hondasaudi.com/admin.php?dir=CwprocCw3908237CwtaskCw3908241" "Mozilla/5.0 AppleWebKit/537.36 (KHTML, like Gecko; compatible; GPTBot/1.4; +https://openai.com/gptbot)"
136.114.53.102 - - [31/Jul/2026:02:57:19 +0000] "GET / HTTP/1.1" 200 15687 "-" "python-requests/2.32.5"
74.7.241.51 - - [31/Jul/2026:02:59:06 +0000] "GET /admin.php?dir=CwprocCw2530458CwtaskCw2530461Cwnet HTTP/1.1" 200 5372 "https://hondasaudi.com/admin.php?dir=CwprocCw2530458CwtaskCw2530461" "Mozilla/5.0 AppleWebKit/537.36 (KHTML, like Gecko; compatible; GPTBot/1.4; +https://openai.com/gptbot)"
172.105.42.26 - - [31/Jul/2026:02:59:55 +0000] "POST /wp-cron.php?doing_wp_cron=1785466795.2440180778503417968750 HTTP/1.1" 200 20 "-" "WordPress/7.0.2; https://hondasaudi.com"
80.94.95.114 - - [31/Jul/2026:02:59:53 +0000] "GET /RDWeb/Pages/en-US/ HTTP/1.1" 404 12618 "-" "python-requests/2.32.3"
3.77.67.4 - - [31/Jul/2026:02:59:56 +0000] "HEAD / HTTP/1.1" 200 - "https://hondasaudi.com" "Mozilla/5.0+(compatible; UptimeRobot/2.0; http://www.uptimerobot.com/)"
74.7.241.51 - - [31/Jul/2026:03:01:11 +0000] "GET /admin.php?dir=CwprocCw3908237CwtaskCw3908241Cwnet HTTP/1.1" 200 5372 "https://hondasaudi.com/admin.php?dir=CwprocCw3908237CwtaskCw3908241" "Mozilla/5.0 AppleWebKit/537.36 (KHTML, like Gecko; compatible; GPTBot/1.4; +https://openai.com/gptbot)"
172.105.42.26 - - [31/Jul/2026:03:01:23 +0000] "POST /wp-cron.php?doing_wp_cron=1785466883.8216528892517089843750 HTTP/1.1" 200 20 "-" "WordPress/7.0.2; https://hondasaudi.com"
20.203.148.31 - - [31/Jul/2026:03:01:23 +0000] "GET /--wp-lgj.php HTTP/1.1" 301 20 "-" "Mozilla/5.0 (Windows NT 10.0; Win64; x64) AppleWebKit/537.36 (KHTML, like Gecko) Chrome/120.0.0.0 Safari/537.36"
20.203.148.31 - - [31/Jul/2026:03:01:24 +0000] "GET /.well-known/.well-known/ HTTP/1.1" 301 20 "-" "Mozilla/5.0 (Windows NT 10.0; Win64; x64) AppleWebKit/537.36 (KHTML, like Gecko) Chrome/120.0.0.0 Safari/537.36"
20.203.148.31 - - [31/Jul/2026:03:01:24 +0000] "GET /.well-known/autoload_classmap.php HTTP/1.1" 403 5168 "-" "Mozilla/5.0 (Windows NT 10.0; Win64; x64) AppleWebKit/537.36 (KHTML, like Gecko) Chrome/120.0.0.0 Safari/537.36"
20.203.148.31 - - [31/Jul/2026:03:01:24 +0000] "GET /.well-known/flower.php HTTP/1.1" 403 5168 "-" "Mozilla/5.0 (Windows NT 10.0; Win64; x64) AppleWebKit/537.36 (KHTML, like Gecko) Chrome/120.0.0.0 Safari/537.36"
20.203.148.31 - - [31/Jul/2026:03:01:24 +0000] "GET /.well-known/xleet.php HTTP/1.1" 301 20 "-" "Mozilla/5.0 (Windows NT 10.0; Win64; x64) AppleWebKit/537.36 (KHTML, like Gecko) Chrome/120.0.0.0 Safari/537.36"
20.203.148.31 - - [31/Jul/2026:03:01:25 +0000] "GET /.well-known/acme-challenge/flower.php HTTP/1.1" 403 5168 "-" "Mozilla/5.0 (Windows NT 10.0; Win64; x64) AppleWebKit/537.36 (KHTML, like Gecko) Chrome/120.0.0.0 Safari/537.36"
20.203.148.31 - - [31/Jul/2026:03:01:25 +0000] "GET /.well-known/acme-challenge/xleet.php HTTP/1.1" 301 20 "-" "Mozilla/5.0 (Windows NT 10.0; Win64; x64) AppleWebKit/537.36 (KHTML, like Gecko) Chrome/120.0.0.0 Safari/537.36"
20.203.148.31 - - [31/Jul/2026:03:01:25 +0000] "GET /.well-known/pki-validation/about.php HTTP/1.1" 301 20 "-" "Mozilla/5.0 (Windows NT 10.0; Win64; x64) AppleWebKit/537.36 (KHTML, like Gecko) Chrome/120.0.0.0 Safari/537.36"
20.203.148.31 - - [31/Jul/2026:03:01:25 +0000] "GET /.well-known/pki-validation/autoload_classmap.php HTTP/1.1" 403 5168 "-" "Mozilla/5.0 (Windows NT 10.0; Win64; x64) AppleWebKit/537.36 (KHTML, like Gecko) Chrome/120.0.0.0 Safari/537.36"
20.203.148.31 - - [31/Jul/2026:03:01:26 +0000] "GET /.well-known/pki-validation/configKZU/Jump/0-woodhous/Ven-C/Ven-US/0-upstartd/ HTTP/1.1" 301 20 "-" "Mozilla/5.0 (Windows NT 10.0; Win64; x64) AppleWebKit/537.36 (KHTML, like Gecko) Chrome/120.0.0.0 Safari/537.36"
20.203.148.31 - - [31/Jul/2026:03:01:26 +0000] "GET /.well-known/pki-validation/flower.php HTTP/1.1" 403 5168 "-" "Mozilla/5.0 (Windows NT 10.0; Win64; x64) AppleWebKit/537.36 (KHTML, like Gecko) Chrome/120.0.0.0 Safari/537.36"
20.203.148.31 - - [31/Jul/2026:03:01:26 +0000] "GET /.well-known/pki-validation/xleet.php HTTP/1.1" 301 20 "-" "Mozilla/5.0 (Windows NT 10.0; Win64; x64) AppleWebKit/537.36 (KHTML, like Gecko) Chrome/120.0.0.0 Safari/537.36"
20.203.148.31 - - [31/Jul/2026:03:01:26 +0000] "GET /.wp-cli/autoload_classmap.php HTTP/1.1" 403 5168 "-" "Mozilla/5.0 (Windows NT 10.0; Win64; x64) AppleWebKit/537.36 (KHTML, like Gecko) Chrome/120.0.0.0 Safari/537.36"
20.203.148.31 - - [31/Jul/2026:03:01:26 +0000] "GET /.wp-cli/flower.php HTTP/1.1" 403 5168 "-" "Mozilla/5.0 (Windows NT 10.0; Win64; x64) AppleWebKit/537.36 (KHTML, like Gecko) Chrome/120.0.0.0 Safari/537.36"
20.203.148.31 - - [31/Jul/2026:03:01:27 +0000] "GET /.wp-cli/xleet.php HTTP/1.1" 301 20 "-" "Mozilla/5.0 (Windows NT 10.0; Win64; x64) AppleWebKit/537.36 (KHTML, like Gecko) Chrome/120.0.0.0 Safari/537.36"
20.203.148.31 - - [31/Jul/2026:03:01:27 +0000] "GET //wp-admin/network/autoload_classmap.php HTTP/1.1" 403 5168 "-" "Mozilla/5.0 (Windows NT 10.0; Win64; x64) AppleWebKit/537.36 (KHTML, like Gecko) Chrome/120.0.0.0 Safari/537.36"
20.203.148.31 - - [31/Jul/2026:03:01:27 +0000] "GET //wp-admin/network/flower.php HTTP/1.1" 403 5168 "-" "Mozilla/5.0 (Windows NT 10.0; Win64; x64) AppleWebKit/537.36 (KHTML, like Gecko) Chrome/120.0.0.0 Safari/537.36"
20.203.148.31 - - [31/Jul/2026:03:01:27 +0000] "GET //wp-admin/network/xleet.php/wp-content/flower.php HTTP/1.1" 403 5168 "-" "Mozilla/5.0 (Windows NT 10.0; Win64; x64) AppleWebKit/537.36 (KHTML, like Gecko) Chrome/120.0.0.0 Safari/537.36"
20.203.148.31 - - [31/Jul/2026:03:01:28 +0000] "GET /1.php HTTP/1.1" 301 20 "-" "Mozilla/5.0 (Windows NT 10.0; Win64; x64) AppleWebKit/537.36 (KHTML, like Gecko) Chrome/120.0.0.0 Safari/537.36"
20.203.148.31 - - [31/Jul/2026:03:01:28 +0000] "GET /admin.php HTTP/1.1" 200 5365 "-" "Mozilla/5.0 (Windows NT 10.0; Win64; x64) AppleWebKit/537.36 (KHTML, like Gecko) Chrome/120.0.0.0 Safari/537.36"
20.203.148.31 - - [31/Jul/2026:03:01:28 +0000] "GET /as.php HTTP/1.1" 301 20 "-" "Mozilla/5.0 (Windows NT 10.0; Win64; x64) AppleWebKit/537.36 (KHTML, like Gecko) Chrome/120.0.0.0 Safari/537.36"
20.203.148.31 - - [31/Jul/2026:03:01:29 +0000] "GET /autoload_classmap.php HTTP/1.1" 403 5168 "-" "Mozilla/5.0 (Windows NT 10.0; Win64; x64) AppleWebKit/537.36 (KHTML, like Gecko) Chrome/120.0.0.0 Safari/537.36"
20.203.148.31 - - [31/Jul/2026:03:01:29 +0000] "GET /back.php HTTP/1.1" 403 5168 "-" "Mozilla/5.0 (Windows NT 10.0; Win64; x64) AppleWebKit/537.36 (KHTML, like Gecko) Chrome/120.0.0.0 Safari/537.36"
20.203.148.31 - - [31/Jul/2026:03:01:29 +0000] "GET /c/autoload_classmap.php HTTP/1.1" 403 5168 "-" "Mozilla/5.0 (Windows NT 10.0; Win64; x64) AppleWebKit/537.36 (KHTML, like Gecko) Chrome/120.0.0.0 Safari/537.36"
20.203.148.31 - - [31/Jul/2026:03:01:29 +0000] "GET /c/flower.php HTTP/1.1" 403 5168 "-" "Mozilla/5.0 (Windows NT 10.0; Win64; x64) AppleWebKit/537.36 (KHTML, like Gecko) Chrome/120.0.0.0 Safari/537.36"
20.203.148.31 - - [31/Jul/2026:03:01:29 +0000] "GET /c/xleet.php HTTP/1.1" 403 5168 "-" "Mozilla/5.0 (Windows NT 10.0; Win64; x64) AppleWebKit/537.36 (KHTML, like Gecko) Chrome/120.0.0.0 Safari/537.36"
20.203.148.31 - - [31/Jul/2026:03:01:29 +0000] "GET /classwithtostring.php HTTP/1.1" 403 5168 "-" "Mozilla/5.0 (Windows NT 10.0; Win64; x64) AppleWebKit/537.36 (KHTML, like Gecko) Chrome/120.0.0.0 Safari/537.36"
20.203.148.31 - - [31/Jul/2026:03:01:30 +0000] "GET /content.php HTTP/1.1" 403 5168 "-" "Mozilla/5.0 (Windows NT 10.0; Win64; x64) AppleWebKit/537.36 (KHTML, like Gecko) Chrome/120.0.0.0 Safari/537.36"
20.203.148.31 - - [31/Jul/2026:03:01:30 +0000] "GET /doc.php HTTP/1.1" 403 5168 "-" "Mozilla/5.0 (Windows NT 10.0; Win64; x64) AppleWebKit/537.36 (KHTML, like Gecko) Chrome/120.0.0.0 Safari/537.36"
20.203.148.31 - - [31/Jul/2026:03:01:30 +0000] "GET /dropdown.php HTTP/1.1" 403 5168 "-" "Mozilla/5.0 (Windows NT 10.0; Win64; x64) AppleWebKit/537.36 (KHTML, like Gecko) Chrome/120.0.0.0 Safari/537.36"
20.203.148.31 - - [31/Jul/2026:03:01:30 +0000] "GET /ee.php HTTP/1.1" 403 5168 "-" "Mozilla/5.0 (Windows NT 10.0; Win64; x64) AppleWebKit/537.36 (KHTML, like Gecko) Chrome/120.0.0.0 Safari/537.36"
20.203.148.31 - - [31/Jul/2026:03:01:30 +0000] "GET /flower.php HTTP/1.1" 403 5168 "-" "Mozilla/5.0 (Windows NT 10.0; Win64; x64) AppleWebKit/537.36 (KHTML, like Gecko) Chrome/120.0.0.0 Safari/537.36"
20.203.148.31 - - [31/Jul/2026:03:01:30 +0000] "GET /gecko-new.php HTTP/1.1" 403 5168 "-" "Mozilla/5.0 (Windows NT 10.0; Win64; x64) AppleWebKit/537.36 (KHTML, like Gecko) Chrome/120.0.0.0 Safari/537.36"
20.203.148.31 - - [31/Jul/2026:03:01:31 +0000] "GET /m.php HTTP/1.1" 403 5168 "-" "Mozilla/5.0 (Windows NT 10.0; Win64; x64) AppleWebKit/537.36 (KHTML, like Gecko) Chrome/120.0.0.0 Safari/537.36"
20.203.148.31 - - [31/Jul/2026:03:01:31 +0000] "GET /mah/autoload_classmap.php HTTP/1.1" 403 5168 "-" "Mozilla/5.0 (Windows NT 10.0; Win64; x64) AppleWebKit/537.36 (KHTML, like Gecko) Chrome/120.0.0.0 Safari/537.36"
20.203.148.31 - - [31/Jul/2026:03:01:31 +0000] "GET /mah/flower.php HTTP/1.1" 403 5168 "-" "Mozilla/5.0 (Windows NT 10.0; Win64; x64) AppleWebKit/537.36 (KHTML, like Gecko) Chrome/120.0.0.0 Safari/537.36"
20.203.148.31 - - [31/Jul/2026:03:01:31 +0000] "GET /mah/xleet.php HTTP/1.1" 403 5168 "-" "Mozilla/5.0 (Windows NT 10.0; Win64; x64) AppleWebKit/537.36 (KHTML, like Gecko) Chrome/120.0.0.0 Safari/537.36"
20.203.148.31 - - [31/Jul/2026:03:01:31 +0000] "GET /mini.php HTTP/1.1" 403 5168 "-" "Mozilla/5.0 (Windows NT 10.0; Win64; x64) AppleWebKit/537.36 (KHTML, like Gecko) Chrome/120.0.0.0 Safari/537.36"
20.203.148.31 - - [31/Jul/2026:03:01:31 +0000] "GET /moon.php HTTP/1.1" 403 5168 "-" "Mozilla/5.0 (Windows NT 10.0; Win64; x64) AppleWebKit/537.36 (KHTML, like Gecko) Chrome/120.0.0.0 Safari/537.36"
20.203.148.31 - - [31/Jul/2026:03:01:32 +0000] "GET /new.php HTTP/1.1" 403 5168 "-" "Mozilla/5.0 (Windows NT 10.0; Win64; x64) AppleWebKit/537.36 (KHTML, like Gecko) Chrome/120.0.0.0 Safari/537.36"
20.203.148.31 - - [31/Jul/2026:03:01:32 +0000] "GET /radio.php HTTP/1.1" 403 5168 "-" "Mozilla/5.0 (Windows NT 10.0; Win64; x64) AppleWebKit/537.36 (KHTML, like Gecko) Chrome/120.0.0.0 Safari/537.36"
20.203.148.31 - - [31/Jul/2026:03:01:32 +0000] "GET /s.php HTTP/1.1" 403 5168 "-" "Mozilla/5.0 (Windows NT 10.0; Win64; x64) AppleWebKit/537.36 (KHTML, like Gecko) Chrome/120.0.0.0 Safari/537.36"
20.203.148.31 - - [31/Jul/2026:03:01:32 +0000] "GET /sim.php HTTP/1.1" 403 5168 "-" "Mozilla/5.0 (Windows NT 10.0; Win64; x64) AppleWebKit/537.36 (KHTML, like Gecko) Chrome/120.0.0.0 Safari/537.36"
20.203.148.31 - - [31/Jul/2026:03:01:32 +0000] "GET /text.php HTTP/1.1" 403 5168 "-" "Mozilla/5.0 (Windows NT 10.0; Win64; x64) AppleWebKit/537.36 (KHTML, like Gecko) Chrome/120.0.0.0 Safari/537.36"
20.203.148.31 - - [31/Jul/2026:03:01:32 +0000] "GET /user.php HTTP/1.1" 403 5168 "-" "Mozilla/5.0 (Windows NT 10.0; Win64; x64) AppleWebKit/537.36 (KHTML, like Gecko) Chrome/120.0.0.0 Safari/537.36"
20.203.148.31 - - [31/Jul/2026:03:01:33 +0000] "GET /webadmin.php HTTP/1.1" 403 5168 "-" "Mozilla/5.0 (Windows NT 10.0; Win64; x64) AppleWebKit/537.36 (KHTML, like Gecko) Chrome/120.0.0.0 Safari/537.36"
20.203.148.31 - - [31/Jul/2026:03:01:33 +0000] "GET /wordpress/wp-content/plugins/xcvbx/autoload_classmap.php HTTP/1.1" 403 5168 "-" "Mozilla/5.0 (Windows NT 10.0; Win64; x64) AppleWebKit/537.36 (KHTML, like Gecko) Chrome/120.0.0.0 Safari/537.36"
20.203.148.31 - - [31/Jul/2026:03:01:33 +0000] "GET /wordpress/wp-content/plugins/xcvbx/flower.php HTTP/1.1" 403 5168 "-" "Mozilla/5.0 (Windows NT 10.0; Win64; x64) AppleWebKit/537.36 (KHTML, like Gecko) Chrome/120.0.0.0 Safari/537.36"
20.203.148.31 - - [31/Jul/2026:03:01:33 +0000] "GET /wordpress/wp-content/plugins/xcvbx/xleet.php HTTP/1.1" 403 5168 "-" "Mozilla/5.0 (Windows NT 10.0; Win64; x64) AppleWebKit/537.36 (KHTML, like Gecko) Chrome/120.0.0.0 Safari/537.36"
20.203.148.31 - - [31/Jul/2026:03:01:33 +0000] "GET /wordpress/wp-content/themes/as/autoload_classmap.php HTTP/1.1" 403 5168 "-" "Mozilla/5.0 (Windows NT 10.0; Win64; x64) AppleWebKit/537.36 (KHTML, like Gecko) Chrome/120.0.0.0 Safari/537.36"
20.203.148.31 - - [31/Jul/2026:03:01:34 +0000] "GET /wordpress/wp-content/themes/as/flower.php HTTP/1.1" 403 5168 "-" "Mozilla/5.0 (Windows NT 10.0; Win64; x64) AppleWebKit/537.36 (KHTML, like Gecko) Chrome/120.0.0.0 Safari/537.36"
20.203.148.31 - - [31/Jul/2026:03:01:34 +0000] "GET /wordpress/wp-content/themes/as/xleet.php HTTP/1.1" 403 5168 "-" "Mozilla/5.0 (Windows NT 10.0; Win64; x64) AppleWebKit/537.36 (KHTML, like Gecko) Chrome/120.0.0.0 Safari/537.36"
20.203.148.31 - - [31/Jul/2026:03:01:34 +0000] "GET /wp-admin/autoload_classmap.php HTTP/1.1" 403 5168 "-" "Mozilla/5.0 (Windows NT 10.0; Win64; x64) AppleWebKit/537.36 (KHTML, like Gecko) Chrome/120.0.0.0 Safari/537.36"
20.203.148.31 - - [31/Jul/2026:03:01:34 +0000] "GET /wp-admin/css/colors/autoload_classmap.php HTTP/1.1" 403 5168 "-" "Mozilla/5.0 (Windows NT 10.0; Win64; x64) AppleWebKit/537.36 (KHTML, like Gecko) Chrome/120.0.0.0 Safari/537.36"
20.203.148.31 - - [31/Jul/2026:03:01:34 +0000] "GET /wp-admin/css/colors/flower.php HTTP/1.1" 403 5168 "-" "Mozilla/5.0 (Windows NT 10.0; Win64; x64) AppleWebKit/537.36 (KHTML, like Gecko) Chrome/120.0.0.0 Safari/537.36"
20.203.148.31 - - [31/Jul/2026:03:01:34 +0000] "GET /wp-admin/css/colors/xleet.php HTTP/1.1" 403 5168 "-" "Mozilla/5.0 (Windows NT 10.0; Win64; x64) AppleWebKit/537.36 (KHTML, like Gecko) Chrome/120.0.0.0 Safari/537.36"
20.203.148.31 - - [31/Jul/2026:03:01:34 +0000] "GET /wp-admin/flower.php HTTP/1.1" 403 5168 "-" "Mozilla/5.0 (Windows NT 10.0; Win64; x64) AppleWebKit/537.36 (KHTML, like Gecko) Chrome/120.0.0.0 Safari/537.36"
20.203.148.31 - - [31/Jul/2026:03:01:35 +0000] "GET /wp-admin/maint/autoload_classmap.php HTTP/1.1" 403 5168 "-" "Mozilla/5.0 (Windows NT 10.0; Win64; x64) AppleWebKit/537.36 (KHTML, like Gecko) Chrome/120.0.0.0 Safari/537.36"
20.203.148.31 - - [31/Jul/2026:03:01:35 +0000] "GET /wp-admin/maint/flower.php HTTP/1.1" 403 5168 "-" "Mozilla/5.0 (Windows NT 10.0; Win64; x64) AppleWebKit/537.36 (KHTML, like Gecko) Chrome/120.0.0.0 Safari/537.36"
20.203.148.31 - - [31/Jul/2026:03:01:35 +0000] "GET /wp-admin/maint/xleet.php HTTP/1.1" 403 5168 "-" "Mozilla/5.0 (Windows NT 10.0; Win64; x64) AppleWebKit/537.36 (KHTML, like Gecko) Chrome/120.0.0.0 Safari/537.36"
20.203.148.31 - - [31/Jul/2026:03:01:35 +0000] "GET /wp-admin/network/autoload_classmap.php HTTP/1.1" 403 5168 "-" "Mozilla/5.0 (Windows NT 10.0; Win64; x64) AppleWebKit/537.36 (KHTML, like Gecko) Chrome/120.0.0.0 Safari/537.36"
20.203.148.31 - - [31/Jul/2026:03:01:35 +0000] "GET /wp-admin/network/flower.php HTTP/1.1" 403 5168 "-" "Mozilla/5.0 (Windows NT 10.0; Win64; x64) AppleWebKit/537.36 (KHTML, like Gecko) Chrome/120.0.0.0 Safari/537.36"
20.203.148.31 - - [31/Jul/2026:03:01:35 +0000] "GET /wp-admin/network/xleet.php HTTP/1.1" 403 5168 "-" "Mozilla/5.0 (Windows NT 10.0; Win64; x64) AppleWebKit/537.36 (KHTML, like Gecko) Chrome/120.0.0.0 Safari/537.36"
20.203.148.31 - - [31/Jul/2026:03:01:36 +0000] "GET /wp-admin/user/autoload_classmap.php HTTP/1.1" 403 5168 "-" "Mozilla/5.0 (Windows NT 10.0; Win64; x64) AppleWebKit/537.36 (KHTML, like Gecko) Chrome/120.0.0.0 Safari/537.36"
20.203.148.31 - - [31/Jul/2026:03:01:36 +0000] "GET /wp-admin/user/flower.php HTTP/1.1" 403 5168 "-" "Mozilla/5.0 (Windows NT 10.0; Win64; x64) AppleWebKit/537.36 (KHTML, like Gecko) Chrome/120.0.0.0 Safari/537.36"
20.203.148.31 - - [31/Jul/2026:03:01:36 +0000] "GET /wp-admin/user/xleet.php HTTP/1.1" 403 5168 "-" "Mozilla/5.0 (Windows NT 10.0; Win64; x64) AppleWebKit/537.36 (KHTML, like Gecko) Chrome/120.0.0.0 Safari/537.36"
20.203.148.31 - - [31/Jul/2026:03:01:36 +0000] "GET /wp-admin/xleet.php HTTP/1.1" 403 5168 "-" "Mozilla/5.0 (Windows NT 10.0; Win64; x64) AppleWebKit/537.36 (KHTML, like Gecko) Chrome/120.0.0.0 Safari/537.36"
20.203.148.31 - - [31/Jul/2026:03:01:36 +0000] "GET /wp-config-sample.php HTTP/1.1" 403 5168 "-" "Mozilla/5.0 (Windows NT 10.0; Win64; x64) AppleWebKit/537.36 (KHTML, like Gecko) Chrome/120.0.0.0 Safari/537.36"
2a02:cb80:40b2:d4b1:6d51:5207:891f:6595 - - [31/Jul/2026:03:01:53 +0000] "GET /apple-touch-icon-precomposed.png HTTP/1.1" 404 12581 "-" "NetworkingExtension/8624.2.5.10.8 Network/5812.122.1 iOS/26.5.2"
2a02:cb80:40b2:d4b1:6d51:5207:891f:6595 - - [31/Jul/2026:03:01:53 +0000] "GET /apple-touch-icon.png HTTP/1.1" 404 12573 "-" "NetworkingExtension/8624.2.5.10.8 Network/5812.122.1 iOS/26.5.2"
172.105.42.26 - - [31/Jul/2026:03:01:54 +0000] "POST /wp-cron.php?doing_wp_cron=1785466914.1485428810119628906250 HTTP/1.1" 200 20 "-" "WordPress/7.0.2; https://hondasaudi.com"
2a02:cb80:40b2:d4b1:6d51:5207:891f:6595 - - [31/Jul/2026:03:01:53 +0000] "GET /favicon.ico HTTP/1.1" 302 20 "-" "NetworkingExtension/8624.2.5.10.8 Network/5812.122.1 iOS/26.5.2"
2a02:cb80:40b2:d4b1:6d51:5207:891f:6595 - - [31/Jul/2026:03:01:53 +0000] "GET / HTTP/1.1" 200 15687 "-" "Mozilla/5.0 (Macintosh; Intel Mac OS X 10_11_1) AppleWebKit/601.2.4 (KHTML, like Gecko) Version/9.0.1 Safari/601.2.4 facebookexternalhit/1.1 Facebot Twitterbot/1.0"
74.7.241.51 - - [31/Jul/2026:03:02:36 +0000] "GET /admin.php?dir=CwusrCwshareCwvimCwvim80Cwsyntax&edit=gpg.vim HTTP/1.1" 200 4263 "https://hondasaudi.com/admin.php?dir=CwusrCwshareCwvimCwvim80Cwsyntax" "Mozilla/5.0 AppleWebKit/537.36 (KHTML, like Gecko; compatible; GPTBot/1.4; +https://openai.com/gptbot)"
74.7.241.51 - - [31/Jul/2026:03:03:17 +0000] "GET /admin.php?dir=CwusrCwshareCwvimCwvim80Cwsyntax&edit=z8a.vim HTTP/1.1" 200 3497 "https://hondasaudi.com/admin.php?dir=CwusrCwshareCwvimCwvim80Cwsyntax" "Mozilla/5.0 AppleWebKit/537.36 (KHTML, like Gecko; compatible; GPTBot/1.4; +https://openai.com/gptbot)"
172.105.42.26 - - [31/Jul/2026:03:03:32 +0000] "POST /wp-cron.php?doing_wp_cron=1785467012.6194291114807128906250 HTTP/1.1" 200 20 "-" "WordPress/7.0.2; https://hondasaudi.com"
212.201.100.171 - - [31/Jul/2026:03:03:32 +0000] "GET / HTTP/1.1" 200 15686 "-" "Mozilla/5.0 (Windows NT 10.0; Win64; x64) AppleWebKit/537.36 (KHTML, like Gecko) Chrome/150.0.0.0 Safari/537.36"
74.7.241.51 - - [31/Jul/2026:03:03:38 +0000] "GET /admin.php?dir=CwusrCwshareCwvimCwvim80Cwsyntax&edit=lua.vim HTTP/1.1" 200 5791 "https://hondasaudi.com/admin.php?dir=CwusrCwshareCwvimCwvim80Cwsyntax" "Mozilla/5.0 AppleWebKit/537.36 (KHTML, like Gecko; compatible; GPTBot/1.4; +https://openai.com/gptbot)"
212.201.100.171 - - [31/Jul/2026:03:03:39 +0000] "GET /wp-content/themes/Impreza/fonts/fa-brands-400.woff2?ver=8.0.5 HTTP/1.1" 200 76767 "https://hondasaudi.com/" "Mozilla/5.0 (Windows NT 10.0; Win64; x64) AppleWebKit/537.36 (KHTML, like Gecko) Chrome/150.0.0.0 Safari/537.36"
172.105.42.26 - - [31/Jul/2026:03:03:49 +0000] "POST /wp-cron.php?doing_wp_cron=1785467029.4649949073791503906250 HTTP/1.1" 200 20 "-" "WordPress/7.0.2; https://hondasaudi.com"
212.201.100.171 - - [31/Jul/2026:03:03:49 +0000] "GET /llms.txt HTTP/1.1" 404 13511 "-" "Mozilla/5.0 (X11; Linux x86_64) AppleWebKit/537.36 (KHTML, like Gecko) HeadlessChrome/150.0.0.0 Safari/537.36"
172.105.42.26 - - [31/Jul/2026:03:04:58 +0000] "POST /wp-cron.php?doing_wp_cron=1785467098.5974419116973876953125 HTTP/1.1" 200 20 "-" "WordPress/7.0.2; https://hondasaudi.com"
2a02:cb80:40b2:d4b1:6d51:5207:891f:6595 - - [31/Jul/2026:03:04:58 +0000] "GET / HTTP/1.1" 200 15687 "-" "Mozilla/5.0 (iPhone; CPU iPhone OS 18_7 like Mac OS X) AppleWebKit/605.1.15 (KHTML, like Gecko) Version/26.5.2 Mobile/15E148 Safari/604.1"
78.47.98.55 - - [31/Jul/2026:03:05:02 +0000] "HEAD / HTTP/1.1" 200 - "https://hondasaudi.com" "Mozilla/5.0+(compatible; UptimeRobot/2.0; http://www.uptimerobot.com/)"
20.100.187.246 - - [31/Jul/2026:03:05:05 +0000] "GET /.tmb/LA.php HTTP/1.1" 404 12590 "-" "Mozilla/5.0 (Windows NT 10.0; Win64; x64) AppleWebKit/537.36 (KHTML, like Gecko) Chrome/120.0.0.0 Safari/537.36"
20.100.187.246 - - [31/Jul/2026:03:05:06 +0000] "GET /.tmb/admin.php HTTP/1.1" 404 12591 "-" "Mozilla/5.0 (Windows NT 10.0; Win64; x64) AppleWebKit/537.36 (KHTML, like Gecko) Chrome/120.0.0.0 Safari/537.36"
20.100.187.246 - - [31/Jul/2026:03:05:06 +0000] "GET /.tmb/class_api.php HTTP/1.1" 404 12594 "-" "Mozilla/5.0 (Windows NT 10.0; Win64; x64) AppleWebKit/537.36 (KHTML, like Gecko) Chrome/120.0.0.0 Safari/537.36"
20.100.187.246 - - [31/Jul/2026:03:05:06 +0000] "GET /.tmb/cpabpkyk.php HTTP/1.1" 404 12596 "-" "Mozilla/5.0 (Windows NT 10.0; Win64; x64) AppleWebKit/537.36 (KHTML, like Gecko) Chrome/120.0.0.0 Safari/537.36"
20.100.187.246 - - [31/Jul/2026:03:05:07 +0000] "GET /.tmb/wp-login.php HTTP/1.1" 404 12622 "-" "Mozilla/5.0 (Windows NT 10.0; Win64; x64) AppleWebKit/537.36 (KHTML, like Gecko) Chrome/120.0.0.0 Safari/537.36"
20.100.187.246 - - [31/Jul/2026:03:05:07 +0000] "GET /.well-known//.well-known/owlmailer.php HTTP/1.1" 301 20 "-" "Mozilla/5.0 (Windows NT 10.0; Win64; x64) AppleWebKit/537.36 (KHTML, like Gecko) Chrome/120.0.0.0 Safari/537.36"
20.100.187.246 - - [31/Jul/2026:03:05:08 +0000] "GET /.well-known/991176.php HTTP/1.1" 404 12600 "-" "Mozilla/5.0 (Windows NT 10.0; Win64; x64) AppleWebKit/537.36 (KHTML, like Gecko) Chrome/120.0.0.0 Safari/537.36"
20.100.187.246 - - [31/Jul/2026:03:05:08 +0000] "GET /.well-known/acme-challenge/adminfuns.php HTTP/1.1" 404 12649 "-" "Mozilla/5.0 (Windows NT 10.0; Win64; x64) AppleWebKit/537.36 (KHTML, like Gecko) Chrome/120.0.0.0 Safari/537.36"
20.100.187.246 - - [31/Jul/2026:03:05:09 +0000] "GET /.well-known/acme-challenge/atomlib.php HTTP/1.1" 404 12648 "-" "Mozilla/5.0 (Windows NT 10.0; Win64; x64) AppleWebKit/537.36 (KHTML, like Gecko) Chrome/120.0.0.0 Safari/537.36"
20.100.187.246 - - [31/Jul/2026:03:05:09 +0000] "GET /.well-known/acme-challenge/classsmtps.php HTTP/1.1" 404 12649 "-" "Mozilla/5.0 (Windows NT 10.0; Win64; x64) AppleWebKit/537.36 (KHTML, like Gecko) Chrome/120.0.0.0 Safari/537.36"
20.100.187.246 - - [31/Jul/2026:03:05:10 +0000] "GET /.well-known/acme-challenge/content.php HTTP/1.1" 404 12646 "-" "Mozilla/5.0 (Windows NT 10.0; Win64; x64) AppleWebKit/537.36 (KHTML, like Gecko) Chrome/120.0.0.0 Safari/537.36"
20.100.187.246 - - [31/Jul/2026:03:05:10 +0000] "GET /.well-known/acme-challenge/doc.php HTTP/1.1" 404 12646 "-" "Mozilla/5.0 (Windows NT 10.0; Win64; x64) AppleWebKit/537.36 (KHTML, like Gecko) Chrome/120.0.0.0 Safari/537.36"
20.100.187.246 - - [31/Jul/2026:03:05:11 +0000] "GET /.well-known/acme-challenge/file HTTP/1.1" 404 12644 "-" "Mozilla/5.0 (Windows NT 10.0; Win64; x64) AppleWebKit/537.36 (KHTML, like Gecko) Chrome/120.0.0.0 Safari/537.36"
20.100.187.246 - - [31/Jul/2026:03:05:11 +0000] "GET /.well-known/acme-challenge/fond.php HTTP/1.1" 404 12647 "-" "Mozilla/5.0 (Windows NT 10.0; Win64; x64) AppleWebKit/537.36 (KHTML, like Gecko) Chrome/120.0.0.0 Safari/537.36"
20.100.187.246 - - [31/Jul/2026:03:05:12 +0000] "GET /.well-known/acme-challenge/install.php HTTP/1.1" 404 12649 "-" "Mozilla/5.0 (Windows NT 10.0; Win64; x64) AppleWebKit/537.36 (KHTML, like Gecko) Chrome/120.0.0.0 Safari/537.36"
20.100.187.246 - - [31/Jul/2026:03:05:12 +0000] "GET /.well-known/acme-challenge/license.php HTTP/1.1" 404 12649 "-" "Mozilla/5.0 (Windows NT 10.0; Win64; x64) AppleWebKit/537.36 (KHTML, like Gecko) Chrome/120.0.0.0 Safari/537.36"
20.100.187.246 - - [31/Jul/2026:03:05:13 +0000] "GET /.well-known/acme-challenge/mariju.php HTTP/1.1" 404 12650 "-" "Mozilla/5.0 (Windows NT 10.0; Win64; x64) AppleWebKit/537.36 (KHTML, like Gecko) Chrome/120.0.0.0 Safari/537.36"
20.100.187.246 - - [31/Jul/2026:03:05:13 +0000] "GET /.well-known/acme-challenge/moon.php HTTP/1.1" 403 5168 "-" "Mozilla/5.0 (Windows NT 10.0; Win64; x64) AppleWebKit/537.36 (KHTML, like Gecko) Chrome/120.0.0.0 Safari/537.36"
20.100.187.246 - - [31/Jul/2026:03:05:14 +0000] "GET /.well-known/acme-challenge/plugins.php HTTP/1.1" 404 12650 "-" "Mozilla/5.0 (Windows NT 10.0; Win64; x64) AppleWebKit/537.36 (KHTML, like Gecko) Chrome/120.0.0.0 Safari/537.36"
20.100.187.246 - - [31/Jul/2026:03:05:14 +0000] "GET /.well-known/acme-challenge/sx.php HTTP/1.1" 404 12646 "-" "Mozilla/5.0 (Windows NT 10.0; Win64; x64) AppleWebKit/537.36 (KHTML, like Gecko) Chrome/120.0.0.0 Safari/537.36"
20.100.187.246 - - [31/Jul/2026:03:05:15 +0000] "GET /.well-known/acme-challenge/wp-login.php HTTP/1.1" 404 12624 "-" "Mozilla/5.0 (Windows NT 10.0; Win64; x64) AppleWebKit/537.36 (KHTML, like Gecko) Chrome/120.0.0.0 Safari/537.36"
172.105.42.26 - - [31/Jul/2026:03:05:16 +0000] "POST /wp-cron.php?doing_wp_cron=1785467116.2561368942260742187500 HTTP/1.1" 200 20 "-" "WordPress/7.0.2; https://hondasaudi.com"
20.100.187.246 - - [31/Jul/2026:03:05:16 +0000] "GET /.well-known/amaxx.php HTTP/1.1" 404 12598 "-" "Mozilla/5.0 (Windows NT 10.0; Win64; x64) AppleWebKit/537.36 (KHTML, like Gecko) Chrome/120.0.0.0 Safari/537.36"
20.100.187.246 - - [31/Jul/2026:03:05:16 +0000] "GET /.well-known/bek.php HTTP/1.1" 404 12597 "-" "Mozilla/5.0 (Windows NT 10.0; Win64; x64) AppleWebKit/537.36 (KHTML, like Gecko) Chrome/120.0.0.0 Safari/537.36"
20.100.187.246 - - [31/Jul/2026:03:05:17 +0000] "GET /.well-known/caches.php.suspected HTTP/1.1" 404 12605 "-" "Mozilla/5.0 (Windows NT 10.0; Win64; x64) AppleWebKit/537.36 (KHTML, like Gecko) Chrome/120.0.0.0 Safari/537.36"
20.100.187.246 - - [31/Jul/2026:03:05:17 +0000] "GET /.well-known/class.api.php HTTP/1.1" 404 12600 "-" "Mozilla/5.0 (Windows NT 10.0; Win64; x64) AppleWebKit/537.36 (KHTML, like Gecko) Chrome/120.0.0.0 Safari/537.36"
172.105.42.26 - - [31/Jul/2026:03:05:18 +0000] "POST /wp-cron.php?doing_wp_cron=1785467118.3762800693511962890625 HTTP/1.1" 200 20 "-" "WordPress/7.0.2; https://hondasaudi.com"
20.100.187.246 - - [31/Jul/2026:03:05:18 +0000] "GET /.well-known/cong.php HTTP/1.1" 404 12597 "-" "Mozilla/5.0 (Windows NT 10.0; Win64; x64) AppleWebKit/537.36 (KHTML, like Gecko) Chrome/120.0.0.0 Safari/537.36"
20.100.187.246 - - [31/Jul/2026:03:05:18 +0000] "GET /.well-known/content.php HTTP/1.1" 404 12596 "-" "Mozilla/5.0 (Windows NT 10.0; Win64; x64) AppleWebKit/537.36 (KHTML, like Gecko) Chrome/120.0.0.0 Safari/537.36"
20.100.187.246 - - [31/Jul/2026:03:05:19 +0000] "GET /.well-known/cwianpri.php HTTP/1.1" 404 12601 "-" "Mozilla/5.0 (Windows NT 10.0; Win64; x64) AppleWebKit/537.36 (KHTML, like Gecko) Chrome/120.0.0.0 Safari/537.36"
20.100.187.246 - - [31/Jul/2026:03:05:19 +0000] "GET /.well-known/elp.php HTTP/1.1" 404 12596 "-" "Mozilla/5.0 (Windows NT 10.0; Win64; x64) AppleWebKit/537.36 (KHTML, like Gecko) Chrome/120.0.0.0 Safari/537.36"
20.100.187.246 - - [31/Jul/2026:03:05:20 +0000] "GET /.well-known/kwggvpup.php HTTP/1.1" 404 12602 "-" "Mozilla/5.0 (Windows NT 10.0; Win64; x64) AppleWebKit/537.36 (KHTML, like Gecko) Chrome/120.0.0.0 Safari/537.36"
20.100.187.246 - - [31/Jul/2026:03:05:20 +0000] "GET /.well-known/pki-validation/101d2ae2-f2f3-4977-b35d-b3a0ad74a469.php HTTP/1.1" 404 12672 "-" "Mozilla/5.0 (Windows NT 10.0; Win64; x64) AppleWebKit/537.36 (KHTML, like Gecko) Chrome/120.0.0.0 Safari/537.36"
20.100.187.246 - - [31/Jul/2026:03:05:21 +0000] "GET /.well-known/pki-validation/LA.php HTTP/1.1" 404 12646 "-" "Mozilla/5.0 (Windows NT 10.0; Win64; x64) AppleWebKit/537.36 (KHTML, like Gecko) Chrome/120.0.0.0 Safari/537.36"
20.100.187.246 - - [31/Jul/2026:03:05:21 +0000] "GET /.well-known/pki-validation/Newsupway.php HTTP/1.1" 404 12651 "-" "Mozilla/5.0 (Windows NT 10.0; Win64; x64) AppleWebKit/537.36 (KHTML, like Gecko) Chrome/120.0.0.0 Safari/537.36"
20.100.187.246 - - [31/Jul/2026:03:05:22 +0000] "GET /.well-known/pki-validation/a.php HTTP/1.1" 404 12643 "-" "Mozilla/5.0 (Windows NT 10.0; Win64; x64) AppleWebKit/537.36 (KHTML, like Gecko) Chrome/120.0.0.0 Safari/537.36"
74.7.241.51 - - [31/Jul/2026:03:05:22 +0000] "GET /admin.php?dir=CwusrCwshareCwvimCwvim80Cwsyntax&edit=lsl.vim HTTP/1.1" 200 8150 "https://hondasaudi.com/admin.php?dir=CwusrCwshareCwvimCwvim80Cwsyntax" "Mozilla/5.0 AppleWebKit/537.36 (KHTML, like Gecko; compatible; GPTBot/1.4; +https://openai.com/gptbot)"
20.100.187.246 - - [31/Jul/2026:03:05:22 +0000] "GET /.well-known/pki-validation/admin.php HTTP/1.1" 404 12645 "-" "Mozilla/5.0 (Windows NT 10.0; Win64; x64) AppleWebKit/537.36 (KHTML, like Gecko) Chrome/120.0.0.0 Safari/537.36"
20.100.187.246 - - [31/Jul/2026:03:05:23 +0000] "GET /.well-known/pki-validation/amaxx.php HTTP/1.1" 404 12646 "-" "Mozilla/5.0 (Windows NT 10.0; Win64; x64) AppleWebKit/537.36 (KHTML, like Gecko) Chrome/120.0.0.0 Safari/537.36"
20.100.187.246 - - [31/Jul/2026:03:05:23 +0000] "GET /.well-known/pki-validation/bb.php HTTP/1.1" 404 12644 "-" "Mozilla/5.0 (Windows NT 10.0; Win64; x64) AppleWebKit/537.36 (KHTML, like Gecko) Chrome/120.0.0.0 Safari/537.36"
20.100.187.246 - - [31/Jul/2026:03:05:24 +0000] "GET /.well-known/pki-validation/cifcxgxm.php HTTP/1.1" 404 12649 "-" "Mozilla/5.0 (Windows NT 10.0; Win64; x64) AppleWebKit/537.36 (KHTML, like Gecko) Chrome/120.0.0.0 Safari/537.36"
20.100.187.246 - - [31/Jul/2026:03:05:24 +0000] "GET /.well-known/pki-validation/ckyocyyp.php HTTP/1.1" 404 12650 "-" "Mozilla/5.0 (Windows NT 10.0; Win64; x64) AppleWebKit/537.36 (KHTML, like Gecko) Chrome/120.0.0.0 Safari/537.36"
20.100.187.246 - - [31/Jul/2026:03:05:25 +0000] "GET /.well-known/pki-validation/classwithtostring.php HTTP/1.1" 404 12654 "-" "Mozilla/5.0 (Windows NT 10.0; Win64; x64) AppleWebKit/537.36 (KHTML, like Gecko) Chrome/120.0.0.0 Safari/537.36"
20.100.187.246 - - [31/Jul/2026:03:05:25 +0000] "GET /.well-known/pki-validation/content.php HTTP/1.1" 404 12644 "-" "Mozilla/5.0 (Windows NT 10.0; Win64; x64) AppleWebKit/537.36 (KHTML, like Gecko) Chrome/120.0.0.0 Safari/537.36"
20.100.187.246 - - [31/Jul/2026:03:05:26 +0000] "GET /.well-known/pki-validation/content.php.suspected HTTP/1.1" 404 12650 "-" "Mozilla/5.0 (Windows NT 10.0; Win64; x64) AppleWebKit/537.36 (KHTML, like Gecko) Chrome/120.0.0.0 Safari/537.36"
20.100.187.246 - - [31/Jul/2026:03:05:26 +0000] "GET /.well-known/pki-validation/doc.php HTTP/1.1" 404 12644 "-" "Mozilla/5.0 (Windows NT 10.0; Win64; x64) AppleWebKit/537.36 (KHTML, like Gecko) Chrome/120.0.0.0 Safari/537.36"
20.100.187.246 - - [31/Jul/2026:03:05:27 +0000] "GET /.well-known/pki-validation/fond.php HTTP/1.1" 404 12645 "-" "Mozilla/5.0 (Windows NT 10.0; Win64; x64) AppleWebKit/537.36 (KHTML, like Gecko) Chrome/120.0.0.0 Safari/537.36"
20.100.187.246 - - [31/Jul/2026:03:05:27 +0000] "GET /.well-known/pki-validation/gkiliuew.php HTTP/1.1" 404 12650 "-" "Mozilla/5.0 (Windows NT 10.0; Win64; x64) AppleWebKit/537.36 (KHTML, like Gecko) Chrome/120.0.0.0 Safari/537.36"
20.100.187.246 - - [31/Jul/2026:03:05:28 +0000] "GET /.well-known/pki-validation/iR7SzrsOUEP.php HTTP/1.1" 404 12653 "-" "Mozilla/5.0 (Windows NT 10.0; Win64; x64) AppleWebKit/537.36 (KHTML, like Gecko) Chrome/120.0.0.0 Safari/537.36"
172.105.42.26 - - [31/Jul/2026:03:05:29 +0000] "POST /wp-cron.php?doing_wp_cron=1785467129.0905220508575439453125 HTTP/1.1" 200 20 "-" "WordPress/7.0.2; https://hondasaudi.com"
20.100.187.246 - - [31/Jul/2026:03:05:28 +0000] "GET /.well-known/pki-validation/ibkejxnu.php HTTP/1.1" 404 12650 "-" "Mozilla/5.0 (Windows NT 10.0; Win64; x64) AppleWebKit/537.36 (KHTML, like Gecko) Chrome/120.0.0.0 Safari/537.36"
20.100.187.246 - - [31/Jul/2026:03:05:29 +0000] "GET /.well-known/pki-validation/install.php HTTP/1.1" 404 12647 "-" "Mozilla/5.0 (Windows NT 10.0; Win64; x64) AppleWebKit/537.36 (KHTML, like Gecko) Chrome/120.0.0.0 Safari/537.36"
20.100.187.246 - - [31/Jul/2026:03:05:30 +0000] "GET /.well-known/pki-validation/lang-load-role.php HTTP/1.1" 404 12650 "-" "Mozilla/5.0 (Windows NT 10.0; Win64; x64) AppleWebKit/537.36 (KHTML, like Gecko) Chrome/120.0.0.0 Safari/537.36"
20.100.187.246 - - [31/Jul/2026:03:05:30 +0000] "GET /.well-known/pki-validation/link.php HTTP/1.1" 404 12643 "-" "Mozilla/5.0 (Windows NT 10.0; Win64; x64) AppleWebKit/537.36 (KHTML, like Gecko) Chrome/120.0.0.0 Safari/537.36"
20.100.187.246 - - [31/Jul/2026:03:05:31 +0000] "GET /.well-known/pki-validation/mar.php HTTP/1.1" 404 12644 "-" "Mozilla/5.0 (Windows NT 10.0; Win64; x64) AppleWebKit/537.36 (KHTML, like Gecko) Chrome/120.0.0.0 Safari/537.36"
20.100.187.246 - - [31/Jul/2026:03:05:31 +0000] "GET /.well-known/pki-validation/mariju.php HTTP/1.1" 404 12648 "-" "Mozilla/5.0 (Windows NT 10.0; Win64; x64) AppleWebKit/537.36 (KHTML, like Gecko) Chrome/120.0.0.0 Safari/537.36"
20.100.187.246 - - [31/Jul/2026:03:05:32 +0000] "GET /.well-known/pki-validation/moon.php HTTP/1.1" 403 5168 "-" "Mozilla/5.0 (Windows NT 10.0; Win64; x64) AppleWebKit/537.36 (KHTML, like Gecko) Chrome/120.0.0.0 Safari/537.36"
20.100.187.246 - - [31/Jul/2026:03:05:32 +0000] "GET /.well-known/pki-validation/plugins.php HTTP/1.1" 404 12647 "-" "Mozilla/5.0 (Windows NT 10.0; Win64; x64) AppleWebKit/537.36 (KHTML, like Gecko) Chrome/120.0.0.0 Safari/537.36"
20.100.187.246 - - [31/Jul/2026:03:05:33 +0000] "GET /.well-known/pki-validation/post.php HTTP/1.1" 404 12644 "-" "Mozilla/5.0 (Windows NT 10.0; Win64; x64) AppleWebKit/537.36 (KHTML, like Gecko) Chrome/120.0.0.0 Safari/537.36"
20.100.187.246 - - [31/Jul/2026:03:05:33 +0000] "GET /.well-known/pki-validation/shell.php HTTP/1.1" 403 5168 "-" "Mozilla/5.0 (Windows NT 10.0; Win64; x64) AppleWebKit/537.36 (KHTML, like Gecko) Chrome/120.0.0.0 Safari/537.36"
20.100.187.246 - - [31/Jul/2026:03:05:33 +0000] "GET /.well-known/pki-validation/ssl.php HTTP/1.1" 404 12644 "-" "Mozilla/5.0 (Windows NT 10.0; Win64; x64) AppleWebKit/537.36 (KHTML, like Gecko) Chrome/120.0.0.0 Safari/537.36"
20.100.187.246 - - [31/Jul/2026:03:05:34 +0000] "GET /.well-known/pki-validation/sx.php HTTP/1.1" 404 12644 "-" "Mozilla/5.0 (Windows NT 10.0; Win64; x64) AppleWebKit/537.36 (KHTML, like Gecko) Chrome/120.0.0.0 Safari/537.36"
20.100.187.246 - - [31/Jul/2026:03:05:35 +0000] "GET /.well-known/pki-validation/themes.php HTTP/1.1" 404 12645 "-" "Mozilla/5.0 (Windows NT 10.0; Win64; x64) AppleWebKit/537.36 (KHTML, like Gecko) Chrome/120.0.0.0 Safari/537.36"
20.100.187.246 - - [31/Jul/2026:03:05:35 +0000] "GET /.well-known/pki-validation/worksec.php HTTP/1.1" 404 12648 "-" "Mozilla/5.0 (Windows NT 10.0; Win64; x64) AppleWebKit/537.36 (KHTML, like Gecko) Chrome/120.0.0.0 Safari/537.36"
20.100.187.246 - - [31/Jul/2026:03:05:36 +0000] "GET /.well-known/pki-validation/wp-admin/install.php HTTP/1.1" 403 6635 "-" "Mozilla/5.0 (Windows NT 10.0; Win64; x64) AppleWebKit/537.36 (KHTML, like Gecko) Chrome/120.0.0.0 Safari/537.36"
172.105.42.26 - - [31/Jul/2026:03:05:36 +0000] "POST /?wordfence_syncAttackData=1785467136.5027 HTTP/1.1" 200 20 "-" "WordPress/7.0.2; https://hondasaudi.com"
20.100.187.246 - - [31/Jul/2026:03:05:36 +0000] "GET /.well-known/pki-validation/wp-login.php HTTP/1.1" 404 12622 "-" "Mozilla/5.0 (Windows NT 10.0; Win64; x64) AppleWebKit/537.36 (KHTML, like Gecko) Chrome/120.0.0.0 Safari/537.36"
74.7.241.51 - - [31/Jul/2026:03:05:44 +0000] "GET /admin.php?dir=CwusrCwshareCwvimCwvim80Cwsyntax&edit=lex.vim HTTP/1.1" 200 4428 "https://hondasaudi.com/admin.php?dir=CwusrCwshareCwvimCwvim80Cwsyntax" "Mozilla/5.0 AppleWebKit/537.36 (KHTML, like Gecko; compatible; GPTBot/1.4; +https://openai.com/gptbot)"
74.7.241.51 - - [31/Jul/2026:03:06:25 +0000] "GET /admin.php?dir=CwusrCwshareCwvimCwvim80Cwsyntax&edit=csc.vim HTTP/1.1" 200 5142 "https://hondasaudi.com/admin.php?dir=CwusrCwshareCwvimCwvim80Cwsyntax" "Mozilla/5.0 AppleWebKit/537.36 (KHTML, like Gecko; compatible; GPTBot/1.4; +https://openai.com/gptbot)"
172.105.42.26 - - [31/Jul/2026:03:07:04 +0000] "POST /wp-cron.php?doing_wp_cron=1785467223.9940860271453857421875 HTTP/1.1" 200 20 "-" "WordPress/7.0.2; https://hondasaudi.com"
2001:16a4:72:87d5:c412:cd5a:3b18:f447 - - [31/Jul/2026:03:07:03 +0000] "GET / HTTP/1.1" 200 15687 "https://www.google.com/url?q=https://hondasaudi.com/&sa=U&sqi=2&ved=2ahUKEwjkuJT49vuVAxX0U6QEHRxYNn8QFnoECCEQAQ&usg=AOvVaw2ZvsleSVQsu_dROFSh8WnE" "Mozilla/5.0 (iPhone; CPU iPhone OS 26_5_0 like Mac OS X) AppleWebKit/605.1.15 (KHTML, like Gecko) GSA/428.4.939275213 Mobile/15E148 Safari/604.1"
74.7.241.51 - - [31/Jul/2026:03:07:26 +0000] "GET /admin.php?dir=CwusrCwlibCwsystemdCwsystem&view=hibernate.target HTTP/1.1" 200 382 "https://hondasaudi.com/admin.php?dir=CwusrCwlibCwsystemdCwsystem" "Mozilla/5.0 AppleWebKit/537.36 (KHTML, like Gecko; compatible; GPTBot/1.4; +https://openai.com/gptbot)"
74.7.241.51 - - [31/Jul/2026:03:07:46 +0000] "GET /admin.php?dir=CwhomeCwbalubaidCwFwcpanelCwicals&view=balubaid.ics HTTP/1.1" 200 168 "https://hondasaudi.com/admin.php?dir=CwhomeCwbalubaidCwFwcpanelCwicals" "Mozilla/5.0 AppleWebKit/537.36 (KHTML, like Gecko; compatible; GPTBot/1.4; +https://openai.com/gptbot)"
172.105.42.26 - - [31/Jul/2026:03:08:00 +0000] "POST /wp-cron.php?doing_wp_cron=1785467280.3438689708709716796875 HTTP/1.1" 200 20 "-" "WordPress/7.0.2; https://hondasaudi.com"
2001:16a4:72:87d5:c412:cd5a:3b18:f447 - - [31/Jul/2026:03:08:00 +0000] "GET /honda-hrv-zrv/ HTTP/1.1" 200 17738 "https://hondasaudi.com/" "Mozilla/5.0 (iPhone; CPU iPhone OS 26_5_0 like Mac OS X) AppleWebKit/605.1.15 (KHTML, like Gecko) GSA/428.4.939275213 Mobile/15E148 Safari/604.1"
2001:16a4:72:87d5:c412:cd5a:3b18:f447 - - [31/Jul/2026:03:08:00 +0000] "GET /wp-json/contact-form-7/v1/contact-forms/458411/feedback/schema HTTP/1.1" 200 1201 "https://hondasaudi.com/honda-hrv-zrv/" "Mozilla/5.0 (iPhone; CPU iPhone OS 26_5_0 like Mac OS X) AppleWebKit/605.1.15 (KHTML, like Gecko) GSA/428.4.939275213 Mobile/15E148 Safari/604.1"
74.7.241.51 - - [31/Jul/2026:03:08:07 +0000] "GET /admin.php?dir=CwusrCwlibCwsystemdCwsystem&view=smartcard.target HTTP/1.1" 200 345 "https://hondasaudi.com/admin.php?dir=CwusrCwlibCwsystemdCwsystem" "Mozilla/5.0 AppleWebKit/537.36 (KHTML, like Gecko; compatible; GPTBot/1.4; +https://openai.com/gptbot)"
74.7.241.51 - - [31/Jul/2026:03:09:30 +0000] "GET /admin.php?dir=CwusrCwlocalCwlibCwnode_modulesCwbowerCwlibCwnode_modulesCwresolveCwtestCwmodule_dirCwzmodules HTTP/1.1" 200 3233 "https://hondasaudi.com/admin.php?dir=CwusrCwlocalCwlibCwnode_modulesCwbowerCwlibCwnode_modulesCwresolveCwtestCwmodule_dir" "Mozilla/5.0 AppleWebKit/537.36 (KHTML, like Gecko; compatible; GPTBot/1.4; +https://openai.com/gptbot)"
172.105.42.26 - - [31/Jul/2026:03:09:45 +0000] "POST /wp-cron.php?doing_wp_cron=1785467385.8583779335021972656250 HTTP/1.1" 200 20 "-" "WordPress/7.0.2; https://hondasaudi.com"
177.234.136.10 - - [31/Jul/2026:03:09:45 +0000] "POST /wp-json/batch/v1 HTTP/1.1" 207 36 "-" "Mozilla/5.0 (Windows NT 10.0; Win64; x64) AppleWebKit/537.36"
177.234.136.10 - - [31/Jul/2026:03:09:46 +0000] "POST /wp-json/batch/v1 HTTP/1.1" 207 36 "-" "Mozilla/5.0 (Windows NT 10.0; Win64; x64) AppleWebKit/537.36"
177.234.136.10 - - [31/Jul/2026:03:09:47 +0000] "POST /wp-json/batch/v1 HTTP/1.1" 403 5168 "-" "Mozilla/5.0 (Windows NT 10.0; Win64; x64) AppleWebKit/537.36"
2620:121:5042:50:6cea:: - - [31/Jul/2026:03:09:48 +0000] "GET /?utm_source=Snapchat&utm_medium=Paid_Traffic&utm_campaign=Feb2025&ScCid=a010445e-af6b-4457-b44a-0f1bade4e127 HTTP/1.1" 200 15771 "-" "Snap URL Preview Service; bot; snapchat; https://developers.snap.com/robots"
74.7.241.51 - - [31/Jul/2026:03:09:52 +0000] "GET /admin.php?dir=CwusrCwlocalCwlibCwnode_modulesCwbowerCwlibCwnode_modulesCwresolveCwtestCwmodule_dirCwxmodules HTTP/1.1" 200 3232 "https://hondasaudi.com/admin.php?dir=CwusrCwlocalCwlibCwnode_modulesCwbowerCwlibCwnode_modulesCwresolveCwtestCwmodule_dir" "Mozilla/5.0 AppleWebKit/537.36 (KHTML, like Gecko; compatible; GPTBot/1.4; +https://openai.com/gptbot)"
167.235.143.113 - - [31/Jul/2026:03:10:06 +0000] "HEAD / HTTP/1.1" 200 - "https://hondasaudi.com" "Mozilla/5.0+(compatible; UptimeRobot/2.0; http://www.uptimerobot.com/)"
74.7.241.51 - - [31/Jul/2026:03:10:13 +0000] "GET /admin.php?dir=CwusrCwlocalCwlibCwnode_modulesCwbowerCwlibCwnode_modulesCwresolveCwtestCwmodule_dirCwymodules HTTP/1.1" 200 3232 "https://hondasaudi.com/admin.php?dir=CwusrCwlocalCwlibCwnode_modulesCwbowerCwlibCwnode_modulesCwresolveCwtestCwmodule_dir" "Mozilla/5.0 AppleWebKit/537.36 (KHTML, like Gecko; compatible; GPTBot/1.4; +https://openai.com/gptbot)"
74.7.241.51 - - [31/Jul/2026:03:10:54 +0000] "GET /admin.php?dir=CwusrCwlibCwfirmwareCwnvidiaCwga100Cwacr HTTP/1.1" 200 3221 "https://hondasaudi.com/admin.php?dir=CwusrCwlibCwfirmwareCwnvidiaCwga100" "Mozilla/5.0 AppleWebKit/537.36 (KHTML, like Gecko; compatible; GPTBot/1.4; +https://openai.com/gptbot)"
172.105.42.26 - - [31/Jul/2026:03:11:04 +0000] "POST /wp-cron.php?doing_wp_cron=1785467463.5594880580902099609375 HTTP/1.1" 200 20 "-" "WordPress/7.0.2; https://hondasaudi.com"
172.105.42.26 - - [31/Jul/2026:03:11:19 +0000] "POST /wp-cron.php?doing_wp_cron=1785467479.8236188888549804687500 HTTP/1.1" 200 20 "-" "WordPress/7.0.2; https://hondasaudi.com"
172.105.42.26 - - [31/Jul/2026:03:11:29 +0000] "POST /wp-cron.php?doing_wp_cron=1785467489.6138679981231689453125 HTTP/1.1" 200 20 "-" "WordPress/7.0.2; https://hondasaudi.com"
217.76.57.223 - - [31/Jul/2026:03:11:47 +0000] "GET /404/ HTTP/1.1" 404 12568 "-" "Mozilla/5.0 (Windows NT 10.0; Win64; x64) AppleWebKit/537.36 (KHTML, like Gecko) Chrome/120.0.0.0 Safari/537.36"
74.7.241.51 - - [31/Jul/2026:03:11:57 +0000] "GET /admin.php?dir=CwusrCwlibCwfirmwareCwnvidiaCwga103Cwacr HTTP/1.1" 200 3358 "https://hondasaudi.com/admin.php?dir=CwusrCwlibCwfirmwareCwnvidiaCwga103" "Mozilla/5.0 AppleWebKit/537.36 (KHTML, like Gecko; compatible; GPTBot/1.4; +https://openai.com/gptbot)"
172.105.42.26 - - [31/Jul/2026:03:12:17 +0000] "POST /wp-cron.php?doing_wp_cron=1785467537.0571749210357666015625 HTTP/1.1" 200 20 "-" "WordPress/7.0.2; https://hondasaudi.com"
172.105.42.26 - - [31/Jul/2026:03:12:22 +0000] "POST /wp-cron.php?doing_wp_cron=1785467542.0963289737701416015625 HTTP/1.1" 200 20 "-" "WordPress/7.0.2; https://hondasaudi.com"
172.105.42.26 - - [31/Jul/2026:03:12:27 +0000] "POST /service_request/ai_integration/ HTTP/1.1" 200 727 "-" "-"
2001:16a4:72:87d5:c412:cd5a:3b18:f447 - - [31/Jul/2026:03:12:26 +0000] "POST /wp-json/contact-form-7/v1/contact-forms/458411/feedback HTTP/1.1" 200 289 "https://hondasaudi.com/honda-hrv-zrv/" "Mozilla/5.0 (iPhone; CPU iPhone OS 26_5_0 like Mac OS X) AppleWebKit/605.1.15 (KHTML, like Gecko) GSA/428.4.939275213 Mobile/15E148 Safari/604.1"
172.105.42.26 - - [31/Jul/2026:03:12:29 +0000] "POST /wp-cron.php?doing_wp_cron=1785467549.2547779083251953125000 HTTP/1.1" 200 20 "-" "WordPress/7.0.2; https://hondasaudi.com"
2001:16a4:72:87d5:c412:cd5a:3b18:f447 - - [31/Jul/2026:03:12:29 +0000] "GET /wp-json/contact-form-7/v1/contact-forms/458411/refill HTTP/1.1" 200 22 "https://hondasaudi.com/honda-hrv-zrv/" "Mozilla/5.0 (iPhone; CPU iPhone OS 26_5_0 like Mac OS X) AppleWebKit/605.1.15 (KHTML, like Gecko) GSA/428.4.939275213 Mobile/15E148 Safari/604.1"
