20.226.5.174 - - [30/Jul/2026:23:13:37 +0000] "GET /deploy.php HTTP/1.1" 404 12572 "-" "Mozilla/5.0 (Windows NT 10.0; Win64; x64) AppleWebKit/537.36 (KHTML, like Gecko) Chrome/120.0.0.0 Safari/537.36"
20.226.5.174 - - [30/Jul/2026:23:13:37 +0000] "GET /deprecated.php HTTP/1.1" 404 12573 "-" "Mozilla/5.0 (Windows NT 10.0; Win64; x64) AppleWebKit/537.36 (KHTML, like Gecko) Chrome/120.0.0.0 Safari/537.36"
20.226.5.174 - - [30/Jul/2026:23:13:38 +0000] "GET /descargas.php HTTP/1.1" 404 12574 "-" "Mozilla/5.0 (Windows NT 10.0; Win64; x64) AppleWebKit/537.36 (KHTML, like Gecko) Chrome/120.0.0.0 Safari/537.36"
20.226.5.174 - - [30/Jul/2026:23:13:38 +0000] "GET /details.php HTTP/1.1" 404 12572 "-" "Mozilla/5.0 (Windows NT 10.0; Win64; x64) AppleWebKit/537.36 (KHTML, like Gecko) Chrome/120.0.0.0 Safari/537.36"
172.105.42.26 - - [30/Jul/2026:23:13:38 +0000] "POST /service_request/ai_integration/ HTTP/1.1" 200 746 "-" "-"
20.226.5.174 - - [30/Jul/2026:23:13:38 +0000] "GET /dev.php HTTP/1.1" 404 12569 "-" "Mozilla/5.0 (Windows NT 10.0; Win64; x64) AppleWebKit/537.36 (KHTML, like Gecko) Chrome/120.0.0.0 Safari/537.36"
20.226.5.174 - - [30/Jul/2026:23:13:39 +0000] "GET /devil.php HTTP/1.1" 404 12570 "-" "Mozilla/5.0 (Windows NT 10.0; Win64; x64) AppleWebKit/537.36 (KHTML, like Gecko) Chrome/120.0.0.0 Safari/537.36"
20.226.5.174 - - [30/Jul/2026:23:13:40 +0000] "GET /dex.php HTTP/1.1" 404 12570 "-" "Mozilla/5.0 (Windows NT 10.0; Win64; x64) AppleWebKit/537.36 (KHTML, like Gecko) Chrome/120.0.0.0 Safari/537.36"
20.226.5.174 - - [30/Jul/2026:23:13:40 +0000] "GET /dfre.php HTTP/1.1" 404 12570 "-" "Mozilla/5.0 (Windows NT 10.0; Win64; x64) AppleWebKit/537.36 (KHTML, like Gecko) Chrome/120.0.0.0 Safari/537.36"
20.226.5.174 - - [30/Jul/2026:23:13:41 +0000] "GET /dialog.php HTTP/1.1" 404 12571 "-" "Mozilla/5.0 (Windows NT 10.0; Win64; x64) AppleWebKit/537.36 (KHTML, like Gecko) Chrome/120.0.0.0 Safari/537.36"
20.226.5.174 - - [30/Jul/2026:23:13:41 +0000] "GET /digital-download/new.php HTTP/1.1" 404 12581 "-" "Mozilla/5.0 (Windows NT 10.0; Win64; x64) AppleWebKit/537.36 (KHTML, like Gecko) Chrome/120.0.0.0 Safari/537.36"
20.226.5.174 - - [30/Jul/2026:23:13:42 +0000] "GET /digital-download/up.php HTTP/1.1" 403 5168 "-" "Mozilla/5.0 (Windows NT 10.0; Win64; x64) AppleWebKit/537.36 (KHTML, like Gecko) Chrome/120.0.0.0 Safari/537.36"
20.226.5.174 - - [30/Jul/2026:23:13:42 +0000] "GET /dir.php HTTP/1.1" 404 12569 "-" "Mozilla/5.0 (Windows NT 10.0; Win64; x64) AppleWebKit/537.36 (KHTML, like Gecko) Chrome/120.0.0.0 Safari/537.36"
74.7.241.51 - - [30/Jul/2026:23:13:51 +0000] "GET /building.html HTTP/1.1" 404 12572 "https://hondasaudi.com/admin.php?dir=CwusrCwshareCwdocCwpython3-docsCwhtmlCwextending&view=index.html" "Mozilla/5.0 AppleWebKit/537.36 (KHTML, like Gecko; compatible; GPTBot/1.4; +https://openai.com/gptbot)"
74.7.241.51 - - [30/Jul/2026:23:14:12 +0000] "GET /newtypes.html HTTP/1.1" 404 12572 "https://hondasaudi.com/admin.php?dir=CwusrCwshareCwdocCwpython3-docsCwhtmlCwextending&view=index.html" "Mozilla/5.0 AppleWebKit/537.36 (KHTML, like Gecko; compatible; GPTBot/1.4; +https://openai.com/gptbot)"
172.105.42.26 - - [30/Jul/2026:23:14:33 +0000] "POST /wp-cron.php?doing_wp_cron=1785453273.4284479618072509765625 HTTP/1.1" 200 20 "-" "WordPress/7.0.2; https://hondasaudi.com"
74.7.241.51 - - [30/Jul/2026:23:14:33 +0000] "GET /newtypes_tutorial.html HTTP/1.1" 404 12578 "https://hondasaudi.com/admin.php?dir=CwusrCwshareCwdocCwpython3-docsCwhtmlCwextending&view=index.html" "Mozilla/5.0 AppleWebKit/537.36 (KHTML, like Gecko; compatible; GPTBot/1.4; +https://openai.com/gptbot)"
74.7.241.51 - - [30/Jul/2026:23:14:54 +0000] "GET /classes.html HTTP/1.1" 404 12572 "https://hondasaudi.com/admin.php?dir=CwusrCwshareCwdocCwpython3-docsCwhtmlCwtutorial&view=index.html" "Mozilla/5.0 AppleWebKit/537.36 (KHTML, like Gecko; compatible; GPTBot/1.4; +https://openai.com/gptbot)"
74.7.241.51 - - [30/Jul/2026:23:15:14 +0000] "GET /appetite.html HTTP/1.1" 404 12572 "https://hondasaudi.com/admin.php?dir=CwusrCwshareCwdocCwpython3-docsCwhtmlCwtutorial&view=index.html" "Mozilla/5.0 AppleWebKit/537.36 (KHTML, like Gecko; compatible; GPTBot/1.4; +https://openai.com/gptbot)"
172.105.42.26 - - [30/Jul/2026:23:15:35 +0000] "POST /wp-cron.php?doing_wp_cron=1785453335.6585090160369873046875 HTTP/1.1" 200 20 "-" "WordPress/7.0.2; https://hondasaudi.com"
74.7.241.51 - - [30/Jul/2026:23:15:35 +0000] "GET /grammar.html HTTP/1.1" 404 12573 "https://hondasaudi.com/admin.php?dir=CwusrCwshareCwdocCwpython3-docsCwhtmlCwreference&view=index.html" "Mozilla/5.0 AppleWebKit/537.36 (KHTML, like Gecko; compatible; GPTBot/1.4; +https://openai.com/gptbot)"
74.7.241.51 - - [30/Jul/2026:23:15:56 +0000] "GET /lexical_analysis.html HTTP/1.1" 404 12580 "https://hondasaudi.com/admin.php?dir=CwusrCwshareCwdocCwpython3-docsCwhtmlCwreference&view=index.html" "Mozilla/5.0 AppleWebKit/537.36 (KHTML, like Gecko; compatible; GPTBot/1.4; +https://openai.com/gptbot)"
185.61.152.2 - - [30/Jul/2026:23:15:55 +0000] "POST /service_request/lead_gen_forms/autozone/ HTTP/1.1" 200 233 "-" "-"
159.69.158.189 - - [30/Jul/2026:23:16:08 +0000] "HEAD / HTTP/1.1" 200 - "https://hondasaudi.com" "Mozilla/5.0+(compatible; UptimeRobot/2.0; http://www.uptimerobot.com/)"
172.105.42.26 - - [30/Jul/2026:23:16:16 +0000] "POST /wp-cron.php?doing_wp_cron=1785453376.5120398998260498046875 HTTP/1.1" 200 20 "-" "WordPress/7.0.2; https://hondasaudi.com"
74.7.241.51 - - [30/Jul/2026:23:16:16 +0000] "GET /import.html HTTP/1.1" 404 12569 "https://hondasaudi.com/admin.php?dir=CwusrCwshareCwdocCwpython3-docsCwhtmlCwreference&view=executionmodel.html" "Mozilla/5.0 AppleWebKit/537.36 (KHTML, like Gecko; compatible; GPTBot/1.4; +https://openai.com/gptbot)"
172.105.42.26 - - [30/Jul/2026:23:16:17 +0000] "POST /service_request/ai_integration/ HTTP/1.1" 200 713 "-" "-"
172.105.42.26 - - [30/Jul/2026:23:16:38 +0000] "POST /wp-cron.php?doing_wp_cron=1785453398.1785280704498291015625 HTTP/1.1" 200 20 "-" "WordPress/7.0.2; https://hondasaudi.com"
74.7.241.51 - - [30/Jul/2026:23:16:37 +0000] "GET /using/mac.html HTTP/1.1" 404 12574 "https://hondasaudi.com/admin.php?dir=CwusrCwshareCwdocCwpython3-docsCwhtmlCwreference&view=index.html" "Mozilla/5.0 AppleWebKit/537.36 (KHTML, like Gecko; compatible; GPTBot/1.4; +https://openai.com/gptbot)"
74.7.241.51 - - [30/Jul/2026:23:16:59 +0000] "GET /errors.html HTTP/1.1" 404 12571 "https://hondasaudi.com/admin.php?dir=CwusrCwshareCwdocCwpython3-docsCwhtmlCwtutorial&view=index.html" "Mozilla/5.0 AppleWebKit/537.36 (KHTML, like Gecko; compatible; GPTBot/1.4; +https://openai.com/gptbot)"
172.105.42.26 - - [30/Jul/2026:23:17:20 +0000] "POST /wp-cron.php?doing_wp_cron=1785453440.5192821025848388671875 HTTP/1.1" 200 20 "-" "WordPress/7.0.2; https://hondasaudi.com"
74.7.241.51 - - [30/Jul/2026:23:17:20 +0000] "GET /stdlib2.html HTTP/1.1" 404 12573 "https://hondasaudi.com/admin.php?dir=CwusrCwshareCwdocCwpython3-docsCwhtmlCwtutorial&view=index.html" "Mozilla/5.0 AppleWebKit/537.36 (KHTML, like Gecko; compatible; GPTBot/1.4; +https://openai.com/gptbot)"
172.105.42.26 - - [30/Jul/2026:23:17:41 +0000] "POST /wp-cron.php?doing_wp_cron=1785453461.5354149341583251953125 HTTP/1.1" 200 20 "-" "WordPress/7.0.2; https://hondasaudi.com"
74.7.241.51 - - [30/Jul/2026:23:17:41 +0000] "GET /embedding.html HTTP/1.1" 404 12572 "https://hondasaudi.com/admin.php?dir=CwusrCwshareCwdocCwpython3-docsCwhtmlCwextending&view=index.html" "Mozilla/5.0 AppleWebKit/537.36 (KHTML, like Gecko; compatible; GPTBot/1.4; +https://openai.com/gptbot)"
74.7.241.51 - - [30/Jul/2026:23:18:01 +0000] "GET /datamodel.html HTTP/1.1" 404 12574 "https://hondasaudi.com/admin.php?dir=CwusrCwshareCwdocCwpython3-docsCwhtmlCwreference&view=executionmodel.html" "Mozilla/5.0 AppleWebKit/537.36 (KHTML, like Gecko; compatible; GPTBot/1.4; +https://openai.com/gptbot)"
172.105.42.26 - - [30/Jul/2026:23:18:23 +0000] "POST /wp-cron.php?doing_wp_cron=1785453503.2839810848236083984375 HTTP/1.1" 200 20 "-" "WordPress/7.0.2; https://hondasaudi.com"
74.7.241.51 - - [30/Jul/2026:23:18:23 +0000] "GET /whatsnew/changelog.html HTTP/1.1" 404 12582 "https://hondasaudi.com/admin.php?dir=CwusrCwshareCwdocCwpython3-docsCwhtmlCwtutorial&view=index.html" "Mozilla/5.0 AppleWebKit/537.36 (KHTML, like Gecko; compatible; GPTBot/1.4; +https://openai.com/gptbot)"
172.105.42.26 - - [30/Jul/2026:23:18:45 +0000] "POST /wp-cron.php?doing_wp_cron=1785453525.0122530460357666015625 HTTP/1.1" 200 20 "-" "WordPress/7.0.2; https://hondasaudi.com"
74.7.241.51 - - [30/Jul/2026:23:18:44 +0000] "GET /library/undoc.html HTTP/1.1" 404 12578 "https://hondasaudi.com/admin.php?dir=CwusrCwshareCwdocCwpython3-docsCwhtmlCwextending&view=index.html" "Mozilla/5.0 AppleWebKit/537.36 (KHTML, like Gecko; compatible; GPTBot/1.4; +https://openai.com/gptbot)"
74.7.241.51 - - [30/Jul/2026:23:19:05 +0000] "GET /library/builtins.html HTTP/1.1" 404 12580 "https://hondasaudi.com/admin.php?dir=CwusrCwshareCwdocCwpython3-docsCwhtmlCwreference&view=executionmodel.html" "Mozilla/5.0 AppleWebKit/537.36 (KHTML, like Gecko; compatible; GPTBot/1.4; +https://openai.com/gptbot)"
172.105.42.26 - - [30/Jul/2026:23:19:26 +0000] "POST /wp-cron.php?doing_wp_cron=1785453566.8022279739379882812500 HTTP/1.1" 200 20 "-" "WordPress/7.0.2; https://hondasaudi.com"
74.7.241.51 - - [30/Jul/2026:23:19:26 +0000] "GET /library/reprlib.html HTTP/1.1" 404 12579 "https://hondasaudi.com/admin.php?dir=CwusrCwshareCwdocCwpython3-docsCwhtmlCwtutorial&view=stdlib2.html" "Mozilla/5.0 AppleWebKit/537.36 (KHTML, like Gecko; compatible; GPTBot/1.4; +https://openai.com/gptbot)"
172.105.42.26 - - [30/Jul/2026:23:19:47 +0000] "POST /wp-cron.php?doing_wp_cron=1785453587.0551519393920898437500 HTTP/1.1" 200 20 "-" "WordPress/7.0.2; https://hondasaudi.com"
74.7.241.51 - - [30/Jul/2026:23:19:46 +0000] "GET /library/__main__.html HTTP/1.1" 404 12580 "https://hondasaudi.com/admin.php?dir=CwusrCwshareCwdocCwpython3-docsCwhtmlCwreference&view=executionmodel.html" "Mozilla/5.0 AppleWebKit/537.36 (KHTML, like Gecko; compatible; GPTBot/1.4; +https://openai.com/gptbot)"
74.7.241.51 - - [30/Jul/2026:23:20:07 +0000] "GET /admin.php?dir=CwusrCwshareCwdocCwpython3-docsCwhtmlCwdistributing&view=index.html HTTP/1.1" 200 5057 "https://hondasaudi.com/admin.php?dir=CwusrCwshareCwdocCwpython3-docsCwhtmlCwdistributing" "Mozilla/5.0 AppleWebKit/537.36 (KHTML, like Gecko; compatible; GPTBot/1.4; +https://openai.com/gptbot)"
54.223.120.217 - - [30/Jul/2026:23:20:28 +0000] "GET /wp-content/uploads/2026/02/City-600x600.png HTTP/1.1" 200 326525 "-" "Mozilla/5.0 (Linux; Android 6.0; Nexus 5 Build/MRA58N) AppleWebKit/537.36 (KHTML, like Gecko) Chrome/42.0.4074.1106 Mobile Safari/537.36"
74.7.241.51 - - [30/Jul/2026:23:20:29 +0000] "GET /admin.php?dir=CwusrCwshareCwdocCwpython3-docsCwhtmlCwinstalling&view=index.html HTTP/1.1" 200 5830 "https://hondasaudi.com/admin.php?dir=CwusrCwshareCwdocCwpython3-docsCwhtmlCwinstalling" "Mozilla/5.0 AppleWebKit/537.36 (KHTML, like Gecko; compatible; GPTBot/1.4; +https://openai.com/gptbot)"
172.105.42.26 - - [30/Jul/2026:23:20:50 +0000] "POST /wp-cron.php?doing_wp_cron=1785453650.9103109836578369140625 HTTP/1.1" 200 20 "-" "WordPress/7.0.2; https://hondasaudi.com"
74.7.241.51 - - [30/Jul/2026:23:20:50 +0000] "GET /xml.sax.handler.html HTTP/1.1" 404 12579 "https://hondasaudi.com/admin.php?dir=CwusrCwshareCwdocCwpython3-docsCwhtmlCwlibrary&view=index.html" "Mozilla/5.0 AppleWebKit/537.36 (KHTML, like Gecko; compatible; GPTBot/1.4; +https://openai.com/gptbot)"
74.7.241.51 - - [30/Jul/2026:23:21:10 +0000] "GET /admin.php?dir=CwusrCwshareCwdocCwpython3-docsCwhtmlCwdistutils&view=index.html HTTP/1.1" 200 4683 "https://hondasaudi.com/admin.php?dir=CwusrCwshareCwdocCwpython3-docsCwhtmlCwdistutils" "Mozilla/5.0 AppleWebKit/537.36 (KHTML, like Gecko; compatible; GPTBot/1.4; +https://openai.com/gptbot)"
88.99.80.227 - - [30/Jul/2026:23:21:14 +0000] "HEAD / HTTP/1.1" 200 - "https://hondasaudi.com" "Mozilla/5.0+(compatible; UptimeRobot/2.0; http://www.uptimerobot.com/)"
2a02:cb80:42e0:3110:21de:39a1:87eb:64f9 - - [30/Jul/2026:23:21:15 +0000] "GET /wp-json/contact-form-7/v1/contact-forms/458565/feedback/schema HTTP/1.1" 200 1217 "https://hondasaudi.com/honda-promo-hzp/?utm_source=GoogleAds&utm_campaign=HondaJulyHZPPromo2026&gad_campaignid=24012034692&wbraid=ClYKCQjwg5zTBhCVARJFALHm7y_Kj3_6PuWwf-8MZC9heoj_SqnJB2FZgz5Ke6MQO8uXO64NKZL1_AoE0kyIYhLlqaPkhz8g8Yr7Eeyr8NnYGPjAGgLJPg" "Mozilla/5.0 (iPhone; CPU iPhone OS 26_5_0 like Mac OS X) AppleWebKit/605.1.15 (KHTML, like Gecko) CriOS/150.0.7871.113 Mobile/15E148 Safari/604.1"
172.105.42.26 - - [30/Jul/2026:23:21:27 +0000] "POST /wp-cron.php?doing_wp_cron=1785453687.6445128917694091796875 HTTP/1.1" 200 20 "-" "WordPress/7.0.2; https://hondasaudi.com"
2a02:ce0:1802:cef6:9dcd:1ab9:f2c0:9826 - - [30/Jul/2026:23:21:27 +0000] "GET /wp-json/contact-form-7/v1/contact-forms/453560/feedback/schema HTTP/1.1" 200 1143 "https://hondasaudi.com/outlet/?twclid=24cjzoxhs7fiac4b5spo7iqsxh&utm_source=GoogleAds&utm_medium=CPC&utm_campaign=Outlet-June-2026" "Mozilla/5.0 (iPad; CPU OS 15_8_8 like Mac OS X) AppleWebKit/605.1.15 (KHTML, like Gecko) Version/15.6.8 Mobile/15E148 Safari/604.1"
172.105.42.26 - - [30/Jul/2026:23:21:29 +0000] "POST /wp-cron.php?doing_wp_cron=1785453689.8588430881500244140625 HTTP/1.1" 200 20 "-" "WordPress/7.0.2; https://hondasaudi.com"
223.166.231.159 - - [30/Jul/2026:23:21:29 +0000] "GET / HTTP/1.1" 200 15687 "-" "Mozilla/5.0 (Linux; Android 6.0; Nexus 5 Build/MRA58N) AppleWebKit/537.36 (KHTML, like Gecko) Chrome/57.0.9593.1573 Mobile Safari/537.36"
74.7.241.51 - - [30/Jul/2026:23:21:32 +0000] "GET /admin.php?dir=CwusrCwshareCwdocCwpython3-docsCwhtmlCwinstall&view=index.html HTTP/1.1" 200 20141 "https://hondasaudi.com/admin.php?dir=CwusrCwshareCwdocCwpython3-docsCwhtmlCwinstall" "Mozilla/5.0 AppleWebKit/537.36 (KHTML, like Gecko; compatible; GPTBot/1.4; +https://openai.com/gptbot)"
74.7.241.51 - - [30/Jul/2026:23:21:52 +0000] "GET /xml.sax.reader.html HTTP/1.1" 404 12578 "https://hondasaudi.com/admin.php?dir=CwusrCwshareCwdocCwpython3-docsCwhtmlCwlibrary&view=index.html" "Mozilla/5.0 AppleWebKit/537.36 (KHTML, like Gecko; compatible; GPTBot/1.4; +https://openai.com/gptbot)"
74.7.241.51 - - [30/Jul/2026:23:22:14 +0000] "GET /admin.php?dir=CwusrCwshareCwdocCwpython3-docsCwhtmlCwlibrary&view=python.html HTTP/1.1" 200 3648 "https://hondasaudi.com/admin.php?dir=CwusrCwshareCwdocCwpython3-docsCwhtmlCwlibrary" "Mozilla/5.0 AppleWebKit/537.36 (KHTML, like Gecko; compatible; GPTBot/1.4; +https://openai.com/gptbot)"
172.105.42.26 - - [30/Jul/2026:23:22:33 +0000] "POST /wp-cron.php?doing_wp_cron=1785453752.7269909381866455078125 HTTP/1.1" 200 20 "-" "WordPress/7.0.2; https://hondasaudi.com"
2620:121:5042:52:3e4a::1 - - [30/Jul/2026:23:22:33 +0000] "GET /?utm_source=Snapchat&utm_medium=Paid_Traffic&utm_campaign=HS-RAMADAN-V1&utm_id=HS-0003-004 HTTP/1.1" 200 15753 "https://honda.core3.agency/?utm_source=Snapchat&utm_medium=Paid_Traffic&utm_campaign=HS-RAMADAN-V1&utm_id=HS-0003-004" "Snap URL Preview Service; bot; snapchat; https://developers.snap.com/robots"
2620:121:5042:52:82b8:: - - [30/Jul/2026:23:22:33 +0000] "GET /?utm_source=Snapchat&utm_medium=Paid_Traffic&utm_campaign=HS-RAMADAN-V1&utm_id=HS-0003-004 HTTP/1.1" 200 15753 "https://honda.core3.agency/?utm_source=Snapchat&utm_medium=Paid_Traffic&utm_campaign=HS-RAMADAN-V1&utm_id=HS-0003-004" "Snap URL Preview Service; bot; snapchat; https://developers.snap.com/robots"
34.242.203.58 - - [30/Jul/2026:23:22:34 +0000] "GET /?utm_source=Snapchat&utm_medium=Paid_Traffic&utm_campaign=HS-RAMADAN-V1&utm_id=HS-0003-004 HTTP/1.1" 200 15753 "https://honda.core3.agency/?utm_source=Snapchat&utm_medium=Paid_Traffic&utm_campaign=HS-RAMADAN-V1&utm_id=HS-0003-004" "Mozilla/5.0 (iPhone; CPU iPhone OS 14_1_2 like Mac OS X) AppleWebKit/556.2.14 (KHTML, like Gecko) Version/14.1 Mobile/15E148 Snapchat/12.30.0.31 (like Safari/556.2, panda)"
74.7.241.51 - - [30/Jul/2026:23:22:34 +0000] "GET /admin.php?dir=CwusrCwshareCwdocCwpython3-docsCwhtmlCwlibrary&view=functional.html HTTP/1.1" 200 2223 "https://hondasaudi.com/admin.php?dir=CwusrCwshareCwdocCwpython3-docsCwhtmlCwlibrary" "Mozilla/5.0 AppleWebKit/537.36 (KHTML, like Gecko; compatible; GPTBot/1.4; +https://openai.com/gptbot)"
74.7.241.51 - - [30/Jul/2026:23:22:55 +0000] "GET /admin.php?dir=CwusrCwshareCwdocCwpython3-docsCwhtmlCwfaq&view=programming.html HTTP/1.1" 200 37245 "https://hondasaudi.com/admin.php?dir=CwusrCwshareCwdocCwpython3-docsCwhtmlCwfaq" "Mozilla/5.0 AppleWebKit/537.36 (KHTML, like Gecko; compatible; GPTBot/1.4; +https://openai.com/gptbot)"
74.7.241.51 - - [30/Jul/2026:23:23:15 +0000] "GET /admin.php?dir=CwusrCwshareCwdocCwpython3-docsCwhtmlCwlibrary&view=gettext.html HTTP/1.1" 200 13178 "https://hondasaudi.com/admin.php?dir=CwusrCwshareCwdocCwpython3-docsCwhtmlCwlibrary" "Mozilla/5.0 AppleWebKit/537.36 (KHTML, like Gecko; compatible; GPTBot/1.4; +https://openai.com/gptbot)"
74.7.241.51 - - [30/Jul/2026:23:23:36 +0000] "GET /admin.php?dir=CwusrCwshareCwdocCwpython3-docsCwhtmlCwlibrary&view=language.html HTTP/1.1" 200 2949 "https://hondasaudi.com/admin.php?dir=CwusrCwshareCwdocCwpython3-docsCwhtmlCwlibrary" "Mozilla/5.0 AppleWebKit/537.36 (KHTML, like Gecko; compatible; GPTBot/1.4; +https://openai.com/gptbot)"
172.105.42.26 - - [30/Jul/2026:23:23:59 +0000] "POST /wp-cron.php?doing_wp_cron=1785453839.0102770328521728515625 HTTP/1.1" 200 20 "-" "WordPress/7.0.2; https://hondasaudi.com"
74.7.241.51 - - [30/Jul/2026:23:23:58 +0000] "GET /library/distutils.html HTTP/1.1" 404 12583 "https://hondasaudi.com/admin.php?dir=CwusrCwshareCwdocCwpython3-docsCwhtmlCwdistributing&view=index.html" "Mozilla/5.0 AppleWebKit/537.36 (KHTML, like Gecko; compatible; GPTBot/1.4; +https://openai.com/gptbot)"
172.105.42.26 - - [30/Jul/2026:23:24:18 +0000] "POST /service_request/ai_integration/ HTTP/1.1" 200 740 "-" "-"
172.105.42.26 - - [30/Jul/2026:23:24:20 +0000] "POST /wp-cron.php?doing_wp_cron=1785453860.3463180065155029296875 HTTP/1.1" 200 20 "-" "WordPress/7.0.2; https://hondasaudi.com"
74.7.241.51 - - [30/Jul/2026:23:24:20 +0000] "GET /library/venv.html HTTP/1.1" 404 12577 "https://hondasaudi.com/admin.php?dir=CwusrCwshareCwdocCwpython3-docsCwhtmlCwinstalling&view=index.html" "Mozilla/5.0 AppleWebKit/537.36 (KHTML, like Gecko; compatible; GPTBot/1.4; +https://openai.com/gptbot)"
172.105.42.26 - - [30/Jul/2026:23:24:40 +0000] "POST /wp-cron.php?doing_wp_cron=1785453880.7635738849639892578125 HTTP/1.1" 200 20 "-" "WordPress/7.0.2; https://hondasaudi.com"
74.7.241.51 - - [30/Jul/2026:23:24:40 +0000] "GET /c-api/apiabiversion.html HTTP/1.1" 404 12580 "https://hondasaudi.com/admin.php?dir=CwusrCwshareCwdocCwpython3-docsCwhtmlCwdistributing&view=index.html" "Mozilla/5.0 AppleWebKit/537.36 (KHTML, like Gecko; compatible; GPTBot/1.4; +https://openai.com/gptbot)"
74.7.241.51 - - [30/Jul/2026:23:25:02 +0000] "GET /packageindex.html HTTP/1.1" 404 12575 "https://hondasaudi.com/admin.php?dir=CwusrCwshareCwdocCwpython3-docsCwhtmlCwdistutils&view=index.html" "Mozilla/5.0 AppleWebKit/537.36 (KHTML, like Gecko; compatible; GPTBot/1.4; +https://openai.com/gptbot)"
172.105.42.26 - - [30/Jul/2026:23:25:23 +0000] "POST /wp-cron.php?doing_wp_cron=1785453923.4531919956207275390625 HTTP/1.1" 200 20 "-" "WordPress/7.0.2; https://hondasaudi.com"
74.7.241.51 - - [30/Jul/2026:23:25:23 +0000] "GET /setupscript.html HTTP/1.1" 404 12574 "https://hondasaudi.com/admin.php?dir=CwusrCwshareCwdocCwpython3-docsCwhtmlCwdistutils&view=index.html" "Mozilla/5.0 AppleWebKit/537.36 (KHTML, like Gecko; compatible; GPTBot/1.4; +https://openai.com/gptbot)"
172.105.42.26 - - [30/Jul/2026:23:25:45 +0000] "POST /wp-cron.php?doing_wp_cron=1785453945.0884230136871337890625 HTTP/1.1" 200 20 "-" "WordPress/7.0.2; https://hondasaudi.com"
74.7.241.51 - - [30/Jul/2026:23:25:44 +0000] "GET /distutils/setupscript.html HTTP/1.1" 404 12583 "https://hondasaudi.com/admin.php?dir=CwusrCwshareCwdocCwpython3-docsCwhtmlCwinstall&view=index.html" "Mozilla/5.0 AppleWebKit/537.36 (KHTML, like Gecko; compatible; GPTBot/1.4; +https://openai.com/gptbot)"
74.7.241.51 - - [30/Jul/2026:23:26:06 +0000] "GET /sourcedist.html HTTP/1.1" 404 12572 "https://hondasaudi.com/admin.php?dir=CwusrCwshareCwdocCwpython3-docsCwhtmlCwdistutils&view=index.html" "Mozilla/5.0 AppleWebKit/537.36 (KHTML, like Gecko; compatible; GPTBot/1.4; +https://openai.com/gptbot)"
172.105.42.26 - - [30/Jul/2026:23:26:21 +0000] "POST /wp-cron.php?doing_wp_cron=1785453981.4978299140930175781250 HTTP/1.1" 200 20 "-" "WordPress/7.0.2; https://hondasaudi.com"
49.13.164.148 - - [30/Jul/2026:23:26:21 +0000] "HEAD / HTTP/1.1" 200 - "https://hondasaudi.com" "Mozilla/5.0+(compatible; UptimeRobot/2.0; http://www.uptimerobot.com/)"
74.7.241.51 - - [30/Jul/2026:23:26:26 +0000] "GET /commandref.html HTTP/1.1" 404 12573 "https://hondasaudi.com/admin.php?dir=CwusrCwshareCwdocCwpython3-docsCwhtmlCwdistutils&view=index.html" "Mozilla/5.0 AppleWebKit/537.36 (KHTML, like Gecko; compatible; GPTBot/1.4; +https://openai.com/gptbot)"
172.105.42.26 - - [30/Jul/2026:23:26:47 +0000] "POST /wp-cron.php?doing_wp_cron=1785454007.6453199386596679687500 HTTP/1.1" 200 20 "-" "WordPress/7.0.2; https://hondasaudi.com"
74.7.241.51 - - [30/Jul/2026:23:26:47 +0000] "GET /reference/expressions.html HTTP/1.1" 404 12583 "https://hondasaudi.com/admin.php?dir=CwusrCwshareCwdocCwpython3-docsCwhtmlCwfaq&view=programming.html" "Mozilla/5.0 AppleWebKit/537.36 (KHTML, like Gecko; compatible; GPTBot/1.4; +https://openai.com/gptbot)"
74.7.241.51 - - [30/Jul/2026:23:27:09 +0000] "GET /configfile.html HTTP/1.1" 404 12574 "https://hondasaudi.com/admin.php?dir=CwusrCwshareCwdocCwpython3-docsCwhtmlCwdistutils&view=index.html" "Mozilla/5.0 AppleWebKit/537.36 (KHTML, like Gecko; compatible; GPTBot/1.4; +https://openai.com/gptbot)"
172.105.42.26 - - [30/Jul/2026:23:27:29 +0000] "POST /wp-cron.php?doing_wp_cron=1785454049.1703989505767822265625 HTTP/1.1" 200 20 "-" "WordPress/7.0.2; https://hondasaudi.com"
46.152.3.66 - - [30/Jul/2026:23:27:28 +0000] "GET / HTTP/1.1" 200 15687 "https://www.google.com/" "Mozilla/5.0 (iPhone; CPU iPhone OS 18_7 like Mac OS X) AppleWebKit/605.1.15 (KHTML, like Gecko) Version/26.5.2 Mobile/15E148 Safari/604.1"
74.7.241.51 - - [30/Jul/2026:23:27:29 +0000] "GET /design.html HTTP/1.1" 404 12571 "https://hondasaudi.com/admin.php?dir=CwusrCwshareCwdocCwpython3-docsCwhtmlCwfaq&view=programming.html" "Mozilla/5.0 AppleWebKit/537.36 (KHTML, like Gecko; compatible; GPTBot/1.4; +https://openai.com/gptbot)"
74.7.241.51 - - [30/Jul/2026:23:27:51 +0000] "GET /apiref.html HTTP/1.1" 404 12572 "https://hondasaudi.com/admin.php?dir=CwusrCwshareCwdocCwpython3-docsCwhtmlCwdistutils&view=index.html" "Mozilla/5.0 AppleWebKit/537.36 (KHTML, like Gecko; compatible; GPTBot/1.4; +https://openai.com/gptbot)"
46.152.3.66 - - [30/Jul/2026:23:27:57 +0000] "GET /service-price-list/ HTTP/1.1" 200 12484 "https://hondasaudi.com/" "Mozilla/5.0 (iPhone; CPU iPhone OS 18_7 like Mac OS X) AppleWebKit/605.1.15 (KHTML, like Gecko) Version/26.5.2 Mobile/15E148 Safari/604.1"
46.152.3.66 - - [30/Jul/2026:23:27:57 +0000] "GET /service-price-list/ HTTP/1.1" 200 12484 "https://hondasaudi.com/" "Mozilla/5.0 (iPhone; CPU iPhone OS 18_7 like Mac OS X) AppleWebKit/605.1.15 (KHTML, like Gecko) Version/26.5.2 Mobile/15E148 Safari/604.1"
46.152.3.66 - - [30/Jul/2026:23:28:04 +0000] "GET /favicon.ico HTTP/1.1" 302 20 "https://hondasaudi.com/wp-content/uploads/2026/07/%D9%83%D8%AA%D9%8A%D8%A8-%D8%A7%D9%84%D8%B6%D9%85%D8%A7%D9%86-6-3-2025_compressed.pdf" "Mozilla/5.0 (iPhone; CPU iPhone OS 18_7 like Mac OS X) AppleWebKit/605.1.15 (KHTML, like Gecko) Version/26.5.2 Mobile/15E148 Safari/604.1"
74.7.241.51 - - [30/Jul/2026:23:28:11 +0000] "GET /examples.html HTTP/1.1" 404 12574 "https://hondasaudi.com/admin.php?dir=CwusrCwshareCwdocCwpython3-docsCwhtmlCwdistutils&view=index.html" "Mozilla/5.0 AppleWebKit/537.36 (KHTML, like Gecko; compatible; GPTBot/1.4; +https://openai.com/gptbot)"
172.105.42.26 - - [30/Jul/2026:23:28:32 +0000] "POST /wp-cron.php?doing_wp_cron=1785454112.1610689163208007812500 HTTP/1.1" 200 20 "-" "WordPress/7.0.2; https://hondasaudi.com"
74.7.241.51 - - [30/Jul/2026:23:28:31 +0000] "GET /general.html HTTP/1.1" 404 12571 "https://hondasaudi.com/admin.php?dir=CwusrCwshareCwdocCwpython3-docsCwhtmlCwfaq&view=programming.html" "Mozilla/5.0 AppleWebKit/537.36 (KHTML, like Gecko; compatible; GPTBot/1.4; +https://openai.com/gptbot)"
74.7.241.51 - - [30/Jul/2026:23:28:53 +0000] "GET /reference/lexical_analysis.html HTTP/1.1" 404 12587 "https://hondasaudi.com/admin.php?dir=CwusrCwshareCwdocCwpython3-docsCwhtmlCwfaq&view=programming.html" "Mozilla/5.0 AppleWebKit/537.36 (KHTML, like Gecko; compatible; GPTBot/1.4; +https://openai.com/gptbot)"
74.7.241.51 - - [30/Jul/2026:23:29:14 +0000] "GET /library/io.html HTTP/1.1" 404 12576 "https://hondasaudi.com/admin.php?dir=CwusrCwshareCwdocCwpython3-docsCwhtmlCwfaq&view=programming.html" "Mozilla/5.0 AppleWebKit/537.36 (KHTML, like Gecko; compatible; GPTBot/1.4; +https://openai.com/gptbot)"
172.105.42.26 - - [30/Jul/2026:23:29:36 +0000] "POST /wp-cron.php?doing_wp_cron=1785454176.6821229457855224609375 HTTP/1.1" 200 20 "-" "WordPress/7.0.2; https://hondasaudi.com"
74.7.241.51 - - [30/Jul/2026:23:29:36 +0000] "GET /library/gc.html HTTP/1.1" 404 12576 "https://hondasaudi.com/admin.php?dir=CwusrCwshareCwdocCwpython3-docsCwhtmlCwfaq&view=programming.html" "Mozilla/5.0 AppleWebKit/537.36 (KHTML, like Gecko; compatible; GPTBot/1.4; +https://openai.com/gptbot)"
74.7.241.51 - - [30/Jul/2026:23:29:58 +0000] "GET /library/compileall.html HTTP/1.1" 404 12581 "https://hondasaudi.com/admin.php?dir=CwusrCwshareCwdocCwpython3-docsCwhtmlCwfaq&view=programming.html" "Mozilla/5.0 AppleWebKit/537.36 (KHTML, like Gecko; compatible; GPTBot/1.4; +https://openai.com/gptbot)"
136.143.177.64 - - [30/Jul/2026:23:30:00 +0000] "POST /service_request/insights/marketingapiamj/honda/?endpoint=insights HTTP/1.1" 200 1030 "-" "Zoho_Analytics"
172.105.42.26 - - [30/Jul/2026:23:30:20 +0000] "POST /wp-cron.php?doing_wp_cron=1785454220.1474800109863281250000 HTTP/1.1" 200 20 "-" "WordPress/7.0.2; https://hondasaudi.com"
74.7.241.51 - - [30/Jul/2026:23:30:19 +0000] "GET /library/pdb.html HTTP/1.1" 404 12576 "https://hondasaudi.com/admin.php?dir=CwusrCwshareCwdocCwpython3-docsCwhtmlCwfaq&view=programming.html" "Mozilla/5.0 AppleWebKit/537.36 (KHTML, like Gecko; compatible; GPTBot/1.4; +https://openai.com/gptbot)"
172.105.42.26 - - [30/Jul/2026:23:30:42 +0000] "POST /wp-cron.php?doing_wp_cron=1785454241.9789319038391113281250 HTTP/1.1" 200 20 "-" "WordPress/7.0.2; https://hondasaudi.com"
74.7.241.51 - - [30/Jul/2026:23:30:41 +0000] "GET /library/sys.html HTTP/1.1" 404 12576 "https://hondasaudi.com/admin.php?dir=CwusrCwshareCwdocCwpython3-docsCwhtmlCwinstall&view=index.html" "Mozilla/5.0 AppleWebKit/537.36 (KHTML, like Gecko; compatible; GPTBot/1.4; +https://openai.com/gptbot)"
74.7.241.51 - - [30/Jul/2026:23:31:03 +0000] "GET /library/pwd.html HTTP/1.1" 404 12576 "https://hondasaudi.com/admin.php?dir=CwusrCwshareCwdocCwpython3-docsCwhtmlCwinstall&view=index.html" "Mozilla/5.0 AppleWebKit/537.36 (KHTML, like Gecko; compatible; GPTBot/1.4; +https://openai.com/gptbot)"
172.105.42.26 - - [30/Jul/2026:23:31:25 +0000] "POST /wp-cron.php?doing_wp_cron=1785454285.2094030380249023437500 HTTP/1.1" 200 20 "-" "WordPress/7.0.2; https://hondasaudi.com"
74.7.241.51 - - [30/Jul/2026:23:31:24 +0000] "GET /library/site.html HTTP/1.1" 404 12576 "https://hondasaudi.com/admin.php?dir=CwusrCwshareCwdocCwpython3-docsCwhtmlCwinstall&view=index.html" "Mozilla/5.0 AppleWebKit/537.36 (KHTML, like Gecko; compatible; GPTBot/1.4; +https://openai.com/gptbot)"
52.28.162.93 - - [30/Jul/2026:23:31:26 +0000] "HEAD / HTTP/1.1" 200 - "https://hondasaudi.com" "Mozilla/5.0+(compatible; UptimeRobot/2.0; http://www.uptimerobot.com/)"
172.105.42.26 - - [30/Jul/2026:23:31:45 +0000] "POST /wp-cron.php?doing_wp_cron=1785454305.9030580520629882812500 HTTP/1.1" 200 20 "-" "WordPress/7.0.2; https://hondasaudi.com"
74.7.241.51 - - [30/Jul/2026:23:31:45 +0000] "GET /library/copy.html HTTP/1.1" 404 12577 "https://hondasaudi.com/admin.php?dir=CwusrCwshareCwdocCwpython3-docsCwhtmlCwfaq&view=programming.html" "Mozilla/5.0 AppleWebKit/537.36 (KHTML, like Gecko; compatible; GPTBot/1.4; +https://openai.com/gptbot)"
74.7.241.51 - - [30/Jul/2026:23:32:06 +0000] "GET /builtdist.html HTTP/1.1" 404 12575 "https://hondasaudi.com/admin.php?dir=CwusrCwshareCwdocCwpython3-docsCwhtmlCwdistutils&view=index.html" "Mozilla/5.0 AppleWebKit/537.36 (KHTML, like Gecko; compatible; GPTBot/1.4; +https://openai.com/gptbot)"
172.105.42.26 - - [30/Jul/2026:23:32:28 +0000] "POST /wp-cron.php?doing_wp_cron=1785454348.2800989151000976562500 HTTP/1.1" 200 20 "-" "WordPress/7.0.2; https://hondasaudi.com"
74.7.241.51 - - [30/Jul/2026:23:32:28 +0000] "GET /howto/unicode.html HTTP/1.1" 404 12577 "https://hondasaudi.com/admin.php?dir=CwusrCwshareCwdocCwpython3-docsCwhtmlCwfaq&view=programming.html" "Mozilla/5.0 AppleWebKit/537.36 (KHTML, like Gecko; compatible; GPTBot/1.4; +https://openai.com/gptbot)"
172.105.42.26 - - [30/Jul/2026:23:32:42 +0000] "POST /wp-cron.php?doing_wp_cron=1785454362.2104520797729492187500 HTTP/1.1" 200 20 "-" "WordPress/7.0.2; https://hondasaudi.com"
74.7.241.51 - - [30/Jul/2026:23:32:48 +0000] "GET /howto/sorting.html HTTP/1.1" 404 12576 "https://hondasaudi.com/admin.php?dir=CwusrCwshareCwdocCwpython3-docsCwhtmlCwfaq&view=programming.html" "Mozilla/5.0 AppleWebKit/537.36 (KHTML, like Gecko; compatible; GPTBot/1.4; +https://openai.com/gptbot)"
74.7.241.51 - - [30/Jul/2026:23:33:10 +0000] "GET /library/timeit.html HTTP/1.1" 404 12578 "https://hondasaudi.com/admin.php?dir=CwusrCwshareCwdocCwpython3-docsCwhtmlCwfaq&view=programming.html" "Mozilla/5.0 AppleWebKit/537.36 (KHTML, like Gecko; compatible; GPTBot/1.4; +https://openai.com/gptbot)"
172.105.42.26 - - [30/Jul/2026:23:33:31 +0000] "POST /wp-cron.php?doing_wp_cron=1785454411.8517570495605468750000 HTTP/1.1" 200 20 "-" "WordPress/7.0.2; https://hondasaudi.com"
74.7.241.51 - - [30/Jul/2026:23:33:31 +0000] "GET /distutils/apiref.html HTTP/1.1" 404 12580 "https://hondasaudi.com/admin.php?dir=CwusrCwshareCwdocCwpython3-docsCwhtmlCwinstall&view=index.html" "Mozilla/5.0 AppleWebKit/537.36 (KHTML, like Gecko; compatible; GPTBot/1.4; +https://openai.com/gptbot)"
74.7.241.51 - - [30/Jul/2026:23:33:52 +0000] "GET /library/stdtypes.html HTTP/1.1" 404 12579 "https://hondasaudi.com/admin.php?dir=CwusrCwshareCwdocCwpython3-docsCwhtmlCwfaq&view=programming.html" "Mozilla/5.0 AppleWebKit/537.36 (KHTML, like Gecko; compatible; GPTBot/1.4; +https://openai.com/gptbot)"
74.7.241.51 - - [30/Jul/2026:23:34:13 +0000] "GET /reference/simple_stmts.html HTTP/1.1" 404 12583 "https://hondasaudi.com/admin.php?dir=CwusrCwshareCwdocCwpython3-docsCwhtmlCwinstall&view=index.html" "Mozilla/5.0 AppleWebKit/537.36 (KHTML, like Gecko; compatible; GPTBot/1.4; +https://openai.com/gptbot)"
103.77.106.211 - - [30/Jul/2026:23:34:25 +0000] "GET / HTTP/1.1" 200 15688 "http://hondasaudi.com" "Mozilla/5.0 (compatible; CMS-Checker/1.0; +https://example.com)"
172.105.42.26 - - [30/Jul/2026:23:34:34 +0000] "POST /wp-cron.php?doing_wp_cron=1785454474.7275838851928710937500 HTTP/1.1" 200 20 "-" "WordPress/7.0.2; https://hondasaudi.com"
74.7.241.51 - - [30/Jul/2026:23:34:34 +0000] "GET /library/importlib.html HTTP/1.1" 404 12577 "https://hondasaudi.com/admin.php?dir=CwusrCwshareCwdocCwpython3-docsCwhtmlCwfaq&view=programming.html" "Mozilla/5.0 AppleWebKit/537.36 (KHTML, like Gecko; compatible; GPTBot/1.4; +https://openai.com/gptbot)"
74.7.241.51 - - [30/Jul/2026:23:34:56 +0000] "GET /library/py_compile.html HTTP/1.1" 404 12581 "https://hondasaudi.com/admin.php?dir=CwusrCwshareCwdocCwpython3-docsCwhtmlCwfaq&view=programming.html" "Mozilla/5.0 AppleWebKit/537.36 (KHTML, like Gecko; compatible; GPTBot/1.4; +https://openai.com/gptbot)"
172.105.42.26 - - [30/Jul/2026:23:35:16 +0000] "POST /wp-cron.php?doing_wp_cron=1785454516.6516079902648925781250 HTTP/1.1" 200 20 "-" "WordPress/7.0.2; https://hondasaudi.com"
74.7.241.51 - - [30/Jul/2026:23:35:16 +0000] "GET /library/profile.html HTTP/1.1" 404 12578 "https://hondasaudi.com/admin.php?dir=CwusrCwshareCwdocCwpython3-docsCwhtmlCwfaq&view=programming.html" "Mozilla/5.0 AppleWebKit/537.36 (KHTML, like Gecko; compatible; GPTBot/1.4; +https://openai.com/gptbot)"
172.105.42.26 - - [30/Jul/2026:23:35:37 +0000] "POST /wp-cron.php?doing_wp_cron=1785454537.3992559909820556640625 HTTP/1.1" 200 20 "-" "WordPress/7.0.2; https://hondasaudi.com"
74.7.241.51 - - [30/Jul/2026:23:35:37 +0000] "GET /library/os.path.html HTTP/1.1" 404 12580 "https://hondasaudi.com/admin.php?dir=CwusrCwshareCwdocCwpython3-docsCwhtmlCwinstall&view=index.html" "Mozilla/5.0 AppleWebKit/537.36 (KHTML, like Gecko; compatible; GPTBot/1.4; +https://openai.com/gptbot)"
74.7.241.51 - - [30/Jul/2026:23:35:58 +0000] "GET /distutils/index.html HTTP/1.1" 404 12579 "https://hondasaudi.com/admin.php?dir=CwusrCwshareCwdocCwpython3-docsCwhtmlCwinstall&view=index.html" "Mozilla/5.0 AppleWebKit/537.36 (KHTML, like Gecko; compatible; GPTBot/1.4; +https://openai.com/gptbot)"
172.105.42.26 - - [30/Jul/2026:23:36:18 +0000] "POST /wp-cron.php?doing_wp_cron=1785454578.5252799987792968750000 HTTP/1.1" 200 20 "-" "WordPress/7.0.2; https://hondasaudi.com"
74.7.241.51 - - [30/Jul/2026:23:36:18 +0000] "GET /admin.php?dir=CwusrCwshareCwdocCwpython3-docsCwhtmlCwlibrary&view=pkgutil.html HTTP/1.1" 200 5778 "https://hondasaudi.com/admin.php?dir=CwusrCwshareCwdocCwpython3-docsCwhtmlCwlibrary" "Mozilla/5.0 AppleWebKit/537.36 (KHTML, like Gecko; compatible; GPTBot/1.4; +https://openai.com/gptbot)"
172.105.42.26 - - [30/Jul/2026:23:36:33 +0000] "POST /wp-cron.php?doing_wp_cron=1785454593.2378320693969726562500 HTTP/1.1" 200 20 "-" "WordPress/7.0.2; https://hondasaudi.com"
142.132.180.39 - - [30/Jul/2026:23:36:33 +0000] "HEAD / HTTP/1.1" 200 - "https://hondasaudi.com" "Mozilla/5.0+(compatible; UptimeRobot/2.0; http://www.uptimerobot.com/)"
74.7.241.51 - - [30/Jul/2026:23:36:38 +0000] "GET /admin.php?dir=CwusrCwshareCwdocCwpython3-docsCwhtmlCwlibrary&view=functools.html HTTP/1.1" 200 10751 "https://hondasaudi.com/admin.php?dir=CwusrCwshareCwdocCwpython3-docsCwhtmlCwlibrary" "Mozilla/5.0 AppleWebKit/537.36 (KHTML, like Gecko; compatible; GPTBot/1.4; +https://openai.com/gptbot)"
62.238.53.232 - - [30/Jul/2026:23:36:41 +0000] "GET /wp-content/uploads/2024/07/2024-ZR-V-300x300.jpg HTTP/1.1" 200 19422 "-" "Mozilla/5.0 (X11; Ubuntu; Linux x86_64; rv:72.0) Gecko/20100101 Firefox/72.0"
185.61.152.2 - - [30/Jul/2026:23:36:50 +0000] "POST /service_request/lead_gen_forms/autozone/ HTTP/1.1" 200 221 "-" "-"
74.7.241.51 - - [30/Jul/2026:23:36:59 +0000] "GET /admin.php?dir=CwusrCwshareCwdocCwpython3-docsCwhtmlCwlibrary&view=tokenize.html HTTP/1.1" 200 6532 "https://hondasaudi.com/admin.php?dir=CwusrCwshareCwdocCwpython3-docsCwhtmlCwlibrary" "Mozilla/5.0 AppleWebKit/537.36 (KHTML, like Gecko; compatible; GPTBot/1.4; +https://openai.com/gptbot)"
74.7.241.51 - - [30/Jul/2026:23:37:20 +0000] "GET /admin.php?dir=CwusrCwshareCwdocCwpython3-docsCwhtmlCwlibrary&view=zipfile.html HTTP/1.1" 200 12559 "https://hondasaudi.com/admin.php?dir=CwusrCwshareCwdocCwpython3-docsCwhtmlCwlibrary" "Mozilla/5.0 AppleWebKit/537.36 (KHTML, like Gecko; compatible; GPTBot/1.4; +https://openai.com/gptbot)"
74.7.241.51 - - [30/Jul/2026:23:37:42 +0000] "GET /admin.php?dir=CwusrCwshareCwdocCwpython3-docsCwhtmlCwlibrary&view=contextlib.html HTTP/1.1" 200 13712 "https://hondasaudi.com/admin.php?dir=CwusrCwshareCwdocCwpython3-docsCwhtmlCwlibrary" "Mozilla/5.0 AppleWebKit/537.36 (KHTML, like Gecko; compatible; GPTBot/1.4; +https://openai.com/gptbot)"
172.105.42.26 - - [30/Jul/2026:23:37:42 +0000] "POST /wp-cron.php?doing_wp_cron=1785454662.3537299633026123046875 HTTP/1.1" 200 20 "-" "WordPress/7.0.2; https://hondasaudi.com"
2a03:2880:10ff:70:: - - [30/Jul/2026:23:37:42 +0000] "GET /meta.json HTTP/1.1" 301 20 "-" "facebookexternalhit/1.1 (+http://www.facebook.com/externalhit_uatext.php)"
2a03:2880:10ff:47:: - - [30/Jul/2026:23:37:43 +0000] "GET /meta.json HTTP/1.1" 404 12570 "-" "facebookexternalhit/1.1 (+http://www.facebook.com/externalhit_uatext.php)"
74.7.241.51 - - [30/Jul/2026:23:38:04 +0000] "GET /admin.php?dir=CwusrCwshareCwdocCwpython3-docsCwhtmlCwlibrary&view=functions.html HTTP/1.1" 200 33843 "https://hondasaudi.com/admin.php?dir=CwusrCwshareCwdocCwpython3-docsCwhtmlCwlibrary" "Mozilla/5.0 AppleWebKit/537.36 (KHTML, like Gecko; compatible; GPTBot/1.4; +https://openai.com/gptbot)"
172.105.42.26 - - [30/Jul/2026:23:38:18 +0000] "POST /wp-cron.php?doing_wp_cron=1785454698.3306260108947753906250 HTTP/1.1" 200 20 "-" "WordPress/7.0.2; https://hondasaudi.com"
74.7.241.51 - - [30/Jul/2026:23:38:25 +0000] "GET /admin.php?dir=CwusrCwshareCwdocCwpython3-docsCwhtmlCwlibrary&view=weakref.html HTTP/1.1" 200 11556 "https://hondasaudi.com/admin.php?dir=CwusrCwshareCwdocCwpython3-docsCwhtmlCwlibrary" "Mozilla/5.0 AppleWebKit/537.36 (KHTML, like Gecko; compatible; GPTBot/1.4; +https://openai.com/gptbot)"
172.105.42.26 - - [30/Jul/2026:23:38:38 +0000] "POST /wp-cron.php?doing_wp_cron=1785454718.3681910037994384765625 HTTP/1.1" 200 20 "-" "WordPress/7.0.2; https://hondasaudi.com"
74.7.241.51 - - [30/Jul/2026:23:38:46 +0000] "GET /admin.php?dir=CwusrCwshareCwdocCwpython3-docsCwhtmlCwlibrary&view=wsgiref.html HTTP/1.1" 200 16614 "https://hondasaudi.com/admin.php?dir=CwusrCwshareCwdocCwpython3-docsCwhtmlCwlibrary" "Mozilla/5.0 AppleWebKit/537.36 (KHTML, like Gecko; compatible; GPTBot/1.4; +https://openai.com/gptbot)"
216.73.217.51 - - [30/Jul/2026:23:39:04 +0000] "GET /robots.txt HTTP/1.1" 304 - "-" "Mozilla/5.0 AppleWebKit/537.36 (KHTML, like Gecko; compatible; ClaudeBot/1.0; +claudebot@anthropic.com)"
216.73.217.51 - - [30/Jul/2026:23:39:05 +0000] "GET /sitemap.xml HTTP/1.1" 301 20 "-" "Mozilla/5.0 AppleWebKit/537.36 (KHTML, like Gecko; compatible; ClaudeBot/1.0; +claudebot@anthropic.com)"
216.73.217.51 - - [30/Jul/2026:23:39:05 +0000] "GET /wp-sitemap.xml HTTP/1.1" 200 235 "https://hondasaudi.com/sitemap.xml" "Mozilla/5.0 AppleWebKit/537.36 (KHTML, like Gecko; compatible; ClaudeBot/1.0; +claudebot@anthropic.com)"
74.7.241.51 - - [30/Jul/2026:23:39:07 +0000] "GET /admin.php?dir=CwusrCwshareCwdocCwpython3-docsCwhtmlCwlibrary&view=logging.html HTTP/1.1" 200 24374 "https://hondasaudi.com/admin.php?dir=CwusrCwshareCwdocCwpython3-docsCwhtmlCwlibrary" "Mozilla/5.0 AppleWebKit/537.36 (KHTML, like Gecko; compatible; GPTBot/1.4; +https://openai.com/gptbot)"
74.7.241.51 - - [30/Jul/2026:23:39:28 +0000] "GET /admin.php?dir=CwusrCwshareCwdocCwpython3-docsCwhtmlCwlibrary&view=sysconfig.html HTTP/1.1" 200 5747 "https://hondasaudi.com/admin.php?dir=CwusrCwshareCwdocCwpython3-docsCwhtmlCwlibrary" "Mozilla/5.0 AppleWebKit/537.36 (KHTML, like Gecko; compatible; GPTBot/1.4; +https://openai.com/gptbot)"
74.7.241.51 - - [30/Jul/2026:23:39:49 +0000] "GET /admin.php?dir=CwusrCwshareCwdocCwpython3-docsCwhtmlCwlibrary&view=fileformats.html HTTP/1.1" 200 2598 "https://hondasaudi.com/admin.php?dir=CwusrCwshareCwdocCwpython3-docsCwhtmlCwlibrary" "Mozilla/5.0 AppleWebKit/537.36 (KHTML, like Gecko; compatible; GPTBot/1.4; +https://openai.com/gptbot)"
74.7.241.51 - - [30/Jul/2026:23:40:11 +0000] "GET /admin.php?dir=CwusrCwshareCwdocCwpython3-docsCwhtmlCwlibrary&view=pickletools.html HTTP/1.1" 200 4086 "https://hondasaudi.com/admin.php?dir=CwusrCwshareCwdocCwpython3-docsCwhtmlCwlibrary" "Mozilla/5.0 AppleWebKit/537.36 (KHTML, like Gecko; compatible; GPTBot/1.4; +https://openai.com/gptbot)"
74.7.241.51 - - [30/Jul/2026:23:40:32 +0000] "GET /admin.php?dir=CwusrCwshareCwdocCwpython3-docsCwhtmlCwlibrary&view=winreg.html HTTP/1.1" 200 10612 "https://hondasaudi.com/admin.php?dir=CwusrCwshareCwdocCwpython3-docsCwhtmlCwlibrary" "Mozilla/5.0 AppleWebKit/537.36 (KHTML, like Gecko; compatible; GPTBot/1.4; +https://openai.com/gptbot)"
74.7.241.51 - - [30/Jul/2026:23:40:53 +0000] "GET /admin.php?dir=CwusrCwshareCwdocCwpython3-docsCwhtmlCwlibrary&view=tempfile.html HTTP/1.1" 200 8119 "https://hondasaudi.com/admin.php?dir=CwusrCwshareCwdocCwpython3-docsCwhtmlCwlibrary" "Mozilla/5.0 AppleWebKit/537.36 (KHTML, like Gecko; compatible; GPTBot/1.4; +https://openai.com/gptbot)"
74.7.241.51 - - [30/Jul/2026:23:41:15 +0000] "GET /admin.php?dir=CwusrCwshareCwdocCwpython3-docsCwhtmlCwlibrary&view=fpectl.html HTTP/1.1" 200 4191 "https://hondasaudi.com/admin.php?dir=CwusrCwshareCwdocCwpython3-docsCwhtmlCwlibrary" "Mozilla/5.0 AppleWebKit/537.36 (KHTML, like Gecko; compatible; GPTBot/1.4; +https://openai.com/gptbot)"
172.105.42.26 - - [30/Jul/2026:23:41:36 +0000] "POST /wp-cron.php?doing_wp_cron=1785454896.2466089725494384765625 HTTP/1.1" 200 20 "-" "WordPress/7.0.2; https://hondasaudi.com"
78.46.190.63 - - [30/Jul/2026:23:41:36 +0000] "HEAD / HTTP/1.1" 200 - "https://hondasaudi.com" "Mozilla/5.0+(compatible; UptimeRobot/2.0; http://www.uptimerobot.com/)"
74.7.241.51 - - [30/Jul/2026:23:41:36 +0000] "GET /admin.php?dir=CwusrCwshareCwdocCwpython3-docsCwhtmlCwlibrary&view=keyword.html HTTP/1.1" 200 2345 "https://hondasaudi.com/admin.php?dir=CwusrCwshareCwdocCwpython3-docsCwhtmlCwlibrary" "Mozilla/5.0 AppleWebKit/537.36 (KHTML, like Gecko; compatible; GPTBot/1.4; +https://openai.com/gptbot)"
2001:16a2:c058:10f3:601b:24a6:c049:b2bc - - [30/Jul/2026:23:41:56 +0000] "GET /wp-content/uploads/2025/09/HR-V-Ladies-1024x1024.jpg HTTP/1.1" 200 253899 "-" "TikTok 46.1.0 rv:461034 (iPhone; iOS 26.5.2; en_SA@calendar=gregorian) Cronet"
74.7.241.51 - - [30/Jul/2026:23:41:57 +0000] "GET /admin.php?dir=CwusrCwshareCwdocCwpython3-docsCwhtmlCwlibrary&view=symtable.html HTTP/1.1" 200 4165 "https://hondasaudi.com/admin.php?dir=CwusrCwshareCwdocCwpython3-docsCwhtmlCwlibrary" "Mozilla/5.0 AppleWebKit/537.36 (KHTML, like Gecko; compatible; GPTBot/1.4; +https://openai.com/gptbot)"
172.105.42.26 - - [30/Jul/2026:23:42:15 +0000] "POST /wp-cron.php?doing_wp_cron=1785454935.3837559223175048828125 HTTP/1.1" 200 20 "-" "WordPress/7.0.2; https://hondasaudi.com"
223.181.11.215 - - [30/Jul/2026:23:42:15 +0000] "GET /all-cars/?utm_source=Google&utm_medium=Paid_Traffic&utm_campaign=FEB2025&gad_source=2&gad_campaignid=21263733738 HTTP/1.1" 200 18897 "-" "Mozilla/5.0 (X11; Ubuntu; Linux i686; rv:24.0) Gecko/20100101 Firefox/24.0 Chrome/80.0.3987.132 Safari/537.36"
74.7.241.51 - - [30/Jul/2026:23:42:18 +0000] "GET /admin.php?dir=CwusrCwshareCwdocCwpython3-docsCwhtmlCwlibrary&view=quopri.html HTTP/1.1" 200 3252 "https://hondasaudi.com/admin.php?dir=CwusrCwshareCwdocCwpython3-docsCwhtmlCwlibrary" "Mozilla/5.0 AppleWebKit/537.36 (KHTML, like Gecko; compatible; GPTBot/1.4; +https://openai.com/gptbot)"
74.7.241.51 - - [30/Jul/2026:23:42:40 +0000] "GET /admin.php?dir=CwusrCwshareCwdocCwpython3-docsCwhtmlCwlibrary&view=socket.html HTTP/1.1" 200 29324 "https://hondasaudi.com/admin.php?dir=CwusrCwshareCwdocCwpython3-docsCwhtmlCwlibrary" "Mozilla/5.0 AppleWebKit/537.36 (KHTML, like Gecko; compatible; GPTBot/1.4; +https://openai.com/gptbot)"
172.105.42.26 - - [30/Jul/2026:23:42:48 +0000] "POST /wp-cron.php?doing_wp_cron=1785454968.3518640995025634765625 HTTP/1.1" 200 20 "-" "WordPress/7.0.2; https://hondasaudi.com"
2a02:9b0:8020:6aae:7068:f4ab:b187:766 - - [30/Jul/2026:23:42:48 +0000] "GET /honda-pilot/?utm_source=X&utm_campaign=Awareness_May_2026&twclid=22xuled6vejkpi3pg7tp3szl8a HTTP/1.1" 200 17878 "android-app://com.twitter.android/" "Mozilla/5.0 (Linux; Android 10; K) AppleWebKit/537.36 (KHTML, like Gecko) Chrome/150.0.0.0 Mobile Safari/537.36"
74.7.241.51 - - [30/Jul/2026:23:43:00 +0000] "GET /admin.php?dir=CwusrCwshareCwdocCwpython3-docsCwhtmlCwlibrary&view=tarfile.html HTTP/1.1" 200 14736 "https://hondasaudi.com/admin.php?dir=CwusrCwshareCwdocCwpython3-docsCwhtmlCwlibrary" "Mozilla/5.0 AppleWebKit/537.36 (KHTML, like Gecko; compatible; GPTBot/1.4; +https://openai.com/gptbot)"
2001:16a4:56:e526:2902:9ef:30f2:dfd7 - - [30/Jul/2026:23:43:09 +0000] "GET / HTTP/1.1" 200 15687 "https://www.google.com/" "Mozilla/5.0 (iPhone; CPU iPhone OS 18_7 like Mac OS X) AppleWebKit/605.1.15 (KHTML, like Gecko) Version/26.5 Mobile/15E148 Safari/604.1"
74.7.241.51 - - [30/Jul/2026:23:43:21 +0000] "GET /admin.php?dir=CwusrCwshareCwdocCwpython3-docsCwhtmlCwlibrary&view=string.html HTTP/1.1" 200 16545 "https://hondasaudi.com/admin.php?dir=CwusrCwshareCwdocCwpython3-docsCwhtmlCwlibrary" "Mozilla/5.0 AppleWebKit/537.36 (KHTML, like Gecko; compatible; GPTBot/1.4; +https://openai.com/gptbot)"
74.7.241.51 - - [30/Jul/2026:23:43:42 +0000] "GET /admin.php?dir=CwusrCwshareCwdocCwpython3-docsCwhtmlCwlibrary&view=atexit.html HTTP/1.1" 200 4026 "https://hondasaudi.com/admin.php?dir=CwusrCwshareCwdocCwpython3-docsCwhtmlCwlibrary" "Mozilla/5.0 AppleWebKit/537.36 (KHTML, like Gecko; compatible; GPTBot/1.4; +https://openai.com/gptbot)"
74.7.241.51 - - [30/Jul/2026:23:44:04 +0000] "GET /admin.php?dir=CwusrCwshareCwdocCwpython3-docsCwhtmlCwlibrary&view=zipapp.html HTTP/1.1" 200 10102 "https://hondasaudi.com/admin.php?dir=CwusrCwshareCwdocCwpython3-docsCwhtmlCwlibrary" "Mozilla/5.0 AppleWebKit/537.36 (KHTML, like Gecko; compatible; GPTBot/1.4; +https://openai.com/gptbot)"
74.7.241.51 - - [30/Jul/2026:23:44:24 +0000] "GET /admin.php?dir=CwusrCwshareCwdocCwpython3-docsCwhtmlCwlibrary&view=filesys.html HTTP/1.1" 200 3146 "https://hondasaudi.com/admin.php?dir=CwusrCwshareCwdocCwpython3-docsCwhtmlCwlibrary" "Mozilla/5.0 AppleWebKit/537.36 (KHTML, like Gecko; compatible; GPTBot/1.4; +https://openai.com/gptbot)"
172.105.42.26 - - [30/Jul/2026:23:44:32 +0000] "POST /wp-cron.php?doing_wp_cron=1785455072.8492300510406494140625 HTTP/1.1" 200 20 "-" "WordPress/7.0.2; https://hondasaudi.com"
66.249.92.129 - - [30/Jul/2026:23:44:32 +0000] "GET /outlet/?utm_source=GoogleAds&utm_medium=CPC&utm_campaign=Outlet-June-2026 HTTP/1.1" 200 16202 "-" "Mozilla/5.0 (Linux; Android 6.0.1; Nexus 5X Build/MMB29P) AppleWebKit/537.36 (KHTML, like Gecko) Chrome/150.0.7871.186 Mobile Safari/537.36 (compatible; AdsBot-Google-Mobile; +http://www.google.com/mobile/adsbot.html)"
66.249.92.142 - - [30/Jul/2026:23:44:38 +0000] "GET /wp-json/contact-form-7/v1/contact-forms/453560/feedback/schema HTTP/1.1" 200 1143 "https://hondasaudi.com/outlet/?utm_source=GoogleAds&utm_medium=CPC&utm_campaign=Outlet-June-2026" "AdsBot-Google (+http://www.google.com/adsbot.html)"
74.7.241.51 - - [30/Jul/2026:23:44:44 +0000] "GET /admin.php?dir=CwusrCwshareCwdocCwpython3-docsCwhtmlCwlibrary&view=filecmp.html HTTP/1.1" 200 4803 "https://hondasaudi.com/admin.php?dir=CwusrCwshareCwdocCwpython3-docsCwhtmlCwlibrary" "Mozilla/5.0 AppleWebKit/537.36 (KHTML, like Gecko; compatible; GPTBot/1.4; +https://openai.com/gptbot)"
2001:16a4:56:e526:2902:9ef:30f2:dfd7 - - [30/Jul/2026:23:45:02 +0000] "GET / HTTP/1.1" 200 15687 "-" "Mozilla/5.0 (iPhone; CPU iPhone OS 18_7 like Mac OS X) AppleWebKit/605.1.15 (KHTML, like Gecko) Version/26.5 Mobile/15E148 Safari/604.1"
74.7.241.51 - - [30/Jul/2026:23:45:04 +0000] "GET /admin.php?dir=CwusrCwshareCwdocCwpython3-docsCwhtmlCwlibrary&view=pickle.html HTTP/1.1" 200 19336 "https://hondasaudi.com/admin.php?dir=CwusrCwshareCwdocCwpython3-docsCwhtmlCwlibrary" "Mozilla/5.0 AppleWebKit/537.36 (KHTML, like Gecko; compatible; GPTBot/1.4; +https://openai.com/gptbot)"
74.7.241.51 - - [30/Jul/2026:23:45:25 +0000] "GET /admin.php?dir=CwusrCwshareCwdocCwpython3-docsCwhtmlCwlibrary&view=subprocess.html HTTP/1.1" 200 20915 "https://hondasaudi.com/admin.php?dir=CwusrCwshareCwdocCwpython3-docsCwhtmlCwlibrary" "Mozilla/5.0 AppleWebKit/537.36 (KHTML, like Gecko; compatible; GPTBot/1.4; +https://openai.com/gptbot)"
172.105.42.26 - - [30/Jul/2026:23:45:46 +0000] "POST /wp-cron.php?doing_wp_cron=1785455146.1872940063476562500000 HTTP/1.1" 200 20 "-" "WordPress/7.0.2; https://hondasaudi.com"
2001:16a4:56:e526:2902:9ef:30f2:dfd7 - - [30/Jul/2026:23:45:45 +0000] "GET / HTTP/1.1" 200 15687 "-" "Mozilla/5.0 (iPhone; CPU iPhone OS 18_7 like Mac OS X) AppleWebKit/605.1.15 (KHTML, like Gecko) Version/26.5 Mobile/15E148 Safari/604.1"
74.7.241.51 - - [30/Jul/2026:23:45:46 +0000] "GET /admin.php?dir=CwusrCwshareCwdocCwpython3-docsCwhtmlCwlibrary&view=copyreg.html HTTP/1.1" 200 3302 "https://hondasaudi.com/admin.php?dir=CwusrCwshareCwdocCwpython3-docsCwhtmlCwlibrary" "Mozilla/5.0 AppleWebKit/537.36 (KHTML, like Gecko; compatible; GPTBot/1.4; +https://openai.com/gptbot)"
74.7.241.51 - - [30/Jul/2026:23:46:07 +0000] "GET /admin.php?dir=CwusrCwshareCwdocCwpython3-docsCwhtmlCwlibrary&view=threading.html HTTP/1.1" 200 16979 "https://hondasaudi.com/admin.php?dir=CwusrCwshareCwdocCwpython3-docsCwhtmlCwlibrary" "Mozilla/5.0 AppleWebKit/537.36 (KHTML, like Gecko; compatible; GPTBot/1.4; +https://openai.com/gptbot)"
74.7.241.51 - - [30/Jul/2026:23:46:27 +0000] "GET /admin.php?dir=CwusrCwshareCwdocCwpython3-docsCwhtmlCwlibrary&view=argparse.html HTTP/1.1" 200 30589 "https://hondasaudi.com/admin.php?dir=CwusrCwshareCwdocCwpython3-docsCwhtmlCwlibrary" "Mozilla/5.0 AppleWebKit/537.36 (KHTML, like Gecko; compatible; GPTBot/1.4; +https://openai.com/gptbot)"
172.105.42.26 - - [30/Jul/2026:23:46:41 +0000] "POST /wp-cron.php?doing_wp_cron=1785455201.5407218933105468750000 HTTP/1.1" 200 20 "-" "WordPress/7.0.2; https://hondasaudi.com"
49.13.134.145 - - [30/Jul/2026:23:46:41 +0000] "HEAD / HTTP/1.1" 200 - "https://hondasaudi.com" "Mozilla/5.0+(compatible; UptimeRobot/2.0; http://www.uptimerobot.com/)"
74.7.241.51 - - [30/Jul/2026:23:46:49 +0000] "GET /admin.php?dir=CwusrCwshareCwdocCwpython3-docsCwhtmlCwlibrary&view=getopt.html HTTP/1.1" 200 5159 "https://hondasaudi.com/admin.php?dir=CwusrCwshareCwdocCwpython3-docsCwhtmlCwlibrary" "Mozilla/5.0 AppleWebKit/537.36 (KHTML, like Gecko; compatible; GPTBot/1.4; +https://openai.com/gptbot)"
