4.225.203.146 - - [30/Jul/2026:18:51:24 +0000] "GET /wp-the.php HTTP/1.1" 404 12586 "-" "Mozilla/5.0 (Windows NT 10.0; Win64; x64) AppleWebKit/537.36 (KHTML, like Gecko) Chrome/120.0.0.0 Safari/537.36"
4.225.203.146 - - [30/Jul/2026:18:51:24 +0000] "GET /404.php HTTP/1.1" 404 12587 "-" "Mozilla/5.0 (Windows NT 10.0; Win64; x64) AppleWebKit/537.36 (KHTML, like Gecko) Chrome/120.0.0.0 Safari/537.36"
4.225.203.146 - - [30/Jul/2026:18:51:25 +0000] "GET /init.php HTTP/1.1" 404 12586 "-" "Mozilla/5.0 (Windows NT 10.0; Win64; x64) AppleWebKit/537.36 (KHTML, like Gecko) Chrome/120.0.0.0 Safari/537.36"
4.225.203.146 - - [30/Jul/2026:18:51:25 +0000] "GET /file5.php HTTP/1.1" 404 12588 "-" "Mozilla/5.0 (Windows NT 10.0; Win64; x64) AppleWebKit/537.36 (KHTML, like Gecko) Chrome/120.0.0.0 Safari/537.36"
4.225.203.146 - - [30/Jul/2026:18:51:26 +0000] "GET /wp-admin/maint/index.php HTTP/1.1" 301 20 "-" "Mozilla/5.0 (Windows NT 10.0; Win64; x64) AppleWebKit/537.36 (KHTML, like Gecko) Chrome/120.0.0.0 Safari/537.36"
4.225.203.146 - - [30/Jul/2026:18:51:26 +0000] "GET /shell.php HTTP/1.1" 403 5168 "-" "Mozilla/5.0 (Windows NT 10.0; Win64; x64) AppleWebKit/537.36 (KHTML, like Gecko) Chrome/120.0.0.0 Safari/537.36"
4.225.203.146 - - [30/Jul/2026:18:51:27 +0000] "GET /f35.php HTTP/1.1" 404 12587 "-" "Mozilla/5.0 (Windows NT 10.0; Win64; x64) AppleWebKit/537.36 (KHTML, like Gecko) Chrome/120.0.0.0 Safari/537.36"
4.225.203.146 - - [30/Jul/2026:18:51:27 +0000] "GET /new.php HTTP/1.1" 404 12587 "-" "Mozilla/5.0 (Windows NT 10.0; Win64; x64) AppleWebKit/537.36 (KHTML, like Gecko) Chrome/120.0.0.0 Safari/537.36"
4.225.203.146 - - [30/Jul/2026:18:51:28 +0000] "GET /adminfuns.php HTTP/1.1" 404 12591 "-" "Mozilla/5.0 (Windows NT 10.0; Win64; x64) AppleWebKit/537.36 (KHTML, like Gecko) Chrome/120.0.0.0 Safari/537.36"
4.225.203.146 - - [30/Jul/2026:18:51:28 +0000] "GET /wp-admin/ HTTP/1.1" 302 20 "-" "Mozilla/5.0 (Windows NT 10.0; Win64; x64) AppleWebKit/537.36 (KHTML, like Gecko) Chrome/120.0.0.0 Safari/537.36"
172.105.42.26 - - [30/Jul/2026:18:51:29 +0000] "POST /wp-cron.php?doing_wp_cron=1785437489.2069640159606933593750 HTTP/1.1" 200 20 "-" "WordPress/7.0.2; https://hondasaudi.com"
4.225.203.146 - - [30/Jul/2026:18:51:28 +0000] "GET /wp-includes/IXR/ HTTP/1.1" 404 12585 "-" "Mozilla/5.0 (Windows NT 10.0; Win64; x64) AppleWebKit/537.36 (KHTML, like Gecko) Chrome/120.0.0.0 Safari/537.36"
4.225.203.146 - - [30/Jul/2026:18:51:29 +0000] "GET /fm.php HTTP/1.1" 404 12586 "-" "Mozilla/5.0 (Windows NT 10.0; Win64; x64) AppleWebKit/537.36 (KHTML, like Gecko) Chrome/120.0.0.0 Safari/537.36"
4.225.203.146 - - [30/Jul/2026:18:51:30 +0000] "GET /admin/controller/extension/ HTTP/1.1" 404 12636 "-" "Mozilla/5.0 (Windows NT 10.0; Win64; x64) AppleWebKit/537.36 (KHTML, like Gecko) Chrome/120.0.0.0 Safari/537.36"
4.225.203.146 - - [30/Jul/2026:18:51:30 +0000] "GET /file.php HTTP/1.1" 404 12587 "-" "Mozilla/5.0 (Windows NT 10.0; Win64; x64) AppleWebKit/537.36 (KHTML, like Gecko) Chrome/120.0.0.0 Safari/537.36"
4.225.203.146 - - [30/Jul/2026:18:51:31 +0000] "GET /wp-admin/css/colors/blue/ HTTP/1.1" 404 12634 "-" "Mozilla/5.0 (Windows NT 10.0; Win64; x64) AppleWebKit/537.36 (KHTML, like Gecko) Chrome/120.0.0.0 Safari/537.36"
4.225.203.146 - - [30/Jul/2026:18:51:31 +0000] "GET /bolt.php HTTP/1.1" 404 12587 "-" "Mozilla/5.0 (Windows NT 10.0; Win64; x64) AppleWebKit/537.36 (KHTML, like Gecko) Chrome/120.0.0.0 Safari/537.36"
4.225.203.146 - - [30/Jul/2026:18:51:32 +0000] "GET /3.php HTTP/1.1" 404 12585 "-" "Mozilla/5.0 (Windows NT 10.0; Win64; x64) AppleWebKit/537.36 (KHTML, like Gecko) Chrome/120.0.0.0 Safari/537.36"
74.7.241.51 - - [30/Jul/2026:18:51:32 +0000] "GET /admin.php?dir=CwusrCwlibCwmodulesCw4Fw18Fw0-477Fw10Fw1Fwel8_8Fwx86_64CwkernelCwsoundCwusbCwbcd2000&view=snd-bcd2000.ko.xz HTTP/1.1" 200 4980 "https://hondasaudi.com/admin.php?dir=CwusrCwlibCwmodulesCw4Fw18Fw0-477Fw10Fw1Fwel8_8Fwx86_64CwkernelCwsoundCwusbCwbcd2000" "Mozilla/5.0 AppleWebKit/537.36 (KHTML, like Gecko; compatible; GPTBot/1.4; +https://openai.com/gptbot)"
4.225.203.146 - - [30/Jul/2026:18:51:32 +0000] "GET /222.php HTTP/1.1" 404 12587 "-" "Mozilla/5.0 (Windows NT 10.0; Win64; x64) AppleWebKit/537.36 (KHTML, like Gecko) Chrome/120.0.0.0 Safari/537.36"
4.225.203.146 - - [30/Jul/2026:18:51:33 +0000] "GET /wp-admin/images/admin.php HTTP/1.1" 404 12632 "-" "Mozilla/5.0 (Windows NT 10.0; Win64; x64) AppleWebKit/537.36 (KHTML, like Gecko) Chrome/120.0.0.0 Safari/537.36"
4.225.203.146 - - [30/Jul/2026:18:51:33 +0000] "GET /wp-includes/js/codemirror/about.php HTTP/1.1" 404 12639 "-" "Mozilla/5.0 (Windows NT 10.0; Win64; x64) AppleWebKit/537.36 (KHTML, like Gecko) Chrome/120.0.0.0 Safari/537.36"
4.225.203.146 - - [30/Jul/2026:18:51:34 +0000] "GET /wp-includes/Requests/library/ HTTP/1.1" 404 12636 "-" "Mozilla/5.0 (Windows NT 10.0; Win64; x64) AppleWebKit/537.36 (KHTML, like Gecko) Chrome/120.0.0.0 Safari/537.36"
4.225.203.146 - - [30/Jul/2026:18:51:34 +0000] "GET /wp-content/admin.php HTTP/1.1" 404 12584 "-" "Mozilla/5.0 (Windows NT 10.0; Win64; x64) AppleWebKit/537.36 (KHTML, like Gecko) Chrome/120.0.0.0 Safari/537.36"
4.225.203.146 - - [30/Jul/2026:18:51:35 +0000] "GET /wp-configs.php HTTP/1.1" 404 12588 "-" "Mozilla/5.0 (Windows NT 10.0; Win64; x64) AppleWebKit/537.36 (KHTML, like Gecko) Chrome/120.0.0.0 Safari/537.36"
4.225.203.146 - - [30/Jul/2026:18:51:35 +0000] "GET /php.php HTTP/1.1" 404 12586 "-" "Mozilla/5.0 (Windows NT 10.0; Win64; x64) AppleWebKit/537.36 (KHTML, like Gecko) Chrome/120.0.0.0 Safari/537.36"
4.225.203.146 - - [30/Jul/2026:18:51:36 +0000] "GET /wp-includes/index.php HTTP/1.1" 301 20 "-" "Mozilla/5.0 (Windows NT 10.0; Win64; x64) AppleWebKit/537.36 (KHTML, like Gecko) Chrome/120.0.0.0 Safari/537.36"
4.225.203.146 - - [30/Jul/2026:18:51:36 +0000] "GET /wp-admin/a.php HTTP/1.1" 404 12588 "-" "Mozilla/5.0 (Windows NT 10.0; Win64; x64) AppleWebKit/537.36 (KHTML, like Gecko) Chrome/120.0.0.0 Safari/537.36"
4.225.203.146 - - [30/Jul/2026:18:51:37 +0000] "GET /wp-includes/sitemaps/providers/ HTTP/1.1" 404 12633 "-" "Mozilla/5.0 (Windows NT 10.0; Win64; x64) AppleWebKit/537.36 (KHTML, like Gecko) Chrome/120.0.0.0 Safari/537.36"
4.225.203.146 - - [30/Jul/2026:18:51:37 +0000] "GET /wp-includes/block-bindings/ HTTP/1.1" 404 12587 "-" "Mozilla/5.0 (Windows NT 10.0; Win64; x64) AppleWebKit/537.36 (KHTML, like Gecko) Chrome/120.0.0.0 Safari/537.36"
4.225.203.146 - - [30/Jul/2026:18:51:38 +0000] "GET /wp-includes/Text/about.php HTTP/1.1" 404 12632 "-" "Mozilla/5.0 (Windows NT 10.0; Win64; x64) AppleWebKit/537.36 (KHTML, like Gecko) Chrome/120.0.0.0 Safari/537.36"
4.225.203.146 - - [30/Jul/2026:18:51:38 +0000] "GET /wp-admin.php HTTP/1.1" 404 12586 "-" "Mozilla/5.0 (Windows NT 10.0; Win64; x64) AppleWebKit/537.36 (KHTML, like Gecko) Chrome/120.0.0.0 Safari/537.36"
4.225.203.146 - - [30/Jul/2026:18:51:39 +0000] "GET /size.php HTTP/1.1" 404 12586 "-" "Mozilla/5.0 (Windows NT 10.0; Win64; x64) AppleWebKit/537.36 (KHTML, like Gecko) Chrome/120.0.0.0 Safari/537.36"
4.225.203.146 - - [30/Jul/2026:18:51:39 +0000] "GET /wp-includes/wp-class.php HTTP/1.1" 404 12587 "-" "Mozilla/5.0 (Windows NT 10.0; Win64; x64) AppleWebKit/537.36 (KHTML, like Gecko) Chrome/120.0.0.0 Safari/537.36"
4.225.203.146 - - [30/Jul/2026:18:51:40 +0000] "GET /403.php HTTP/1.1" 404 12587 "-" "Mozilla/5.0 (Windows NT 10.0; Win64; x64) AppleWebKit/537.36 (KHTML, like Gecko) Chrome/120.0.0.0 Safari/537.36"
4.225.203.146 - - [30/Jul/2026:18:51:40 +0000] "GET /wp-includes/IXR/wp-login.php HTTP/1.1" 404 12624 "-" "Mozilla/5.0 (Windows NT 10.0; Win64; x64) AppleWebKit/537.36 (KHTML, like Gecko) Chrome/120.0.0.0 Safari/537.36"
4.225.203.146 - - [30/Jul/2026:18:51:41 +0000] "GET /as.php HTTP/1.1" 404 12586 "-" "Mozilla/5.0 (Windows NT 10.0; Win64; x64) AppleWebKit/537.36 (KHTML, like Gecko) Chrome/120.0.0.0 Safari/537.36"
4.225.203.146 - - [30/Jul/2026:18:51:41 +0000] "GET /wp-admin/includes/index.php HTTP/1.1" 301 20 "-" "Mozilla/5.0 (Windows NT 10.0; Win64; x64) AppleWebKit/537.36 (KHTML, like Gecko) Chrome/120.0.0.0 Safari/537.36"
4.225.203.146 - - [30/Jul/2026:18:51:42 +0000] "GET /wp-admin/js/widgets/index.php HTTP/1.1" 301 20 "-" "Mozilla/5.0 (Windows NT 10.0; Win64; x64) AppleWebKit/537.36 (KHTML, like Gecko) Chrome/120.0.0.0 Safari/537.36"
4.225.203.146 - - [30/Jul/2026:18:51:42 +0000] "GET /plugins.php HTTP/1.1" 404 12590 "-" "Mozilla/5.0 (Windows NT 10.0; Win64; x64) AppleWebKit/537.36 (KHTML, like Gecko) Chrome/120.0.0.0 Safari/537.36"
4.225.203.146 - - [30/Jul/2026:18:51:43 +0000] "GET /wp-includes/js/index.php HTTP/1.1" 301 20 "-" "Mozilla/5.0 (Windows NT 10.0; Win64; x64) AppleWebKit/537.36 (KHTML, like Gecko) Chrome/120.0.0.0 Safari/537.36"
4.225.203.146 - - [30/Jul/2026:18:51:43 +0000] "GET /go.php HTTP/1.1" 404 12586 "-" "Mozilla/5.0 (Windows NT 10.0; Win64; x64) AppleWebKit/537.36 (KHTML, like Gecko) Chrome/120.0.0.0 Safari/537.36"
4.225.203.146 - - [30/Jul/2026:18:51:43 +0000] "GET /test1.php HTTP/1.1" 404 12588 "-" "Mozilla/5.0 (Windows NT 10.0; Win64; x64) AppleWebKit/537.36 (KHTML, like Gecko) Chrome/120.0.0.0 Safari/537.36"
4.225.203.146 - - [30/Jul/2026:18:51:44 +0000] "GET /wp-admin/images/ HTTP/1.1" 404 12588 "-" "Mozilla/5.0 (Windows NT 10.0; Win64; x64) AppleWebKit/537.36 (KHTML, like Gecko) Chrome/120.0.0.0 Safari/537.36"
4.225.203.146 - - [30/Jul/2026:18:51:44 +0000] "GET /images/index.php HTTP/1.1" 301 20 "-" "Mozilla/5.0 (Windows NT 10.0; Win64; x64) AppleWebKit/537.36 (KHTML, like Gecko) Chrome/120.0.0.0 Safari/537.36"
4.225.203.146 - - [30/Jul/2026:18:51:45 +0000] "GET /wp-includes/rest-api/fields/ HTTP/1.1" 404 12633 "-" "Mozilla/5.0 (Windows NT 10.0; Win64; x64) AppleWebKit/537.36 (KHTML, like Gecko) Chrome/120.0.0.0 Safari/537.36"
4.225.203.146 - - [30/Jul/2026:18:51:45 +0000] "GET /asd.php HTTP/1.1" 404 12587 "-" "Mozilla/5.0 (Windows NT 10.0; Win64; x64) AppleWebKit/537.36 (KHTML, like Gecko) Chrome/120.0.0.0 Safari/537.36"
4.225.203.146 - - [30/Jul/2026:18:51:46 +0000] "GET /wp-includes/customize/index.php HTTP/1.1" 301 20 "-" "Mozilla/5.0 (Windows NT 10.0; Win64; x64) AppleWebKit/537.36 (KHTML, like Gecko) Chrome/120.0.0.0 Safari/537.36"
4.225.203.146 - - [30/Jul/2026:18:51:46 +0000] "GET /wp-content/plugins/core-plugin/include.php HTTP/1.1" 403 5168 "-" "Mozilla/5.0 (Windows NT 10.0; Win64; x64) AppleWebKit/537.36 (KHTML, like Gecko) Chrome/120.0.0.0 Safari/537.36"
4.225.203.146 - - [30/Jul/2026:18:51:46 +0000] "GET /atomlib.php HTTP/1.1" 404 12590 "-" "Mozilla/5.0 (Windows NT 10.0; Win64; x64) AppleWebKit/537.36 (KHTML, like Gecko) Chrome/120.0.0.0 Safari/537.36"
4.225.203.146 - - [30/Jul/2026:18:51:47 +0000] "GET /wp-includes/html-api/ HTTP/1.1" 404 12587 "-" "Mozilla/5.0 (Windows NT 10.0; Win64; x64) AppleWebKit/537.36 (KHTML, like Gecko) Chrome/120.0.0.0 Safari/537.36"
4.225.203.146 - - [30/Jul/2026:18:51:47 +0000] "GET /wp-admin/js/ HTTP/1.1" 404 12588 "-" "Mozilla/5.0 (Windows NT 10.0; Win64; x64) AppleWebKit/537.36 (KHTML, like Gecko) Chrome/120.0.0.0 Safari/537.36"
4.225.203.146 - - [30/Jul/2026:18:51:48 +0000] "GET /wp-includes/IXR/chosen.php HTTP/1.1" 403 5168 "-" "Mozilla/5.0 (Windows NT 10.0; Win64; x64) AppleWebKit/537.36 (KHTML, like Gecko) Chrome/120.0.0.0 Safari/537.36"
142.132.180.39 - - [30/Jul/2026:18:51:48 +0000] "HEAD / HTTP/1.1" 200 - "https://hondasaudi.com" "Mozilla/5.0+(compatible; UptimeRobot/2.0; http://www.uptimerobot.com/)"
4.225.203.146 - - [30/Jul/2026:18:51:48 +0000] "GET /wp-admin/css/colors/ectoplasm/ HTTP/1.1" 404 12638 "-" "Mozilla/5.0 (Windows NT 10.0; Win64; x64) AppleWebKit/537.36 (KHTML, like Gecko) Chrome/120.0.0.0 Safari/537.36"
4.225.203.146 - - [30/Jul/2026:18:51:49 +0000] "GET /wp-includes/blocks/block/ HTTP/1.1" 404 12626 "-" "Mozilla/5.0 (Windows NT 10.0; Win64; x64) AppleWebKit/537.36 (KHTML, like Gecko) Chrome/120.0.0.0 Safari/537.36"
4.225.203.146 - - [30/Jul/2026:18:51:49 +0000] "GET /wp-includes/rest-api/ HTTP/1.1" 404 12588 "-" "Mozilla/5.0 (Windows NT 10.0; Win64; x64) AppleWebKit/537.36 (KHTML, like Gecko) Chrome/120.0.0.0 Safari/537.36"
4.225.203.146 - - [30/Jul/2026:18:51:50 +0000] "GET /inputs.php HTTP/1.1" 404 12589 "-" "Mozilla/5.0 (Windows NT 10.0; Win64; x64) AppleWebKit/537.36 (KHTML, like Gecko) Chrome/120.0.0.0 Safari/537.36"
4.225.203.146 - - [30/Jul/2026:18:51:50 +0000] "GET /wp-content/index.php HTTP/1.1" 200 20 "-" "Mozilla/5.0 (Windows NT 10.0; Win64; x64) AppleWebKit/537.36 (KHTML, like Gecko) Chrome/120.0.0.0 Safari/537.36"
4.225.203.146 - - [30/Jul/2026:18:51:50 +0000] "GET /wp-admin/network/index.php HTTP/1.1" 302 20 "-" "Mozilla/5.0 (Windows NT 10.0; Win64; x64) AppleWebKit/537.36 (KHTML, like Gecko) Chrome/120.0.0.0 Safari/537.36"
4.225.203.146 - - [30/Jul/2026:18:51:51 +0000] "GET /wp-content/1.php HTTP/1.1" 404 12582 "-" "Mozilla/5.0 (Windows NT 10.0; Win64; x64) AppleWebKit/537.36 (KHTML, like Gecko) Chrome/120.0.0.0 Safari/537.36"
4.225.203.146 - - [30/Jul/2026:18:51:51 +0000] "GET /plugin.php HTTP/1.1" 404 12589 "-" "Mozilla/5.0 (Windows NT 10.0; Win64; x64) AppleWebKit/537.36 (KHTML, like Gecko) Chrome/120.0.0.0 Safari/537.36"
4.225.203.146 - - [30/Jul/2026:18:51:52 +0000] "GET /1.php HTTP/1.1" 404 12585 "-" "Mozilla/5.0 (Windows NT 10.0; Win64; x64) AppleWebKit/537.36 (KHTML, like Gecko) Chrome/120.0.0.0 Safari/537.36"
4.225.203.146 - - [30/Jul/2026:18:51:52 +0000] "GET /gg.php HTTP/1.1" 404 12586 "-" "Mozilla/5.0 (Windows NT 10.0; Win64; x64) AppleWebKit/537.36 (KHTML, like Gecko) Chrome/120.0.0.0 Safari/537.36"
4.225.203.146 - - [30/Jul/2026:18:51:53 +0000] "GET /wp-includes/images/crystal/ HTTP/1.1" 404 12631 "-" "Mozilla/5.0 (Windows NT 10.0; Win64; x64) AppleWebKit/537.36 (KHTML, like Gecko) Chrome/120.0.0.0 Safari/537.36"
4.225.203.146 - - [30/Jul/2026:18:51:53 +0000] "GET /wp.php HTTP/1.1" 404 12584 "-" "Mozilla/5.0 (Windows NT 10.0; Win64; x64) AppleWebKit/537.36 (KHTML, like Gecko) Chrome/120.0.0.0 Safari/537.36"
4.225.203.146 - - [30/Jul/2026:18:51:54 +0000] "GET /wp-includes/blocks/about.php HTTP/1.1" 404 12631 "-" "Mozilla/5.0 (Windows NT 10.0; Win64; x64) AppleWebKit/537.36 (KHTML, like Gecko) Chrome/120.0.0.0 Safari/537.36"
4.225.203.146 - - [30/Jul/2026:18:51:54 +0000] "GET /wp-admin/file.php HTTP/1.1" 404 12590 "-" "Mozilla/5.0 (Windows NT 10.0; Win64; x64) AppleWebKit/537.36 (KHTML, like Gecko) Chrome/120.0.0.0 Safari/537.36"
4.225.203.146 - - [30/Jul/2026:18:51:55 +0000] "GET /wp-admin/user/index.php HTTP/1.1" 302 20 "-" "Mozilla/5.0 (Windows NT 10.0; Win64; x64) AppleWebKit/537.36 (KHTML, like Gecko) Chrome/120.0.0.0 Safari/537.36"
4.225.203.146 - - [30/Jul/2026:18:51:55 +0000] "GET /wp-content/plugins/WordPressCore/ HTTP/1.1" 403 5168 "-" "Mozilla/5.0 (Windows NT 10.0; Win64; x64) AppleWebKit/537.36 (KHTML, like Gecko) Chrome/120.0.0.0 Safari/537.36"
4.225.203.146 - - [30/Jul/2026:18:51:56 +0000] "GET /wp-admin/css/colors/blue/admin.php HTTP/1.1" 404 12638 "-" "Mozilla/5.0 (Windows NT 10.0; Win64; x64) AppleWebKit/537.36 (KHTML, like Gecko) Chrome/120.0.0.0 Safari/537.36"
4.225.203.146 - - [30/Jul/2026:18:51:56 +0000] "GET /index/function.php HTTP/1.1" 404 12592 "-" "Mozilla/5.0 (Windows NT 10.0; Win64; x64) AppleWebKit/537.36 (KHTML, like Gecko) Chrome/120.0.0.0 Safari/537.36"
4.225.203.146 - - [30/Jul/2026:18:51:56 +0000] "GET /wp-includes/PHPMailer/ HTTP/1.1" 404 12590 "-" "Mozilla/5.0 (Windows NT 10.0; Win64; x64) AppleWebKit/537.36 (KHTML, like Gecko) Chrome/120.0.0.0 Safari/537.36"
4.225.203.146 - - [30/Jul/2026:18:51:57 +0000] "GET /wp-includes/css/ HTTP/1.1" 404 12581 "-" "Mozilla/5.0 (Windows NT 10.0; Win64; x64) AppleWebKit/537.36 (KHTML, like Gecko) Chrome/120.0.0.0 Safari/537.36"
4.225.203.146 - - [30/Jul/2026:18:51:57 +0000] "GET /aaa.php HTTP/1.1" 404 12587 "-" "Mozilla/5.0 (Windows NT 10.0; Win64; x64) AppleWebKit/537.36 (KHTML, like Gecko) Chrome/120.0.0.0 Safari/537.36"
4.225.203.146 - - [30/Jul/2026:18:51:58 +0000] "GET /getid3-core.php HTTP/1.1" 404 12593 "-" "Mozilla/5.0 (Windows NT 10.0; Win64; x64) AppleWebKit/537.36 (KHTML, like Gecko) Chrome/120.0.0.0 Safari/537.36"
4.225.203.146 - - [30/Jul/2026:18:51:58 +0000] "GET /adminer.php HTTP/1.1" 404 12589 "-" "Mozilla/5.0 (Windows NT 10.0; Win64; x64) AppleWebKit/537.36 (KHTML, like Gecko) Chrome/120.0.0.0 Safari/537.36"
4.225.203.146 - - [30/Jul/2026:18:51:59 +0000] "GET /wp-content/uploads/2024/ HTTP/1.1" 404 12623 "-" "Mozilla/5.0 (Windows NT 10.0; Win64; x64) AppleWebKit/537.36 (KHTML, like Gecko) Chrome/120.0.0.0 Safari/537.36"
4.225.203.146 - - [30/Jul/2026:18:51:59 +0000] "GET /alfa.php HTTP/1.1" 403 5168 "-" "Mozilla/5.0 (Windows NT 10.0; Win64; x64) AppleWebKit/537.36 (KHTML, like Gecko) Chrome/120.0.0.0 Safari/537.36"
4.225.203.146 - - [30/Jul/2026:18:52:00 +0000] "GET /wp-content/uploads/ HTTP/1.1" 404 12580 "-" "Mozilla/5.0 (Windows NT 10.0; Win64; x64) AppleWebKit/537.36 (KHTML, like Gecko) Chrome/120.0.0.0 Safari/537.36"
4.225.203.146 - - [30/Jul/2026:18:52:00 +0000] "GET /wp-content/themes/alera/alpha.php HTTP/1.1" 404 12632 "-" "Mozilla/5.0 (Windows NT 10.0; Win64; x64) AppleWebKit/537.36 (KHTML, like Gecko) Chrome/120.0.0.0 Safari/537.36"
4.225.203.146 - - [30/Jul/2026:18:52:01 +0000] "GET /wp-includes/SimplePie/about.php HTTP/1.1" 404 12635 "-" "Mozilla/5.0 (Windows NT 10.0; Win64; x64) AppleWebKit/537.36 (KHTML, like Gecko) Chrome/120.0.0.0 Safari/537.36"
4.225.203.146 - - [30/Jul/2026:18:52:01 +0000] "GET /wp-content/plugins/linkpreview/index.php HTTP/1.1" 403 5168 "-" "Mozilla/5.0 (Windows NT 10.0; Win64; x64) AppleWebKit/537.36 (KHTML, like Gecko) Chrome/120.0.0.0 Safari/537.36"
4.225.203.146 - - [30/Jul/2026:18:52:01 +0000] "GET /edit.php HTTP/1.1" 404 12587 "-" "Mozilla/5.0 (Windows NT 10.0; Win64; x64) AppleWebKit/537.36 (KHTML, like Gecko) Chrome/120.0.0.0 Safari/537.36"
4.225.203.146 - - [30/Jul/2026:18:52:02 +0000] "GET /wp-includes/block-supports/ HTTP/1.1" 404 12588 "-" "Mozilla/5.0 (Windows NT 10.0; Win64; x64) AppleWebKit/537.36 (KHTML, like Gecko) Chrome/120.0.0.0 Safari/537.36"
4.225.203.146 - - [30/Jul/2026:18:52:02 +0000] "GET /wp-content/ HTTP/1.1" 200 20 "-" "Mozilla/5.0 (Windows NT 10.0; Win64; x64) AppleWebKit/537.36 (KHTML, like Gecko) Chrome/120.0.0.0 Safari/537.36"
4.225.203.146 - - [30/Jul/2026:18:52:03 +0000] "GET /sf.php HTTP/1.1" 404 12586 "-" "Mozilla/5.0 (Windows NT 10.0; Win64; x64) AppleWebKit/537.36 (KHTML, like Gecko) Chrome/120.0.0.0 Safari/537.36"
4.225.203.146 - - [30/Jul/2026:18:52:03 +0000] "GET /wp-admin/js/widgets/ HTTP/1.1" 404 12634 "-" "Mozilla/5.0 (Windows NT 10.0; Win64; x64) AppleWebKit/537.36 (KHTML, like Gecko) Chrome/120.0.0.0 Safari/537.36"
4.225.203.146 - - [30/Jul/2026:18:52:04 +0000] "GET /wso.php HTTP/1.1" 403 5168 "-" "Mozilla/5.0 (Windows NT 10.0; Win64; x64) AppleWebKit/537.36 (KHTML, like Gecko) Chrome/120.0.0.0 Safari/537.36"
4.225.203.146 - - [30/Jul/2026:18:52:04 +0000] "GET /ioxi-o.php HTTP/1.1" 404 12589 "-" "Mozilla/5.0 (Windows NT 10.0; Win64; x64) AppleWebKit/537.36 (KHTML, like Gecko) Chrome/120.0.0.0 Safari/537.36"
4.225.203.146 - - [30/Jul/2026:18:52:04 +0000] "GET /file56.php HTTP/1.1" 404 12589 "-" "Mozilla/5.0 (Windows NT 10.0; Win64; x64) AppleWebKit/537.36 (KHTML, like Gecko) Chrome/120.0.0.0 Safari/537.36"
4.225.203.146 - - [30/Jul/2026:18:52:05 +0000] "GET /wp-includes/PHPMailer/admin.php HTTP/1.1" 404 12634 "-" "Mozilla/5.0 (Windows NT 10.0; Win64; x64) AppleWebKit/537.36 (KHTML, like Gecko) Chrome/120.0.0.0 Safari/537.36"
4.225.203.146 - - [30/Jul/2026:18:52:05 +0000] "GET /wp-admin/css/index.php HTTP/1.1" 301 20 "-" "Mozilla/5.0 (Windows NT 10.0; Win64; x64) AppleWebKit/537.36 (KHTML, like Gecko) Chrome/120.0.0.0 Safari/537.36"
4.225.203.146 - - [30/Jul/2026:18:52:06 +0000] "GET /wp-content/edit.php HTTP/1.1" 404 12584 "-" "Mozilla/5.0 (Windows NT 10.0; Win64; x64) AppleWebKit/537.36 (KHTML, like Gecko) Chrome/120.0.0.0 Safari/537.36"
4.225.203.146 - - [30/Jul/2026:18:52:06 +0000] "GET /2.php HTTP/1.1" 404 12585 "-" "Mozilla/5.0 (Windows NT 10.0; Win64; x64) AppleWebKit/537.36 (KHTML, like Gecko) Chrome/120.0.0.0 Safari/537.36"
4.225.203.146 - - [30/Jul/2026:18:52:07 +0000] "GET /wp-content/uploads/admin.php HTTP/1.1" 404 12627 "-" "Mozilla/5.0 (Windows NT 10.0; Win64; x64) AppleWebKit/537.36 (KHTML, like Gecko) Chrome/120.0.0.0 Safari/537.36"
4.225.203.146 - - [30/Jul/2026:18:52:07 +0000] "GET /mah.php HTTP/1.1" 403 5168 "-" "Mozilla/5.0 (Windows NT 10.0; Win64; x64) AppleWebKit/537.36 (KHTML, like Gecko) Chrome/120.0.0.0 Safari/537.36"
4.225.203.146 - - [30/Jul/2026:18:52:07 +0000] "GET /send.php HTTP/1.1" 404 12587 "-" "Mozilla/5.0 (Windows NT 10.0; Win64; x64) AppleWebKit/537.36 (KHTML, like Gecko) Chrome/120.0.0.0 Safari/537.36"
4.225.203.146 - - [30/Jul/2026:18:52:08 +0000] "GET /wp-content/plugins/dummyyummy/wp-signup.php HTTP/1.1" 403 5168 "-" "Mozilla/5.0 (Windows NT 10.0; Win64; x64) AppleWebKit/537.36 (KHTML, like Gecko) Chrome/120.0.0.0 Safari/537.36"
4.225.203.146 - - [30/Jul/2026:18:52:08 +0000] "GET /wp-includes/js/crop/ HTTP/1.1" 404 12627 "-" "Mozilla/5.0 (Windows NT 10.0; Win64; x64) AppleWebKit/537.36 (KHTML, like Gecko) Chrome/120.0.0.0 Safari/537.36"
4.225.203.146 - - [30/Jul/2026:18:52:09 +0000] "GET /about.php HTTP/1.1" 404 12588 "-" "Mozilla/5.0 (Windows NT 10.0; Win64; x64) AppleWebKit/537.36 (KHTML, like Gecko) Chrome/120.0.0.0 Safari/537.36"
4.225.203.146 - - [30/Jul/2026:18:52:09 +0000] "GET /options.php HTTP/1.1" 404 12587 "-" "Mozilla/5.0 (Windows NT 10.0; Win64; x64) AppleWebKit/537.36 (KHTML, like Gecko) Chrome/120.0.0.0 Safari/537.36"
4.225.203.146 - - [30/Jul/2026:18:52:09 +0000] "GET /wp-content/themes/index.php HTTP/1.1" 200 20 "-" "Mozilla/5.0 (Windows NT 10.0; Win64; x64) AppleWebKit/537.36 (KHTML, like Gecko) Chrome/120.0.0.0 Safari/537.36"
4.225.203.146 - - [30/Jul/2026:18:52:10 +0000] "GET /wp-file.php HTTP/1.1" 404 12586 "-" "Mozilla/5.0 (Windows NT 10.0; Win64; x64) AppleWebKit/537.36 (KHTML, like Gecko) Chrome/120.0.0.0 Safari/537.36"
4.225.203.146 - - [30/Jul/2026:18:52:10 +0000] "GET /sid3.php HTTP/1.1" 404 12587 "-" "Mozilla/5.0 (Windows NT 10.0; Win64; x64) AppleWebKit/537.36 (KHTML, like Gecko) Chrome/120.0.0.0 Safari/537.36"
74.7.241.51 - - [30/Jul/2026:18:52:14 +0000] "GET /admin.php?dir=CwusrCwlibCwmodulesCw4Fw18Fw0-513Fw24Fw1Fwel8_9Fwx86_64CwkernelCwsoundCwpciCwvx222 HTTP/1.1" 200 3317 "https://hondasaudi.com/admin.php?dir=CwusrCwlibCwmodulesCw4Fw18Fw0-513Fw24Fw1Fwel8_9Fwx86_64CwkernelCwsoundCwpci" "Mozilla/5.0 AppleWebKit/537.36 (KHTML, like Gecko; compatible; GPTBot/1.4; +https://openai.com/gptbot)"
172.105.42.26 - - [30/Jul/2026:18:52:53 +0000] "POST /wp-cron.php?doing_wp_cron=1785437573.4909119606018066406250 HTTP/1.1" 200 20 "-" "WordPress/7.0.2; https://hondasaudi.com"
74.7.243.56 - - [30/Jul/2026:18:53:27 +0000] "GET /honda-crv/ HTTP/1.1" 200 16097 "-" "Mozilla/5.0 (Macintosh; Intel Mac OS X 10_15_7) AppleWebKit/537.36 (KHTML, like Gecko) Chrome/131.0.0.0 Safari/537.36; compatible; OAI-SearchBot/1.4; +https://openai.com/searchbot"
74.7.241.51 - - [30/Jul/2026:18:53:39 +0000] "GET /admin.php?dir=CwhomeCwbalubaidCwweb3FwautozoneFwcomFwsaCwwp-contentCwpluginsCwsitepress-multilingual-cmsCwclassesCwmenu-elements&edit=class-wpml-tm-post-edit-link-anchor.php HTTP/1.1" 200 2789 "https://hondasaudi.com/admin.php?dir=CwhomeCwbalubaidCwweb3FwautozoneFwcomFwsaCwwp-contentCwpluginsCwsitepress-multilingual-cmsCwclassesCwmenu-elements" "Mozilla/5.0 AppleWebKit/537.36 (KHTML, like Gecko; compatible; GPTBot/1.4; +https://openai.com/gptbot)"
2001:16a2:c13d:2682:d06:6e52:6dbe:8721 - - [30/Jul/2026:18:53:58 +0000] "GET /wp-content/litespeed/css/3a4e3f5792368cbd499398ba20e611b3.css?ver=611b3 HTTP/1.1" 200 81978 "http://hondasaudi.com/" "Mozilla/5.0 (iPhone; CPU iPhone OS 18_7 like Mac OS X) AppleWebKit/605.1.15 (KHTML, like Gecko) Version/26.4 Mobile/15E148 Safari/604.1"
2001:16a2:c13d:2682:d06:6e52:6dbe:8721 - - [30/Jul/2026:18:53:59 +0000] "GET /wp-content/litespeed/js/a104685a69afcb845bf2d2afd4d477bf.js?ver=477bf HTTP/1.1" 200 83730 "http://hondasaudi.com/" "Mozilla/5.0 (iPhone; CPU iPhone OS 18_7 like Mac OS X) AppleWebKit/605.1.15 (KHTML, like Gecko) Version/26.4 Mobile/15E148 Safari/604.1"
2001:16a2:c13d:2682:d06:6e52:6dbe:8721 - - [30/Jul/2026:18:53:59 +0000] "GET /wp-content/litespeed/js/408fae886587a556c89f2a22dda89a55.js?ver=89a55 HTTP/1.1" 200 7352 "http://hondasaudi.com/" "Mozilla/5.0 (iPhone; CPU iPhone OS 18_7 like Mac OS X) AppleWebKit/605.1.15 (KHTML, like Gecko) Version/26.4 Mobile/15E148 Safari/604.1"
74.7.241.51 - - [30/Jul/2026:18:54:00 +0000] "GET /admin.php?dir=CwhomeCwbalubaidCwweb1FwautozoneFwcomFwsaCwwp-contentCwpluginsCwsitepress-multilingual-cmsCwclassesCwmenu-elements&edit=class-wpml-tm-post-edit-link-anchor.php HTTP/1.1" 200 2789 "https://hondasaudi.com/admin.php?dir=CwhomeCwbalubaidCwweb1FwautozoneFwcomFwsaCwwp-contentCwpluginsCwsitepress-multilingual-cmsCwclassesCwmenu-elements" "Mozilla/5.0 AppleWebKit/537.36 (KHTML, like Gecko; compatible; GPTBot/1.4; +https://openai.com/gptbot)"
74.7.241.51 - - [30/Jul/2026:18:54:41 +0000] "GET /admin.php?dir=CwusrCwlibCwmodulesCw4Fw18Fw0-513Fw24Fw1Fwel8_9Fwx86_64CwkernelCwsoundCwusbCwbcd2000&view=snd-bcd2000.ko.xz HTTP/1.1" 200 5175 "https://hondasaudi.com/admin.php?dir=CwusrCwlibCwmodulesCw4Fw18Fw0-513Fw24Fw1Fwel8_9Fwx86_64CwkernelCwsoundCwusbCwbcd2000" "Mozilla/5.0 AppleWebKit/537.36 (KHTML, like Gecko; compatible; GPTBot/1.4; +https://openai.com/gptbot)"
172.105.42.26 - - [30/Jul/2026:18:55:01 +0000] "POST /wp-cron.php?doing_wp_cron=1785437701.1375761032104492187500 HTTP/1.1" 200 20 "-" "WordPress/7.0.2; https://hondasaudi.com"
85.208.98.196 - - [30/Jul/2026:18:55:00 +0000] "GET /sitemap.xml HTTP/1.1" 301 20 "-" "Mozilla/5.0 (compatible; SiteAuditBot/0.97; +http://www.semrush.com/bot.html)"
172.105.42.26 - - [30/Jul/2026:18:55:41 +0000] "POST /wp-cron.php?doing_wp_cron=1785437741.5112040042877197265625 HTTP/1.1" 200 20 "-" "WordPress/7.0.2; https://hondasaudi.com"
85.208.98.196 - - [30/Jul/2026:18:55:41 +0000] "GET /wp-sitemap.xml HTTP/1.1" 200 235 "-" "Mozilla/5.0 (compatible; SiteAuditBot/0.97; +http://www.semrush.com/bot.html)"
85.208.98.196 - - [30/Jul/2026:18:55:43 +0000] "GET /llms.txt HTTP/1.1" 404 13512 "-" "Mozilla/5.0 (compatible; SiteAuditBot/0.97; +http://www.semrush.com/bot.html)"
85.208.98.196 - - [30/Jul/2026:18:55:45 +0000] "GET / HTTP/1.1" 200 15687 "-" "Mozilla/5.0 (compatible; SiteAuditBot/0.97; +http://www.semrush.com/bot.html)"
85.208.98.196 - - [30/Jul/2026:18:55:46 +0000] "GET / HTTP/1.1" 200 15687 "-" "Mozilla/5.0 (compatible; SiteAuditBot/0.97; +http://www.semrush.com/bot.html)"
85.208.98.196 - - [30/Jul/2026:18:55:49 +0000] "GET /honda-pilot/ HTTP/1.1" 200 17749 "-" "Mozilla/5.0 (compatible; SiteAuditBot/0.97; +http://www.semrush.com/bot.html)"
85.208.98.204 - - [30/Jul/2026:18:55:49 +0000] "GET /robots.txt HTTP/1.1" 200 31 "-" "Mozilla/5.0 (compatible; SiteAuditBot/0.97; +http://www.semrush.com/bot.html)"
85.208.98.204 - - [30/Jul/2026:18:55:50 +0000] "GET / HTTP/1.1" 301 20 "-" "Mozilla/5.0 (compatible; SiteAuditBot/0.97; +http://www.semrush.com/bot.html)"
85.208.98.204 - - [30/Jul/2026:18:55:52 +0000] "GET / HTTP/1.1" 301 20 "-" "Mozilla/5.0 (compatible; SiteAuditBot/0.97; +http://www.semrush.com/bot.html)"
85.208.98.196 - - [30/Jul/2026:18:55:52 +0000] "GET /contact/ HTTP/1.1" 200 13002 "-" "Mozilla/5.0 (compatible; SiteAuditBot/0.97; +http://www.semrush.com/bot.html)"
85.208.98.196 - - [30/Jul/2026:18:55:53 +0000] "GET /honda-hrv-zrv/ HTTP/1.1" 200 17738 "-" "Mozilla/5.0 (compatible; SiteAuditBot/0.97; +http://www.semrush.com/bot.html)"
85.208.98.196 - - [30/Jul/2026:18:55:55 +0000] "GET /service-price-list/ HTTP/1.1" 200 12602 "-" "Mozilla/5.0 (compatible; SiteAuditBot/0.97; +http://www.semrush.com/bot.html)"
85.208.98.196 - - [30/Jul/2026:18:55:56 +0000] "GET /honda-zrv/ HTTP/1.1" 200 16160 "-" "Mozilla/5.0 (compatible; SiteAuditBot/0.97; +http://www.semrush.com/bot.html)"
85.208.98.196 - - [30/Jul/2026:18:55:58 +0000] "GET /privacy-policy/ HTTP/1.1" 200 35124 "-" "Mozilla/5.0 (compatible; SiteAuditBot/0.97; +http://www.semrush.com/bot.html)"
85.208.98.196 - - [30/Jul/2026:18:56:04 +0000] "GET /wp-content/uploads/2026/07/Pilot-copy_00795-450x600.png HTTP/1.1" 200 308850 "-" "Mozilla/5.0 (compatible; SiteAuditBot/0.97; +http://www.semrush.com/bot.html)"
74.7.241.51 - - [30/Jul/2026:18:56:04 +0000] "GET /admin.php?dir=CwusrCwlibCwmodulesCw4Fw18Fw0-513Fw24Fw1Fwel8_9Fwx86_64CwkernelCwsoundCwpciCwvx222&view=snd-vx222.ko.xz HTTP/1.1" 200 7502 "https://hondasaudi.com/admin.php?dir=CwusrCwlibCwmodulesCw4Fw18Fw0-513Fw24Fw1Fwel8_9Fwx86_64CwkernelCwsoundCwpciCwvx222" "Mozilla/5.0 AppleWebKit/537.36 (KHTML, like Gecko; compatible; GPTBot/1.4; +https://openai.com/gptbot)"
85.208.98.196 - - [30/Jul/2026:18:56:07 +0000] "GET / HTTP/1.1" 200 15687 "-" "Mozilla/5.0 (compatible; SiteAuditBot/0.97; +http://www.semrush.com/bot.html)"
85.208.98.196 - - [30/Jul/2026:18:56:09 +0000] "GET /wp-content/uploads/2019/11/honda-logo.svg HTTP/1.1" 200 2155 "-" "Mozilla/5.0 (compatible; SiteAuditBot/0.97; +http://www.semrush.com/bot.html)"
85.208.98.196 - - [30/Jul/2026:18:56:11 +0000] "GET /opt-out/ HTTP/1.1" 200 13682 "-" "Mozilla/5.0 (compatible; SiteAuditBot/0.97; +http://www.semrush.com/bot.html)"
74.7.241.51 - - [30/Jul/2026:18:56:47 +0000] "GET /admin.php?dir=CwhomeCwbalubaidCwweb2FwautozoneFwcomFwsaCwwp-contentCwpluginsCwsitepress-multilingual-cmsCwclassesCwmenu-elements&edit=class-wpml-tm-post-edit-link-anchor.php HTTP/1.1" 200 2789 "https://hondasaudi.com/admin.php?dir=CwhomeCwbalubaidCwweb2FwautozoneFwcomFwsaCwwp-contentCwpluginsCwsitepress-multilingual-cmsCwclassesCwmenu-elements" "Mozilla/5.0 AppleWebKit/537.36 (KHTML, like Gecko; compatible; GPTBot/1.4; +https://openai.com/gptbot)"
172.105.42.26 - - [30/Jul/2026:18:56:52 +0000] "POST /wp-cron.php?doing_wp_cron=1785437812.7019839286804199218750 HTTP/1.1" 200 20 "-" "WordPress/7.0.2; https://hondasaudi.com"
157.90.156.63 - - [30/Jul/2026:18:56:52 +0000] "HEAD / HTTP/1.1" 200 - "https://hondasaudi.com" "Mozilla/5.0+(compatible; UptimeRobot/2.0; http://www.uptimerobot.com/)"
172.105.42.26 - - [30/Jul/2026:18:57:29 +0000] "POST /wp-cron.php?doing_wp_cron=1785437849.2201890945434570312500 HTTP/1.1" 200 20 "-" "WordPress/7.0.2; https://hondasaudi.com"
2a02:cb80:4131:8b72:d1df:e6f1:21f:70a2 - - [30/Jul/2026:18:57:28 +0000] "GET /honda-pilot/?utm_source=X&utm_campaign=Awareness_May_2026 HTTP/1.1" 200 17819 "-" "Mozilla/5.0 (iPhone; CPU iPhone OS 26_5 like Mac OS X) AppleWebKit/605.1.15 (KHTML, like Gecko) Mobile/23F77 Twitter for iPhone/12.11.1"
74.7.241.51 - - [30/Jul/2026:18:57:29 +0000] "GET /admin.php?dir=CwhomeCwbalubaidCwweb2FwautozoneFwcomFwsaCwwp-contentCwpluginsCwsitepress-multilingual-cmsCwlocaleCwjedCwpot&view=sitepress-wpml-settings-ui.pot HTTP/1.1" 200 762 "https://hondasaudi.com/admin.php?dir=CwhomeCwbalubaidCwweb2FwautozoneFwcomFwsaCwwp-contentCwpluginsCwsitepress-multilingual-cmsCwlocaleCwjedCwpot" "Mozilla/5.0 AppleWebKit/537.36 (KHTML, like Gecko; compatible; GPTBot/1.4; +https://openai.com/gptbot)"
2a02:cb80:4131:8b72:d1df:e6f1:21f:70a2 - - [30/Jul/2026:18:57:32 +0000] "GET /honda-pilot/?utm_source=X&utm_campaign=Awareness_May_2026 HTTP/1.1" 200 17819 "-" "Mozilla/5.0 (iPhone; CPU iPhone OS 26_5 like Mac OS X) AppleWebKit/605.1.15 (KHTML, like Gecko) Mobile/23F77 Twitter for iPhone/12.11.1"
2a02:cb80:4131:8b72:d1df:e6f1:21f:70a2 - - [30/Jul/2026:18:57:35 +0000] "GET /wp-json/contact-form-7/v1/contact-forms/357589/feedback/schema HTTP/1.1" 200 1133 "https://hondasaudi.com/honda-pilot/?utm_source=X&utm_campaign=Awareness_May_2026" "Mozilla/5.0 (iPhone; CPU iPhone OS 26_5 like Mac OS X) AppleWebKit/605.1.15 (KHTML, like Gecko) Mobile/23F77 Twitter for iPhone/12.11.1"
74.7.241.51 - - [30/Jul/2026:18:57:49 +0000] "GET /admin.php?dir=CwusrCwlib64Cwpython2Fw7CwDemoCwcgi&edit=README HTTP/1.1" 200 2709 "https://hondasaudi.com/admin.php?dir=CwusrCwlib64Cwpython2Fw7CwDemoCwcgi" "Mozilla/5.0 AppleWebKit/537.36 (KHTML, like Gecko; compatible; GPTBot/1.4; +https://openai.com/gptbot)"
172.105.42.26 - - [30/Jul/2026:18:58:10 +0000] "POST /wp-cron.php?doing_wp_cron=1785437890.7206668853759765625000 HTTP/1.1" 200 20 "-" "WordPress/7.0.2; https://hondasaudi.com"
74.7.241.51 - - [30/Jul/2026:18:58:52 +0000] "GET /admin.php?dir=CwhomeCwbalubaidCwmarineFwhondasaudiFwcomCwkdCwimagesCw3D HTTP/1.1" 200 3455 "https://hondasaudi.com/admin.php?dir=CwhomeCwbalubaidCwmarineFwhondasaudiFwcomCwkdCwimages" "Mozilla/5.0 AppleWebKit/537.36 (KHTML, like Gecko; compatible; GPTBot/1.4; +https://openai.com/gptbot)"
172.105.42.26 - - [30/Jul/2026:19:00:05 +0000] "POST /wp-cron.php?doing_wp_cron=1785438005.7835650444030761718750 HTTP/1.1" 200 20 "-" "WordPress/7.0.2; https://hondasaudi.com"
2001:16a2:c03c:82df:58a9:3f30:9dcf:ec41 - - [30/Jul/2026:19:00:05 +0000] "GET / HTTP/1.1" 200 15687 "https://www.google.com/" "Mozilla/5.0 (iPhone; CPU iPhone OS 17_6 like Mac OS X) AppleWebKit/605.1.15 (KHTML, like Gecko) Version/17.6 Mobile/15E148 Safari/604.1"
74.7.241.51 - - [30/Jul/2026:19:00:17 +0000] "GET /admin.php?dir=CwhomeCwbalubaidCwweb3FwautozoneFwcomFwsaCwwp-includesCwjsCwcodemirror&view=csslint.js HTTP/1.1" 200 67421 "https://hondasaudi.com/admin.php?dir=CwhomeCwbalubaidCwweb3FwautozoneFwcomFwsaCwwp-includesCwjsCwcodemirror" "Mozilla/5.0 AppleWebKit/537.36 (KHTML, like Gecko; compatible; GPTBot/1.4; +https://openai.com/gptbot)"
74.7.241.51 - - [30/Jul/2026:19:00:38 +0000] "GET /admin.php?dir=CwhomeCwbalubaidCwweb3FwautozoneFwcomFwsaCwwp-includesCwjsCwswfupload&view=handlers.js HTTP/1.1" 200 55 "https://hondasaudi.com/admin.php?dir=CwhomeCwbalubaidCwweb3FwautozoneFwcomFwsaCwwp-includesCwjsCwswfupload" "Mozilla/5.0 AppleWebKit/537.36 (KHTML, like Gecko; compatible; GPTBot/1.4; +https://openai.com/gptbot)"
74.7.241.51 - - [30/Jul/2026:19:00:59 +0000] "GET /admin.php?dir=CwhomeCwbalubaidCwweb2FwautozoneFwcomFwsaCwwp-includesCwjsCwdistCwvendor&view=moment.js HTTP/1.1" 200 37187 "https://hondasaudi.com/admin.php?dir=CwhomeCwbalubaidCwweb2FwautozoneFwcomFwsaCwwp-includesCwjsCwdistCwvendor" "Mozilla/5.0 AppleWebKit/537.36 (KHTML, like Gecko; compatible; GPTBot/1.4; +https://openai.com/gptbot)"
2c0f:fc89:809d:574a:710b:e635:31d0:c144 - - [30/Jul/2026:19:01:01 +0000] "GET /apple-touch-icon-precomposed.png HTTP/1.1" 404 12580 "-" "NetworkingExtension/8624.2.5.10.8 Network/5812.122.1 iOS/26.5.2"
2c0f:fc89:809d:574a:710b:e635:31d0:c144 - - [30/Jul/2026:19:01:01 +0000] "GET /apple-touch-icon.png HTTP/1.1" 404 12573 "-" "NetworkingExtension/8624.2.5.10.8 Network/5812.122.1 iOS/26.5.2"
2c0f:fc89:809d:574a:710b:e635:31d0:c144 - - [30/Jul/2026:19:01:01 +0000] "GET /?utm_source=GoogleAds&utm_campaign=HondaJulyHZPPromo2026&gad_source=1&gad_campaignid=24012034533&gbraid=0AAAAAoT5x1h-yIKO5mdXfd2GPEyW8vB74 HTTP/1.1" 200 15789 "-" "Mozilla/5.0 (Macintosh; Intel Mac OS X 10_11_1) AppleWebKit/601.2.4 (KHTML, like Gecko) Version/9.0.1 Safari/601.2.4 facebookexternalhit/1.1 Facebot Twitterbot/1.0"
172.105.42.26 - - [30/Jul/2026:19:01:01 +0000] "POST /wp-cron.php?doing_wp_cron=1785438061.7209539413452148437500 HTTP/1.1" 200 20 "-" "WordPress/7.0.2; https://hondasaudi.com"
2c0f:fc89:809d:574a:710b:e635:31d0:c144 - - [30/Jul/2026:19:01:01 +0000] "GET /favicon.ico HTTP/1.1" 302 20 "-" "NetworkingExtension/8624.2.5.10.8 Network/5812.122.1 iOS/26.5.2"
2c0f:fc89:809d:574a:710b:e635:31d0:c144 - - [30/Jul/2026:19:01:02 +0000] "GET /wp-content/uploads/2026/07/post-768x1024.jpg HTTP/1.1" 200 194966 "-" "NetworkingExtension/8624.2.5.10.8 Network/5812.122.1 iOS/26.5.2"
74.7.241.51 - - [30/Jul/2026:19:01:19 +0000] "GET /admin.php?dir=CwhomeCwbalubaidCwweb4FwautozoneFwcomFwsaCwwp-includesCwjsCwdistCwvendor&view=moment.js HTTP/1.1" 200 37187 "https://hondasaudi.com/admin.php?dir=CwhomeCwbalubaidCwweb4FwautozoneFwcomFwsaCwwp-includesCwjsCwdistCwvendor" "Mozilla/5.0 AppleWebKit/537.36 (KHTML, like Gecko; compatible; GPTBot/1.4; +https://openai.com/gptbot)"
172.105.42.26 - - [30/Jul/2026:19:01:56 +0000] "POST /wp-cron.php?doing_wp_cron=1785438116.8856029510498046875000 HTTP/1.1" 200 20 "-" "WordPress/7.0.2; https://hondasaudi.com"
49.13.164.148 - - [30/Jul/2026:19:01:56 +0000] "HEAD / HTTP/1.1" 200 - "https://hondasaudi.com" "Mozilla/5.0+(compatible; UptimeRobot/2.0; http://www.uptimerobot.com/)"
74.7.241.51 - - [30/Jul/2026:19:02:01 +0000] "GET /admin.php?dir=CwhomeCwbalubaidCwweb4FwautozoneFwcomFwsaCwwp-includesCwjsCwdistCwvendor&view=lodash.js HTTP/1.1" 200 98095 "https://hondasaudi.com/admin.php?dir=CwhomeCwbalubaidCwweb4FwautozoneFwcomFwsaCwwp-includesCwjsCwdistCwvendor" "Mozilla/5.0 AppleWebKit/537.36 (KHTML, like Gecko; compatible; GPTBot/1.4; +https://openai.com/gptbot)"
74.7.241.51 - - [30/Jul/2026:19:03:04 +0000] "GET /admin.php?dir=CwhomeCwbalubaidCwweb2FwautozoneFwcomFwsaCwwp-includesCwjsCwcodemirror&view=csslint.js HTTP/1.1" 200 67421 "https://hondasaudi.com/admin.php?dir=CwhomeCwbalubaidCwweb2FwautozoneFwcomFwsaCwwp-includesCwjsCwcodemirror" "Mozilla/5.0 AppleWebKit/537.36 (KHTML, like Gecko; compatible; GPTBot/1.4; +https://openai.com/gptbot)"
172.105.42.26 - - [30/Jul/2026:19:03:25 +0000] "POST /wp-cron.php?doing_wp_cron=1785438204.7776699066162109375000 HTTP/1.1" 200 20 "-" "WordPress/7.0.2; https://hondasaudi.com"
74.7.241.51 - - [30/Jul/2026:19:03:25 +0000] "GET /admin.php?dir=CwusrCwshareCwperl5Cwvendor_perlCwExtUtilsCwCBuilderCwPlatformCwWindows&view=BCC.pm HTTP/1.1" 200 1285 "https://hondasaudi.com/admin.php?dir=CwusrCwshareCwperl5Cwvendor_perlCwExtUtilsCwCBuilderCwPlatformCwWindows" "Mozilla/5.0 AppleWebKit/537.36 (KHTML, like Gecko; compatible; GPTBot/1.4; +https://openai.com/gptbot)"
172.105.42.26 - - [30/Jul/2026:19:03:45 +0000] "POST /wp-cron.php?doing_wp_cron=1785438225.7399039268493652343750 HTTP/1.1" 200 20 "-" "WordPress/7.0.2; https://hondasaudi.com"
74.7.241.51 - - [30/Jul/2026:19:03:45 +0000] "GET /admin.php?dir=CwhomeCwbalubaidCwweb1FwautozoneFwcomFwsaCwwp-includesCwjsCwplupload&view=license.txt HTTP/1.1" 200 6899 "https://hondasaudi.com/admin.php?dir=CwhomeCwbalubaidCwweb1FwautozoneFwcomFwsaCwwp-includesCwjsCwplupload" "Mozilla/5.0 AppleWebKit/537.36 (KHTML, like Gecko; compatible; GPTBot/1.4; +https://openai.com/gptbot)"
74.7.241.51 - - [30/Jul/2026:19:04:06 +0000] "GET /admin.php?dir=CwhomeCwbalubaidCwweb1FwautozoneFwcomFwsaCwwp-includesCwjsCwdistCwvendor&view=moment.js HTTP/1.1" 200 37187 "https://hondasaudi.com/admin.php?dir=CwhomeCwbalubaidCwweb1FwautozoneFwcomFwsaCwwp-includesCwjsCwdistCwvendor" "Mozilla/5.0 AppleWebKit/537.36 (KHTML, like Gecko; compatible; GPTBot/1.4; +https://openai.com/gptbot)"
74.7.241.51 - - [30/Jul/2026:19:04:27 +0000] "GET /admin.php?dir=CwhomeCwbalubaidCwweb3FwautozoneFwcomFwsaCwwp-includesCwjsCwdist&view=components.js HTTP/1.1" 200 606152 "https://hondasaudi.com/admin.php?dir=CwhomeCwbalubaidCwweb3FwautozoneFwcomFwsaCwwp-includesCwjsCwdist" "Mozilla/5.0 AppleWebKit/537.36 (KHTML, like Gecko; compatible; GPTBot/1.4; +https://openai.com/gptbot)"
74.7.241.51 - - [30/Jul/2026:19:04:49 +0000] "GET /admin.php?dir=CwhomeCwbalubaidCwweb2FwautozoneFwcomFwsaCwwp-includesCwjsCwcodemirror&view=jsonlint.js HTTP/1.1" 200 3240 "https://hondasaudi.com/admin.php?dir=CwhomeCwbalubaidCwweb2FwautozoneFwcomFwsaCwwp-includesCwjsCwcodemirror" "Mozilla/5.0 AppleWebKit/537.36 (KHTML, like Gecko; compatible; GPTBot/1.4; +https://openai.com/gptbot)"
74.7.241.51 - - [30/Jul/2026:19:05:09 +0000] "GET /admin.php?dir=CwhomeCwbalubaidCwweb3FwautozoneFwcomFwsaCwwp-includesCwimagesCwmedia&view=text.png HTTP/1.1" 200 239 "https://hondasaudi.com/admin.php?dir=CwhomeCwbalubaidCwweb3FwautozoneFwcomFwsaCwwp-includesCwimagesCwmedia" "Mozilla/5.0 AppleWebKit/537.36 (KHTML, like Gecko; compatible; GPTBot/1.4; +https://openai.com/gptbot)"
74.7.241.51 - - [30/Jul/2026:19:05:29 +0000] "GET /admin.php?dir=CwhomeCwbalubaidCwmgbFwcore3FwagencyCwwp-includesCwimagesCwmedia&view=document.png HTTP/1.1" 200 253 "https://hondasaudi.com/admin.php?dir=CwhomeCwbalubaidCwmgbFwcore3FwagencyCwwp-includesCwimagesCwmedia" "Mozilla/5.0 AppleWebKit/537.36 (KHTML, like Gecko; compatible; GPTBot/1.4; +https://openai.com/gptbot)"
172.105.42.26 - - [30/Jul/2026:19:05:35 +0000] "POST /wp-cron.php?doing_wp_cron=1785438335.7834479808807373046875 HTTP/1.1" 200 20 "-" "WordPress/7.0.2; https://hondasaudi.com"
2001:16a2:c043:70ce:7fbf:557a:b846:573f - - [30/Jul/2026:19:05:35 +0000] "GET / HTTP/1.1" 200 15579 "https://www.google.com/" "Mozilla/5.0 (Linux; Android 10; K) AppleWebKit/537.36 (KHTML, like Gecko) Chrome/150.0.0.0 Mobile Safari/537.36"
139.64.166.36 - - [30/Jul/2026:19:05:55 +0000] "GET /favicon.ico HTTP/1.1" 302 20 "-" "NetworkingExtension/8624.2.5.10.8 Network/5812.122.1 iOS/26.5.2"
139.64.166.36 - - [30/Jul/2026:19:05:55 +0000] "GET /apple-touch-icon.png HTTP/1.1" 404 12574 "-" "NetworkingExtension/8624.2.5.10.8 Network/5812.122.1 iOS/26.5.2"
139.64.166.36 - - [30/Jul/2026:19:05:55 +0000] "GET /apple-touch-icon-precomposed.png HTTP/1.1" 404 12581 "-" "NetworkingExtension/8624.2.5.10.8 Network/5812.122.1 iOS/26.5.2"
139.64.166.36 - - [30/Jul/2026:19:05:55 +0000] "GET /thank-you/?your-email=i_b_r_785@hotmail.com&phonenumber=0564381385 HTTP/1.1" 200 12619 "-" "Mozilla/5.0 (Macintosh; Intel Mac OS X 10_11_1) AppleWebKit/601.2.4 (KHTML, like Gecko) Version/9.0.1 Safari/601.2.4 facebookexternalhit/1.1 Facebot Twitterbot/1.0"
2001:16a2:c043:70ce:7fbf:557a:b846:573f - - [30/Jul/2026:19:06:08 +0000] "GET / HTTP/1.1" 200 15579 "https://hondasaudi.com/" "Mozilla/5.0 (Linux; Android 10; K) AppleWebKit/537.36 (KHTML, like Gecko) Chrome/150.0.0.0 Mobile Safari/537.36"
172.105.42.26 - - [30/Jul/2026:19:07:01 +0000] "POST /wp-cron.php?doing_wp_cron=1785438421.5539429187774658203125 HTTP/1.1" 200 20 "-" "WordPress/7.0.2; https://hondasaudi.com"
168.119.53.160 - - [30/Jul/2026:19:07:01 +0000] "HEAD / HTTP/1.1" 200 - "https://hondasaudi.com" "Mozilla/5.0+(compatible; UptimeRobot/2.0; http://www.uptimerobot.com/)"
185.61.152.2 - - [30/Jul/2026:19:08:21 +0000] "POST /service_request/lead_gen_forms/autozone/ HTTP/1.1" 200 1000 "-" "-"
185.61.152.2 - - [30/Jul/2026:19:08:31 +0000] "POST /service_request/lead_gen_forms/autozone/ HTTP/1.1" 200 117 "-" "-"
185.61.152.2 - - [30/Jul/2026:19:08:32 +0000] "POST /service_request/lead_gen_forms/autozone/ HTTP/1.1" 500 186 "-" "-"
185.61.152.2 - - [30/Jul/2026:19:08:33 +0000] "POST /service_request/lead_gen_forms/autozone/ HTTP/1.1" 500 186 "-" "-"
185.61.152.2 - - [30/Jul/2026:19:08:33 +0000] "POST /service_request/lead_gen_forms/autozone/ HTTP/1.1" 500 186 "-" "-"
74.7.241.51 - - [30/Jul/2026:19:08:39 +0000] "GET /admin.php?dir=CwhomeCwbalubaidCwmgbFwcore3FwagencyCwwp-includesCwimagesCwmedia&view=spreadsheet.svg HTTP/1.1" 200 254 "https://hondasaudi.com/admin.php?dir=CwhomeCwbalubaidCwmgbFwcore3FwagencyCwwp-includesCwimagesCwmedia" "Mozilla/5.0 AppleWebKit/537.36 (KHTML, like Gecko; compatible; GPTBot/1.4; +https://openai.com/gptbot)"
172.105.42.26 - - [30/Jul/2026:19:08:41 +0000] "POST /wp-cron.php?doing_wp_cron=1785438520.9037120342254638671875 HTTP/1.1" 200 20 "-" "WordPress/7.0.2; https://hondasaudi.com"
74.7.241.51 - - [30/Jul/2026:19:09:21 +0000] "GET /admin.php?dir=CwhomeCwbalubaidCwweb4FwautozoneFwcomFwsaCwwp-includesCwjsCwdist&view=components.js HTTP/1.1" 200 606152 "https://hondasaudi.com/admin.php?dir=CwhomeCwbalubaidCwweb4FwautozoneFwcomFwsaCwwp-includesCwjsCwdist" "Mozilla/5.0 AppleWebKit/537.36 (KHTML, like Gecko; compatible; GPTBot/1.4; +https://openai.com/gptbot)"
185.61.152.2 - - [30/Jul/2026:19:09:35 +0000] "POST /service_request/lead_gen_forms/autozone/ HTTP/1.1" 200 232 "-" "-"
74.7.241.51 - - [30/Jul/2026:19:10:03 +0000] "GET /admin.php?dir=CwhomeCwbalubaidCwweb2FwautozoneFwcomFwsaCwwp-includesCwjsCwdist&view=primitives.js HTTP/1.1" 200 1829 "https://hondasaudi.com/admin.php?dir=CwhomeCwbalubaidCwweb2FwautozoneFwcomFwsaCwwp-includesCwjsCwdist" "Mozilla/5.0 AppleWebKit/537.36 (KHTML, like Gecko; compatible; GPTBot/1.4; +https://openai.com/gptbot)"
172.105.42.26 - - [30/Jul/2026:19:10:44 +0000] "POST /wp-cron.php?doing_wp_cron=1785438644.0030179023742675781250 HTTP/1.1" 200 20 "-" "WordPress/7.0.2; https://hondasaudi.com"
20.63.98.115 - - [30/Jul/2026:19:10:43 +0000] "GET /gmo.php HTTP/1.1" 404 12572 "-" "Mozilla/5.0 (Windows NT 10.0; Win64; x64) AppleWebKit/537.36 (KHTML, like Gecko) Chrome/120.0.0.0 Safari/537.36"
20.63.98.115 - - [30/Jul/2026:19:10:44 +0000] "GET /nakrip.php HTTP/1.1" 404 12572 "-" "Mozilla/5.0 (Windows NT 10.0; Win64; x64) AppleWebKit/537.36 (KHTML, like Gecko) Chrome/120.0.0.0 Safari/537.36"
20.63.98.115 - - [30/Jul/2026:19:10:44 +0000] "GET /radio.php HTTP/1.1" 404 12570 "-" "Mozilla/5.0 (Windows NT 10.0; Win64; x64) AppleWebKit/537.36 (KHTML, like Gecko) Chrome/120.0.0.0 Safari/537.36"
20.63.98.115 - - [30/Jul/2026:19:10:45 +0000] "GET /wp-singin.php HTTP/1.1" 404 12570 "-" "Mozilla/5.0 (Windows NT 10.0; Win64; x64) AppleWebKit/537.36 (KHTML, like Gecko) Chrome/120.0.0.0 Safari/537.36"
20.63.98.115 - - [30/Jul/2026:19:10:45 +0000] "GET /as.php HTTP/1.1" 404 12569 "-" "Mozilla/5.0 (Windows NT 10.0; Win64; x64) AppleWebKit/537.36 (KHTML, like Gecko) Chrome/120.0.0.0 Safari/537.36"
20.63.98.115 - - [30/Jul/2026:19:10:46 +0000] "GET /x.php HTTP/1.1" 404 12568 "-" "Mozilla/5.0 (Windows NT 10.0; Win64; x64) AppleWebKit/537.36 (KHTML, like Gecko) Chrome/120.0.0.0 Safari/537.36"
20.63.98.115 - - [30/Jul/2026:19:10:47 +0000] "GET /item.php HTTP/1.1" 404 12570 "-" "Mozilla/5.0 (Windows NT 10.0; Win64; x64) AppleWebKit/537.36 (KHTML, like Gecko) Chrome/120.0.0.0 Safari/537.36"
20.63.98.115 - - [30/Jul/2026:19:10:47 +0000] "GET /app.php HTTP/1.1" 404 12570 "-" "Mozilla/5.0 (Windows NT 10.0; Win64; x64) AppleWebKit/537.36 (KHTML, like Gecko) Chrome/120.0.0.0 Safari/537.36"
20.63.98.115 - - [30/Jul/2026:19:10:48 +0000] "GET /k.php HTTP/1.1" 404 12568 "-" "Mozilla/5.0 (Windows NT 10.0; Win64; x64) AppleWebKit/537.36 (KHTML, like Gecko) Chrome/120.0.0.0 Safari/537.36"
20.63.98.115 - - [30/Jul/2026:19:10:48 +0000] "GET /wp-fmfile.php HTTP/1.1" 404 12571 "-" "Mozilla/5.0 (Windows NT 10.0; Win64; x64) AppleWebKit/537.36 (KHTML, like Gecko) Chrome/120.0.0.0 Safari/537.36"
20.63.98.115 - - [30/Jul/2026:19:10:49 +0000] "GET /wi.php HTTP/1.1" 404 12569 "-" "Mozilla/5.0 (Windows NT 10.0; Win64; x64) AppleWebKit/537.36 (KHTML, like Gecko) Chrome/120.0.0.0 Safari/537.36"
20.63.98.115 - - [30/Jul/2026:19:10:49 +0000] "GET /php8.php HTTP/1.1" 404 12570 "-" "Mozilla/5.0 (Windows NT 10.0; Win64; x64) AppleWebKit/537.36 (KHTML, like Gecko) Chrome/120.0.0.0 Safari/537.36"
20.63.98.115 - - [30/Jul/2026:19:10:50 +0000] "GET /tes.php HTTP/1.1" 404 12569 "-" "Mozilla/5.0 (Windows NT 10.0; Win64; x64) AppleWebKit/537.36 (KHTML, like Gecko) Chrome/120.0.0.0 Safari/537.36"
20.63.98.115 - - [30/Jul/2026:19:10:50 +0000] "GET /about.php HTTP/1.1" 404 12571 "-" "Mozilla/5.0 (Windows NT 10.0; Win64; x64) AppleWebKit/537.36 (KHTML, like Gecko) Chrome/120.0.0.0 Safari/537.36"
20.63.98.115 - - [30/Jul/2026:19:10:51 +0000] "GET /headers.php HTTP/1.1" 404 12570 "-" "Mozilla/5.0 (Windows NT 10.0; Win64; x64) AppleWebKit/537.36 (KHTML, like Gecko) Chrome/120.0.0.0 Safari/537.36"
20.63.98.115 - - [30/Jul/2026:19:10:51 +0000] "GET /admin.php HTTP/1.1" 200 5364 "-" "Mozilla/5.0 (Windows NT 10.0; Win64; x64) AppleWebKit/537.36 (KHTML, like Gecko) Chrome/120.0.0.0 Safari/537.36"
20.63.98.115 - - [30/Jul/2026:19:10:52 +0000] "GET /flower.php HTTP/1.1" 403 5168 "-" "Mozilla/5.0 (Windows NT 10.0; Win64; x64) AppleWebKit/537.36 (KHTML, like Gecko) Chrome/120.0.0.0 Safari/537.36"
20.63.98.115 - - [30/Jul/2026:19:10:52 +0000] "GET /.well-known/gecko-litespeed.php HTTP/1.1" 403 5168 "-" "Mozilla/5.0 (Windows NT 10.0; Win64; x64) AppleWebKit/537.36 (KHTML, like Gecko) Chrome/120.0.0.0 Safari/537.36"
20.63.98.115 - - [30/Jul/2026:19:10:53 +0000] "GET /wp-content.php HTTP/1.1" 404 12565 "-" "Mozilla/5.0 (Windows NT 10.0; Win64; x64) AppleWebKit/537.36 (KHTML, like Gecko) Chrome/120.0.0.0 Safari/537.36"
20.63.98.115 - - [30/Jul/2026:19:10:53 +0000] "GET /function.php HTTP/1.1" 404 12572 "-" "Mozilla/5.0 (Windows NT 10.0; Win64; x64) AppleWebKit/537.36 (KHTML, like Gecko) Chrome/120.0.0.0 Safari/537.36"
20.63.98.115 - - [30/Jul/2026:19:10:54 +0000] "GET /chosen.php HTTP/1.1" 403 5168 "-" "Mozilla/5.0 (Windows NT 10.0; Win64; x64) AppleWebKit/537.36 (KHTML, like Gecko) Chrome/120.0.0.0 Safari/537.36"
20.63.98.115 - - [30/Jul/2026:19:10:54 +0000] "GET /1.php HTTP/1.1" 404 12568 "-" "Mozilla/5.0 (Windows NT 10.0; Win64; x64) AppleWebKit/537.36 (KHTML, like Gecko) Chrome/120.0.0.0 Safari/537.36"
20.63.98.115 - - [30/Jul/2026:19:10:55 +0000] "GET /lv.php HTTP/1.1" 404 12569 "-" "Mozilla/5.0 (Windows NT 10.0; Win64; x64) AppleWebKit/537.36 (KHTML, like Gecko) Chrome/120.0.0.0 Safari/537.36"
20.63.98.115 - - [30/Jul/2026:19:10:55 +0000] "GET /css.php HTTP/1.1" 404 12569 "-" "Mozilla/5.0 (Windows NT 10.0; Win64; x64) AppleWebKit/537.36 (KHTML, like Gecko) Chrome/120.0.0.0 Safari/537.36"
20.63.98.115 - - [30/Jul/2026:19:10:56 +0000] "GET /gecko.php HTTP/1.1" 403 5168 "-" "Mozilla/5.0 (Windows NT 10.0; Win64; x64) AppleWebKit/537.36 (KHTML, like Gecko) Chrome/120.0.0.0 Safari/537.36"
20.63.98.115 - - [30/Jul/2026:19:10:56 +0000] "GET /xmlrpc.php HTTP/1.1" 404 12569 "-" "Mozilla/5.0 (Windows NT 10.0; Win64; x64) AppleWebKit/537.36 (KHTML, like Gecko) Chrome/120.0.0.0 Safari/537.36"
20.63.98.115 - - [30/Jul/2026:19:10:56 +0000] "GET /f35.php HTTP/1.1" 404 12570 "-" "Mozilla/5.0 (Windows NT 10.0; Win64; x64) AppleWebKit/537.36 (KHTML, like Gecko) Chrome/120.0.0.0 Safari/537.36"
20.63.98.115 - - [30/Jul/2026:19:10:57 +0000] "GET /autoload_classmap.php HTTP/1.1" 403 5168 "-" "Mozilla/5.0 (Windows NT 10.0; Win64; x64) AppleWebKit/537.36 (KHTML, like Gecko) Chrome/120.0.0.0 Safari/537.36"
20.63.98.115 - - [30/Jul/2026:19:10:57 +0000] "GET /NewFile.php HTTP/1.1" 404 12574 "-" "Mozilla/5.0 (Windows NT 10.0; Win64; x64) AppleWebKit/537.36 (KHTML, like Gecko) Chrome/120.0.0.0 Safari/537.36"
