74.7.241.51 - - [31/Jul/2026:05:25:45 +0000] "GET /admin.php?dir=CwusrCwlibCwfirmwareCwtiCwaudioCwtas2781&view=TAS2XXX38B8.bin HTTP/1.1" 200 5096 "https://hondasaudi.com/admin.php?dir=CwusrCwlibCwfirmwareCwtiCwaudioCwtas2781" "Mozilla/5.0 AppleWebKit/537.36 (KHTML, like Gecko; compatible; GPTBot/1.4; +https://openai.com/gptbot)"
103.168.66.101 - - [31/Jul/2026:05:25:47 +0000] "POST /index.php?rest_route=/batch/v1 HTTP/1.1" 403 5168 "https://hondasaudi.com/" "WordPress/6.4.3; https://wordpress.org/"
103.168.66.101 - - [31/Jul/2026:05:25:48 +0000] "POST /index.php?rest_route=/batch/v1 HTTP/1.1" 403 5168 "https://hondasaudi.com/" "WordPress/6.4.3; https://wordpress.org/"
103.168.66.101 - - [31/Jul/2026:05:25:51 +0000] "POST /index.php?rest_route=/batch/v1 HTTP/1.1" 403 5168 "https://hondasaudi.com/" "Mozilla/5.0 (Macintosh; Intel Mac OS X 10_15_7) AppleWebKit/605.1.15 (KHTML, like Gecko) Version/17.4 Safari/605.1.15"
103.168.66.101 - - [31/Jul/2026:05:25:51 +0000] "POST /index.php?rest_route=/batch/v1 HTTP/1.1" 403 5168 "https://hondasaudi.com/" "Mozilla/5.0 (Macintosh; Intel Mac OS X 10_15_7) AppleWebKit/605.1.15 (KHTML, like Gecko) Version/17.4 Safari/605.1.15"
103.168.66.101 - - [31/Jul/2026:05:25:53 +0000] "POST /index.php?rest_route=/batch/v1 HTTP/1.1" 403 5168 "https://hondasaudi.com/" "Mozilla/5.0 (Windows NT 10.0; Win64; x64; rv:124.0) Gecko/20100101 Firefox/124.0"
103.168.66.101 - - [31/Jul/2026:05:25:55 +0000] "POST /index.php?rest_route=/batch/v1 HTTP/1.1" 403 5168 "https://hondasaudi.com/" "Mozilla/5.0 (Windows NT 10.0; Win64; x64; rv:124.0) Gecko/20100101 Firefox/124.0"
103.168.66.101 - - [31/Jul/2026:05:25:55 +0000] "POST /index.php?rest_route=/batch/v1 HTTP/1.1" 403 5168 "https://hondasaudi.com/" "Mozilla/5.0 (Windows NT 10.0; Win64; x64; rv:124.0) Gecko/20100101 Firefox/124.0"
103.168.66.101 - - [31/Jul/2026:05:25:57 +0000] "POST /index.php?rest_route=/batch/v1 HTTP/1.1" 403 5168 "https://hondasaudi.com/" "Mozilla/5.0 (Windows NT 10.0; Win64; x64) AppleWebKit/537.36 (KHTML, like Gecko) Chrome/122.0.0.0 Safari/537.36 Edg/122.0.0.0"
103.168.66.101 - - [31/Jul/2026:05:25:59 +0000] "POST /index.php?rest_route=/batch/v1 HTTP/1.1" 403 5168 "https://hondasaudi.com/" "Mozilla/5.0 (Windows NT 10.0; Win64; x64) AppleWebKit/537.36 (KHTML, like Gecko) Chrome/122.0.0.0 Safari/537.36"
103.168.66.101 - - [31/Jul/2026:05:25:59 +0000] "POST /index.php?rest_route=/batch/v1 HTTP/1.1" 403 5168 "https://hondasaudi.com/" "Mozilla/5.0 (Windows NT 10.0; Win64; x64) AppleWebKit/537.36 (KHTML, like Gecko) Chrome/122.0.0.0 Safari/537.36"
103.168.66.101 - - [31/Jul/2026:05:26:01 +0000] "POST /index.php?rest_route=/batch/v1 HTTP/1.1" 403 5168 "https://hondasaudi.com/" "Mozilla/5.0 (Windows NT 10.0; Win64; x64; rv:124.0) Gecko/20100101 Firefox/124.0"
103.168.66.101 - - [31/Jul/2026:05:26:03 +0000] "POST /index.php?rest_route=/batch/v1 HTTP/1.1" 403 5168 "https://hondasaudi.com/" "Mozilla/5.0 (Windows NT 10.0; Win64; x64; rv:124.0) Gecko/20100101 Firefox/124.0"
103.168.66.101 - - [31/Jul/2026:05:26:04 +0000] "POST /index.php?rest_route=/batch/v1 HTTP/1.1" 403 5168 "https://hondasaudi.com/" "Mozilla/5.0 (Windows NT 10.0; Win64; x64; rv:124.0) Gecko/20100101 Firefox/124.0"
103.168.66.101 - - [31/Jul/2026:05:26:05 +0000] "POST /index.php?rest_route=/batch/v1 HTTP/1.1" 403 5168 "https://hondasaudi.com/" "Mozilla/5.0 (Macintosh; Intel Mac OS X 10_15_7) AppleWebKit/605.1.15 (KHTML, like Gecko) Version/17.4 Safari/605.1.15"
74.7.241.51 - - [31/Jul/2026:05:26:06 +0000] "GET /admin.php?dir=CwusrCwlibCwfirmwareCwtiCwaudioCwtas2781&view=TAS2XXX38A7.bin HTTP/1.1" 200 5302 "https://hondasaudi.com/admin.php?dir=CwusrCwlibCwfirmwareCwtiCwaudioCwtas2781" "Mozilla/5.0 AppleWebKit/537.36 (KHTML, like Gecko; compatible; GPTBot/1.4; +https://openai.com/gptbot)"
103.168.66.101 - - [31/Jul/2026:05:26:07 +0000] "POST /index.php?rest_route=/batch/v1 HTTP/1.1" 403 5168 "https://hondasaudi.com/" "Mozilla/5.0 (Windows NT 10.0; Win64; x64; rv:124.0) Gecko/20100101 Firefox/124.0"
103.168.66.101 - - [31/Jul/2026:05:26:08 +0000] "POST /index.php?rest_route=/batch/v1 HTTP/1.1" 403 5168 "https://hondasaudi.com/" "Mozilla/5.0 (Windows NT 10.0; Win64; x64; rv:124.0) Gecko/20100101 Firefox/124.0"
103.168.66.101 - - [31/Jul/2026:05:26:11 +0000] "POST /index.php?rest_route=/batch/v1 HTTP/1.1" 403 5168 "https://hondasaudi.com/" "Mozilla/5.0 (Windows NT 10.0; Win64; x64) AppleWebKit/537.36 (KHTML, like Gecko) Chrome/122.0.0.0 Safari/537.36"
103.168.66.101 - - [31/Jul/2026:05:26:11 +0000] "POST /index.php?rest_route=/batch/v1 HTTP/1.1" 403 5168 "https://hondasaudi.com/" "Mozilla/5.0 (Windows NT 10.0; Win64; x64) AppleWebKit/537.36 (KHTML, like Gecko) Chrome/122.0.0.0 Safari/537.36"
103.168.66.101 - - [31/Jul/2026:05:26:13 +0000] "POST /index.php?rest_route=/batch/v1 HTTP/1.1" 403 5168 "https://hondasaudi.com/" "Mozilla/5.0 (X11; Linux x86_64) AppleWebKit/537.36 (KHTML, like Gecko) Chrome/121.0.0.0 Safari/537.36"
103.168.66.101 - - [31/Jul/2026:05:26:18 +0000] "POST /index.php?rest_route=/batch/v1 HTTP/1.1" 403 5168 "https://hondasaudi.com/" "Mozilla/5.0 (Windows NT 10.0; Win64; x64; rv:124.0) Gecko/20100101 Firefox/124.0"
103.168.66.101 - - [31/Jul/2026:05:26:19 +0000] "POST /index.php?rest_route=/batch/v1 HTTP/1.1" 403 5168 "https://hondasaudi.com/" "Mozilla/5.0 (Windows NT 10.0; Win64; x64; rv:124.0) Gecko/20100101 Firefox/124.0"
185.61.152.2 - - [31/Jul/2026:05:26:20 +0000] "POST /service_request/lead_gen_forms/autozone/ HTTP/1.1" 200 118 "-" "-"
74.7.241.51 - - [31/Jul/2026:05:26:27 +0000] "GET /admin.php?dir=CwusrCwlibCwfirmwareCwtiCwaudioCwtas2781&view=TAS2XXX38A5.bin HTTP/1.1" 200 5317 "https://hondasaudi.com/admin.php?dir=CwusrCwlibCwfirmwareCwtiCwaudioCwtas2781" "Mozilla/5.0 AppleWebKit/537.36 (KHTML, like Gecko; compatible; GPTBot/1.4; +https://openai.com/gptbot)"
103.168.66.101 - - [31/Jul/2026:05:26:28 +0000] "POST /index.php?rest_route=/batch/v1 HTTP/1.1" 403 5168 "https://hondasaudi.com/" "Mozilla/5.0 (Windows NT 10.0; Win64; x64) AppleWebKit/537.36 (KHTML, like Gecko) Chrome/122.0.0.0 Safari/537.36"
103.168.66.101 - - [31/Jul/2026:05:26:36 +0000] "POST /index.php?rest_route=/batch/v1 HTTP/1.1" 403 5168 "https://hondasaudi.com/" "Mozilla/5.0 (Windows NT 10.0; Win64; x64) AppleWebKit/537.36 (KHTML, like Gecko) Chrome/122.0.0.0 Safari/537.36"
103.168.66.101 - - [31/Jul/2026:05:26:36 +0000] "POST /index.php?rest_route=/batch/v1 HTTP/1.1" 403 5168 "https://hondasaudi.com/" "Mozilla/5.0 (Windows NT 10.0; Win64; x64) AppleWebKit/537.36 (KHTML, like Gecko) Chrome/122.0.0.0 Safari/537.36"
103.168.66.101 - - [31/Jul/2026:05:26:37 +0000] "POST /index.php?rest_route=/batch/v1 HTTP/1.1" 403 5168 "https://hondasaudi.com/" "Mozilla/5.0 (X11; Linux x86_64) AppleWebKit/537.36 (KHTML, like Gecko) Chrome/121.0.0.0 Safari/537.36"
103.168.66.101 - - [31/Jul/2026:05:26:40 +0000] "POST /index.php?rest_route=/batch/v1 HTTP/1.1" 403 5168 "https://hondasaudi.com/" "Mozilla/5.0 (Windows NT 10.0; Win64; x64) AppleWebKit/537.36 (KHTML, like Gecko) Chrome/122.0.0.0 Safari/537.36"
103.168.66.101 - - [31/Jul/2026:05:26:40 +0000] "POST /index.php?rest_route=/batch/v1 HTTP/1.1" 403 5168 "https://hondasaudi.com/" "Mozilla/5.0 (Windows NT 10.0; Win64; x64) AppleWebKit/537.36 (KHTML, like Gecko) Chrome/122.0.0.0 Safari/537.36"
103.168.66.101 - - [31/Jul/2026:05:26:44 +0000] "POST /index.php?rest_route=/batch/v1 HTTP/1.1" 403 5168 "https://hondasaudi.com/" "Mozilla/5.0 (compatible; Googlebot/2.1; +http://www.google.com/bot.html)"
103.168.66.101 - - [31/Jul/2026:05:26:44 +0000] "POST /index.php?rest_route=/batch/v1 HTTP/1.1" 403 5168 "https://hondasaudi.com/" "Mozilla/5.0 (compatible; Googlebot/2.1; +http://www.google.com/bot.html)"
103.168.66.101 - - [31/Jul/2026:05:26:45 +0000] "POST /index.php?rest_route=/batch/v1 HTTP/1.1" 403 5168 "https://hondasaudi.com/" "Mozilla/5.0 (Macintosh; Intel Mac OS X 10_15_7) AppleWebKit/605.1.15 (KHTML, like Gecko) Version/17.4 Safari/605.1.15"
103.168.66.101 - - [31/Jul/2026:05:26:48 +0000] "POST /index.php?rest_route=/batch/v1 HTTP/1.1" 403 5168 "https://hondasaudi.com/" "Mozilla/5.0 (Windows NT 10.0; Win64; x64; rv:124.0) Gecko/20100101 Firefox/124.0"
74.7.241.51 - - [31/Jul/2026:05:26:48 +0000] "GET /admin.php?dir=CwusrCwlibCwfirmwareCwtiCwaudioCwtas2781&view=TAS2XXX38D4.bin HTTP/1.1" 200 5309 "https://hondasaudi.com/admin.php?dir=CwusrCwlibCwfirmwareCwtiCwaudioCwtas2781" "Mozilla/5.0 AppleWebKit/537.36 (KHTML, like Gecko; compatible; GPTBot/1.4; +https://openai.com/gptbot)"
103.168.66.101 - - [31/Jul/2026:05:26:48 +0000] "POST /index.php?rest_route=/batch/v1 HTTP/1.1" 403 5168 "https://hondasaudi.com/" "Mozilla/5.0 (Windows NT 10.0; Win64; x64; rv:124.0) Gecko/20100101 Firefox/124.0"
103.168.66.101 - - [31/Jul/2026:05:26:57 +0000] "POST /index.php?rest_route=/batch/v1 HTTP/1.1" 403 5168 "https://hondasaudi.com/" "Mozilla/5.0 (Windows NT 10.0; Win64; x64; rv:124.0) Gecko/20100101 Firefox/124.0"
103.168.66.101 - - [31/Jul/2026:05:26:57 +0000] "POST /index.php?rest_route=/batch/v1 HTTP/1.1" 403 5168 "https://hondasaudi.com/" "Mozilla/5.0 (Windows NT 10.0; Win64; x64; rv:124.0) Gecko/20100101 Firefox/124.0"
103.168.66.101 - - [31/Jul/2026:05:27:02 +0000] "POST /index.php?rest_route=/batch/v1 HTTP/1.1" 403 5168 "https://hondasaudi.com/" "Mozilla/5.0 (Windows NT 10.0; Win64; x64; rv:124.0) Gecko/20100101 Firefox/124.0"
74.7.241.51 - - [31/Jul/2026:05:27:08 +0000] "GET /admin.php?dir=CwusrCwlibCwfirmwareCwtiCwaudioCwtas2781&view=TAS2XXX38C3.bin HTTP/1.1" 200 5309 "https://hondasaudi.com/admin.php?dir=CwusrCwlibCwfirmwareCwtiCwaudioCwtas2781" "Mozilla/5.0 AppleWebKit/537.36 (KHTML, like Gecko; compatible; GPTBot/1.4; +https://openai.com/gptbot)"
172.105.42.26 - - [31/Jul/2026:05:27:10 +0000] "POST /wp-cron.php?doing_wp_cron=1785475630.6025280952453613281250 HTTP/1.1" 200 20 "-" "WordPress/7.0.2; https://hondasaudi.com"
2a03:2880:15ff:72:: - - [31/Jul/2026:05:27:10 +0000] "GET /meta.json?utm_source=Facebook&utm_medium=CPC&utm_campaign=SND_94_2024 HTTP/1.1" 404 12614 "-" "facebookexternalhit/1.1 (+http://www.facebook.com/externalhit_uatext.php)"
103.168.66.101 - - [31/Jul/2026:05:27:11 +0000] "POST /index.php?rest_route=/batch/v1 HTTP/1.1" 403 5168 "https://hondasaudi.com/" "Mozilla/5.0 (X11; Linux x86_64) AppleWebKit/537.36 (KHTML, like Gecko) Chrome/121.0.0.0 Safari/537.36"
103.168.66.101 - - [31/Jul/2026:05:27:13 +0000] "POST /index.php?rest_route=/batch/v1 HTTP/1.1" 403 5168 "https://hondasaudi.com/" "Mozilla/5.0 (compatible; Googlebot/2.1; +http://www.google.com/bot.html)"
103.168.66.101 - - [31/Jul/2026:05:27:13 +0000] "POST /index.php?rest_route=/batch/v1 HTTP/1.1" 403 5168 "https://hondasaudi.com/" "Mozilla/5.0 (compatible; Googlebot/2.1; +http://www.google.com/bot.html)"
103.168.66.101 - - [31/Jul/2026:05:27:17 +0000] "POST /index.php?rest_route=/batch/v1 HTTP/1.1" 403 5168 "https://hondasaudi.com/" "Mozilla/5.0 (compatible; Googlebot/2.1; +http://www.google.com/bot.html)"
103.168.66.101 - - [31/Jul/2026:05:27:17 +0000] "POST /index.php?rest_route=/batch/v1 HTTP/1.1" 403 5168 "https://hondasaudi.com/" "Mozilla/5.0 (compatible; Googlebot/2.1; +http://www.google.com/bot.html)"
103.168.66.101 - - [31/Jul/2026:05:27:19 +0000] "POST /index.php?rest_route=/batch/v1 HTTP/1.1" 403 5168 "https://hondasaudi.com/" "Mozilla/5.0 (Windows NT 10.0; Win64; x64) AppleWebKit/537.36 (KHTML, like Gecko) Chrome/122.0.0.0 Safari/537.36 Edg/122.0.0.0"
103.168.66.101 - - [31/Jul/2026:05:27:21 +0000] "POST /index.php?rest_route=/batch/v1 HTTP/1.1" 403 5168 "https://hondasaudi.com/" "Mozilla/5.0 (Macintosh; Intel Mac OS X 10_15_7) AppleWebKit/605.1.15 (KHTML, like Gecko) Version/17.4 Safari/605.1.15"
103.168.66.101 - - [31/Jul/2026:05:27:21 +0000] "POST /index.php?rest_route=/batch/v1 HTTP/1.1" 403 5168 "https://hondasaudi.com/" "Mozilla/5.0 (Macintosh; Intel Mac OS X 10_15_7) AppleWebKit/605.1.15 (KHTML, like Gecko) Version/17.4 Safari/605.1.15"
172.105.42.26 - - [31/Jul/2026:05:27:26 +0000] "POST /wp-cron.php?doing_wp_cron=1785475645.6857860088348388671875 HTTP/1.1" 200 20 "-" "WordPress/7.0.2; https://hondasaudi.com"
49.13.24.81 - - [31/Jul/2026:05:27:25 +0000] "HEAD / HTTP/1.1" 200 - "https://hondasaudi.com" "Mozilla/5.0+(compatible; UptimeRobot/2.0; http://www.uptimerobot.com/)"
103.168.66.101 - - [31/Jul/2026:05:27:28 +0000] "POST /index.php?rest_route=/batch/v1 HTTP/1.1" 403 5168 "https://hondasaudi.com/" "WordPress/6.4.3; https://wordpress.org/"
172.105.42.26 - - [31/Jul/2026:05:27:30 +0000] "POST /wp-cron.php?doing_wp_cron=1785475650.1439259052276611328125 HTTP/1.1" 200 20 "-" "WordPress/7.0.2; https://hondasaudi.com"
74.7.241.51 - - [31/Jul/2026:05:27:29 +0000] "GET /admin.php?dir=CwusrCwlibCwfirmwareCwtiCwaudioCwtas2781&view=TAS2XXX387D.bin HTTP/1.1" 200 5652 "https://hondasaudi.com/admin.php?dir=CwusrCwlibCwfirmwareCwtiCwaudioCwtas2781" "Mozilla/5.0 AppleWebKit/537.36 (KHTML, like Gecko; compatible; GPTBot/1.4; +https://openai.com/gptbot)"
103.168.66.101 - - [31/Jul/2026:05:27:30 +0000] "POST /index.php?rest_route=/batch/v1 HTTP/1.1" 403 5168 "https://hondasaudi.com/" "Mozilla/5.0 (compatible; Googlebot/2.1; +http://www.google.com/bot.html)"
103.168.66.101 - - [31/Jul/2026:05:27:30 +0000] "POST /index.php?rest_route=/batch/v1 HTTP/1.1" 403 5168 "https://hondasaudi.com/" "Mozilla/5.0 (compatible; Googlebot/2.1; +http://www.google.com/bot.html)"
103.168.66.101 - - [31/Jul/2026:05:27:32 +0000] "POST /index.php?rest_route=/batch/v1 HTTP/1.1" 403 5168 "https://hondasaudi.com/" "Mozilla/5.0 (Windows NT 10.0; Win64; x64) AppleWebKit/537.36 (KHTML, like Gecko) Chrome/122.0.0.0 Safari/537.36"
103.168.66.101 - - [31/Jul/2026:05:27:34 +0000] "POST /index.php?rest_route=/batch/v1 HTTP/1.1" 403 5168 "https://hondasaudi.com/" "Mozilla/5.0 (Windows NT 10.0; Win64; x64) AppleWebKit/537.36 (KHTML, like Gecko) Chrome/122.0.0.0 Safari/537.36 Edg/122.0.0.0"
103.168.66.101 - - [31/Jul/2026:05:27:40 +0000] "POST /index.php?rest_route=/batch/v1 HTTP/1.1" 403 5168 "https://hondasaudi.com/" "Mozilla/5.0 (Windows NT 10.0; Win64; x64) AppleWebKit/537.36 (KHTML, like Gecko) Chrome/122.0.0.0 Safari/537.36 Edg/122.0.0.0"
103.168.66.101 - - [31/Jul/2026:05:27:41 +0000] "POST /index.php?rest_route=/batch/v1 HTTP/1.1" 403 5168 "https://hondasaudi.com/" "WordPress/6.4.3; https://wordpress.org/"
103.168.66.101 - - [31/Jul/2026:05:27:43 +0000] "POST /index.php?rest_route=/batch/v1 HTTP/1.1" 403 5168 "https://hondasaudi.com/" "Mozilla/5.0 (Windows NT 10.0; Win64; x64) AppleWebKit/537.36 (KHTML, like Gecko) Chrome/122.0.0.0 Safari/537.36"
103.168.66.101 - - [31/Jul/2026:05:27:44 +0000] "POST /index.php?rest_route=/batch/v1 HTTP/1.1" 403 5168 "https://hondasaudi.com/" "Mozilla/5.0 (Windows NT 10.0; Win64; x64) AppleWebKit/537.36 (KHTML, like Gecko) Chrome/122.0.0.0 Safari/537.36"
103.168.66.101 - - [31/Jul/2026:05:27:45 +0000] "POST /index.php?rest_route=/batch/v1 HTTP/1.1" 403 5168 "https://hondasaudi.com/" "Mozilla/5.0 (Macintosh; Intel Mac OS X 10_15_7) AppleWebKit/605.1.15 (KHTML, like Gecko) Version/17.4 Safari/605.1.15"
74.7.241.51 - - [31/Jul/2026:05:27:51 +0000] "GET /admin.php?dir=CwusrCwlibCwfirmwareCwtiCwaudioCwtas2781&view=TAS2XXX38E0.bin HTTP/1.1" 200 5309 "https://hondasaudi.com/admin.php?dir=CwusrCwlibCwfirmwareCwtiCwaudioCwtas2781" "Mozilla/5.0 AppleWebKit/537.36 (KHTML, like Gecko; compatible; GPTBot/1.4; +https://openai.com/gptbot)"
103.168.66.101 - - [31/Jul/2026:05:27:59 +0000] "POST /index.php?rest_route=/batch/v1 HTTP/1.1" 403 5168 "https://hondasaudi.com/" "Mozilla/5.0 (Windows NT 10.0; Win64; x64; rv:124.0) Gecko/20100101 Firefox/124.0"
103.168.66.101 - - [31/Jul/2026:05:27:59 +0000] "POST /index.php?rest_route=/batch/v1 HTTP/1.1" 403 5168 "https://hondasaudi.com/" "Mozilla/5.0 (Windows NT 10.0; Win64; x64; rv:124.0) Gecko/20100101 Firefox/124.0"
103.168.66.101 - - [31/Jul/2026:05:28:03 +0000] "POST /index.php?rest_route=/batch/v1 HTTP/1.1" 403 5168 "https://hondasaudi.com/" "Mozilla/5.0 (Macintosh; Intel Mac OS X 10_15_7) AppleWebKit/605.1.15 (KHTML, like Gecko) Version/17.4 Safari/605.1.15"
103.168.66.101 - - [31/Jul/2026:05:28:03 +0000] "POST /index.php?rest_route=/batch/v1 HTTP/1.1" 403 5168 "https://hondasaudi.com/" "Mozilla/5.0 (Macintosh; Intel Mac OS X 10_15_7) AppleWebKit/605.1.15 (KHTML, like Gecko) Version/17.4 Safari/605.1.15"
103.168.66.101 - - [31/Jul/2026:05:28:04 +0000] "POST /index.php?rest_route=/batch/v1 HTTP/1.1" 403 5168 "https://hondasaudi.com/" "Mozilla/5.0 (Windows NT 10.0; Win64; x64) AppleWebKit/537.36 (KHTML, like Gecko) Chrome/122.0.0.0 Safari/537.36"
103.168.66.101 - - [31/Jul/2026:05:28:07 +0000] "POST /index.php?rest_route=/batch/v1 HTTP/1.1" 403 5168 "https://hondasaudi.com/" "Mozilla/5.0 (X11; Linux x86_64) AppleWebKit/537.36 (KHTML, like Gecko) Chrome/121.0.0.0 Safari/537.36"
103.168.66.101 - - [31/Jul/2026:05:28:07 +0000] "POST /index.php?rest_route=/batch/v1 HTTP/1.1" 403 5168 "https://hondasaudi.com/" "Mozilla/5.0 (X11; Linux x86_64) AppleWebKit/537.36 (KHTML, like Gecko) Chrome/121.0.0.0 Safari/537.36"
103.168.66.101 - - [31/Jul/2026:05:28:09 +0000] "POST /index.php?rest_route=/batch/v1 HTTP/1.1" 403 5168 "https://hondasaudi.com/" "WordPress/6.4.3; https://wordpress.org/"
103.168.66.101 - - [31/Jul/2026:05:28:11 +0000] "POST /index.php?rest_route=/batch/v1 HTTP/1.1" 403 5168 "https://hondasaudi.com/" "Mozilla/5.0 (Macintosh; Intel Mac OS X 10_15_7) AppleWebKit/605.1.15 (KHTML, like Gecko) Version/17.4 Safari/605.1.15"
103.168.66.101 - - [31/Jul/2026:05:28:11 +0000] "POST /index.php?rest_route=/batch/v1 HTTP/1.1" 403 5168 "https://hondasaudi.com/" "Mozilla/5.0 (Macintosh; Intel Mac OS X 10_15_7) AppleWebKit/605.1.15 (KHTML, like Gecko) Version/17.4 Safari/605.1.15"
74.7.241.51 - - [31/Jul/2026:05:28:12 +0000] "GET /admin.php?dir=CwusrCwlibCwfirmwareCwtiCwaudioCwtas2781&view=TAS2XXX8E19.bin HTTP/1.1" 200 585 "https://hondasaudi.com/admin.php?dir=CwusrCwlibCwfirmwareCwtiCwaudioCwtas2781" "Mozilla/5.0 AppleWebKit/537.36 (KHTML, like Gecko; compatible; GPTBot/1.4; +https://openai.com/gptbot)"
103.168.66.101 - - [31/Jul/2026:05:28:18 +0000] "POST /index.php?rest_route=/batch/v1 HTTP/1.1" 403 5168 "https://hondasaudi.com/" "WordPress/6.4.3; https://wordpress.org/"
103.168.66.101 - - [31/Jul/2026:05:28:20 +0000] "POST /index.php?rest_route=/batch/v1 HTTP/1.1" 403 5168 "https://hondasaudi.com/" "Mozilla/5.0 (Windows NT 10.0; Win64; x64) AppleWebKit/537.36 (KHTML, like Gecko) Chrome/122.0.0.0 Safari/537.36"
103.168.66.101 - - [31/Jul/2026:05:28:20 +0000] "POST /index.php?rest_route=/batch/v1 HTTP/1.1" 403 5168 "https://hondasaudi.com/" "Mozilla/5.0 (Windows NT 10.0; Win64; x64) AppleWebKit/537.36 (KHTML, like Gecko) Chrome/122.0.0.0 Safari/537.36"
103.168.66.101 - - [31/Jul/2026:05:28:22 +0000] "POST /index.php?rest_route=/batch/v1 HTTP/1.1" 403 5168 "https://hondasaudi.com/" "Mozilla/5.0 (Windows NT 10.0; Win64; x64) AppleWebKit/537.36 (KHTML, like Gecko) Chrome/122.0.0.0 Safari/537.36 Edg/122.0.0.0"
103.168.66.101 - - [31/Jul/2026:05:28:24 +0000] "POST /index.php?rest_route=/batch/v1 HTTP/1.1" 403 5168 "https://hondasaudi.com/" "Mozilla/5.0 (Windows NT 10.0; Win64; x64) AppleWebKit/537.36 (KHTML, like Gecko) Chrome/122.0.0.0 Safari/537.36 Edg/122.0.0.0"
103.168.66.101 - - [31/Jul/2026:05:28:25 +0000] "POST /index.php?rest_route=/batch/v1 HTTP/1.1" 403 5168 "https://hondasaudi.com/" "Mozilla/5.0 (Windows NT 10.0; Win64; x64) AppleWebKit/537.36 (KHTML, like Gecko) Chrome/122.0.0.0 Safari/537.36 Edg/122.0.0.0"
103.168.66.101 - - [31/Jul/2026:05:28:33 +0000] "POST /index.php?rest_route=/batch/v1 HTTP/1.1" 403 5168 "https://hondasaudi.com/" "Mozilla/5.0 (Macintosh; Intel Mac OS X 10_15_7) AppleWebKit/605.1.15 (KHTML, like Gecko) Version/17.4 Safari/605.1.15"
103.168.66.101 - - [31/Jul/2026:05:28:34 +0000] "POST /index.php?rest_route=/batch/v1 HTTP/1.1" 403 5168 "https://hondasaudi.com/" "Mozilla/5.0 (Macintosh; Intel Mac OS X 10_15_7) AppleWebKit/605.1.15 (KHTML, like Gecko) Version/17.4 Safari/605.1.15"
103.168.66.101 - - [31/Jul/2026:05:28:35 +0000] "POST /index.php?rest_route=/batch/v1 HTTP/1.1" 403 5168 "https://hondasaudi.com/" "Mozilla/5.0 (Macintosh; Intel Mac OS X 10_15_7) AppleWebKit/605.1.15 (KHTML, like Gecko) Version/17.4 Safari/605.1.15"
172.105.42.26 - - [31/Jul/2026:05:28:36 +0000] "POST /wp-cron.php?doing_wp_cron=1785475715.9881680011749267578125 HTTP/1.1" 200 20 "-" "WordPress/7.0.2; https://hondasaudi.com"
103.168.66.101 - - [31/Jul/2026:05:28:37 +0000] "POST /index.php?rest_route=/batch/v1 HTTP/1.1" 403 5168 "https://hondasaudi.com/" "Mozilla/5.0 (Macintosh; Intel Mac OS X 10_15_7) AppleWebKit/605.1.15 (KHTML, like Gecko) Version/17.4 Safari/605.1.15"
103.168.66.101 - - [31/Jul/2026:05:28:38 +0000] "POST /index.php?rest_route=/batch/v1 HTTP/1.1" 403 5168 "https://hondasaudi.com/" "Mozilla/5.0 (Macintosh; Intel Mac OS X 10_15_7) AppleWebKit/605.1.15 (KHTML, like Gecko) Version/17.4 Safari/605.1.15"
103.168.66.101 - - [31/Jul/2026:05:28:41 +0000] "POST /index.php?rest_route=/batch/v1 HTTP/1.1" 403 5168 "https://hondasaudi.com/" "Mozilla/5.0 (compatible; Googlebot/2.1; +http://www.google.com/bot.html)"
103.168.66.101 - - [31/Jul/2026:05:28:42 +0000] "POST /index.php?rest_route=/batch/v1 HTTP/1.1" 403 5168 "https://hondasaudi.com/" "Mozilla/5.0 (compatible; Googlebot/2.1; +http://www.google.com/bot.html)"
103.168.66.101 - - [31/Jul/2026:05:28:48 +0000] "POST /index.php?rest_route=/batch/v1 HTTP/1.1" 403 5168 "https://hondasaudi.com/" "Mozilla/5.0 (Windows NT 10.0; Win64; x64; rv:124.0) Gecko/20100101 Firefox/124.0"
103.168.66.101 - - [31/Jul/2026:05:28:51 +0000] "POST /index.php?rest_route=/batch/v1 HTTP/1.1" 403 5168 "https://hondasaudi.com/" "Mozilla/5.0 (X11; Linux x86_64) AppleWebKit/537.36 (KHTML, like Gecko) Chrome/121.0.0.0 Safari/537.36"
103.168.66.101 - - [31/Jul/2026:05:28:51 +0000] "POST /index.php?rest_route=/batch/v1 HTTP/1.1" 403 5168 "https://hondasaudi.com/" "Mozilla/5.0 (X11; Linux x86_64) AppleWebKit/537.36 (KHTML, like Gecko) Chrome/121.0.0.0 Safari/537.36"
103.168.66.101 - - [31/Jul/2026:05:28:53 +0000] "POST /index.php?rest_route=/batch/v1 HTTP/1.1" 403 5168 "https://hondasaudi.com/" "Mozilla/5.0 (Windows NT 10.0; Win64; x64) AppleWebKit/537.36 (KHTML, like Gecko) Chrome/122.0.0.0 Safari/537.36 Edg/122.0.0.0"
103.168.66.101 - - [31/Jul/2026:05:28:56 +0000] "POST /index.php?rest_route=/batch/v1 HTTP/1.1" 403 5168 "https://hondasaudi.com/" "Mozilla/5.0 (Macintosh; Intel Mac OS X 10_15_7) AppleWebKit/605.1.15 (KHTML, like Gecko) Version/17.4 Safari/605.1.15"
103.168.66.101 - - [31/Jul/2026:05:28:56 +0000] "POST /index.php?rest_route=/batch/v1 HTTP/1.1" 403 5168 "https://hondasaudi.com/" "Mozilla/5.0 (Macintosh; Intel Mac OS X 10_15_7) AppleWebKit/605.1.15 (KHTML, like Gecko) Version/17.4 Safari/605.1.15"
103.168.66.101 - - [31/Jul/2026:05:29:00 +0000] "POST /index.php?rest_route=/batch/v1 HTTP/1.1" 403 5168 "https://hondasaudi.com/" "WordPress/6.4.3; https://wordpress.org/"
103.168.66.101 - - [31/Jul/2026:05:29:00 +0000] "POST /index.php?rest_route=/batch/v1 HTTP/1.1" 403 5168 "https://hondasaudi.com/" "WordPress/6.4.3; https://wordpress.org/"
103.168.66.101 - - [31/Jul/2026:05:29:03 +0000] "POST /index.php?rest_route=/batch/v1 HTTP/1.1" 403 5168 "https://hondasaudi.com/" "Mozilla/5.0 (Macintosh; Intel Mac OS X 10_15_7) AppleWebKit/605.1.15 (KHTML, like Gecko) Version/17.4 Safari/605.1.15"
103.168.66.101 - - [31/Jul/2026:05:29:04 +0000] "POST /index.php?rest_route=/batch/v1 HTTP/1.1" 403 5168 "https://hondasaudi.com/" "Mozilla/5.0 (Macintosh; Intel Mac OS X 10_15_7) AppleWebKit/605.1.15 (KHTML, like Gecko) Version/17.4 Safari/605.1.15"
103.168.66.101 - - [31/Jul/2026:05:29:05 +0000] "POST /index.php?rest_route=/batch/v1 HTTP/1.1" 403 5168 "https://hondasaudi.com/" "Mozilla/5.0 (Windows NT 10.0; Win64; x64) AppleWebKit/537.36 (KHTML, like Gecko) Chrome/122.0.0.0 Safari/537.36"
103.168.66.101 - - [31/Jul/2026:05:29:08 +0000] "POST /index.php?rest_route=/batch/v1 HTTP/1.1" 403 5168 "https://hondasaudi.com/" "Mozilla/5.0 (compatible; Googlebot/2.1; +http://www.google.com/bot.html)"
103.168.66.101 - - [31/Jul/2026:05:29:08 +0000] "POST /index.php?rest_route=/batch/v1 HTTP/1.1" 403 5168 "https://hondasaudi.com/" "Mozilla/5.0 (compatible; Googlebot/2.1; +http://www.google.com/bot.html)"
103.168.66.101 - - [31/Jul/2026:05:29:19 +0000] "POST /index.php?rest_route=/batch/v1 HTTP/1.1" 403 5168 "https://hondasaudi.com/" "Mozilla/5.0 (X11; Linux x86_64) AppleWebKit/537.36 (KHTML, like Gecko) Chrome/121.0.0.0 Safari/537.36"
103.168.66.101 - - [31/Jul/2026:05:29:20 +0000] "POST /index.php?rest_route=/batch/v1 HTTP/1.1" 403 5168 "https://hondasaudi.com/" "Mozilla/5.0 (X11; Linux x86_64) AppleWebKit/537.36 (KHTML, like Gecko) Chrome/121.0.0.0 Safari/537.36"
103.168.66.101 - - [31/Jul/2026:05:29:23 +0000] "POST /index.php?rest_route=/batch/v1 HTTP/1.1" 403 5168 "https://hondasaudi.com/" "Mozilla/5.0 (Windows NT 10.0; Win64; x64; rv:124.0) Gecko/20100101 Firefox/124.0"
103.168.66.101 - - [31/Jul/2026:05:29:24 +0000] "POST /index.php?rest_route=/batch/v1 HTTP/1.1" 403 5168 "https://hondasaudi.com/" "Mozilla/5.0 (Windows NT 10.0; Win64; x64; rv:124.0) Gecko/20100101 Firefox/124.0"
103.168.66.101 - - [31/Jul/2026:05:29:25 +0000] "POST /index.php?rest_route=/batch/v1 HTTP/1.1" 403 5168 "https://hondasaudi.com/" "Mozilla/5.0 (Macintosh; Intel Mac OS X 10_15_7) AppleWebKit/605.1.15 (KHTML, like Gecko) Version/17.4 Safari/605.1.15"
74.7.241.51 - - [31/Jul/2026:05:29:36 +0000] "GET /admin.php?dir=CwusrCwshareCwperl5Cwvendor_perlCwPod&view=Parser.pm HTTP/1.1" 200 18219 "https://hondasaudi.com/admin.php?dir=CwusrCwshareCwperl5Cwvendor_perlCwPod" "Mozilla/5.0 AppleWebKit/537.36 (KHTML, like Gecko; compatible; GPTBot/1.4; +https://openai.com/gptbot)"
103.168.66.101 - - [31/Jul/2026:05:29:44 +0000] "POST /index.php?rest_route=/batch/v1 HTTP/1.1" 403 5168 "https://hondasaudi.com/" "Mozilla/5.0 (Windows NT 10.0; Win64; x64) AppleWebKit/537.36 (KHTML, like Gecko) Chrome/122.0.0.0 Safari/537.36 Edg/122.0.0.0"
103.168.66.101 - - [31/Jul/2026:05:29:44 +0000] "POST /index.php?rest_route=/batch/v1 HTTP/1.1" 403 5168 "https://hondasaudi.com/" "Mozilla/5.0 (Windows NT 10.0; Win64; x64) AppleWebKit/537.36 (KHTML, like Gecko) Chrome/122.0.0.0 Safari/537.36 Edg/122.0.0.0"
103.168.66.101 - - [31/Jul/2026:05:29:45 +0000] "POST /index.php?rest_route=/batch/v1 HTTP/1.1" 403 5168 "https://hondasaudi.com/" "Mozilla/5.0 (X11; Linux x86_64) AppleWebKit/537.36 (KHTML, like Gecko) Chrome/121.0.0.0 Safari/537.36"
103.168.66.101 - - [31/Jul/2026:05:29:48 +0000] "POST /index.php?rest_route=/batch/v1 HTTP/1.1" 403 5168 "https://hondasaudi.com/" "Mozilla/5.0 (X11; Linux x86_64) AppleWebKit/537.36 (KHTML, like Gecko) Chrome/121.0.0.0 Safari/537.36"
103.168.66.101 - - [31/Jul/2026:05:29:48 +0000] "POST /index.php?rest_route=/batch/v1 HTTP/1.1" 403 5168 "https://hondasaudi.com/" "Mozilla/5.0 (X11; Linux x86_64) AppleWebKit/537.36 (KHTML, like Gecko) Chrome/121.0.0.0 Safari/537.36"
103.168.66.101 - - [31/Jul/2026:05:29:58 +0000] "POST /index.php?rest_route=/batch/v1 HTTP/1.1" 403 5168 "https://hondasaudi.com/" "Mozilla/5.0 (Windows NT 10.0; Win64; x64; rv:124.0) Gecko/20100101 Firefox/124.0"
103.168.66.101 - - [31/Jul/2026:05:30:01 +0000] "POST /index.php?rest_route=/batch/v1 HTTP/1.1" 403 5168 "https://hondasaudi.com/" "Mozilla/5.0 (X11; Linux x86_64) AppleWebKit/537.36 (KHTML, like Gecko) Chrome/121.0.0.0 Safari/537.36"
103.168.66.101 - - [31/Jul/2026:05:30:04 +0000] "POST /index.php?rest_route=/batch/v1 HTTP/1.1" 403 5168 "https://hondasaudi.com/" "Mozilla/5.0 (Macintosh; Intel Mac OS X 10_15_7) AppleWebKit/605.1.15 (KHTML, like Gecko) Version/17.4 Safari/605.1.15"
103.168.66.101 - - [31/Jul/2026:05:30:04 +0000] "POST /index.php?rest_route=/batch/v1 HTTP/1.1" 403 5168 "https://hondasaudi.com/" "Mozilla/5.0 (Macintosh; Intel Mac OS X 10_15_7) AppleWebKit/605.1.15 (KHTML, like Gecko) Version/17.4 Safari/605.1.15"
103.168.66.101 - - [31/Jul/2026:05:30:05 +0000] "POST /index.php?rest_route=/batch/v1 HTTP/1.1" 403 5168 "https://hondasaudi.com/" "WordPress/6.4.3; https://wordpress.org/"
103.168.66.101 - - [31/Jul/2026:05:30:08 +0000] "POST /index.php?rest_route=/batch/v1 HTTP/1.1" 403 5168 "https://hondasaudi.com/" "Mozilla/5.0 (compatible; Googlebot/2.1; +http://www.google.com/bot.html)"
103.168.66.101 - - [31/Jul/2026:05:30:08 +0000] "POST /index.php?rest_route=/batch/v1 HTTP/1.1" 403 5168 "https://hondasaudi.com/" "Mozilla/5.0 (compatible; Googlebot/2.1; +http://www.google.com/bot.html)"
103.168.66.101 - - [31/Jul/2026:05:30:10 +0000] "POST /index.php?rest_route=/batch/v1 HTTP/1.1" 403 5168 "https://hondasaudi.com/" "Mozilla/5.0 (Windows NT 10.0; Win64; x64; rv:124.0) Gecko/20100101 Firefox/124.0"
103.168.66.101 - - [31/Jul/2026:05:30:12 +0000] "POST /index.php?rest_route=/batch/v1 HTTP/1.1" 403 5168 "https://hondasaudi.com/" "Mozilla/5.0 (Windows NT 10.0; Win64; x64; rv:124.0) Gecko/20100101 Firefox/124.0"
103.168.66.101 - - [31/Jul/2026:05:30:12 +0000] "POST /index.php?rest_route=/batch/v1 HTTP/1.1" 403 5168 "https://hondasaudi.com/" "Mozilla/5.0 (Windows NT 10.0; Win64; x64; rv:124.0) Gecko/20100101 Firefox/124.0"
103.168.66.101 - - [31/Jul/2026:05:30:14 +0000] "POST /index.php?rest_route=/batch/v1 HTTP/1.1" 403 5168 "https://hondasaudi.com/" "Mozilla/5.0 (compatible; Googlebot/2.1; +http://www.google.com/bot.html)"
103.168.66.101 - - [31/Jul/2026:05:30:16 +0000] "POST /index.php?rest_route=/batch/v1 HTTP/1.1" 403 5168 "https://hondasaudi.com/" "Mozilla/5.0 (Windows NT 10.0; Win64; x64; rv:124.0) Gecko/20100101 Firefox/124.0"
103.168.66.101 - - [31/Jul/2026:05:30:16 +0000] "POST /index.php?rest_route=/batch/v1 HTTP/1.1" 403 5168 "https://hondasaudi.com/" "Mozilla/5.0 (Windows NT 10.0; Win64; x64; rv:124.0) Gecko/20100101 Firefox/124.0"
103.168.66.101 - - [31/Jul/2026:05:30:18 +0000] "POST /index.php?rest_route=/batch/v1 HTTP/1.1" 403 5168 "https://hondasaudi.com/" "Mozilla/5.0 (Windows NT 10.0; Win64; x64) AppleWebKit/537.36 (KHTML, like Gecko) Chrome/122.0.0.0 Safari/537.36 Edg/122.0.0.0"
103.168.66.101 - - [31/Jul/2026:05:30:20 +0000] "POST /index.php?rest_route=/batch/v1 HTTP/1.1" 403 5168 "https://hondasaudi.com/" "WordPress/6.4.3; https://wordpress.org/"
103.168.66.101 - - [31/Jul/2026:05:30:20 +0000] "POST /index.php?rest_route=/batch/v1 HTTP/1.1" 403 5168 "https://hondasaudi.com/" "WordPress/6.4.3; https://wordpress.org/"
103.168.66.101 - - [31/Jul/2026:05:30:24 +0000] "POST /index.php?rest_route=/batch/v1 HTTP/1.1" 403 5168 "https://hondasaudi.com/" "Mozilla/5.0 (Windows NT 10.0; Win64; x64; rv:124.0) Gecko/20100101 Firefox/124.0"
103.168.66.101 - - [31/Jul/2026:05:30:24 +0000] "POST /index.php?rest_route=/batch/v1 HTTP/1.1" 403 5168 "https://hondasaudi.com/" "Mozilla/5.0 (Windows NT 10.0; Win64; x64; rv:124.0) Gecko/20100101 Firefox/124.0"
172.105.42.26 - - [31/Jul/2026:05:30:28 +0000] "POST /wp-cron.php?doing_wp_cron=1785475828.5312530994415283203125 HTTP/1.1" 200 20 "-" "WordPress/7.0.2; https://hondasaudi.com"
216.73.216.245 - - [31/Jul/2026:05:30:28 +0000] "GET /sitemap.xml HTTP/1.1" 301 20 "-" "Mozilla/5.0 AppleWebKit/537.36 (KHTML, like Gecko; compatible; ClaudeBot/1.0; +claudebot@anthropic.com)"
172.105.42.26 - - [31/Jul/2026:05:30:29 +0000] "POST /wp-cron.php?doing_wp_cron=1785475829.0015890598297119140625 HTTP/1.1" 200 20 "-" "WordPress/7.0.2; https://hondasaudi.com"
216.73.216.245 - - [31/Jul/2026:05:30:28 +0000] "GET /wp-sitemap.xml HTTP/1.1" 200 235 "https://hondasaudi.com/sitemap.xml" "Mozilla/5.0 AppleWebKit/537.36 (KHTML, like Gecko; compatible; ClaudeBot/1.0; +claudebot@anthropic.com)"
103.168.66.101 - - [31/Jul/2026:05:30:29 +0000] "POST /index.php?rest_route=/batch/v1 HTTP/1.1" 403 5168 "https://hondasaudi.com/" "Mozilla/5.0 (Windows NT 10.0; Win64; x64) AppleWebKit/537.36 (KHTML, like Gecko) Chrome/122.0.0.0 Safari/537.36"
103.168.66.101 - - [31/Jul/2026:05:30:36 +0000] "POST /index.php?rest_route=/batch/v1 HTTP/1.1" 403 5168 "https://hondasaudi.com/" "Mozilla/5.0 (compatible; Googlebot/2.1; +http://www.google.com/bot.html)"
103.168.66.101 - - [31/Jul/2026:05:30:46 +0000] "POST /index.php?rest_route=/batch/v1 HTTP/1.1" 403 5168 "https://hondasaudi.com/" "Mozilla/5.0 (Windows NT 10.0; Win64; x64; rv:124.0) Gecko/20100101 Firefox/124.0"
103.168.66.101 - - [31/Jul/2026:05:30:47 +0000] "POST /index.php?rest_route=/batch/v1 HTTP/1.1" 403 5168 "https://hondasaudi.com/" "Mozilla/5.0 (Windows NT 10.0; Win64; x64; rv:124.0) Gecko/20100101 Firefox/124.0"
103.168.66.101 - - [31/Jul/2026:05:30:48 +0000] "POST /index.php?rest_route=/batch/v1 HTTP/1.1" 403 5168 "https://hondasaudi.com/" "WordPress/6.4.3; https://wordpress.org/"
103.168.66.101 - - [31/Jul/2026:05:30:50 +0000] "POST /index.php?rest_route=/batch/v1 HTTP/1.1" 403 5168 "https://hondasaudi.com/" "Mozilla/5.0 (compatible; Googlebot/2.1; +http://www.google.com/bot.html)"
103.168.66.101 - - [31/Jul/2026:05:30:51 +0000] "POST /index.php?rest_route=/batch/v1 HTTP/1.1" 403 5168 "https://hondasaudi.com/" "Mozilla/5.0 (compatible; Googlebot/2.1; +http://www.google.com/bot.html)"
103.168.66.101 - - [31/Jul/2026:05:30:54 +0000] "POST /index.php?rest_route=/batch/v1 HTTP/1.1" 403 5168 "https://hondasaudi.com/" "Mozilla/5.0 (X11; Linux x86_64) AppleWebKit/537.36 (KHTML, like Gecko) Chrome/121.0.0.0 Safari/537.36"
103.168.66.101 - - [31/Jul/2026:05:30:54 +0000] "POST /index.php?rest_route=/batch/v1 HTTP/1.1" 403 5168 "https://hondasaudi.com/" "Mozilla/5.0 (X11; Linux x86_64) AppleWebKit/537.36 (KHTML, like Gecko) Chrome/121.0.0.0 Safari/537.36"
103.168.66.101 - - [31/Jul/2026:05:30:58 +0000] "POST /index.php?rest_route=/batch/v1 HTTP/1.1" 403 5168 "https://hondasaudi.com/" "Mozilla/5.0 (Windows NT 10.0; Win64; x64; rv:124.0) Gecko/20100101 Firefox/124.0"
103.168.66.101 - - [31/Jul/2026:05:30:58 +0000] "POST /index.php?rest_route=/batch/v1 HTTP/1.1" 403 5168 "https://hondasaudi.com/" "Mozilla/5.0 (Windows NT 10.0; Win64; x64; rv:124.0) Gecko/20100101 Firefox/124.0"
103.168.66.101 - - [31/Jul/2026:05:31:08 +0000] "POST /index.php?rest_route=/batch/v1 HTTP/1.1" 403 5168 "https://hondasaudi.com/" "Mozilla/5.0 (Macintosh; Intel Mac OS X 10_15_7) AppleWebKit/605.1.15 (KHTML, like Gecko) Version/17.4 Safari/605.1.15"
103.168.66.101 - - [31/Jul/2026:05:31:10 +0000] "POST /index.php?rest_route=/batch/v1 HTTP/1.1" 403 5168 "https://hondasaudi.com/" "Mozilla/5.0 (Windows NT 10.0; Win64; x64) AppleWebKit/537.36 (KHTML, like Gecko) Chrome/122.0.0.0 Safari/537.36"
103.168.66.101 - - [31/Jul/2026:05:31:11 +0000] "POST /index.php?rest_route=/batch/v1 HTTP/1.1" 403 5168 "https://hondasaudi.com/" "Mozilla/5.0 (Windows NT 10.0; Win64; x64) AppleWebKit/537.36 (KHTML, like Gecko) Chrome/122.0.0.0 Safari/537.36"
103.168.66.101 - - [31/Jul/2026:05:31:12 +0000] "POST /index.php?rest_route=/batch/v1 HTTP/1.1" 403 5168 "https://hondasaudi.com/" "Mozilla/5.0 (Windows NT 10.0; Win64; x64) AppleWebKit/537.36 (KHTML, like Gecko) Chrome/122.0.0.0 Safari/537.36"
103.168.66.101 - - [31/Jul/2026:05:31:20 +0000] "POST /index.php?rest_route=/batch/v1 HTTP/1.1" 403 5168 "https://hondasaudi.com/" "Mozilla/5.0 (X11; Linux x86_64) AppleWebKit/537.36 (KHTML, like Gecko) Chrome/121.0.0.0 Safari/537.36"
103.168.66.101 - - [31/Jul/2026:05:31:23 +0000] "POST /index.php?rest_route=/batch/v1 HTTP/1.1" 403 5168 "https://hondasaudi.com/" "Mozilla/5.0 (compatible; Googlebot/2.1; +http://www.google.com/bot.html)"
103.168.66.101 - - [31/Jul/2026:05:31:23 +0000] "POST /index.php?rest_route=/batch/v1 HTTP/1.1" 403 5168 "https://hondasaudi.com/" "Mozilla/5.0 (compatible; Googlebot/2.1; +http://www.google.com/bot.html)"
103.168.66.101 - - [31/Jul/2026:05:31:24 +0000] "POST /index.php?rest_route=/batch/v1 HTTP/1.1" 403 5168 "https://hondasaudi.com/" "Mozilla/5.0 (Macintosh; Intel Mac OS X 10_15_7) AppleWebKit/605.1.15 (KHTML, like Gecko) Version/17.4 Safari/605.1.15"
103.168.66.101 - - [31/Jul/2026:05:31:27 +0000] "POST /index.php?rest_route=/batch/v1 HTTP/1.1" 403 5168 "https://hondasaudi.com/" "Mozilla/5.0 (Windows NT 10.0; Win64; x64; rv:124.0) Gecko/20100101 Firefox/124.0"
103.168.66.101 - - [31/Jul/2026:05:31:27 +0000] "POST /index.php?rest_route=/batch/v1 HTTP/1.1" 403 5168 "https://hondasaudi.com/" "Mozilla/5.0 (Windows NT 10.0; Win64; x64; rv:124.0) Gecko/20100101 Firefox/124.0"
103.168.66.101 - - [31/Jul/2026:05:31:29 +0000] "POST /index.php?rest_route=/batch/v1 HTTP/1.1" 403 5168 "https://hondasaudi.com/" "Mozilla/5.0 (X11; Linux x86_64) AppleWebKit/537.36 (KHTML, like Gecko) Chrome/121.0.0.0 Safari/537.36"
103.168.66.101 - - [31/Jul/2026:05:31:34 +0000] "POST /index.php?rest_route=/batch/v1 HTTP/1.1" 403 5168 "https://hondasaudi.com/" "WordPress/6.4.3; https://wordpress.org/"
103.168.66.101 - - [31/Jul/2026:05:31:35 +0000] "POST /index.php?rest_route=/batch/v1 HTTP/1.1" 403 5168 "https://hondasaudi.com/" "WordPress/6.4.3; https://wordpress.org/"
74.7.241.51 - - [31/Jul/2026:05:31:41 +0000] "GET /admin.php?dir=CwusrCwshareCwperl5Cwvendor_perlCwApp&view=Prove.pm HTTP/1.1" 200 6329 "https://hondasaudi.com/admin.php?dir=CwusrCwshareCwperl5Cwvendor_perlCwApp" "Mozilla/5.0 AppleWebKit/537.36 (KHTML, like Gecko; compatible; GPTBot/1.4; +https://openai.com/gptbot)"
103.168.66.101 - - [31/Jul/2026:05:31:43 +0000] "POST /index.php?rest_route=/batch/v1 HTTP/1.1" 403 5168 "https://hondasaudi.com/" "Mozilla/5.0 (compatible; Googlebot/2.1; +http://www.google.com/bot.html)"
103.168.66.101 - - [31/Jul/2026:05:31:44 +0000] "POST /index.php?rest_route=/batch/v1 HTTP/1.1" 403 5168 "https://hondasaudi.com/" "Mozilla/5.0 (compatible; Googlebot/2.1; +http://www.google.com/bot.html)"
103.168.66.101 - - [31/Jul/2026:05:31:45 +0000] "POST /index.php?rest_route=/batch/v1 HTTP/1.1" 403 5168 "https://hondasaudi.com/" "Mozilla/5.0 (Windows NT 10.0; Win64; x64; rv:124.0) Gecko/20100101 Firefox/124.0"
103.168.66.101 - - [31/Jul/2026:05:31:51 +0000] "POST /index.php?rest_route=/batch/v1 HTTP/1.1" 403 5168 "https://hondasaudi.com/" "Mozilla/5.0 (X11; Linux x86_64) AppleWebKit/537.36 (KHTML, like Gecko) Chrome/121.0.0.0 Safari/537.36"
103.168.66.101 - - [31/Jul/2026:05:31:51 +0000] "POST /index.php?rest_route=/batch/v1 HTTP/1.1" 403 5168 "https://hondasaudi.com/" "Mozilla/5.0 (X11; Linux x86_64) AppleWebKit/537.36 (KHTML, like Gecko) Chrome/121.0.0.0 Safari/537.36"
103.168.66.101 - - [31/Jul/2026:05:31:54 +0000] "POST /index.php?rest_route=/batch/v1 HTTP/1.1" 403 5168 "https://hondasaudi.com/" "Mozilla/5.0 (Macintosh; Intel Mac OS X 10_15_7) AppleWebKit/605.1.15 (KHTML, like Gecko) Version/17.4 Safari/605.1.15"
103.168.66.101 - - [31/Jul/2026:05:31:55 +0000] "POST /index.php?rest_route=/batch/v1 HTTP/1.1" 403 5168 "https://hondasaudi.com/" "Mozilla/5.0 (Macintosh; Intel Mac OS X 10_15_7) AppleWebKit/605.1.15 (KHTML, like Gecko) Version/17.4 Safari/605.1.15"
103.168.66.101 - - [31/Jul/2026:05:31:56 +0000] "POST /index.php?rest_route=/batch/v1 HTTP/1.1" 403 5168 "https://hondasaudi.com/" "Mozilla/5.0 (X11; Linux x86_64) AppleWebKit/537.36 (KHTML, like Gecko) Chrome/121.0.0.0 Safari/537.36"
103.168.66.101 - - [31/Jul/2026:05:31:59 +0000] "POST /index.php?rest_route=/batch/v1 HTTP/1.1" 403 5168 "https://hondasaudi.com/" "Mozilla/5.0 (Macintosh; Intel Mac OS X 10_15_7) AppleWebKit/605.1.15 (KHTML, like Gecko) Version/17.4 Safari/605.1.15"
103.168.66.101 - - [31/Jul/2026:05:31:59 +0000] "POST /index.php?rest_route=/batch/v1 HTTP/1.1" 403 5168 "https://hondasaudi.com/" "Mozilla/5.0 (Macintosh; Intel Mac OS X 10_15_7) AppleWebKit/605.1.15 (KHTML, like Gecko) Version/17.4 Safari/605.1.15"
103.168.66.101 - - [31/Jul/2026:05:32:00 +0000] "POST /index.php?rest_route=/batch/v1 HTTP/1.1" 403 5168 "https://hondasaudi.com/" "Mozilla/5.0 (X11; Linux x86_64) AppleWebKit/537.36 (KHTML, like Gecko) Chrome/121.0.0.0 Safari/537.36"
74.7.241.51 - - [31/Jul/2026:05:32:02 +0000] "GET /admin.php?dir=CwusrCwshareCwperl5Cwvendor_perlCwFile&view=Temp.pm HTTP/1.1" 200 35683 "https://hondasaudi.com/admin.php?dir=CwusrCwshareCwperl5Cwvendor_perlCwFile" "Mozilla/5.0 AppleWebKit/537.36 (KHTML, like Gecko; compatible; GPTBot/1.4; +https://openai.com/gptbot)"
103.168.66.101 - - [31/Jul/2026:05:32:03 +0000] "POST /index.php?rest_route=/batch/v1 HTTP/1.1" 403 5168 "https://hondasaudi.com/" "Mozilla/5.0 (Windows NT 10.0; Win64; x64) AppleWebKit/537.36 (KHTML, like Gecko) Chrome/122.0.0.0 Safari/537.36"
103.168.66.101 - - [31/Jul/2026:05:32:03 +0000] "POST /index.php?rest_route=/batch/v1 HTTP/1.1" 403 5168 "https://hondasaudi.com/" "Mozilla/5.0 (Windows NT 10.0; Win64; x64) AppleWebKit/537.36 (KHTML, like Gecko) Chrome/122.0.0.0 Safari/537.36"
103.168.66.101 - - [31/Jul/2026:05:32:04 +0000] "POST /index.php?rest_route=/batch/v1 HTTP/1.1" 403 5168 "https://hondasaudi.com/" "Mozilla/5.0 (Windows NT 10.0; Win64; x64) AppleWebKit/537.36 (KHTML, like Gecko) Chrome/122.0.0.0 Safari/537.36"
103.168.66.101 - - [31/Jul/2026:05:32:07 +0000] "POST /index.php?rest_route=/batch/v1 HTTP/1.1" 403 5168 "https://hondasaudi.com/" "Mozilla/5.0 (Windows NT 10.0; Win64; x64) AppleWebKit/537.36 (KHTML, like Gecko) Chrome/122.0.0.0 Safari/537.36 Edg/122.0.0.0"
103.168.66.101 - - [31/Jul/2026:05:32:07 +0000] "POST /index.php?rest_route=/batch/v1 HTTP/1.1" 403 5168 "https://hondasaudi.com/" "Mozilla/5.0 (Windows NT 10.0; Win64; x64) AppleWebKit/537.36 (KHTML, like Gecko) Chrome/122.0.0.0 Safari/537.36 Edg/122.0.0.0"
103.168.66.101 - - [31/Jul/2026:05:32:08 +0000] "POST /index.php?rest_route=/batch/v1 HTTP/1.1" 403 5168 "https://hondasaudi.com/" "Mozilla/5.0 (X11; Linux x86_64) AppleWebKit/537.36 (KHTML, like Gecko) Chrome/121.0.0.0 Safari/537.36"
103.168.66.101 - - [31/Jul/2026:05:32:17 +0000] "POST /index.php?rest_route=/batch/v1 HTTP/1.1" 403 5168 "https://hondasaudi.com/" "Mozilla/5.0 (Windows NT 10.0; Win64; x64; rv:124.0) Gecko/20100101 Firefox/124.0"
103.168.66.101 - - [31/Jul/2026:05:32:19 +0000] "POST /index.php?rest_route=/batch/v1 HTTP/1.1" 403 5168 "https://hondasaudi.com/" "WordPress/6.4.3; https://wordpress.org/"
103.168.66.101 - - [31/Jul/2026:05:32:20 +0000] "POST /index.php?rest_route=/batch/v1 HTTP/1.1" 403 5168 "https://hondasaudi.com/" "WordPress/6.4.3; https://wordpress.org/"
103.168.66.101 - - [31/Jul/2026:05:32:21 +0000] "POST /index.php?rest_route=/batch/v1 HTTP/1.1" 403 5168 "https://hondasaudi.com/" "Mozilla/5.0 (X11; Linux x86_64) AppleWebKit/537.36 (KHTML, like Gecko) Chrome/121.0.0.0 Safari/537.36"
103.168.66.101 - - [31/Jul/2026:05:32:23 +0000] "POST /index.php?rest_route=/batch/v1 HTTP/1.1" 403 5168 "https://hondasaudi.com/" "Mozilla/5.0 (Windows NT 10.0; Win64; x64; rv:124.0) Gecko/20100101 Firefox/124.0"
103.168.66.101 - - [31/Jul/2026:05:32:24 +0000] "POST /index.php?rest_route=/batch/v1 HTTP/1.1" 403 5168 "https://hondasaudi.com/" "Mozilla/5.0 (Windows NT 10.0; Win64; x64; rv:124.0) Gecko/20100101 Firefox/124.0"
103.168.66.101 - - [31/Jul/2026:05:32:25 +0000] "POST /index.php?rest_route=/batch/v1 HTTP/1.1" 403 5168 "https://hondasaudi.com/" "Mozilla/5.0 (Windows NT 10.0; Win64; x64) AppleWebKit/537.36 (KHTML, like Gecko) Chrome/122.0.0.0 Safari/537.36"
103.168.66.101 - - [31/Jul/2026:05:32:27 +0000] "POST /index.php?rest_route=/batch/v1 HTTP/1.1" 403 5168 "https://hondasaudi.com/" "WordPress/6.4.3; https://wordpress.org/"
103.168.66.101 - - [31/Jul/2026:05:32:28 +0000] "POST /index.php?rest_route=/batch/v1 HTTP/1.1" 403 5168 "https://hondasaudi.com/" "WordPress/6.4.3; https://wordpress.org/"
172.105.42.26 - - [31/Jul/2026:05:32:31 +0000] "POST /wp-cron.php?doing_wp_cron=1785475951.1107308864593505859375 HTTP/1.1" 200 20 "-" "WordPress/7.0.2; https://hondasaudi.com"
128.140.106.114 - - [31/Jul/2026:05:32:30 +0000] "HEAD / HTTP/1.1" 200 - "https://hondasaudi.com" "Mozilla/5.0+(compatible; UptimeRobot/2.0; http://www.uptimerobot.com/)"
103.168.66.101 - - [31/Jul/2026:05:32:31 +0000] "POST /index.php?rest_route=/batch/v1 HTTP/1.1" 403 5168 "https://hondasaudi.com/" "Mozilla/5.0 (compatible; Googlebot/2.1; +http://www.google.com/bot.html)"
103.168.66.101 - - [31/Jul/2026:05:32:31 +0000] "POST /index.php?rest_route=/batch/v1 HTTP/1.1" 403 5168 "https://hondasaudi.com/" "Mozilla/5.0 (compatible; Googlebot/2.1; +http://www.google.com/bot.html)"
103.168.66.101 - - [31/Jul/2026:05:32:43 +0000] "POST /index.php?rest_route=/batch/v1 HTTP/1.1" 403 5168 "https://hondasaudi.com/" "Mozilla/5.0 (Macintosh; Intel Mac OS X 10_15_7) AppleWebKit/605.1.15 (KHTML, like Gecko) Version/17.4 Safari/605.1.15"
103.168.66.101 - - [31/Jul/2026:05:32:43 +0000] "POST /index.php?rest_route=/batch/v1 HTTP/1.1" 403 5168 "https://hondasaudi.com/" "Mozilla/5.0 (Macintosh; Intel Mac OS X 10_15_7) AppleWebKit/605.1.15 (KHTML, like Gecko) Version/17.4 Safari/605.1.15"
103.168.66.101 - - [31/Jul/2026:05:32:47 +0000] "POST /index.php?rest_route=/batch/v1 HTTP/1.1" 403 5168 "https://hondasaudi.com/" "Mozilla/5.0 (Windows NT 10.0; Win64; x64; rv:124.0) Gecko/20100101 Firefox/124.0"
103.168.66.101 - - [31/Jul/2026:05:32:47 +0000] "POST /index.php?rest_route=/batch/v1 HTTP/1.1" 403 5168 "https://hondasaudi.com/" "Mozilla/5.0 (Windows NT 10.0; Win64; x64; rv:124.0) Gecko/20100101 Firefox/124.0"
103.168.66.101 - - [31/Jul/2026:05:33:02 +0000] "POST /index.php?rest_route=/batch/v1 HTTP/1.1" 403 5168 "https://hondasaudi.com/" "Mozilla/5.0 (Windows NT 10.0; Win64; x64) AppleWebKit/537.36 (KHTML, like Gecko) Chrome/122.0.0.0 Safari/537.36"
103.168.66.101 - - [31/Jul/2026:05:33:11 +0000] "POST /index.php?rest_route=/batch/v1 HTTP/1.1" 403 5168 "https://hondasaudi.com/" "Mozilla/5.0 (Windows NT 10.0; Win64; x64) AppleWebKit/537.36 (KHTML, like Gecko) Chrome/122.0.0.0 Safari/537.36"
103.168.66.101 - - [31/Jul/2026:05:33:11 +0000] "POST /index.php?rest_route=/batch/v1 HTTP/1.1" 403 5168 "https://hondasaudi.com/" "Mozilla/5.0 (Windows NT 10.0; Win64; x64) AppleWebKit/537.36 (KHTML, like Gecko) Chrome/122.0.0.0 Safari/537.36"
103.168.66.101 - - [31/Jul/2026:05:33:13 +0000] "POST /index.php?rest_route=/batch/v1 HTTP/1.1" 403 5168 "https://hondasaudi.com/" "Mozilla/5.0 (Macintosh; Intel Mac OS X 10_15_7) AppleWebKit/605.1.15 (KHTML, like Gecko) Version/17.4 Safari/605.1.15"
172.105.42.26 - - [31/Jul/2026:05:33:15 +0000] "POST /service_request/ai_integration/ HTTP/1.1" 200 703 "-" "-"
103.168.66.101 - - [31/Jul/2026:05:33:18 +0000] "POST /index.php?rest_route=/batch/v1 HTTP/1.1" 403 5168 "https://hondasaudi.com/" "Mozilla/5.0 (Macintosh; Intel Mac OS X 10_15_7) AppleWebKit/605.1.15 (KHTML, like Gecko) Version/17.4 Safari/605.1.15"
103.168.66.101 - - [31/Jul/2026:05:33:19 +0000] "POST /index.php?rest_route=/batch/v1 HTTP/1.1" 403 5168 "https://hondasaudi.com/" "Mozilla/5.0 (Macintosh; Intel Mac OS X 10_15_7) AppleWebKit/605.1.15 (KHTML, like Gecko) Version/17.4 Safari/605.1.15"
103.168.66.101 - - [31/Jul/2026:05:33:20 +0000] "POST /index.php?rest_route=/batch/v1 HTTP/1.1" 403 5168 "https://hondasaudi.com/" "Mozilla/5.0 (Windows NT 10.0; Win64; x64) AppleWebKit/537.36 (KHTML, like Gecko) Chrome/122.0.0.0 Safari/537.36"
103.168.66.101 - - [31/Jul/2026:05:33:22 +0000] "POST /index.php?rest_route=/batch/v1 HTTP/1.1" 403 5168 "https://hondasaudi.com/" "Mozilla/5.0 (Windows NT 10.0; Win64; x64) AppleWebKit/537.36 (KHTML, like Gecko) Chrome/122.0.0.0 Safari/537.36"
103.168.66.101 - - [31/Jul/2026:05:33:23 +0000] "POST /index.php?rest_route=/batch/v1 HTTP/1.1" 403 5168 "https://hondasaudi.com/" "Mozilla/5.0 (Windows NT 10.0; Win64; x64) AppleWebKit/537.36 (KHTML, like Gecko) Chrome/122.0.0.0 Safari/537.36"
103.168.66.101 - - [31/Jul/2026:05:33:26 +0000] "POST /index.php?rest_route=/batch/v1 HTTP/1.1" 403 5168 "https://hondasaudi.com/" "Mozilla/5.0 (Windows NT 10.0; Win64; x64) AppleWebKit/537.36 (KHTML, like Gecko) Chrome/122.0.0.0 Safari/537.36"
103.168.66.101 - - [31/Jul/2026:05:33:27 +0000] "POST /index.php?rest_route=/batch/v1 HTTP/1.1" 403 5168 "https://hondasaudi.com/" "Mozilla/5.0 (Windows NT 10.0; Win64; x64) AppleWebKit/537.36 (KHTML, like Gecko) Chrome/122.0.0.0 Safari/537.36"
103.168.66.101 - - [31/Jul/2026:05:33:28 +0000] "POST /index.php?rest_route=/batch/v1 HTTP/1.1" 403 5168 "https://hondasaudi.com/" "Mozilla/5.0 (X11; Linux x86_64) AppleWebKit/537.36 (KHTML, like Gecko) Chrome/121.0.0.0 Safari/537.36"
103.168.66.101 - - [31/Jul/2026:05:33:36 +0000] "POST /index.php?rest_route=/batch/v1 HTTP/1.1" 403 5168 "https://hondasaudi.com/" "Mozilla/5.0 (Windows NT 10.0; Win64; x64) AppleWebKit/537.36 (KHTML, like Gecko) Chrome/122.0.0.0 Safari/537.36"
103.168.66.101 - - [31/Jul/2026:05:33:44 +0000] "POST /index.php?rest_route=/batch/v1 HTTP/1.1" 403 5168 "https://hondasaudi.com/" "Mozilla/5.0 (compatible; Googlebot/2.1; +http://www.google.com/bot.html)"
103.168.66.101 - - [31/Jul/2026:05:33:49 +0000] "POST /index.php?rest_route=/batch/v1 HTTP/1.1" 403 5168 "https://hondasaudi.com/" "Mozilla/5.0 (compatible; Googlebot/2.1; +http://www.google.com/bot.html)"
103.168.66.101 - - [31/Jul/2026:05:33:54 +0000] "POST /index.php?rest_route=/batch/v1 HTTP/1.1" 403 5168 "https://hondasaudi.com/" "Mozilla/5.0 (compatible; Googlebot/2.1; +http://www.google.com/bot.html)"
103.168.66.101 - - [31/Jul/2026:05:34:10 +0000] "POST /index.php?rest_route=/batch/v1 HTTP/1.1" 403 5168 "https://hondasaudi.com/" "Mozilla/5.0 (Macintosh; Intel Mac OS X 10_15_7) AppleWebKit/605.1.15 (KHTML, like Gecko) Version/17.4 Safari/605.1.15"
103.168.66.101 - - [31/Jul/2026:05:34:14 +0000] "POST /index.php?rest_route=/batch/v1 HTTP/1.1" 403 5168 "https://hondasaudi.com/" "Mozilla/5.0 (Windows NT 10.0; Win64; x64; rv:124.0) Gecko/20100101 Firefox/124.0"
103.168.66.101 - - [31/Jul/2026:05:34:16 +0000] "POST /index.php?rest_route=/batch/v1 HTTP/1.1" 403 5168 "https://hondasaudi.com/" "Mozilla/5.0 (Windows NT 10.0; Win64; x64; rv:124.0) Gecko/20100101 Firefox/124.0"
103.168.66.101 - - [31/Jul/2026:05:34:16 +0000] "POST /index.php?rest_route=/batch/v1 HTTP/1.1" 403 5168 "https://hondasaudi.com/" "Mozilla/5.0 (Windows NT 10.0; Win64; x64; rv:124.0) Gecko/20100101 Firefox/124.0"
