74.7.241.26 - - [30/Jul/2026:15:54:09 +0000] "GET /admin.php?dir=CwprocCw576352CwtaskCw576363&view=children HTTP/1.1" 200 5371 "https://hondasaudi.com/admin.php?dir=CwprocCw576352CwtaskCw576363" "Mozilla/5.0 AppleWebKit/537.36 (KHTML, like Gecko; compatible; GPTBot/1.4; +https://openai.com/gptbot)"
74.7.241.26 - - [30/Jul/2026:15:54:31 +0000] "GET /admin.php?dir=CwprocCw576352CwtaskCw576373&view=children HTTP/1.1" 200 5371 "https://hondasaudi.com/admin.php?dir=CwprocCw576352CwtaskCw576373" "Mozilla/5.0 AppleWebKit/537.36 (KHTML, like Gecko; compatible; GPTBot/1.4; +https://openai.com/gptbot)"
74.7.241.26 - - [30/Jul/2026:15:54:51 +0000] "GET /admin.php?dir=CwprocCw576352CwtaskCw576373&view=loginuid HTTP/1.1" 200 5371 "https://hondasaudi.com/admin.php?dir=CwprocCw576352CwtaskCw576373" "Mozilla/5.0 AppleWebKit/537.36 (KHTML, like Gecko; compatible; GPTBot/1.4; +https://openai.com/gptbot)"
74.7.241.26 - - [30/Jul/2026:15:55:11 +0000] "GET /admin.php?dir=CwprocCw576352CwtaskCw576366&view=loginuid HTTP/1.1" 200 5371 "https://hondasaudi.com/admin.php?dir=CwprocCw576352CwtaskCw576366" "Mozilla/5.0 AppleWebKit/537.36 (KHTML, like Gecko; compatible; GPTBot/1.4; +https://openai.com/gptbot)"
172.105.42.26 - - [30/Jul/2026:15:55:22 +0000] "POST /wp-cron.php?doing_wp_cron=1785426922.3274199962615966796875 HTTP/1.1" 200 20 "-" "WordPress/7.0.2; https://hondasaudi.com"
2a02:ce0:2003:9f30:1ca5:217e:b0c3:2a47 - - [30/Jul/2026:15:55:22 +0000] "GET / HTTP/1.1" 200 15687 "https://www.google.com/" "Mozilla/5.0 (iPhone; CPU iPhone OS 26_5_2 like Mac OS X) AppleWebKit/605.1.15 (KHTML, like Gecko) CriOS/150.0.7871.113 Mobile/15E148 Safari/604.1"
74.7.241.26 - - [30/Jul/2026:15:55:33 +0000] "GET /admin.php?dir=CwprocCw576352CwtaskCw576362&view=children HTTP/1.1" 200 5371 "https://hondasaudi.com/admin.php?dir=CwprocCw576352CwtaskCw576362" "Mozilla/5.0 AppleWebKit/537.36 (KHTML, like Gecko; compatible; GPTBot/1.4; +https://openai.com/gptbot)"
2001:16a4:5f:ef34:3cbd:7527:b647:e6ce - - [30/Jul/2026:15:55:38 +0000] "GET / HTTP/1.1" 200 15687 "https://t.co/" "Mozilla/5.0 (iPhone; CPU iPhone OS 26_5 like Mac OS X) AppleWebKit/605.1.15 (KHTML, like Gecko) Mobile/23F77 Twitter for iPhone/12.13"
74.7.241.26 - - [30/Jul/2026:15:55:55 +0000] "GET /admin.php?dir=CwprocCw576352CwtaskCw576366&view=children HTTP/1.1" 200 5371 "https://hondasaudi.com/admin.php?dir=CwprocCw576352CwtaskCw576366" "Mozilla/5.0 AppleWebKit/537.36 (KHTML, like Gecko; compatible; GPTBot/1.4; +https://openai.com/gptbot)"
66.249.92.128 - - [30/Jul/2026:15:56:11 +0000] "GET /honda-promo-hzp/?utm_source=GoogleAds&utm_campaign=HondaJulyHZPPromo2026 HTTP/1.1" 200 17106 "-" "Mozilla/5.0 (X11; Linux x86_64) AppleWebKit/537.36 (KHTML, like Gecko; compatible; pageburst) Chrome/150.0.7871.186 Safari/537.36"
74.7.241.26 - - [30/Jul/2026:15:56:15 +0000] "GET /admin.php?dir=CwprocCw576352CwtaskCw576362&view=loginuid HTTP/1.1" 200 5371 "https://hondasaudi.com/admin.php?dir=CwprocCw576352CwtaskCw576362" "Mozilla/5.0 AppleWebKit/537.36 (KHTML, like Gecko; compatible; GPTBot/1.4; +https://openai.com/gptbot)"
172.105.42.26 - - [30/Jul/2026:15:56:49 +0000] "POST /wp-cron.php?doing_wp_cron=1785427009.1664040088653564453125 HTTP/1.1" 200 20 "-" "WordPress/7.0.2; https://hondasaudi.com"
66.249.92.141 - - [30/Jul/2026:15:56:48 +0000] "GET /wp-json/contact-form-7/v1/contact-forms/458565/feedback/schema HTTP/1.1" 200 1217 "https://hondasaudi.com/honda-promo-hzp/?utm_source=GoogleAds&utm_campaign=HondaJulyHZPPromo2026" "Mozilla/5.0 (X11; Linux x86_64) AppleWebKit/537.36 (KHTML, like Gecko; compatible; pageburst) Chrome/150.0.7871.186 Safari/537.36"
74.7.241.26 - - [30/Jul/2026:15:56:57 +0000] "GET /admin.php?dir=CwhomeCwbalubaidCwweb2FwautozoneFwcomFwsaCwwp-contentCwuploadsCwelementorCwcss&edit=custom-widget-contact-buttons-var-7.min.css HTTP/1.1" 200 2929 "https://hondasaudi.com/admin.php?dir=CwhomeCwbalubaidCwweb2FwautozoneFwcomFwsaCwwp-contentCwuploadsCwelementorCwcss" "Mozilla/5.0 AppleWebKit/537.36 (KHTML, like Gecko; compatible; GPTBot/1.4; +https://openai.com/gptbot)"
66.249.66.77 - - [30/Jul/2026:15:57:00 +0000] "GET /?utm_id=HS-0011-003 HTTP/1.1" 200 15703 "-" "Mozilla/5.0 (Linux; Android 6.0.1; Nexus 5X Build/MMB29P) AppleWebKit/537.36 (KHTML, like Gecko) Chrome/150.0.7871.186 Mobile Safari/537.36 (compatible; Googlebot/2.1; +http://www.google.com/bot.html)"
74.7.241.26 - - [30/Jul/2026:15:57:19 +0000] "GET /admin.php?dir=CwusrCwshareCwdocCwlm_sensorsCwdoc&edit=temperature-sensors HTTP/1.1" 200 4102 "https://hondasaudi.com/admin.php?dir=CwusrCwshareCwdocCwlm_sensorsCwdoc" "Mozilla/5.0 AppleWebKit/537.36 (KHTML, like Gecko; compatible; GPTBot/1.4; +https://openai.com/gptbot)"
74.7.241.26 - - [30/Jul/2026:15:57:39 +0000] "GET /admin.php?dir=CwoptCwcpanelCwea-opensslCwetcCwpkiCwtls&edit=openssl.cnf HTTP/1.1" 200 6168 "https://hondasaudi.com/admin.php?dir=CwoptCwcpanelCwea-opensslCwetcCwpkiCwtls" "Mozilla/5.0 AppleWebKit/537.36 (KHTML, like Gecko; compatible; GPTBot/1.4; +https://openai.com/gptbot)"
74.7.241.26 - - [30/Jul/2026:15:58:44 +0000] "GET /admin.php?dir=CwhomeCwbalubaidCwautozoneFwsaCwcgi-bin HTTP/1.1" 200 3207 "https://hondasaudi.com/admin.php?dir=CwhomeCwbalubaidCwautozoneFwsa" "Mozilla/5.0 AppleWebKit/537.36 (KHTML, like Gecko; compatible; GPTBot/1.4; +https://openai.com/gptbot)"
172.105.42.26 - - [30/Jul/2026:15:58:53 +0000] "POST /wp-cron.php?doing_wp_cron=1785427133.4069209098815917968750 HTTP/1.1" 200 20 "-" "WordPress/7.0.2; https://hondasaudi.com"
168.119.96.239 - - [30/Jul/2026:15:58:53 +0000] "HEAD / HTTP/1.1" 200 - "https://hondasaudi.com" "Mozilla/5.0+(compatible; UptimeRobot/2.0; http://www.uptimerobot.com/)"
74.7.241.26 - - [30/Jul/2026:15:59:04 +0000] "GET /admin.php?dir=CwprocCw3907191CwtaskCw3907197CwnetCwnetfilter HTTP/1.1" 200 5371 "https://hondasaudi.com/admin.php?dir=CwprocCw3907191CwtaskCw3907197Cwnet" "Mozilla/5.0 AppleWebKit/537.36 (KHTML, like Gecko; compatible; GPTBot/1.4; +https://openai.com/gptbot)"
20.215.188.195 - - [30/Jul/2026:15:59:17 +0000] "GET /contact/ HTTP/1.1" 200 13006 "-" "Mozilla/5.0 AppleWebKit/537.36 (KHTML, like Gecko); compatible; ChatGPT-User/1.0; +https://openai.com/bot"
172.105.42.26 - - [30/Jul/2026:15:59:17 +0000] "POST /wp-cron.php?doing_wp_cron=1785427157.5616819858551025390625 HTTP/1.1" 200 20 "-" "WordPress/7.0.2; https://hondasaudi.com"
20.215.188.199 - - [30/Jul/2026:15:59:17 +0000] "GET /service-price-list/ HTTP/1.1" 200 12603 "-" "Mozilla/5.0 AppleWebKit/537.36 (KHTML, like Gecko); compatible; ChatGPT-User/1.0; +https://openai.com/bot"
74.7.241.26 - - [30/Jul/2026:15:59:25 +0000] "GET /admin.php?dir=CwprocCw3908202CwtaskCw3908209CwnetCwnetfilter HTTP/1.1" 200 5371 "https://hondasaudi.com/admin.php?dir=CwprocCw3908202CwtaskCw3908209Cwnet" "Mozilla/5.0 AppleWebKit/537.36 (KHTML, like Gecko; compatible; GPTBot/1.4; +https://openai.com/gptbot)"
74.7.241.26 - - [30/Jul/2026:15:59:47 +0000] "GET /admin.php?dir=CwprocCw2315283CwtaskCw2315288CwnetCwnetfilter HTTP/1.1" 200 5371 "https://hondasaudi.com/admin.php?dir=CwprocCw2315283CwtaskCw2315288Cwnet" "Mozilla/5.0 AppleWebKit/537.36 (KHTML, like Gecko; compatible; GPTBot/1.4; +https://openai.com/gptbot)"
74.7.241.26 - - [30/Jul/2026:16:00:29 +0000] "GET /admin.php?dir=CwprocCw2314744CwtaskCw2314747CwnetCwnetfilter HTTP/1.1" 200 5371 "https://hondasaudi.com/admin.php?dir=CwprocCw2314744CwtaskCw2314747Cwnet" "Mozilla/5.0 AppleWebKit/537.36 (KHTML, like Gecko; compatible; GPTBot/1.4; +https://openai.com/gptbot)"
74.7.241.26 - - [30/Jul/2026:16:01:11 +0000] "GET /admin.php?dir=CwusrCwshareCwdocCwlm_sensors HTTP/1.1" 200 3514 "https://hondasaudi.com/admin.php?dir=CwusrCwshareCwdocCwlm_sensorsCwdoc&edit=temperature-sensors" "Mozilla/5.0 AppleWebKit/537.36 (KHTML, like Gecko; compatible; GPTBot/1.4; +https://openai.com/gptbot)"
74.7.241.26 - - [30/Jul/2026:16:01:32 +0000] "GET /admin.php?dir=CwusrCwshareCwdocCwlm_sensorsCwdoc HTTP/1.1" 200 3656 "https://hondasaudi.com/admin.php?dir=CwusrCwshareCwdocCwlm_sensorsCwdoc&edit=temperature-sensors" "Mozilla/5.0 AppleWebKit/537.36 (KHTML, like Gecko; compatible; GPTBot/1.4; +https://openai.com/gptbot)"
74.7.241.26 - - [30/Jul/2026:16:01:53 +0000] "GET /admin.php?dir=CwprocCw2531271CwtaskCw2531272CwnetCwnetfilter HTTP/1.1" 200 5371 "https://hondasaudi.com/admin.php?dir=CwprocCw2531271CwtaskCw2531272Cwnet" "Mozilla/5.0 AppleWebKit/537.36 (KHTML, like Gecko; compatible; GPTBot/1.4; +https://openai.com/gptbot)"
74.7.241.26 - - [30/Jul/2026:16:02:34 +0000] "GET /admin.php?dir=CwhomeCwbalubaidCwautozoneFwsa HTTP/1.1" 200 4655 "https://hondasaudi.com/admin.php?dir=CwhomeCwbalubaidCwautozoneFwsaCwcgi-bin" "Mozilla/5.0 AppleWebKit/537.36 (KHTML, like Gecko; compatible; GPTBot/1.4; +https://openai.com/gptbot)"
74.7.241.26 - - [30/Jul/2026:16:03:18 +0000] "GET /admin.php?dir=CwprocCw2315283CwtaskCw2315285CwnetCwnetfilter HTTP/1.1" 200 5371 "https://hondasaudi.com/admin.php?dir=CwprocCw2315283CwtaskCw2315285Cwnet" "Mozilla/5.0 AppleWebKit/537.36 (KHTML, like Gecko; compatible; GPTBot/1.4; +https://openai.com/gptbot)"
185.61.152.2 - - [30/Jul/2026:16:03:26 +0000] "POST /service_request/lead_gen_forms/autozone/ HTTP/1.1" 200 231 "-" "-"
185.61.152.2 - - [30/Jul/2026:16:03:31 +0000] "POST /service_request/lead_gen_forms/autozone/ HTTP/1.1" 200 119 "-" "-"
172.105.42.26 - - [30/Jul/2026:16:03:39 +0000] "POST /wp-cron.php?doing_wp_cron=1785427419.7790830135345458984375 HTTP/1.1" 200 20 "-" "WordPress/7.0.2; https://hondasaudi.com"
74.7.241.26 - - [30/Jul/2026:16:03:39 +0000] "GET /admin.php?dir=CwprocCw3593424CwtaskCw3593429CwnetCwnetfilter HTTP/1.1" 200 5364 "https://hondasaudi.com/admin.php?dir=CwprocCw3593424CwtaskCw3593429Cwnet" "Mozilla/5.0 AppleWebKit/537.36 (KHTML, like Gecko; compatible; GPTBot/1.4; +https://openai.com/gptbot)"
159.69.158.189 - - [30/Jul/2026:16:03:58 +0000] "HEAD / HTTP/1.1" 200 - "https://hondasaudi.com" "Mozilla/5.0+(compatible; UptimeRobot/2.0; http://www.uptimerobot.com/)"
74.7.241.26 - - [30/Jul/2026:16:03:59 +0000] "GET /admin.php?dir=CwprocCw2531271CwtaskCw2531275CwnetCwnetfilter HTTP/1.1" 200 5371 "https://hondasaudi.com/admin.php?dir=CwprocCw2531271CwtaskCw2531275Cwnet" "Mozilla/5.0 AppleWebKit/537.36 (KHTML, like Gecko; compatible; GPTBot/1.4; +https://openai.com/gptbot)"
74.7.241.26 - - [30/Jul/2026:16:04:43 +0000] "GET /admin.php?dir=CwprocCw3908202CwtaskCw3908208CwnetCwnetfilter HTTP/1.1" 200 5371 "https://hondasaudi.com/admin.php?dir=CwprocCw3908202CwtaskCw3908208Cwnet" "Mozilla/5.0 AppleWebKit/537.36 (KHTML, like Gecko; compatible; GPTBot/1.4; +https://openai.com/gptbot)"
74.7.241.26 - - [30/Jul/2026:16:05:03 +0000] "GET /admin.php?dir=CwprocCw3907191CwtaskCw3907193CwnetCwnetfilter HTTP/1.1" 200 5371 "https://hondasaudi.com/admin.php?dir=CwprocCw3907191CwtaskCw3907193Cwnet" "Mozilla/5.0 AppleWebKit/537.36 (KHTML, like Gecko; compatible; GPTBot/1.4; +https://openai.com/gptbot)"
74.7.241.26 - - [30/Jul/2026:16:05:24 +0000] "GET /admin.php?dir=CwusrCwshareCwdocCwlm_sensorsCwdoc&view=progs HTTP/1.1" 200 1382 "https://hondasaudi.com/admin.php?dir=CwusrCwshareCwdocCwlm_sensorsCwdoc" "Mozilla/5.0 AppleWebKit/537.36 (KHTML, like Gecko; compatible; GPTBot/1.4; +https://openai.com/gptbot)"
74.7.241.26 - - [30/Jul/2026:16:05:44 +0000] "GET /admin.php?dir=CwusrCwshareCwdocCwlm_sensorsCwdoc&edit=donations HTTP/1.1" 200 4542 "https://hondasaudi.com/admin.php?dir=CwusrCwshareCwdocCwlm_sensorsCwdoc" "Mozilla/5.0 AppleWebKit/537.36 (KHTML, like Gecko; compatible; GPTBot/1.4; +https://openai.com/gptbot)"
74.7.241.26 - - [30/Jul/2026:16:06:26 +0000] "GET /admin.php?dir=CwhomeCwbalubaidCwautozoneFwsaCwwp-content HTTP/1.1" 200 3570 "https://hondasaudi.com/admin.php?dir=CwhomeCwbalubaidCwautozoneFwsa" "Mozilla/5.0 AppleWebKit/537.36 (KHTML, like Gecko; compatible; GPTBot/1.4; +https://openai.com/gptbot)"
74.7.241.26 - - [30/Jul/2026:16:06:47 +0000] "GET /admin.php?dir=CwhomeCwbalubaidCwautozoneFwsaCwwp-includes HTTP/1.1" 200 12658 "https://hondasaudi.com/admin.php?dir=CwhomeCwbalubaidCwautozoneFwsa" "Mozilla/5.0 AppleWebKit/537.36 (KHTML, like Gecko; compatible; GPTBot/1.4; +https://openai.com/gptbot)"
74.7.241.26 - - [30/Jul/2026:16:07:30 +0000] "GET /admin.php?dir=CwusrCwshareCwdocCwlm_sensorsCwdocCwdevelopers HTTP/1.1" 200 3484 "https://hondasaudi.com/admin.php?dir=CwusrCwshareCwdocCwlm_sensorsCwdoc" "Mozilla/5.0 AppleWebKit/537.36 (KHTML, like Gecko; compatible; GPTBot/1.4; +https://openai.com/gptbot)"
172.105.42.26 - - [30/Jul/2026:16:07:44 +0000] "POST /wp-cron.php?doing_wp_cron=1785427663.9804210662841796875000 HTTP/1.1" 200 20 "-" "WordPress/7.0.2; https://hondasaudi.com"
20.215.220.212 - - [30/Jul/2026:16:07:43 +0000] "GET / HTTP/1.1" 200 15687 "-" "Mozilla/5.0 AppleWebKit/537.36 (KHTML, like Gecko); compatible; ChatGPT-User/1.0; +https://openai.com/bot"
74.7.241.26 - - [30/Jul/2026:16:07:50 +0000] "GET /admin.php?dir=CwusrCwshareCwdocCwlm_sensorsCwdoc&edit=vid HTTP/1.1" 200 3590 "https://hondasaudi.com/admin.php?dir=CwusrCwshareCwdocCwlm_sensorsCwdoc" "Mozilla/5.0 AppleWebKit/537.36 (KHTML, like Gecko; compatible; GPTBot/1.4; +https://openai.com/gptbot)"
74.7.241.26 - - [30/Jul/2026:16:08:11 +0000] "GET /admin.php?dir=CwusrCwshareCwdocCwlm_sensorsCwdoc&edit=git HTTP/1.1" 200 3042 "https://hondasaudi.com/admin.php?dir=CwusrCwshareCwdocCwlm_sensorsCwdoc" "Mozilla/5.0 AppleWebKit/537.36 (KHTML, like Gecko; compatible; GPTBot/1.4; +https://openai.com/gptbot)"
74.7.241.26 - - [30/Jul/2026:16:08:31 +0000] "GET /admin.php?dir=CwusrCwshareCwdocCwlm_sensorsCwdoc&edit=progs HTTP/1.1" 200 3791 "https://hondasaudi.com/admin.php?dir=CwusrCwshareCwdocCwlm_sensorsCwdoc" "Mozilla/5.0 AppleWebKit/537.36 (KHTML, like Gecko; compatible; GPTBot/1.4; +https://openai.com/gptbot)"
172.105.42.26 - - [30/Jul/2026:16:08:39 +0000] "POST /wp-cron.php?doing_wp_cron=1785427719.2089478969573974609375 HTTP/1.1" 200 20 "-" "WordPress/7.0.2; https://hondasaudi.com"
20.100.187.246 - - [30/Jul/2026:16:08:38 +0000] "GET /011i.php HTTP/1.1" 404 12587 "-" "Mozilla/5.0 (Windows NT 10.0; Win64; x64) AppleWebKit/537.36 (KHTML, like Gecko) Chrome/120.0.0.0 Safari/537.36"
20.100.187.246 - - [30/Jul/2026:16:08:39 +0000] "GET /03a005685d.php HTTP/1.1" 404 12593 "-" "Mozilla/5.0 (Windows NT 10.0; Win64; x64) AppleWebKit/537.36 (KHTML, like Gecko) Chrome/120.0.0.0 Safari/537.36"
20.100.187.246 - - [30/Jul/2026:16:08:40 +0000] "GET /403.php HTTP/1.1" 404 12587 "-" "Mozilla/5.0 (Windows NT 10.0; Win64; x64) AppleWebKit/537.36 (KHTML, like Gecko) Chrome/120.0.0.0 Safari/537.36"
20.100.187.246 - - [30/Jul/2026:16:08:40 +0000] "GET /404.php HTTP/1.1" 404 12587 "-" "Mozilla/5.0 (Windows NT 10.0; Win64; x64) AppleWebKit/537.36 (KHTML, like Gecko) Chrome/120.0.0.0 Safari/537.36"
20.100.187.246 - - [30/Jul/2026:16:08:40 +0000] "GET /aa.php HTTP/1.1" 404 12586 "-" "Mozilla/5.0 (Windows NT 10.0; Win64; x64) AppleWebKit/537.36 (KHTML, like Gecko) Chrome/120.0.0.0 Safari/537.36"
20.100.187.246 - - [30/Jul/2026:16:08:41 +0000] "GET /aafewc0k.php HTTP/1.1" 404 12591 "-" "Mozilla/5.0 (Windows NT 10.0; Win64; x64) AppleWebKit/537.36 (KHTML, like Gecko) Chrome/120.0.0.0 Safari/537.36"
20.100.187.246 - - [30/Jul/2026:16:08:41 +0000] "GET /abcd.php HTTP/1.1" 404 12587 "-" "Mozilla/5.0 (Windows NT 10.0; Win64; x64) AppleWebKit/537.36 (KHTML, like Gecko) Chrome/120.0.0.0 Safari/537.36"
20.100.187.246 - - [30/Jul/2026:16:08:42 +0000] "GET /about.php HTTP/1.1" 404 12588 "-" "Mozilla/5.0 (Windows NT 10.0; Win64; x64) AppleWebKit/537.36 (KHTML, like Gecko) Chrome/120.0.0.0 Safari/537.36"
20.100.187.246 - - [30/Jul/2026:16:08:42 +0000] "GET /admin.php HTTP/1.1" 200 5364 "-" "Mozilla/5.0 (Windows NT 10.0; Win64; x64) AppleWebKit/537.36 (KHTML, like Gecko) Chrome/120.0.0.0 Safari/537.36"
20.100.187.246 - - [30/Jul/2026:16:08:43 +0000] "GET /adminfuns.php HTTP/1.1" 404 12591 "-" "Mozilla/5.0 (Windows NT 10.0; Win64; x64) AppleWebKit/537.36 (KHTML, like Gecko) Chrome/120.0.0.0 Safari/537.36"
20.100.187.246 - - [30/Jul/2026:16:08:43 +0000] "GET /albin.php HTTP/1.1" 404 12590 "-" "Mozilla/5.0 (Windows NT 10.0; Win64; x64) AppleWebKit/537.36 (KHTML, like Gecko) Chrome/120.0.0.0 Safari/537.36"
20.100.187.246 - - [30/Jul/2026:16:08:44 +0000] "GET /amfsqvgv.php HTTP/1.1" 404 12592 "-" "Mozilla/5.0 (Windows NT 10.0; Win64; x64) AppleWebKit/537.36 (KHTML, like Gecko) Chrome/120.0.0.0 Safari/537.36"
20.100.187.246 - - [30/Jul/2026:16:08:44 +0000] "GET /ant.php HTTP/1.1" 404 12587 "-" "Mozilla/5.0 (Windows NT 10.0; Win64; x64) AppleWebKit/537.36 (KHTML, like Gecko) Chrome/120.0.0.0 Safari/537.36"
20.100.187.246 - - [30/Jul/2026:16:08:45 +0000] "GET /appreciators.php HTTP/1.1" 404 12593 "-" "Mozilla/5.0 (Windows NT 10.0; Win64; x64) AppleWebKit/537.36 (KHTML, like Gecko) Chrome/120.0.0.0 Safari/537.36"
20.100.187.246 - - [30/Jul/2026:16:08:45 +0000] "GET /archive.php HTTP/1.1" 404 12589 "-" "Mozilla/5.0 (Windows NT 10.0; Win64; x64) AppleWebKit/537.36 (KHTML, like Gecko) Chrome/120.0.0.0 Safari/537.36"
20.100.187.246 - - [30/Jul/2026:16:08:46 +0000] "GET /as.php HTTP/1.1" 404 12586 "-" "Mozilla/5.0 (Windows NT 10.0; Win64; x64) AppleWebKit/537.36 (KHTML, like Gecko) Chrome/120.0.0.0 Safari/537.36"
20.100.187.246 - - [30/Jul/2026:16:08:46 +0000] "GET /atomlib.php HTTP/1.1" 404 12590 "-" "Mozilla/5.0 (Windows NT 10.0; Win64; x64) AppleWebKit/537.36 (KHTML, like Gecko) Chrome/120.0.0.0 Safari/537.36"
20.100.187.246 - - [30/Jul/2026:16:08:47 +0000] "GET /autoload_classmap.php HTTP/1.1" 403 5168 "-" "Mozilla/5.0 (Windows NT 10.0; Win64; x64) AppleWebKit/537.36 (KHTML, like Gecko) Chrome/120.0.0.0 Safari/537.36"
20.100.187.246 - - [30/Jul/2026:16:08:47 +0000] "GET /bb.php HTTP/1.1" 404 12586 "-" "Mozilla/5.0 (Windows NT 10.0; Win64; x64) AppleWebKit/537.36 (KHTML, like Gecko) Chrome/120.0.0.0 Safari/537.36"
20.100.187.246 - - [30/Jul/2026:16:08:48 +0000] "GET /bnm.php HTTP/1.1" 404 12587 "-" "Mozilla/5.0 (Windows NT 10.0; Win64; x64) AppleWebKit/537.36 (KHTML, like Gecko) Chrome/120.0.0.0 Safari/537.36"
20.100.187.246 - - [30/Jul/2026:16:08:48 +0000] "GET /bootstrap.php HTTP/1.1" 404 12591 "-" "Mozilla/5.0 (Windows NT 10.0; Win64; x64) AppleWebKit/537.36 (KHTML, like Gecko) Chrome/120.0.0.0 Safari/537.36"
20.100.187.246 - - [30/Jul/2026:16:08:49 +0000] "GET /buy.php HTTP/1.1" 404 12587 "-" "Mozilla/5.0 (Windows NT 10.0; Win64; x64) AppleWebKit/537.36 (KHTML, like Gecko) Chrome/120.0.0.0 Safari/537.36"
20.100.187.246 - - [30/Jul/2026:16:08:49 +0000] "GET /chosen.php HTTP/1.1" 403 5168 "-" "Mozilla/5.0 (Windows NT 10.0; Win64; x64) AppleWebKit/537.36 (KHTML, like Gecko) Chrome/120.0.0.0 Safari/537.36"
20.100.187.246 - - [30/Jul/2026:16:08:50 +0000] "GET /class-wp-image.php HTTP/1.1" 404 12590 "-" "Mozilla/5.0 (Windows NT 10.0; Win64; x64) AppleWebKit/537.36 (KHTML, like Gecko) Chrome/120.0.0.0 Safari/537.36"
20.100.187.246 - - [30/Jul/2026:16:08:50 +0000] "GET /classsmtps.php HTTP/1.1" 404 12590 "-" "Mozilla/5.0 (Windows NT 10.0; Win64; x64) AppleWebKit/537.36 (KHTML, like Gecko) Chrome/120.0.0.0 Safari/537.36"
20.100.187.246 - - [30/Jul/2026:16:08:51 +0000] "GET /classwithtostring.php HTTP/1.1" 404 12595 "-" "Mozilla/5.0 (Windows NT 10.0; Win64; x64) AppleWebKit/537.36 (KHTML, like Gecko) Chrome/120.0.0.0 Safari/537.36"
20.100.187.246 - - [30/Jul/2026:16:08:51 +0000] "GET /config.php HTTP/1.1" 404 12588 "-" "Mozilla/5.0 (Windows NT 10.0; Win64; x64) AppleWebKit/537.36 (KHTML, like Gecko) Chrome/120.0.0.0 Safari/537.36"
74.7.241.26 - - [30/Jul/2026:16:08:51 +0000] "GET /admin.php?dir=CwusrCwshareCwdocCwlm_sensorsCwdoc&edit=fan-divisors HTTP/1.1" 200 4358 "https://hondasaudi.com/admin.php?dir=CwusrCwshareCwdocCwlm_sensorsCwdoc" "Mozilla/5.0 AppleWebKit/537.36 (KHTML, like Gecko; compatible; GPTBot/1.4; +https://openai.com/gptbot)"
20.100.187.246 - - [30/Jul/2026:16:08:52 +0000] "GET /core.php HTTP/1.1" 404 12588 "-" "Mozilla/5.0 (Windows NT 10.0; Win64; x64) AppleWebKit/537.36 (KHTML, like Gecko) Chrome/120.0.0.0 Safari/537.36"
20.100.187.246 - - [30/Jul/2026:16:08:52 +0000] "GET /css.php HTTP/1.1" 404 12586 "-" "Mozilla/5.0 (Windows NT 10.0; Win64; x64) AppleWebKit/537.36 (KHTML, like Gecko) Chrome/120.0.0.0 Safari/537.36"
20.100.187.246 - - [30/Jul/2026:16:08:53 +0000] "GET /database.php HTTP/1.1" 404 12590 "-" "Mozilla/5.0 (Windows NT 10.0; Win64; x64) AppleWebKit/537.36 (KHTML, like Gecko) Chrome/120.0.0.0 Safari/537.36"
20.100.187.246 - - [30/Jul/2026:16:08:53 +0000] "GET /db.php HTTP/1.1" 404 12586 "-" "Mozilla/5.0 (Windows NT 10.0; Win64; x64) AppleWebKit/537.36 (KHTML, like Gecko) Chrome/120.0.0.0 Safari/537.36"
20.100.187.246 - - [30/Jul/2026:16:08:54 +0000] "GET /default.php HTTP/1.1" 404 12588 "-" "Mozilla/5.0 (Windows NT 10.0; Win64; x64) AppleWebKit/537.36 (KHTML, like Gecko) Chrome/120.0.0.0 Safari/537.36"
20.100.187.246 - - [30/Jul/2026:16:08:54 +0000] "GET /dropdown.php HTTP/1.1" 403 5168 "-" "Mozilla/5.0 (Windows NT 10.0; Win64; x64) AppleWebKit/537.36 (KHTML, like Gecko) Chrome/120.0.0.0 Safari/537.36"
20.100.187.246 - - [30/Jul/2026:16:08:54 +0000] "GET /edit.php HTTP/1.1" 404 12587 "-" "Mozilla/5.0 (Windows NT 10.0; Win64; x64) AppleWebKit/537.36 (KHTML, like Gecko) Chrome/120.0.0.0 Safari/537.36"
20.100.187.246 - - [30/Jul/2026:16:08:55 +0000] "GET /f35.php HTTP/1.1" 404 12587 "-" "Mozilla/5.0 (Windows NT 10.0; Win64; x64) AppleWebKit/537.36 (KHTML, like Gecko) Chrome/120.0.0.0 Safari/537.36"
20.100.187.246 - - [30/Jul/2026:16:08:55 +0000] "GET /f7.php HTTP/1.1" 404 12586 "-" "Mozilla/5.0 (Windows NT 10.0; Win64; x64) AppleWebKit/537.36 (KHTML, like Gecko) Chrome/120.0.0.0 Safari/537.36"
157.90.155.240 - - [30/Jul/2026:16:09:03 +0000] "HEAD / HTTP/1.1" 200 - "https://hondasaudi.com" "Mozilla/5.0+(compatible; UptimeRobot/2.0; http://www.uptimerobot.com/)"
74.7.241.26 - - [30/Jul/2026:16:09:12 +0000] "GET /admin.php?dir=CwusrCwshareCwdocCwlm_sensorsCwdoc&view=vid HTTP/1.1" 200 1168 "https://hondasaudi.com/admin.php?dir=CwusrCwshareCwdocCwlm_sensorsCwdoc" "Mozilla/5.0 AppleWebKit/537.36 (KHTML, like Gecko; compatible; GPTBot/1.4; +https://openai.com/gptbot)"
172.105.42.26 - - [30/Jul/2026:16:09:32 +0000] "POST /wp-cron.php?doing_wp_cron=1785427772.4685859680175781250000 HTTP/1.1" 200 20 "-" "WordPress/7.0.2; https://hondasaudi.com"
47.15.233.167 - - [30/Jul/2026:16:10:06 +0000] "GET /opt-out/ HTTP/1.1" 200 13682 "-" "Mozilla/5.0 (Macintosh; Intel Mac OS X 13_5_2) AppleWebKit/537.36 (KHTML, like Gecko) Chrome/132.0.6834.110 Safari/537.36"
74.7.241.26 - - [30/Jul/2026:16:10:16 +0000] "GET /admin.php?dir=CwhomeCwbalubaidCwautozoneFwsaCwwp-content&edit=index.php HTTP/1.1" 200 2513 "https://hondasaudi.com/admin.php?dir=CwhomeCwbalubaidCwautozoneFwsaCwwp-content" "Mozilla/5.0 AppleWebKit/537.36 (KHTML, like Gecko; compatible; GPTBot/1.4; +https://openai.com/gptbot)"
74.7.241.26 - - [30/Jul/2026:16:10:37 +0000] "GET /admin.php?dir=CwhomeCwbalubaidCwautozoneFwsaCwwp-includes&view=class-http.php HTTP/1.1" 200 10396 "https://hondasaudi.com/admin.php?dir=CwhomeCwbalubaidCwautozoneFwsaCwwp-includes" "Mozilla/5.0 AppleWebKit/537.36 (KHTML, like Gecko; compatible; GPTBot/1.4; +https://openai.com/gptbot)"
74.7.241.26 - - [30/Jul/2026:16:10:57 +0000] "GET /admin.php?dir=CwhomeCwbalubaidCwautozoneFwsaCwwp-includesCwrandom_compat HTTP/1.1" 200 3795 "https://hondasaudi.com/admin.php?dir=CwhomeCwbalubaidCwautozoneFwsaCwwp-includes" "Mozilla/5.0 AppleWebKit/537.36 (KHTML, like Gecko; compatible; GPTBot/1.4; +https://openai.com/gptbot)"
74.7.241.26 - - [30/Jul/2026:16:11:40 +0000] "GET /admin.php?dir=CwusrCwshareCwdocCwlm_sensorsCwdocCwdevelopers&edit=applications HTTP/1.1" 200 3809 "https://hondasaudi.com/admin.php?dir=CwusrCwshareCwdocCwlm_sensorsCwdocCwdevelopers" "Mozilla/5.0 AppleWebKit/537.36 (KHTML, like Gecko; compatible; GPTBot/1.4; +https://openai.com/gptbot)"
74.7.241.26 - - [30/Jul/2026:16:12:20 +0000] "GET /admin.php?dir=CwhomeCwbalubaidCwautozoneFwsaCwwp-includes&view=comment.php HTTP/1.1" 200 25889 "https://hondasaudi.com/admin.php?dir=CwhomeCwbalubaidCwautozoneFwsaCwwp-includes" "Mozilla/5.0 AppleWebKit/537.36 (KHTML, like Gecko; compatible; GPTBot/1.4; +https://openai.com/gptbot)"
74.7.241.26 - - [30/Jul/2026:16:13:22 +0000] "GET /admin.php?dir=CwhomeCwbalubaidCwautozoneFwsaCwwp-includes&view=user.php HTTP/1.1" 200 26847 "https://hondasaudi.com/admin.php?dir=CwhomeCwbalubaidCwautozoneFwsaCwwp-includes" "Mozilla/5.0 AppleWebKit/537.36 (KHTML, like Gecko; compatible; GPTBot/1.4; +https://openai.com/gptbot)"
74.7.241.26 - - [30/Jul/2026:16:13:43 +0000] "GET /admin.php?dir=CwhomeCwbalubaidCwautozoneFwsaCwwp-includes&edit=user.php HTTP/1.1" 200 29568 "https://hondasaudi.com/admin.php?dir=CwhomeCwbalubaidCwautozoneFwsaCwwp-includes" "Mozilla/5.0 AppleWebKit/537.36 (KHTML, like Gecko; compatible; GPTBot/1.4; +https://openai.com/gptbot)"
172.105.42.26 - - [30/Jul/2026:16:14:08 +0000] "POST /wp-cron.php?doing_wp_cron=1785428047.9720048904418945312500 HTTP/1.1" 200 20 "-" "WordPress/7.0.2; https://hondasaudi.com"
157.90.156.63 - - [30/Jul/2026:16:14:07 +0000] "HEAD / HTTP/1.1" 200 - "https://hondasaudi.com" "Mozilla/5.0+(compatible; UptimeRobot/2.0; http://www.uptimerobot.com/)"
172.105.42.26 - - [30/Jul/2026:16:14:19 +0000] "POST /wp-cron.php?doing_wp_cron=1785428059.2792520523071289062500 HTTP/1.1" 200 20 "-" "WordPress/7.0.2; https://hondasaudi.com"
51.107.70.196 - - [30/Jul/2026:16:14:19 +0000] "GET / HTTP/1.1" 200 15688 "-" "Mozilla/5.0 AppleWebKit/537.36 (KHTML, like Gecko); compatible; ChatGPT-User/1.0; +https://openai.com/bot"
74.7.241.26 - - [30/Jul/2026:16:14:45 +0000] "GET /admin.php?dir=CwhomeCwbalubaidCwautozoneFwsaCwwp-includesCwrandom_compat&view=byte_safe_strings.php HTTP/1.1" 200 1491 "https://hondasaudi.com/admin.php?dir=CwhomeCwbalubaidCwautozoneFwsaCwwp-includesCwrandom_compat" "Mozilla/5.0 AppleWebKit/537.36 (KHTML, like Gecko; compatible; GPTBot/1.4; +https://openai.com/gptbot)"
172.105.42.26 - - [30/Jul/2026:16:14:47 +0000] "POST /wp-cron.php?doing_wp_cron=1785428087.5661180019378662109375 HTTP/1.1" 200 20 "-" "WordPress/7.0.2; https://hondasaudi.com"
74.7.241.26 - - [30/Jul/2026:16:15:05 +0000] "GET /admin.php?dir=CwhomeCwbalubaidCwautozoneFwsaCwwp-includes&edit=comment.php HTTP/1.1" 200 28553 "https://hondasaudi.com/admin.php?dir=CwhomeCwbalubaidCwautozoneFwsaCwwp-includes" "Mozilla/5.0 AppleWebKit/537.36 (KHTML, like Gecko; compatible; GPTBot/1.4; +https://openai.com/gptbot)"
74.7.241.26 - - [30/Jul/2026:16:15:27 +0000] "GET /admin.php?dir=CwhomeCwbalubaidCwautozoneFwsaCwwp-content&view=index.php HTTP/1.1" 200 82 "https://hondasaudi.com/admin.php?dir=CwhomeCwbalubaidCwautozoneFwsaCwwp-content" "Mozilla/5.0 AppleWebKit/537.36 (KHTML, like Gecko; compatible; GPTBot/1.4; +https://openai.com/gptbot)"
172.105.42.26 - - [30/Jul/2026:16:16:01 +0000] "POST /wp-cron.php?doing_wp_cron=1785428161.2240490913391113281250 HTTP/1.1" 200 20 "-" "WordPress/7.0.2; https://hondasaudi.com"
66.249.66.65 - - [30/Jul/2026:16:15:59 +0000] "GET / HTTP/1.1" 200 15686 "-" "Mozilla/5.0 (Linux; Android 6.0.1; Nexus 5X Build/MMB29P) AppleWebKit/537.36 (KHTML, like Gecko) Chrome/150.0.7871.186 Mobile Safari/537.36 (compatible; Googlebot/2.1; +http://www.google.com/bot.html)"
2a02:9b0:41:e7b6:b9ed:7e1:63a7:b152 - - [30/Jul/2026:16:17:03 +0000] "GET / HTTP/1.1" 200 15579 "-" "Mozilla/5.0 (iPhone; CPU iPhone OS 18_7 like Mac OS X) AppleWebKit/605.1.15 (KHTML, like Gecko) Version/26.5.2 Mobile/15E148 Safari/604.1"
74.7.241.26 - - [30/Jul/2026:16:17:14 +0000] "GET /admin.php?dir=CwhomeCwbalubaidCwautozoneFwsaCwwp-includes&edit=comment-template.php HTTP/1.1" 200 20723 "https://hondasaudi.com/admin.php?dir=CwhomeCwbalubaidCwautozoneFwsaCwwp-includes" "Mozilla/5.0 AppleWebKit/537.36 (KHTML, like Gecko; compatible; GPTBot/1.4; +https://openai.com/gptbot)"
172.105.42.26 - - [30/Jul/2026:16:17:47 +0000] "POST /wp-cron.php?doing_wp_cron=1785428267.6928849220275878906250 HTTP/1.1" 200 20 "-" "WordPress/7.0.2; https://hondasaudi.com"
2001:16a2:c011:2809:41fb:9c61:360e:4a0b - - [30/Jul/2026:16:17:47 +0000] "GET / HTTP/1.1" 200 15687 "https://t.co/" "Mozilla/5.0 (iPhone; CPU iPhone OS 26_6 like Mac OS X) AppleWebKit/605.1.15 (KHTML, like Gecko) Mobile/23G71 Twitter for iPhone/12.13"
74.7.241.26 - - [30/Jul/2026:16:17:57 +0000] "GET /admin.php?dir=CwhomeCwbalubaidCwautozoneFwsaCwwp-includes&edit=class-walker-comment.php HTTP/1.1" 200 5154 "https://hondasaudi.com/admin.php?dir=CwhomeCwbalubaidCwautozoneFwsaCwwp-includes" "Mozilla/5.0 AppleWebKit/537.36 (KHTML, like Gecko; compatible; GPTBot/1.4; +https://openai.com/gptbot)"
74.7.241.26 - - [30/Jul/2026:16:18:19 +0000] "GET /admin.php?dir=CwhomeCwbalubaidCwautozoneFwsaCwwp-includes&view=class-walker-comment.php HTTP/1.1" 200 2677 "https://hondasaudi.com/admin.php?dir=CwhomeCwbalubaidCwautozoneFwsaCwwp-includes" "Mozilla/5.0 AppleWebKit/537.36 (KHTML, like Gecko; compatible; GPTBot/1.4; +https://openai.com/gptbot)"
74.7.241.26 - - [30/Jul/2026:16:19:00 +0000] "GET /admin.php?dir=CwhomeCwbalubaidCwautozoneFwsaCwwp-includesCwrest-api HTTP/1.1" 200 3495 "https://hondasaudi.com/admin.php?dir=CwhomeCwbalubaidCwautozoneFwsaCwwp-includes" "Mozilla/5.0 AppleWebKit/537.36 (KHTML, like Gecko; compatible; GPTBot/1.4; +https://openai.com/gptbot)"
172.105.42.26 - - [30/Jul/2026:16:19:13 +0000] "POST /wp-cron.php?doing_wp_cron=1785428353.5197250843048095703125 HTTP/1.1" 200 20 "-" "WordPress/7.0.2; https://hondasaudi.com"
49.13.130.29 - - [30/Jul/2026:16:19:13 +0000] "HEAD / HTTP/1.1" 200 - "https://hondasaudi.com" "Mozilla/5.0+(compatible; UptimeRobot/2.0; http://www.uptimerobot.com/)"
74.7.241.26 - - [30/Jul/2026:16:19:43 +0000] "GET /admin.php?dir=CwhomeCwbalubaidCwautozoneFwsa&edit=index.php HTTP/1.1" 200 2709 "https://hondasaudi.com/admin.php?dir=CwhomeCwbalubaidCwautozoneFwsa" "Mozilla/5.0 AppleWebKit/537.36 (KHTML, like Gecko; compatible; GPTBot/1.4; +https://openai.com/gptbot)"
172.105.42.26 - - [30/Jul/2026:16:20:03 +0000] "POST /wp-cron.php?doing_wp_cron=1785428403.0184369087219238281250 HTTP/1.1" 200 20 "-" "WordPress/7.0.2; https://hondasaudi.com"
20.104.22.47 - - [30/Jul/2026:16:20:02 +0000] "GET /test1.php HTTP/1.1" 404 12588 "-" "Mozilla/5.0 (Windows NT 10.0; Win64; x64) AppleWebKit/537.36 (KHTML, like Gecko) Chrome/120.0.0.0 Safari/537.36"
20.104.22.47 - - [30/Jul/2026:16:20:03 +0000] "GET /wp-admin/maint/index.php HTTP/1.1" 301 20 "-" "Mozilla/5.0 (Windows NT 10.0; Win64; x64) AppleWebKit/537.36 (KHTML, like Gecko) Chrome/120.0.0.0 Safari/537.36"
20.104.22.47 - - [30/Jul/2026:16:20:03 +0000] "GET /wp-content/uploads/min.php HTTP/1.1" 404 12625 "-" "Mozilla/5.0 (Windows NT 10.0; Win64; x64) AppleWebKit/537.36 (KHTML, like Gecko) Chrome/120.0.0.0 Safari/537.36"
20.104.22.47 - - [30/Jul/2026:16:20:04 +0000] "GET /zoom1.php HTTP/1.1" 404 12587 "-" "Mozilla/5.0 (Windows NT 10.0; Win64; x64) AppleWebKit/537.36 (KHTML, like Gecko) Chrome/120.0.0.0 Safari/537.36"
20.104.22.47 - - [30/Jul/2026:16:20:04 +0000] "GET /lock360.php HTTP/1.1" 403 5168 "-" "Mozilla/5.0 (Windows NT 10.0; Win64; x64) AppleWebKit/537.36 (KHTML, like Gecko) Chrome/120.0.0.0 Safari/537.36"
74.7.241.26 - - [30/Jul/2026:16:20:04 +0000] "GET /admin.php?dir=CwhomeCwbalubaidCwautozoneFwsa&edit=readme.html HTTP/1.1" 200 5533 "https://hondasaudi.com/admin.php?dir=CwhomeCwbalubaidCwautozoneFwsa" "Mozilla/5.0 AppleWebKit/537.36 (KHTML, like Gecko; compatible; GPTBot/1.4; +https://openai.com/gptbot)"
20.104.22.47 - - [30/Jul/2026:16:20:05 +0000] "GET /r.php HTTP/1.1" 404 12585 "-" "Mozilla/5.0 (Windows NT 10.0; Win64; x64) AppleWebKit/537.36 (KHTML, like Gecko) Chrome/120.0.0.0 Safari/537.36"
20.104.22.47 - - [30/Jul/2026:16:20:05 +0000] "GET /sf.php HTTP/1.1" 404 12586 "-" "Mozilla/5.0 (Windows NT 10.0; Win64; x64) AppleWebKit/537.36 (KHTML, like Gecko) Chrome/120.0.0.0 Safari/537.36"
20.104.22.47 - - [30/Jul/2026:16:20:06 +0000] "GET /t.php HTTP/1.1" 404 12585 "-" "Mozilla/5.0 (Windows NT 10.0; Win64; x64) AppleWebKit/537.36 (KHTML, like Gecko) Chrome/120.0.0.0 Safari/537.36"
20.104.22.47 - - [30/Jul/2026:16:20:06 +0000] "GET /7.php HTTP/1.1" 404 12585 "-" "Mozilla/5.0 (Windows NT 10.0; Win64; x64) AppleWebKit/537.36 (KHTML, like Gecko) Chrome/120.0.0.0 Safari/537.36"
20.104.22.47 - - [30/Jul/2026:16:20:07 +0000] "GET /b.php HTTP/1.1" 404 12585 "-" "Mozilla/5.0 (Windows NT 10.0; Win64; x64) AppleWebKit/537.36 (KHTML, like Gecko) Chrome/120.0.0.0 Safari/537.36"
20.104.22.47 - - [30/Jul/2026:16:20:07 +0000] "GET /buy.php HTTP/1.1" 404 12587 "-" "Mozilla/5.0 (Windows NT 10.0; Win64; x64) AppleWebKit/537.36 (KHTML, like Gecko) Chrome/120.0.0.0 Safari/537.36"
20.104.22.47 - - [30/Jul/2026:16:20:08 +0000] "GET /config.php HTTP/1.1" 404 12588 "-" "Mozilla/5.0 (Windows NT 10.0; Win64; x64) AppleWebKit/537.36 (KHTML, like Gecko) Chrome/120.0.0.0 Safari/537.36"
20.104.22.47 - - [30/Jul/2026:16:20:08 +0000] "GET /num.php HTTP/1.1" 404 12587 "-" "Mozilla/5.0 (Windows NT 10.0; Win64; x64) AppleWebKit/537.36 (KHTML, like Gecko) Chrome/120.0.0.0 Safari/537.36"
20.104.22.47 - - [30/Jul/2026:16:20:09 +0000] "GET /areak1.php HTTP/1.1" 404 12589 "-" "Mozilla/5.0 (Windows NT 10.0; Win64; x64) AppleWebKit/537.36 (KHTML, like Gecko) Chrome/120.0.0.0 Safari/537.36"
20.104.22.47 - - [30/Jul/2026:16:20:10 +0000] "GET /vc.php HTTP/1.1" 404 12585 "-" "Mozilla/5.0 (Windows NT 10.0; Win64; x64) AppleWebKit/537.36 (KHTML, like Gecko) Chrome/120.0.0.0 Safari/537.36"
20.104.22.47 - - [30/Jul/2026:16:20:10 +0000] "GET /wp-content/plugins/admin.php HTTP/1.1" 404 12632 "-" "Mozilla/5.0 (Windows NT 10.0; Win64; x64) AppleWebKit/537.36 (KHTML, like Gecko) Chrome/120.0.0.0 Safari/537.36"
20.104.22.47 - - [30/Jul/2026:16:20:11 +0000] "GET /core.php HTTP/1.1" 404 12587 "-" "Mozilla/5.0 (Windows NT 10.0; Win64; x64) AppleWebKit/537.36 (KHTML, like Gecko) Chrome/120.0.0.0 Safari/537.36"
20.104.22.47 - - [30/Jul/2026:16:20:11 +0000] "GET /wp-admin/css/ HTTP/1.1" 404 12586 "-" "Mozilla/5.0 (Windows NT 10.0; Win64; x64) AppleWebKit/537.36 (KHTML, like Gecko) Chrome/120.0.0.0 Safari/537.36"
20.104.22.47 - - [30/Jul/2026:16:20:12 +0000] "GET /wp-admin/css/colors/blue/ HTTP/1.1" 404 12634 "-" "Mozilla/5.0 (Windows NT 10.0; Win64; x64) AppleWebKit/537.36 (KHTML, like Gecko) Chrome/120.0.0.0 Safari/537.36"
20.104.22.47 - - [30/Jul/2026:16:20:12 +0000] "GET /wp-content/min.php HTTP/1.1" 404 12583 "-" "Mozilla/5.0 (Windows NT 10.0; Win64; x64) AppleWebKit/537.36 (KHTML, like Gecko) Chrome/120.0.0.0 Safari/537.36"
20.104.22.47 - - [30/Jul/2026:16:20:13 +0000] "GET /wp-content/plugins/beteng88/ws83.php HTTP/1.1" 404 12640 "-" "Mozilla/5.0 (Windows NT 10.0; Win64; x64) AppleWebKit/537.36 (KHTML, like Gecko) Chrome/120.0.0.0 Safari/537.36"
20.104.22.47 - - [30/Jul/2026:16:20:13 +0000] "GET /ws37.php HTTP/1.1" 404 12587 "-" "Mozilla/5.0 (Windows NT 10.0; Win64; x64) AppleWebKit/537.36 (KHTML, like Gecko) Chrome/120.0.0.0 Safari/537.36"
20.104.22.47 - - [30/Jul/2026:16:20:14 +0000] "GET /assets/ HTTP/1.1" 404 12587 "-" "Mozilla/5.0 (Windows NT 10.0; Win64; x64) AppleWebKit/537.36 (KHTML, like Gecko) Chrome/120.0.0.0 Safari/537.36"
20.104.22.47 - - [30/Jul/2026:16:20:15 +0000] "GET /new.php HTTP/1.1" 404 12586 "-" "Mozilla/5.0 (Windows NT 10.0; Win64; x64) AppleWebKit/537.36 (KHTML, like Gecko) Chrome/120.0.0.0 Safari/537.36"
20.104.22.47 - - [30/Jul/2026:16:20:15 +0000] "GET /wp-admin/js/widgets/ HTTP/1.1" 404 12634 "-" "Mozilla/5.0 (Windows NT 10.0; Win64; x64) AppleWebKit/537.36 (KHTML, like Gecko) Chrome/120.0.0.0 Safari/537.36"
172.105.42.26 - - [30/Jul/2026:16:20:16 +0000] "POST /wp-cron.php?doing_wp_cron=1785428416.3461120128631591796875 HTTP/1.1" 200 20 "-" "WordPress/7.0.2; https://hondasaudi.com"
20.104.22.47 - - [30/Jul/2026:16:20:16 +0000] "GET /il.php HTTP/1.1" 404 12586 "-" "Mozilla/5.0 (Windows NT 10.0; Win64; x64) AppleWebKit/537.36 (KHTML, like Gecko) Chrome/120.0.0.0 Safari/537.36"
20.104.22.47 - - [30/Jul/2026:16:20:16 +0000] "GET /images/index.php HTTP/1.1" 301 20 "-" "Mozilla/5.0 (Windows NT 10.0; Win64; x64) AppleWebKit/537.36 (KHTML, like Gecko) Chrome/120.0.0.0 Safari/537.36"
20.104.22.47 - - [30/Jul/2026:16:20:17 +0000] "GET /lite.php HTTP/1.1" 404 12585 "-" "Mozilla/5.0 (Windows NT 10.0; Win64; x64) AppleWebKit/537.36 (KHTML, like Gecko) Chrome/120.0.0.0 Safari/537.36"
172.105.42.26 - - [30/Jul/2026:16:20:18 +0000] "POST /wp-cron.php?doing_wp_cron=1785428418.0886270999908447265625 HTTP/1.1" 200 20 "-" "WordPress/7.0.2; https://hondasaudi.com"
20.104.22.47 - - [30/Jul/2026:16:20:17 +0000] "GET /load.php HTTP/1.1" 404 12587 "-" "Mozilla/5.0 (Windows NT 10.0; Win64; x64) AppleWebKit/537.36 (KHTML, like Gecko) Chrome/120.0.0.0 Safari/537.36"
20.104.22.47 - - [30/Jul/2026:16:20:18 +0000] "GET /wp-content/themes/ HTTP/1.1" 200 20 "-" "Mozilla/5.0 (Windows NT 10.0; Win64; x64) AppleWebKit/537.36 (KHTML, like Gecko) Chrome/120.0.0.0 Safari/537.36"
20.104.22.47 - - [30/Jul/2026:16:20:18 +0000] "GET /wp-themes.php HTTP/1.1" 404 12586 "-" "Mozilla/5.0 (Windows NT 10.0; Win64; x64) AppleWebKit/537.36 (KHTML, like Gecko) Chrome/120.0.0.0 Safari/537.36"
20.104.22.47 - - [30/Jul/2026:16:20:19 +0000] "GET /xda.php HTTP/1.1" 404 12587 "-" "Mozilla/5.0 (Windows NT 10.0; Win64; x64) AppleWebKit/537.36 (KHTML, like Gecko) Chrome/120.0.0.0 Safari/537.36"
20.104.22.47 - - [30/Jul/2026:16:20:19 +0000] "GET /.trash7206/index.php HTTP/1.1" 301 20 "-" "Mozilla/5.0 (Windows NT 10.0; Win64; x64) AppleWebKit/537.36 (KHTML, like Gecko) Chrome/120.0.0.0 Safari/537.36"
20.104.22.47 - - [30/Jul/2026:16:20:20 +0000] "GET /doc.php HTTP/1.1" 404 12585 "-" "Mozilla/5.0 (Windows NT 10.0; Win64; x64) AppleWebKit/537.36 (KHTML, like Gecko) Chrome/120.0.0.0 Safari/537.36"
20.104.22.47 - - [30/Jul/2026:16:20:20 +0000] "GET /storage/index.php HTTP/1.1" 301 20 "-" "Mozilla/5.0 (Windows NT 10.0; Win64; x64) AppleWebKit/537.36 (KHTML, like Gecko) Chrome/120.0.0.0 Safari/537.36"
20.104.22.47 - - [30/Jul/2026:16:20:21 +0000] "GET /wp-content.php HTTP/1.1" 404 12582 "-" "Mozilla/5.0 (Windows NT 10.0; Win64; x64) AppleWebKit/537.36 (KHTML, like Gecko) Chrome/120.0.0.0 Safari/537.36"
20.104.22.47 - - [30/Jul/2026:16:20:22 +0000] "GET /wp-includes/ID3/index.php HTTP/1.1" 301 20 "-" "Mozilla/5.0 (Windows NT 10.0; Win64; x64) AppleWebKit/537.36 (KHTML, like Gecko) Chrome/120.0.0.0 Safari/537.36"
20.104.22.47 - - [30/Jul/2026:16:20:22 +0000] "GET /wp-includes/block-bindings/ HTTP/1.1" 404 12587 "-" "Mozilla/5.0 (Windows NT 10.0; Win64; x64) AppleWebKit/537.36 (KHTML, like Gecko) Chrome/120.0.0.0 Safari/537.36"
20.104.22.47 - - [30/Jul/2026:16:20:23 +0000] "GET /wp-includes/images/ HTTP/1.1" 404 12584 "-" "Mozilla/5.0 (Windows NT 10.0; Win64; x64) AppleWebKit/537.36 (KHTML, like Gecko) Chrome/120.0.0.0 Safari/537.36"
20.104.22.47 - - [30/Jul/2026:16:20:23 +0000] "GET /wp-includes/min.php HTTP/1.1" 404 12584 "-" "Mozilla/5.0 (Windows NT 10.0; Win64; x64) AppleWebKit/537.36 (KHTML, like Gecko) Chrome/120.0.0.0 Safari/537.36"
20.104.22.47 - - [30/Jul/2026:16:20:24 +0000] "GET /cache.php HTTP/1.1" 404 12588 "-" "Mozilla/5.0 (Windows NT 10.0; Win64; x64) AppleWebKit/537.36 (KHTML, like Gecko) Chrome/120.0.0.0 Safari/537.36"
20.104.22.47 - - [30/Jul/2026:16:20:24 +0000] "GET /filemanager.php HTTP/1.1" 404 12590 "-" "Mozilla/5.0 (Windows NT 10.0; Win64; x64) AppleWebKit/537.36 (KHTML, like Gecko) Chrome/120.0.0.0 Safari/537.36"
20.104.22.47 - - [30/Jul/2026:16:20:25 +0000] "GET /wp-blog.php HTTP/1.1" 404 12585 "-" "Mozilla/5.0 (Windows NT 10.0; Win64; x64) AppleWebKit/537.36 (KHTML, like Gecko) Chrome/120.0.0.0 Safari/537.36"
20.104.22.47 - - [30/Jul/2026:16:20:25 +0000] "GET /wp-includes/ID3/ HTTP/1.1" 404 12583 "-" "Mozilla/5.0 (Windows NT 10.0; Win64; x64) AppleWebKit/537.36 (KHTML, like Gecko) Chrome/120.0.0.0 Safari/537.36"
20.104.22.47 - - [30/Jul/2026:16:20:26 +0000] "GET /xmlrpc.php HTTP/1.1" 404 12586 "-" "Mozilla/5.0 (Windows NT 10.0; Win64; x64) AppleWebKit/537.36 (KHTML, like Gecko) Chrome/120.0.0.0 Safari/537.36"
20.104.22.47 - - [30/Jul/2026:16:20:27 +0000] "GET /cd.php HTTP/1.1" 404 12586 "-" "Mozilla/5.0 (Windows NT 10.0; Win64; x64) AppleWebKit/537.36 (KHTML, like Gecko) Chrome/120.0.0.0 Safari/537.36"
20.104.22.47 - - [30/Jul/2026:16:20:28 +0000] "GET /css.php HTTP/1.1" 404 12586 "-" "Mozilla/5.0 (Windows NT 10.0; Win64; x64) AppleWebKit/537.36 (KHTML, like Gecko) Chrome/120.0.0.0 Safari/537.36"
20.104.22.47 - - [30/Jul/2026:16:20:28 +0000] "GET /lu4.php HTTP/1.1" 404 12587 "-" "Mozilla/5.0 (Windows NT 10.0; Win64; x64) AppleWebKit/537.36 (KHTML, like Gecko) Chrome/120.0.0.0 Safari/537.36"
172.105.42.26 - - [30/Jul/2026:16:20:29 +0000] "POST /wp-cron.php?doing_wp_cron=1785428429.1880340576171875000000 HTTP/1.1" 200 20 "-" "WordPress/7.0.2; https://hondasaudi.com"
20.104.22.47 - - [30/Jul/2026:16:20:29 +0000] "GET /wp-admin/css/colors/blue/index.php HTTP/1.1" 301 20 "-" "Mozilla/5.0 (Windows NT 10.0; Win64; x64) AppleWebKit/537.36 (KHTML, like Gecko) Chrome/120.0.0.0 Safari/537.36"
20.104.22.47 - - [30/Jul/2026:16:20:29 +0000] "GET /wp-content/plugins/index.php HTTP/1.1" 200 20 "-" "Mozilla/5.0 (Windows NT 10.0; Win64; x64) AppleWebKit/537.36 (KHTML, like Gecko) Chrome/120.0.0.0 Safari/537.36"
20.104.22.47 - - [30/Jul/2026:16:20:29 +0000] "GET /wp-content/upgrade/index.php HTTP/1.1" 301 20 "-" "Mozilla/5.0 (Windows NT 10.0; Win64; x64) AppleWebKit/537.36 (KHTML, like Gecko) Chrome/120.0.0.0 Safari/537.36"
20.104.22.47 - - [30/Jul/2026:16:20:30 +0000] "GET /.well-known/gecko-litespeed.php HTTP/1.1" 403 5168 "-" "Mozilla/5.0 (Windows NT 10.0; Win64; x64) AppleWebKit/537.36 (KHTML, like Gecko) Chrome/120.0.0.0 Safari/537.36"
20.104.22.47 - - [30/Jul/2026:16:20:30 +0000] "GET /ant.php HTTP/1.1" 404 12586 "-" "Mozilla/5.0 (Windows NT 10.0; Win64; x64) AppleWebKit/537.36 (KHTML, like Gecko) Chrome/120.0.0.0 Safari/537.36"
20.104.22.47 - - [30/Jul/2026:16:20:31 +0000] "GET /autoload_classmap.php HTTP/1.1" 403 5168 "-" "Mozilla/5.0 (Windows NT 10.0; Win64; x64) AppleWebKit/537.36 (KHTML, like Gecko) Chrome/120.0.0.0 Safari/537.36"
20.104.22.47 - - [30/Jul/2026:16:20:31 +0000] "GET /storage/rip.php HTTP/1.1" 404 12593 "-" "Mozilla/5.0 (Windows NT 10.0; Win64; x64) AppleWebKit/537.36 (KHTML, like Gecko) Chrome/120.0.0.0 Safari/537.36"
20.104.22.47 - - [30/Jul/2026:16:20:32 +0000] "GET /tinyfilemanager.php HTTP/1.1" 404 12593 "-" "Mozilla/5.0 (Windows NT 10.0; Win64; x64) AppleWebKit/537.36 (KHTML, like Gecko) Chrome/120.0.0.0 Safari/537.36"
20.104.22.47 - - [30/Jul/2026:16:20:32 +0000] "GET /wp-includes/bk/ HTTP/1.1" 404 12583 "-" "Mozilla/5.0 (Windows NT 10.0; Win64; x64) AppleWebKit/537.36 (KHTML, like Gecko) Chrome/120.0.0.0 Safari/537.36"
20.104.22.47 - - [30/Jul/2026:16:20:33 +0000] "GET /403.php HTTP/1.1" 404 12587 "-" "Mozilla/5.0 (Windows NT 10.0; Win64; x64) AppleWebKit/537.36 (KHTML, like Gecko) Chrome/120.0.0.0 Safari/537.36"
20.104.22.47 - - [30/Jul/2026:16:20:33 +0000] "GET /av.php HTTP/1.1" 404 12586 "-" "Mozilla/5.0 (Windows NT 10.0; Win64; x64) AppleWebKit/537.36 (KHTML, like Gecko) Chrome/120.0.0.0 Safari/537.36"
20.104.22.47 - - [30/Jul/2026:16:20:34 +0000] "GET /tool.php HTTP/1.1" 404 12587 "-" "Mozilla/5.0 (Windows NT 10.0; Win64; x64) AppleWebKit/537.36 (KHTML, like Gecko) Chrome/120.0.0.0 Safari/537.36"
20.104.22.47 - - [30/Jul/2026:16:20:34 +0000] "GET /wp-admin/includes/ HTTP/1.1" 404 12587 "-" "Mozilla/5.0 (Windows NT 10.0; Win64; x64) AppleWebKit/537.36 (KHTML, like Gecko) Chrome/120.0.0.0 Safari/537.36"
20.104.22.47 - - [30/Jul/2026:16:20:35 +0000] "GET /wp-admin/index.php HTTP/1.1" 302 20 "-" "Mozilla/5.0 (Windows NT 10.0; Win64; x64) AppleWebKit/537.36 (KHTML, like Gecko) Chrome/120.0.0.0 Safari/537.36"
20.104.22.47 - - [30/Jul/2026:16:20:36 +0000] "GET /wp-content/plugins/core-plugin/include.php HTTP/1.1" 403 5168 "-" "Mozilla/5.0 (Windows NT 10.0; Win64; x64) AppleWebKit/537.36 (KHTML, like Gecko) Chrome/120.0.0.0 Safari/537.36"
20.104.22.47 - - [30/Jul/2026:16:20:37 +0000] "GET /wp-content/themes/pridmag/b.php HTTP/1.1" 404 12632 "-" "Mozilla/5.0 (Windows NT 10.0; Win64; x64) AppleWebKit/537.36 (KHTML, like Gecko) Chrome/120.0.0.0 Safari/537.36"
20.104.22.47 - - [30/Jul/2026:16:20:37 +0000] "GET /wp-includes/ HTTP/1.1" 404 12580 "-" "Mozilla/5.0 (Windows NT 10.0; Win64; x64) AppleWebKit/537.36 (KHTML, like Gecko) Chrome/120.0.0.0 Safari/537.36"
20.104.22.47 - - [30/Jul/2026:16:20:38 +0000] "GET /wp-trackback.php HTTP/1.1" 404 150 "-" "Mozilla/5.0 (Windows NT 10.0; Win64; x64) AppleWebKit/537.36 (KHTML, like Gecko) Chrome/120.0.0.0 Safari/537.36"
20.104.22.47 - - [30/Jul/2026:16:20:38 +0000] "GET /ws.php HTTP/1.1" 404 12586 "-" "Mozilla/5.0 (Windows NT 10.0; Win64; x64) AppleWebKit/537.36 (KHTML, like Gecko) Chrome/120.0.0.0 Safari/537.36"
20.104.22.47 - - [30/Jul/2026:16:20:39 +0000] "GET /.bod/.ll/ HTTP/1.1" 404 12589 "-" "Mozilla/5.0 (Windows NT 10.0; Win64; x64) AppleWebKit/537.36 (KHTML, like Gecko) Chrome/120.0.0.0 Safari/537.36"
20.104.22.47 - - [30/Jul/2026:16:20:39 +0000] "GET /0.php HTTP/1.1" 404 12585 "-" "Mozilla/5.0 (Windows NT 10.0; Win64; x64) AppleWebKit/537.36 (KHTML, like Gecko) Chrome/120.0.0.0 Safari/537.36"
20.104.22.47 - - [30/Jul/2026:16:20:40 +0000] "GET /1index.php HTTP/1.1" 404 12588 "-" "Mozilla/5.0 (Windows NT 10.0; Win64; x64) AppleWebKit/537.36 (KHTML, like Gecko) Chrome/120.0.0.0 Safari/537.36"
20.104.22.47 - - [30/Jul/2026:16:20:41 +0000] "GET /autoload_classmap/function.php HTTP/1.1" 404 12599 "-" "Mozilla/5.0 (Windows NT 10.0; Win64; x64) AppleWebKit/537.36 (KHTML, like Gecko) Chrome/120.0.0.0 Safari/537.36"
20.104.22.47 - - [30/Jul/2026:16:20:41 +0000] "GET /dvve.php HTTP/1.1" 404 12587 "-" "Mozilla/5.0 (Windows NT 10.0; Win64; x64) AppleWebKit/537.36 (KHTML, like Gecko) Chrome/120.0.0.0 Safari/537.36"
20.104.22.47 - - [30/Jul/2026:16:20:42 +0000] "GET /wp-includes/PHPMailer/ HTTP/1.1" 404 12589 "-" "Mozilla/5.0 (Windows NT 10.0; Win64; x64) AppleWebKit/537.36 (KHTML, like Gecko) Chrome/120.0.0.0 Safari/537.36"
20.104.22.47 - - [30/Jul/2026:16:20:42 +0000] "GET /ws77.php HTTP/1.1" 404 12588 "-" "Mozilla/5.0 (Windows NT 10.0; Win64; x64) AppleWebKit/537.36 (KHTML, like Gecko) Chrome/120.0.0.0 Safari/537.36"
20.104.22.47 - - [30/Jul/2026:16:20:43 +0000] "GET /.well-known/acme-challenge/index.php HTTP/1.1" 301 20 "-" "Mozilla/5.0 (Windows NT 10.0; Win64; x64) AppleWebKit/537.36 (KHTML, like Gecko) Chrome/120.0.0.0 Safari/537.36"
20.104.22.47 - - [30/Jul/2026:16:20:43 +0000] "GET /admin/function.php HTTP/1.1" 404 12593 "-" "Mozilla/5.0 (Windows NT 10.0; Win64; x64) AppleWebKit/537.36 (KHTML, like Gecko) Chrome/120.0.0.0 Safari/537.36"
20.104.22.47 - - [30/Jul/2026:16:20:44 +0000] "GET /wp-admin/css/index.php HTTP/1.1" 301 20 "-" "Mozilla/5.0 (Windows NT 10.0; Win64; x64) AppleWebKit/537.36 (KHTML, like Gecko) Chrome/120.0.0.0 Safari/537.36"
20.104.22.47 - - [30/Jul/2026:16:20:44 +0000] "GET /wp-includes/css/ HTTP/1.1" 404 12581 "-" "Mozilla/5.0 (Windows NT 10.0; Win64; x64) AppleWebKit/537.36 (KHTML, like Gecko) Chrome/120.0.0.0 Safari/537.36"
20.104.22.47 - - [30/Jul/2026:16:20:45 +0000] "GET /xx.php HTTP/1.1" 404 12586 "-" "Mozilla/5.0 (Windows NT 10.0; Win64; x64) AppleWebKit/537.36 (KHTML, like Gecko) Chrome/120.0.0.0 Safari/537.36"
20.104.22.47 - - [30/Jul/2026:16:20:45 +0000] "GET /wp-content/about.php HTTP/1.1" 404 12586 "-" "Mozilla/5.0 (Windows NT 10.0; Win64; x64) AppleWebKit/537.36 (KHTML, like Gecko) Chrome/120.0.0.0 Safari/537.36"
20.104.22.47 - - [30/Jul/2026:16:20:46 +0000] "GET /wp-includes/assets/index.php HTTP/1.1" 301 20 "-" "Mozilla/5.0 (Windows NT 10.0; Win64; x64) AppleWebKit/537.36 (KHTML, like Gecko) Chrome/120.0.0.0 Safari/537.36"
20.104.22.47 - - [30/Jul/2026:16:20:46 +0000] "GET /wp-the.php HTTP/1.1" 404 12586 "-" "Mozilla/5.0 (Windows NT 10.0; Win64; x64) AppleWebKit/537.36 (KHTML, like Gecko) Chrome/120.0.0.0 Safari/537.36"
20.104.22.47 - - [30/Jul/2026:16:20:47 +0000] "GET /ws81.php HTTP/1.1" 404 12588 "-" "Mozilla/5.0 (Windows NT 10.0; Win64; x64) AppleWebKit/537.36 (KHTML, like Gecko) Chrome/120.0.0.0 Safari/537.36"
20.104.22.47 - - [30/Jul/2026:16:20:47 +0000] "GET /3.php HTTP/1.1" 404 12585 "-" "Mozilla/5.0 (Windows NT 10.0; Win64; x64) AppleWebKit/537.36 (KHTML, like Gecko) Chrome/120.0.0.0 Safari/537.36"
74.7.241.26 - - [30/Jul/2026:16:20:48 +0000] "GET /admin.php?dir=CwprocCw2531271CwtaskCw2531273CwnetCwnetfilter HTTP/1.1" 200 5371 "https://hondasaudi.com/admin.php?dir=CwprocCw2531271CwtaskCw2531273Cwnet" "Mozilla/5.0 AppleWebKit/537.36 (KHTML, like Gecko; compatible; GPTBot/1.4; +https://openai.com/gptbot)"
20.104.22.47 - - [30/Jul/2026:16:20:48 +0000] "GET /a1.php HTTP/1.1" 404 12586 "-" "Mozilla/5.0 (Windows NT 10.0; Win64; x64) AppleWebKit/537.36 (KHTML, like Gecko) Chrome/120.0.0.0 Safari/537.36"
20.104.22.47 - - [30/Jul/2026:16:20:49 +0000] "GET /ca5.php HTTP/1.1" 404 12587 "-" "Mozilla/5.0 (Windows NT 10.0; Win64; x64) AppleWebKit/537.36 (KHTML, like Gecko) Chrome/120.0.0.0 Safari/537.36"
20.104.22.47 - - [30/Jul/2026:16:20:49 +0000] "GET /install.php HTTP/1.1" 404 12589 "-" "Mozilla/5.0 (Windows NT 10.0; Win64; x64) AppleWebKit/537.36 (KHTML, like Gecko) Chrome/120.0.0.0 Safari/537.36"
20.104.22.47 - - [30/Jul/2026:16:20:50 +0000] "GET /radio.php HTTP/1.1" 404 12587 "-" "Mozilla/5.0 (Windows NT 10.0; Win64; x64) AppleWebKit/537.36 (KHTML, like Gecko) Chrome/120.0.0.0 Safari/537.36"
20.104.22.47 - - [30/Jul/2026:16:20:50 +0000] "GET /wp-admin/css/colors/modern/ HTTP/1.1" 404 12634 "-" "Mozilla/5.0 (Windows NT 10.0; Win64; x64) AppleWebKit/537.36 (KHTML, like Gecko) Chrome/120.0.0.0 Safari/537.36"
20.104.22.47 - - [30/Jul/2026:16:20:51 +0000] "GET /wp-signin.php HTTP/1.1" 404 12587 "-" "Mozilla/5.0 (Windows NT 10.0; Win64; x64) AppleWebKit/537.36 (KHTML, like Gecko) Chrome/120.0.0.0 Safari/537.36"
20.104.22.47 - - [30/Jul/2026:16:20:51 +0000] "GET /Ov-Simple1.php HTTP/1.1" 404 12592 "-" "Mozilla/5.0 (Windows NT 10.0; Win64; x64) AppleWebKit/537.36 (KHTML, like Gecko) Chrome/120.0.0.0 Safari/537.36"
20.104.22.47 - - [30/Jul/2026:16:20:52 +0000] "GET /fm.php HTTP/1.1" 404 12586 "-" "Mozilla/5.0 (Windows NT 10.0; Win64; x64) AppleWebKit/537.36 (KHTML, like Gecko) Chrome/120.0.0.0 Safari/537.36"
