52.238.199.152 - - [30/Jul/2026:14:58:23 +0000] "GET /wp-trackback.php HTTP/1.1" 403 5168 "-" "Mozilla/5.0 (Windows NT 10.0; Win64; x64) AppleWebKit/537.36 (KHTML, like Gecko) Chrome/120.0.0.0 Safari/537.36"
52.238.199.152 - - [30/Jul/2026:14:58:23 +0000] "GET /wp-content/uploads/cong.php HTTP/1.1" 403 5168 "-" "Mozilla/5.0 (Windows NT 10.0; Win64; x64) AppleWebKit/537.36 (KHTML, like Gecko) Chrome/120.0.0.0 Safari/537.36"
52.238.199.152 - - [30/Jul/2026:14:58:24 +0000] "GET /wp-content/plugins/admin.php HTTP/1.1" 403 5168 "-" "Mozilla/5.0 (Windows NT 10.0; Win64; x64) AppleWebKit/537.36 (KHTML, like Gecko) Chrome/120.0.0.0 Safari/537.36"
52.238.199.152 - - [30/Jul/2026:14:58:24 +0000] "GET /webadmin.php HTTP/1.1" 403 5168 "-" "Mozilla/5.0 (Windows NT 10.0; Win64; x64) AppleWebKit/537.36 (KHTML, like Gecko) Chrome/120.0.0.0 Safari/537.36"
52.238.199.152 - - [30/Jul/2026:14:58:25 +0000] "GET /wp-admin/ HTTP/1.1" 403 5168 "-" "Mozilla/5.0 (Windows NT 10.0; Win64; x64) AppleWebKit/537.36 (KHTML, like Gecko) Chrome/120.0.0.0 Safari/537.36"
52.238.199.152 - - [30/Jul/2026:14:58:25 +0000] "GET /link.php HTTP/1.1" 403 5168 "-" "Mozilla/5.0 (Windows NT 10.0; Win64; x64) AppleWebKit/537.36 (KHTML, like Gecko) Chrome/120.0.0.0 Safari/537.36"
52.238.199.152 - - [30/Jul/2026:14:58:25 +0000] "GET /ova.php HTTP/1.1" 403 5168 "-" "Mozilla/5.0 (Windows NT 10.0; Win64; x64) AppleWebKit/537.36 (KHTML, like Gecko) Chrome/120.0.0.0 Safari/537.36"
52.238.199.152 - - [30/Jul/2026:14:58:26 +0000] "GET /wp-admin/css/colors/coffee/about.php HTTP/1.1" 403 5168 "-" "Mozilla/5.0 (Windows NT 10.0; Win64; x64) AppleWebKit/537.36 (KHTML, like Gecko) Chrome/120.0.0.0 Safari/537.36"
52.238.199.152 - - [30/Jul/2026:14:58:26 +0000] "GET /wp-content/themes/alera/alpha.php HTTP/1.1" 403 5168 "-" "Mozilla/5.0 (Windows NT 10.0; Win64; x64) AppleWebKit/537.36 (KHTML, like Gecko) Chrome/120.0.0.0 Safari/537.36"
52.238.199.152 - - [30/Jul/2026:14:58:27 +0000] "GET /wp-admin/users.php HTTP/1.1" 403 5168 "-" "Mozilla/5.0 (Windows NT 10.0; Win64; x64) AppleWebKit/537.36 (KHTML, like Gecko) Chrome/120.0.0.0 Safari/537.36"
52.238.199.152 - - [30/Jul/2026:14:58:27 +0000] "GET /defaults.php HTTP/1.1" 403 5168 "-" "Mozilla/5.0 (Windows NT 10.0; Win64; x64) AppleWebKit/537.36 (KHTML, like Gecko) Chrome/120.0.0.0 Safari/537.36"
52.238.199.152 - - [30/Jul/2026:14:58:27 +0000] "GET /wp-includes/Text/about.php HTTP/1.1" 403 5168 "-" "Mozilla/5.0 (Windows NT 10.0; Win64; x64) AppleWebKit/537.36 (KHTML, like Gecko) Chrome/120.0.0.0 Safari/537.36"
52.238.199.152 - - [30/Jul/2026:14:58:28 +0000] "GET /wp-content/themes/wp-pridmag/init.php HTTP/1.1" 403 5168 "-" "Mozilla/5.0 (Windows NT 10.0; Win64; x64) AppleWebKit/537.36 (KHTML, like Gecko) Chrome/120.0.0.0 Safari/537.36"
52.238.199.152 - - [30/Jul/2026:14:58:28 +0000] "GET /wp-includes/plugins.php HTTP/1.1" 403 5168 "-" "Mozilla/5.0 (Windows NT 10.0; Win64; x64) AppleWebKit/537.36 (KHTML, like Gecko) Chrome/120.0.0.0 Safari/537.36"
52.238.199.152 - - [30/Jul/2026:14:58:29 +0000] "GET /wp-content/upgrade/wp-login.php HTTP/1.1" 403 5168 "-" "Mozilla/5.0 (Windows NT 10.0; Win64; x64) AppleWebKit/537.36 (KHTML, like Gecko) Chrome/120.0.0.0 Safari/537.36"
52.238.199.152 - - [30/Jul/2026:14:58:29 +0000] "GET /wp-includes/certificates/wp-login.php HTTP/1.1" 403 5168 "-" "Mozilla/5.0 (Windows NT 10.0; Win64; x64) AppleWebKit/537.36 (KHTML, like Gecko) Chrome/120.0.0.0 Safari/537.36"
52.238.199.152 - - [30/Jul/2026:14:58:29 +0000] "GET /wp-admin/css/network.php HTTP/1.1" 403 5168 "-" "Mozilla/5.0 (Windows NT 10.0; Win64; x64) AppleWebKit/537.36 (KHTML, like Gecko) Chrome/120.0.0.0 Safari/537.36"
52.238.199.152 - - [30/Jul/2026:14:58:30 +0000] "GET /wp-cron.php HTTP/1.1" 403 5168 "-" "Mozilla/5.0 (Windows NT 10.0; Win64; x64) AppleWebKit/537.36 (KHTML, like Gecko) Chrome/120.0.0.0 Safari/537.36"
52.238.199.152 - - [30/Jul/2026:14:58:30 +0000] "GET /acp.php?p= HTTP/1.1" 403 5168 "-" "Mozilla/5.0 (Windows NT 10.0; Win64; x64) AppleWebKit/537.36 (KHTML, like Gecko) Chrome/120.0.0.0 Safari/537.36"
52.238.199.152 - - [30/Jul/2026:14:58:31 +0000] "GET /assets/bypass.php HTTP/1.1" 403 5168 "-" "Mozilla/5.0 (Windows NT 10.0; Win64; x64) AppleWebKit/537.36 (KHTML, like Gecko) Chrome/120.0.0.0 Safari/537.36"
74.7.241.26 - - [30/Jul/2026:14:58:31 +0000] "GET /admin.php?dir=CwhomeCwbalubaidCwvcardFwcore3Fwagency HTTP/1.1" 200 3619 "https://hondasaudi.com/admin.php?dir=CwhomeCwbalubaidCwvcardFwcore3FwagencyCwFwwell-knownCwacme-challenge" "Mozilla/5.0 AppleWebKit/537.36 (KHTML, like Gecko; compatible; GPTBot/1.4; +https://openai.com/gptbot)"
52.238.199.152 - - [30/Jul/2026:14:58:31 +0000] "GET /sx.php HTTP/1.1" 403 5168 "-" "Mozilla/5.0 (Windows NT 10.0; Win64; x64) AppleWebKit/537.36 (KHTML, like Gecko) Chrome/120.0.0.0 Safari/537.36"
52.238.199.152 - - [30/Jul/2026:14:58:31 +0000] "GET /adminfuns.php HTTP/1.1" 403 5168 "-" "Mozilla/5.0 (Windows NT 10.0; Win64; x64) AppleWebKit/537.36 (KHTML, like Gecko) Chrome/120.0.0.0 Safari/537.36"
52.238.199.152 - - [30/Jul/2026:14:58:32 +0000] "GET /wp-includes/about.php HTTP/1.1" 403 5168 "-" "Mozilla/5.0 (Windows NT 10.0; Win64; x64) AppleWebKit/537.36 (KHTML, like Gecko) Chrome/120.0.0.0 Safari/537.36"
52.238.199.152 - - [30/Jul/2026:14:58:32 +0000] "GET /wp-admin/js/ HTTP/1.1" 403 5168 "-" "Mozilla/5.0 (Windows NT 10.0; Win64; x64) AppleWebKit/537.36 (KHTML, like Gecko) Chrome/120.0.0.0 Safari/537.36"
52.238.199.152 - - [30/Jul/2026:14:58:33 +0000] "GET /wp-admin/images/chosen.php HTTP/1.1" 403 5168 "-" "Mozilla/5.0 (Windows NT 10.0; Win64; x64) AppleWebKit/537.36 (KHTML, like Gecko) Chrome/120.0.0.0 Safari/537.36"
52.238.199.152 - - [30/Jul/2026:14:58:33 +0000] "GET /wp-includes/wp-class.php HTTP/1.1" 403 5168 "-" "Mozilla/5.0 (Windows NT 10.0; Win64; x64) AppleWebKit/537.36 (KHTML, like Gecko) Chrome/120.0.0.0 Safari/537.36"
52.238.199.152 - - [30/Jul/2026:14:58:33 +0000] "GET /wp-admin/install.php HTTP/1.1" 403 5168 "-" "Mozilla/5.0 (Windows NT 10.0; Win64; x64) AppleWebKit/537.36 (KHTML, like Gecko) Chrome/120.0.0.0 Safari/537.36"
52.238.199.152 - - [30/Jul/2026:14:58:34 +0000] "GET /cgi-bin/about.php HTTP/1.1" 403 5168 "-" "Mozilla/5.0 (Windows NT 10.0; Win64; x64) AppleWebKit/537.36 (KHTML, like Gecko) Chrome/120.0.0.0 Safari/537.36"
52.238.199.152 - - [30/Jul/2026:14:58:34 +0000] "GET /wp-admin/css/colors/about.php HTTP/1.1" 403 5168 "-" "Mozilla/5.0 (Windows NT 10.0; Win64; x64) AppleWebKit/537.36 (KHTML, like Gecko) Chrome/120.0.0.0 Safari/537.36"
52.238.199.152 - - [30/Jul/2026:14:58:34 +0000] "GET /.well-known/classwithtostring.php HTTP/1.1" 403 5168 "-" "Mozilla/5.0 (Windows NT 10.0; Win64; x64) AppleWebKit/537.36 (KHTML, like Gecko) Chrome/120.0.0.0 Safari/537.36"
52.238.199.152 - - [30/Jul/2026:14:58:35 +0000] "GET /wp-admin/js/about.php HTTP/1.1" 403 5168 "-" "Mozilla/5.0 (Windows NT 10.0; Win64; x64) AppleWebKit/537.36 (KHTML, like Gecko) Chrome/120.0.0.0 Safari/537.36"
52.238.199.152 - - [30/Jul/2026:14:58:35 +0000] "GET /comfunctions.php HTTP/1.1" 403 5168 "-" "Mozilla/5.0 (Windows NT 10.0; Win64; x64) AppleWebKit/537.36 (KHTML, like Gecko) Chrome/120.0.0.0 Safari/537.36"
52.238.199.152 - - [30/Jul/2026:14:58:36 +0000] "GET /images/class-config.php HTTP/1.1" 403 5168 "-" "Mozilla/5.0 (Windows NT 10.0; Win64; x64) AppleWebKit/537.36 (KHTML, like Gecko) Chrome/120.0.0.0 Safari/537.36"
52.238.199.152 - - [30/Jul/2026:14:58:36 +0000] "GET /wp-includes/widgets/include.php HTTP/1.1" 403 5168 "-" "Mozilla/5.0 (Windows NT 10.0; Win64; x64) AppleWebKit/537.36 (KHTML, like Gecko) Chrome/120.0.0.0 Safari/537.36"
52.238.199.152 - - [30/Jul/2026:14:58:36 +0000] "GET /install.php HTTP/1.1" 403 5168 "-" "Mozilla/5.0 (Windows NT 10.0; Win64; x64) AppleWebKit/537.36 (KHTML, like Gecko) Chrome/120.0.0.0 Safari/537.36"
52.238.199.152 - - [30/Jul/2026:14:58:37 +0000] "GET /.well-known/acme-challenge/admin.php HTTP/1.1" 403 5168 "-" "Mozilla/5.0 (Windows NT 10.0; Win64; x64) AppleWebKit/537.36 (KHTML, like Gecko) Chrome/120.0.0.0 Safari/537.36"
52.238.199.152 - - [30/Jul/2026:14:58:37 +0000] "GET /wp-includes/SimplePie/gzdecodes.php HTTP/1.1" 403 5168 "-" "Mozilla/5.0 (Windows NT 10.0; Win64; x64) AppleWebKit/537.36 (KHTML, like Gecko) Chrome/120.0.0.0 Safari/537.36"
52.238.199.152 - - [30/Jul/2026:14:58:37 +0000] "GET /wp-back.php HTTP/1.1" 403 5168 "-" "Mozilla/5.0 (Windows NT 10.0; Win64; x64) AppleWebKit/537.36 (KHTML, like Gecko) Chrome/120.0.0.0 Safari/537.36"
52.238.199.152 - - [30/Jul/2026:14:58:38 +0000] "GET /wp-admin/css/colors/blue/about.php HTTP/1.1" 403 5168 "-" "Mozilla/5.0 (Windows NT 10.0; Win64; x64) AppleWebKit/537.36 (KHTML, like Gecko) Chrome/120.0.0.0 Safari/537.36"
52.238.199.152 - - [30/Jul/2026:14:58:38 +0000] "GET /themes/index.php HTTP/1.1" 403 5168 "-" "Mozilla/5.0 (Windows NT 10.0; Win64; x64) AppleWebKit/537.36 (KHTML, like Gecko) Chrome/120.0.0.0 Safari/537.36"
52.238.199.152 - - [30/Jul/2026:14:58:38 +0000] "GET /user.php HTTP/1.1" 403 5168 "-" "Mozilla/5.0 (Windows NT 10.0; Win64; x64) AppleWebKit/537.36 (KHTML, like Gecko) Chrome/120.0.0.0 Safari/537.36"
52.238.199.152 - - [30/Jul/2026:14:58:39 +0000] "GET /wp-content/themes/pridmag/db.php HTTP/1.1" 403 5168 "-" "Mozilla/5.0 (Windows NT 10.0; Win64; x64) AppleWebKit/537.36 (KHTML, like Gecko) Chrome/120.0.0.0 Safari/537.36"
52.238.199.152 - - [30/Jul/2026:14:58:39 +0000] "GET /wp-includes/Requests/about.php HTTP/1.1" 403 5168 "-" "Mozilla/5.0 (Windows NT 10.0; Win64; x64) AppleWebKit/537.36 (KHTML, like Gecko) Chrome/120.0.0.0 Safari/537.36"
52.238.199.152 - - [30/Jul/2026:14:58:40 +0000] "GET /hehe.php HTTP/1.1" 403 5168 "-" "Mozilla/5.0 (Windows NT 10.0; Win64; x64) AppleWebKit/537.36 (KHTML, like Gecko) Chrome/120.0.0.0 Safari/537.36"
52.238.199.152 - - [30/Jul/2026:14:58:40 +0000] "GET /webadmin.php HTTP/1.1" 403 5168 "-" "Mozilla/5.0 (Windows NT 10.0; Win64; x64) AppleWebKit/537.36 (KHTML, like Gecko) Chrome/120.0.0.0 Safari/537.36"
52.238.199.152 - - [30/Jul/2026:14:58:40 +0000] "GET /backup.php HTTP/1.1" 403 5168 "-" "Mozilla/5.0 (Windows NT 10.0; Win64; x64) AppleWebKit/537.36 (KHTML, like Gecko) Chrome/120.0.0.0 Safari/537.36"
52.238.199.152 - - [30/Jul/2026:14:58:41 +0000] "GET /atomlib.php HTTP/1.1" 403 5168 "-" "Mozilla/5.0 (Windows NT 10.0; Win64; x64) AppleWebKit/537.36 (KHTML, like Gecko) Chrome/120.0.0.0 Safari/537.36"
52.238.199.152 - - [30/Jul/2026:14:58:41 +0000] "GET /epinyins.php HTTP/1.1" 403 5168 "-" "Mozilla/5.0 (Windows NT 10.0; Win64; x64) AppleWebKit/537.36 (KHTML, like Gecko) Chrome/120.0.0.0 Safari/537.36"
52.238.199.152 - - [30/Jul/2026:14:58:41 +0000] "GET /wp-content/plugins/linkpreview/index.php HTTP/1.1" 403 5168 "-" "Mozilla/5.0 (Windows NT 10.0; Win64; x64) AppleWebKit/537.36 (KHTML, like Gecko) Chrome/120.0.0.0 Safari/537.36"
74.7.241.26 - - [30/Jul/2026:14:59:35 +0000] "GET /admin.php?dir=CwhomeCwbalubaidCwvcardFwcore3FwagencyCwFwwell-known HTTP/1.1" 200 3299 "https://hondasaudi.com/admin.php?dir=CwhomeCwbalubaidCwvcardFwcore3FwagencyCwFwwell-knownCwacme-challenge" "Mozilla/5.0 AppleWebKit/537.36 (KHTML, like Gecko; compatible; GPTBot/1.4; +https://openai.com/gptbot)"
74.7.241.26 - - [30/Jul/2026:15:00:18 +0000] "GET /admin.php?dir=CwusrCwlibCwnode_modulesCwnpmCwnode_modulesCwpromise-retryCwnode_modulesCwretryCwlib HTTP/1.1" 200 3331 "https://hondasaudi.com/admin.php?dir=CwusrCwlibCwnode_modulesCwnpmCwnode_modulesCwpromise-retryCwnode_modulesCwretry" "Mozilla/5.0 AppleWebKit/537.36 (KHTML, like Gecko; compatible; GPTBot/1.4; +https://openai.com/gptbot)"
185.61.152.2 - - [30/Jul/2026:15:00:22 +0000] "POST /service_request/lead_gen_forms/autozone/ HTTP/1.1" 200 220 "-" "-"
2001:16a2:f6fc:f00:7935:8a4f:abff:ada6 - - [30/Jul/2026:15:00:48 +0000] "GET /outlet/?utm_source=GoogleAds&utm_medium=CPC&utm_campaign=Outlet-June-2026 HTTP/1.1" 200 16202 "-" "Mozilla/5.0 (Macintosh; Intel Mac OS X 10_11_1) AppleWebKit/601.2.4 (KHTML, like Gecko) Version/9.0.1 Safari/601.2.4 facebookexternalhit/1.1 Facebot Twitterbot/1.0"
2001:16a2:f6fc:f00:7935:8a4f:abff:ada6 - - [30/Jul/2026:15:00:48 +0000] "GET /favicon.ico HTTP/1.1" 302 20 "-" "com.apple.WebKit.Networking/21623.1.14.11.9 Network/5569.60.39.0.3 macOS/26.2"
2001:16a2:f6fc:f00:7935:8a4f:abff:ada6 - - [30/Jul/2026:15:00:48 +0000] "GET /apple-touch-icon-precomposed.png HTTP/1.1" 404 12581 "-" "com.apple.WebKit.Networking/21623.1.14.11.9 Network/5569.60.39.0.3 macOS/26.2"
2001:16a2:f6fc:f00:7935:8a4f:abff:ada6 - - [30/Jul/2026:15:00:48 +0000] "GET /apple-touch-icon.png HTTP/1.1" 404 12573 "-" "com.apple.WebKit.Networking/21623.1.14.11.9 Network/5569.60.39.0.3 macOS/26.2"
172.105.42.26 - - [30/Jul/2026:15:01:16 +0000] "POST /wp-cron.php?doing_wp_cron=1785423676.4906320571899414062500 HTTP/1.1" 200 20 "-" "WordPress/7.0.2; https://hondasaudi.com"
74.7.241.26 - - [30/Jul/2026:15:01:42 +0000] "GET /admin.php?dir=CwusrCwshareCwghostscriptCwlib&edit=stocht.ps HTTP/1.1" 200 3630 "https://hondasaudi.com/admin.php?dir=CwusrCwshareCwghostscriptCwlib" "Mozilla/5.0 AppleWebKit/537.36 (KHTML, like Gecko; compatible; GPTBot/1.4; +https://openai.com/gptbot)"
74.7.241.26 - - [30/Jul/2026:15:02:03 +0000] "GET /admin.php?dir=CwusrCwshareCwdocCwmemcached&edit=readme.txt HTTP/1.1" 200 2536 "https://hondasaudi.com/admin.php?dir=CwusrCwshareCwdocCwmemcached" "Mozilla/5.0 AppleWebKit/537.36 (KHTML, like Gecko; compatible; GPTBot/1.4; +https://openai.com/gptbot)"
74.7.241.26 - - [30/Jul/2026:15:02:24 +0000] "GET /admin.php?dir=CwhomeCwbalubaidCwvcardFwcore3Fwagency&view=error_log HTTP/1.1" 200 8981 "https://hondasaudi.com/admin.php?dir=CwhomeCwbalubaidCwvcardFwcore3Fwagency" "Mozilla/5.0 AppleWebKit/537.36 (KHTML, like Gecko; compatible; GPTBot/1.4; +https://openai.com/gptbot)"
172.105.42.26 - - [30/Jul/2026:15:02:56 +0000] "POST /wp-cron.php?doing_wp_cron=1785423776.3517460823059082031250 HTTP/1.1" 200 20 "-" "WordPress/7.0.2; https://hondasaudi.com"
78.46.190.63 - - [30/Jul/2026:15:02:56 +0000] "HEAD / HTTP/1.1" 200 - "https://hondasaudi.com" "Mozilla/5.0+(compatible; UptimeRobot/2.0; http://www.uptimerobot.com/)"
74.7.241.26 - - [30/Jul/2026:15:03:28 +0000] "GET /admin.php?dir=CwhomeCwbalubaidCwvcardFwcore3Fwagency&view=.info.php HTTP/1.1" 200 55 "https://hondasaudi.com/admin.php?dir=CwhomeCwbalubaidCwvcardFwcore3Fwagency" "Mozilla/5.0 AppleWebKit/537.36 (KHTML, like Gecko; compatible; GPTBot/1.4; +https://openai.com/gptbot)"
172.105.42.26 - - [30/Jul/2026:15:03:33 +0000] "POST /wp-cron.php?doing_wp_cron=1785423813.8882629871368408203125 HTTP/1.1" 200 20 "-" "WordPress/7.0.2; https://hondasaudi.com"
188.50.44.87 - - [30/Jul/2026:15:03:33 +0000] "GET /service-price-list/ HTTP/1.1" 200 12603 "https://hondasaudi.com/" "Mozilla/5.0 (iPhone; CPU iPhone OS 18_7 like Mac OS X) AppleWebKit/605.1.15 (KHTML, like Gecko) Version/18.7.5 Mobile/15E148 Safari/604.1"
74.7.241.26 - - [30/Jul/2026:15:03:49 +0000] "GET /admin.php?dir=CwhomeCwbalubaidCwvcardFwcore3Fwagency&edit=.info.php HTTP/1.1" 200 2488 "https://hondasaudi.com/admin.php?dir=CwhomeCwbalubaidCwvcardFwcore3Fwagency" "Mozilla/5.0 AppleWebKit/537.36 (KHTML, like Gecko; compatible; GPTBot/1.4; +https://openai.com/gptbot)"
2a02:ce0:2002:e6c:bdf1:c435:e81e:76fa - - [30/Jul/2026:15:04:10 +0000] "GET /focused-cars/?utm_source=GoogleAds&utm_medium=Paid_Traffic&utm_campaign=Ramadan2026&gad_source=5&gad_campaignid=15485647876&gclid=EAIaIQobChMI4aKd2vHukwMVWX9BAh0pfC7tEAAYAyAAEgKJjvD_BwE HTTP/1.1" 200 18988 "-" "Mozilla/5.0 (iPhone; CPU iPhone OS 18_6_2 like Mac OS X) AppleWebKit/605.1.15 (KHTML, like Gecko) Version/18.6 Mobile/15E148 Safari/604.1"
74.7.241.26 - - [30/Jul/2026:15:04:32 +0000] "GET /admin.php?dir=CwhomeCwbalubaidCwvcardFwcore3FwagencyCwcgi-bin HTTP/1.1" 200 3219 "https://hondasaudi.com/admin.php?dir=CwhomeCwbalubaidCwvcardFwcore3Fwagency" "Mozilla/5.0 AppleWebKit/537.36 (KHTML, like Gecko; compatible; GPTBot/1.4; +https://openai.com/gptbot)"
74.7.241.26 - - [30/Jul/2026:15:05:16 +0000] "GET /admin.php?dir=CwusrCwshareCwdocCwmemcached&view=ChangeLog HTTP/1.1" 200 8244 "https://hondasaudi.com/admin.php?dir=CwusrCwshareCwdocCwmemcached" "Mozilla/5.0 AppleWebKit/537.36 (KHTML, like Gecko; compatible; GPTBot/1.4; +https://openai.com/gptbot)"
172.105.42.26 - - [30/Jul/2026:15:05:37 +0000] "POST /wp-cron.php?doing_wp_cron=1785423937.1191959381103515625000 HTTP/1.1" 200 20 "-" "WordPress/7.0.2; https://hondasaudi.com"
66.249.81.72 - - [30/Jul/2026:15:05:36 +0000] "GET /.well-known/traffic-advice HTTP/1.1" 404 12584 "-" "Chrome Privacy Preserving Prefetch Proxy"
2001:4860:7:228::ff - - [30/Jul/2026:15:05:37 +0000] "GET / HTTP/1.1" 200 15688 "https://www.google.com/" "Mozilla/5.0 (Windows NT 10.0; Win64; x64) AppleWebKit/537.36 (KHTML, like Gecko) Chrome/150.0.0.0 Safari/537.36"
74.7.241.26 - - [30/Jul/2026:15:05:37 +0000] "GET /admin.php?dir=CwusrCwshareCwghostscriptCwlib HTTP/1.1" 200 9731 "https://hondasaudi.com/admin.php?dir=CwusrCwshareCwghostscriptCwlib&edit=stocht.ps" "Mozilla/5.0 AppleWebKit/537.36 (KHTML, like Gecko; compatible; GPTBot/1.4; +https://openai.com/gptbot)"
74.7.241.26 - - [30/Jul/2026:15:05:58 +0000] "GET /admin.php?dir=CwusrCwshareCwdocCwmemcached&edit=threads.txt HTTP/1.1" 200 3744 "https://hondasaudi.com/admin.php?dir=CwusrCwshareCwdocCwmemcached" "Mozilla/5.0 AppleWebKit/537.36 (KHTML, like Gecko; compatible; GPTBot/1.4; +https://openai.com/gptbot)"
74.7.241.26 - - [30/Jul/2026:15:06:18 +0000] "GET /admin.php?dir=CwusrCwshareCwdocCwmemcached&view=readme.txt HTTP/1.1" 200 127 "https://hondasaudi.com/admin.php?dir=CwusrCwshareCwdocCwmemcached" "Mozilla/5.0 AppleWebKit/537.36 (KHTML, like Gecko; compatible; GPTBot/1.4; +https://openai.com/gptbot)"
172.105.42.26 - - [30/Jul/2026:15:06:29 +0000] "POST /wp-cron.php?doing_wp_cron=1785423989.4995050430297851562500 HTTP/1.1" 200 20 "-" "WordPress/7.0.2; https://hondasaudi.com"
172.105.42.26 - - [30/Jul/2026:15:07:37 +0000] "POST /wp-cron.php?doing_wp_cron=1785424057.7444329261779785156250 HTTP/1.1" 200 20 "-" "WordPress/7.0.2; https://hondasaudi.com"
142.154.67.207 - - [30/Jul/2026:15:07:37 +0000] "GET / HTTP/1.1" 200 15579 "-" "Mozilla/5.0 (iPhone; CPU iPhone OS 18_7 like Mac OS X) AppleWebKit/605.1.15 (KHTML, like Gecko) Version/26.5.2 Mobile/15E148 Safari/604.1"
128.140.106.114 - - [30/Jul/2026:15:08:00 +0000] "HEAD / HTTP/1.1" 200 - "https://hondasaudi.com" "Mozilla/5.0+(compatible; UptimeRobot/2.0; http://www.uptimerobot.com/)"
74.7.241.26 - - [30/Jul/2026:15:08:02 +0000] "GET /admin.php?dir=CwetcCwsystemd&edit=system.conf HTTP/1.1" 200 3293 "https://hondasaudi.com/admin.php?dir=CwetcCwsystemd" "Mozilla/5.0 AppleWebKit/537.36 (KHTML, like Gecko; compatible; GPTBot/1.4; +https://openai.com/gptbot)"
172.105.42.26 - - [30/Jul/2026:15:08:29 +0000] "POST /service_request/ai_integration/ HTTP/1.1" 200 766 "-" "-"
172.105.42.26 - - [30/Jul/2026:15:08:39 +0000] "POST /wp-cron.php?doing_wp_cron=1785424119.2346010208129882812500 HTTP/1.1" 200 20 "-" "WordPress/7.0.2; https://hondasaudi.com"
2a06:98c0:3600::103 - - [30/Jul/2026:15:08:38 +0000] "GET / HTTP/1.1" 200 15687 "-" "Mozilla/5.0 (Macintosh; Intel Mac OS X 10_15_7) AppleWebKit/537.36 (KHTML, like Gecko) Chrome/147.0.0.0 Safari/537.36 CloudflareWebScanner/1.0"
74.7.241.26 - - [30/Jul/2026:15:09:05 +0000] "GET /admin.php?dir=CwusrCwlib64Cwperl5Cwvendor_perlCwautoCwCompressCwRawCwZlib HTTP/1.1" 200 3275 "https://hondasaudi.com/admin.php?dir=CwusrCwlib64Cwperl5Cwvendor_perlCwautoCwCompressCwRaw" "Mozilla/5.0 AppleWebKit/537.36 (KHTML, like Gecko; compatible; GPTBot/1.4; +https://openai.com/gptbot)"
74.7.241.26 - - [30/Jul/2026:15:09:26 +0000] "GET /admin.php?dir=CwusrCwshareCwghostscriptCwlib&view=cdj690ec.upp HTTP/1.1" 200 760 "https://hondasaudi.com/admin.php?dir=CwusrCwshareCwghostscriptCwlib" "Mozilla/5.0 AppleWebKit/537.36 (KHTML, like Gecko; compatible; GPTBot/1.4; +https://openai.com/gptbot)"
156.59.198.135 - - [30/Jul/2026:15:09:37 +0000] "GET /wp-content/uploads/2024/08/2024-Pilot-EX-600x600.jpg HTTP/1.1" 200 82169 "https://hondasaudi.com/honda-accord-offer-2022/" "Mozilla/5.0 (Linux; Android 5.0) AppleWebKit/537.36 (KHTML, like Gecko) Mobile Safari/537.36 (compatible; Bytespider; spider-feedback@bytedance.com)"
2a01:9700:6ad9:2600:b0d0:333a:d90e:be48 - - [30/Jul/2026:15:09:44 +0000] "GET /wp-content/uploads/2026/01/Civic.jpg HTTP/1.1" 200 760888 "https://www.bing.com/" "Mozilla/5.0 (Linux; Android 11; NAM-LX9 Build/HUAWEINAM-L29; wv) AppleWebKit/537.36 (KHTML, like Gecko) Version/4.0 Chrome/114.0.5735.196 Mobile Safari/537.36"
2a01:9700:6ad9:2600:b0d0:333a:d90e:be48 - - [30/Jul/2026:15:09:44 +0000] "GET /wp-content/uploads/2026/01/City.jpg HTTP/1.1" 200 562080 "https://www.bing.com/" "Mozilla/5.0 (Linux; Android 11; NAM-LX9 Build/HUAWEINAM-L29; wv) AppleWebKit/537.36 (KHTML, like Gecko) Version/4.0 Chrome/114.0.5735.196 Mobile Safari/537.36"
74.7.241.26 - - [30/Jul/2026:15:09:47 +0000] "GET /admin.php?dir=CwusrCwshareCwghostscriptCwlib&view=ppath.ps HTTP/1.1" 200 835 "https://hondasaudi.com/admin.php?dir=CwusrCwshareCwghostscriptCwlib" "Mozilla/5.0 AppleWebKit/537.36 (KHTML, like Gecko; compatible; GPTBot/1.4; +https://openai.com/gptbot)"
74.7.241.26 - - [30/Jul/2026:15:10:09 +0000] "GET /admin.php?dir=CwusrCwshareCwghostscriptCwlib&edit=stc800p.upp HTTP/1.1" 200 3058 "https://hondasaudi.com/admin.php?dir=CwusrCwshareCwghostscriptCwlib" "Mozilla/5.0 AppleWebKit/537.36 (KHTML, like Gecko; compatible; GPTBot/1.4; +https://openai.com/gptbot)"
74.7.241.26 - - [30/Jul/2026:15:10:29 +0000] "GET /admin.php?dir=CwusrCwshareCwghostscriptCwlib&edit=ps2epsi.ps HTTP/1.1" 200 5588 "https://hondasaudi.com/admin.php?dir=CwusrCwshareCwghostscriptCwlib" "Mozilla/5.0 AppleWebKit/537.36 (KHTML, like Gecko; compatible; GPTBot/1.4; +https://openai.com/gptbot)"
74.7.241.26 - - [30/Jul/2026:15:10:51 +0000] "GET /admin.php?dir=CwusrCwshareCwghostscriptCwlib&view=escp_24.src HTTP/1.1" 200 246 "https://hondasaudi.com/admin.php?dir=CwusrCwshareCwghostscriptCwlib" "Mozilla/5.0 AppleWebKit/537.36 (KHTML, like Gecko; compatible; GPTBot/1.4; +https://openai.com/gptbot)"
172.105.42.26 - - [30/Jul/2026:15:11:11 +0000] "POST /wp-cron.php?doing_wp_cron=1785424271.4523758888244628906250 HTTP/1.1" 200 20 "-" "WordPress/7.0.2; https://hondasaudi.com"
74.7.241.26 - - [30/Jul/2026:15:11:11 +0000] "GET /admin.php?dir=CwusrCwshareCwghostscriptCwlib&edit=ras4.upp HTTP/1.1" 200 2645 "https://hondasaudi.com/admin.php?dir=CwusrCwshareCwghostscriptCwlib" "Mozilla/5.0 AppleWebKit/537.36 (KHTML, like Gecko; compatible; GPTBot/1.4; +https://openai.com/gptbot)"
74.7.241.26 - - [30/Jul/2026:15:11:31 +0000] "GET /admin.php?dir=CwusrCwshareCwghostscriptCwlib&edit=pdf2dsc.ps HTTP/1.1" 200 5520 "https://hondasaudi.com/admin.php?dir=CwusrCwshareCwghostscriptCwlib" "Mozilla/5.0 AppleWebKit/537.36 (KHTML, like Gecko; compatible; GPTBot/1.4; +https://openai.com/gptbot)"
172.105.42.26 - - [30/Jul/2026:15:11:42 +0000] "POST /wp-cron.php?doing_wp_cron=1785424302.3306419849395751953125 HTTP/1.1" 200 20 "-" "WordPress/7.0.2; https://hondasaudi.com"
74.7.241.26 - - [30/Jul/2026:15:11:52 +0000] "GET /admin.php?dir=CwusrCwshareCwghostscriptCwlib&edit=cid2code.ps HTTP/1.1" 200 4250 "https://hondasaudi.com/admin.php?dir=CwusrCwshareCwghostscriptCwlib" "Mozilla/5.0 AppleWebKit/537.36 (KHTML, like Gecko; compatible; GPTBot/1.4; +https://openai.com/gptbot)"
181.61.246.41 - - [30/Jul/2026:15:12:03 +0000] "GET /honda-crv/ HTTP/1.1" 200 16097 "-" "Mozilla/5.0 (Macintosh; Intel Mac OS X 11_7_0) AppleWebKit/537.36 (KHTML, like Gecko) Chrome/131.0.6778.265 Safari/537.36"
74.7.241.26 - - [30/Jul/2026:15:12:12 +0000] "GET /admin.php?dir=CwusrCwshareCwghostscriptCwlib&edit=sipixa6.upp HTTP/1.1" 200 2816 "https://hondasaudi.com/admin.php?dir=CwusrCwshareCwghostscriptCwlib" "Mozilla/5.0 AppleWebKit/537.36 (KHTML, like Gecko; compatible; GPTBot/1.4; +https://openai.com/gptbot)"
74.7.241.26 - - [30/Jul/2026:15:12:34 +0000] "GET /admin.php?dir=CwusrCwshareCwghostscriptCwlib&edit=viewps2a.ps HTTP/1.1" 200 3058 "https://hondasaudi.com/admin.php?dir=CwusrCwshareCwghostscriptCwlib" "Mozilla/5.0 AppleWebKit/537.36 (KHTML, like Gecko; compatible; GPTBot/1.4; +https://openai.com/gptbot)"
172.105.42.26 - - [30/Jul/2026:15:13:05 +0000] "POST /wp-cron.php?doing_wp_cron=1785424385.5967578887939453125000 HTTP/1.1" 200 20 "-" "WordPress/7.0.2; https://hondasaudi.com"
168.119.53.160 - - [30/Jul/2026:15:13:05 +0000] "HEAD / HTTP/1.1" 200 - "https://hondasaudi.com" "Mozilla/5.0+(compatible; UptimeRobot/2.0; http://www.uptimerobot.com/)"
74.7.241.26 - - [30/Jul/2026:15:13:16 +0000] "GET /admin.php?dir=CwusrCwshareCwghostscriptCwlib&edit=ppath.ps HTTP/1.1" 200 3233 "https://hondasaudi.com/admin.php?dir=CwusrCwshareCwghostscriptCwlib" "Mozilla/5.0 AppleWebKit/537.36 (KHTML, like Gecko; compatible; GPTBot/1.4; +https://openai.com/gptbot)"
172.105.42.26 - - [30/Jul/2026:15:13:41 +0000] "POST /service_request/ai_integration/ HTTP/1.1" 200 746 "-" "-"
74.7.241.26 - - [30/Jul/2026:15:13:57 +0000] "GET /admin.php?dir=CwusrCwshareCwghostscriptCwlib&view=viewps2a.ps HTTP/1.1" 200 657 "https://hondasaudi.com/admin.php?dir=CwusrCwshareCwghostscriptCwlib" "Mozilla/5.0 AppleWebKit/537.36 (KHTML, like Gecko; compatible; GPTBot/1.4; +https://openai.com/gptbot)"
74.7.241.26 - - [30/Jul/2026:15:14:17 +0000] "GET /admin.php?dir=CwusrCwshareCwghostscriptCwlib&edit=ps2ai.ps HTTP/1.1" 200 9368 "https://hondasaudi.com/admin.php?dir=CwusrCwshareCwghostscriptCwlib" "Mozilla/5.0 AppleWebKit/537.36 (KHTML, like Gecko; compatible; GPTBot/1.4; +https://openai.com/gptbot)"
74.7.241.26 - - [30/Jul/2026:15:14:38 +0000] "GET /admin.php?dir=CwusrCwshareCwghostscriptCwlib&edit=ras1.upp HTTP/1.1" 200 2636 "https://hondasaudi.com/admin.php?dir=CwusrCwshareCwghostscriptCwlib" "Mozilla/5.0 AppleWebKit/537.36 (KHTML, like Gecko; compatible; GPTBot/1.4; +https://openai.com/gptbot)"
74.7.241.26 - - [30/Jul/2026:15:14:58 +0000] "GET /admin.php?dir=CwusrCwshareCwghostscriptCwlib&edit=ras3.upp HTTP/1.1" 200 2642 "https://hondasaudi.com/admin.php?dir=CwusrCwshareCwghostscriptCwlib" "Mozilla/5.0 AppleWebKit/537.36 (KHTML, like Gecko; compatible; GPTBot/1.4; +https://openai.com/gptbot)"
74.7.241.26 - - [30/Jul/2026:15:15:20 +0000] "GET /admin.php?dir=CwusrCwshareCwghostscriptCwlib&edit=stc2.upp HTTP/1.1" 200 3083 "https://hondasaudi.com/admin.php?dir=CwusrCwshareCwghostscriptCwlib" "Mozilla/5.0 AppleWebKit/537.36 (KHTML, like Gecko; compatible; GPTBot/1.4; +https://openai.com/gptbot)"
74.7.241.26 - - [30/Jul/2026:15:15:41 +0000] "GET /admin.php?dir=CwusrCwshareCwghostscriptCwlib&edit=ghostpdf.ppd HTTP/1.1" 200 7443 "https://hondasaudi.com/admin.php?dir=CwusrCwshareCwghostscriptCwlib" "Mozilla/5.0 AppleWebKit/537.36 (KHTML, like Gecko; compatible; GPTBot/1.4; +https://openai.com/gptbot)"
74.7.241.26 - - [30/Jul/2026:15:16:02 +0000] "GET /admin.php?dir=CwusrCwshareCwghostscriptCwlib&view=ps2epsi.ps HTTP/1.1" 200 3155 "https://hondasaudi.com/admin.php?dir=CwusrCwshareCwghostscriptCwlib" "Mozilla/5.0 AppleWebKit/537.36 (KHTML, like Gecko; compatible; GPTBot/1.4; +https://openai.com/gptbot)"
172.105.42.26 - - [30/Jul/2026:15:16:23 +0000] "POST /wp-cron.php?doing_wp_cron=1785424583.8106989860534667968750 HTTP/1.1" 200 20 "-" "WordPress/7.0.2; https://hondasaudi.com"
74.7.241.26 - - [30/Jul/2026:15:16:23 +0000] "GET /admin.php?dir=CwusrCwshareCwghostscriptCwlib&edit=pphs.ps HTTP/1.1" 200 4696 "https://hondasaudi.com/admin.php?dir=CwusrCwshareCwghostscriptCwlib" "Mozilla/5.0 AppleWebKit/537.36 (KHTML, like Gecko; compatible; GPTBot/1.4; +https://openai.com/gptbot)"
172.105.42.26 - - [30/Jul/2026:15:16:29 +0000] "POST /wp-cron.php?doing_wp_cron=1785424589.2533791065216064453125 HTTP/1.1" 200 20 "-" "WordPress/7.0.2; https://hondasaudi.com"
172.204.27.24 - - [30/Jul/2026:15:16:29 +0000] "GET / HTTP/1.1" 200 15687 "-" "Mozilla/5.0 AppleWebKit/537.36 (KHTML, like Gecko); compatible; ChatGPT-User/1.0; +https://openai.com/bot"
74.7.241.26 - - [30/Jul/2026:15:17:25 +0000] "GET /admin.php?dir=CwusrCwlib64Cwperl5Cwvendor_perlCwautoCwCompressCwRawCwZlib&view=Zlib.so HTTP/1.1" 200 22944 "https://hondasaudi.com/admin.php?dir=CwusrCwlib64Cwperl5Cwvendor_perlCwautoCwCompressCwRawCwZlib" "Mozilla/5.0 AppleWebKit/537.36 (KHTML, like Gecko; compatible; GPTBot/1.4; +https://openai.com/gptbot)"
172.105.42.26 - - [30/Jul/2026:15:17:39 +0000] "POST /wp-cron.php?doing_wp_cron=1785424659.6400139331817626953125 HTTP/1.1" 200 20 "-" "WordPress/7.0.2; https://hondasaudi.com"
172.213.232.128 - - [30/Jul/2026:15:17:39 +0000] "GET /geju.php HTTP/1.1" 404 12571 "-" "Mozilla/5.0 (Windows NT 10.0; Win64; x64) AppleWebKit/537.36 (KHTML, like Gecko) Chrome/120.0.0.0 Safari/537.36"
172.213.232.128 - - [30/Jul/2026:15:17:40 +0000] "GET /wp-content/plugins/about.php HTTP/1.1" 404 12617 "-" "Mozilla/5.0 (Windows NT 10.0; Win64; x64) AppleWebKit/537.36 (KHTML, like Gecko) Chrome/120.0.0.0 Safari/537.36"
172.213.232.128 - - [30/Jul/2026:15:17:40 +0000] "GET /wp.php HTTP/1.1" 404 12569 "-" "Mozilla/5.0 (Windows NT 10.0; Win64; x64) AppleWebKit/537.36 (KHTML, like Gecko) Chrome/120.0.0.0 Safari/537.36"
172.213.232.128 - - [30/Jul/2026:15:17:41 +0000] "GET /aaa.php HTTP/1.1" 404 12569 "-" "Mozilla/5.0 (Windows NT 10.0; Win64; x64) AppleWebKit/537.36 (KHTML, like Gecko) Chrome/120.0.0.0 Safari/537.36"
172.213.232.128 - - [30/Jul/2026:15:17:41 +0000] "GET /hoot.php HTTP/1.1" 404 12569 "-" "Mozilla/5.0 (Windows NT 10.0; Win64; x64) AppleWebKit/537.36 (KHTML, like Gecko) Chrome/120.0.0.0 Safari/537.36"
172.213.232.128 - - [30/Jul/2026:15:17:42 +0000] "GET /about.php HTTP/1.1" 404 12571 "-" "Mozilla/5.0 (Windows NT 10.0; Win64; x64) AppleWebKit/537.36 (KHTML, like Gecko) Chrome/120.0.0.0 Safari/537.36"
172.213.232.128 - - [30/Jul/2026:15:17:42 +0000] "GET /admin.php HTTP/1.1" 200 5364 "-" "Mozilla/5.0 (Windows NT 10.0; Win64; x64) AppleWebKit/537.36 (KHTML, like Gecko) Chrome/120.0.0.0 Safari/537.36"
172.213.232.128 - - [30/Jul/2026:15:17:43 +0000] "GET /wp-content/plugins/admin.php HTTP/1.1" 404 12616 "-" "Mozilla/5.0 (Windows NT 10.0; Win64; x64) AppleWebKit/537.36 (KHTML, like Gecko) Chrome/120.0.0.0 Safari/537.36"
172.213.232.128 - - [30/Jul/2026:15:17:43 +0000] "GET /wp-content/db-cache.php HTTP/1.1" 404 12571 "-" "Mozilla/5.0 (Windows NT 10.0; Win64; x64) AppleWebKit/537.36 (KHTML, like Gecko) Chrome/120.0.0.0 Safari/537.36"
172.213.232.128 - - [30/Jul/2026:15:17:44 +0000] "GET /wp-content/themes/twentyeleven/functions.php HTTP/1.1" 404 12623 "-" "Mozilla/5.0 (Windows NT 10.0; Win64; x64) AppleWebKit/537.36 (KHTML, like Gecko) Chrome/120.0.0.0 Safari/537.36"
172.213.232.128 - - [30/Jul/2026:15:17:44 +0000] "GET /wp-content/themes/oceanwp/functions.php HTTP/1.1" 404 12617 "-" "Mozilla/5.0 (Windows NT 10.0; Win64; x64) AppleWebKit/537.36 (KHTML, like Gecko) Chrome/120.0.0.0 Safari/537.36"
172.213.232.128 - - [30/Jul/2026:15:17:45 +0000] "GET /wp-content/themes/twentythirteen/functions.php HTTP/1.1" 404 12624 "-" "Mozilla/5.0 (Windows NT 10.0; Win64; x64) AppleWebKit/537.36 (KHTML, like Gecko) Chrome/120.0.0.0 Safari/537.36"
172.213.232.128 - - [30/Jul/2026:15:17:46 +0000] "GET /wp-content/themes/kadence/functions.php HTTP/1.1" 404 12619 "-" "Mozilla/5.0 (Windows NT 10.0; Win64; x64) AppleWebKit/537.36 (KHTML, like Gecko) Chrome/120.0.0.0 Safari/537.36"
172.213.232.128 - - [30/Jul/2026:15:17:46 +0000] "GET /wp-content/themes/twentytwenty/functions.php HTTP/1.1" 500 20 "-" "Mozilla/5.0 (Windows NT 10.0; Win64; x64) AppleWebKit/537.36 (KHTML, like Gecko) Chrome/120.0.0.0 Safari/537.36"
74.7.241.26 - - [30/Jul/2026:15:17:46 +0000] "GET /admin.php?dir=CwusrCwshareCwghostscriptCwlib&edit=align.ps HTTP/1.1" 200 3595 "https://hondasaudi.com/admin.php?dir=CwusrCwshareCwghostscriptCwlib" "Mozilla/5.0 AppleWebKit/537.36 (KHTML, like Gecko; compatible; GPTBot/1.4; +https://openai.com/gptbot)"
172.213.232.128 - - [30/Jul/2026:15:17:46 +0000] "GET /content.php HTTP/1.1" 404 12569 "-" "Mozilla/5.0 (Windows NT 10.0; Win64; x64) AppleWebKit/537.36 (KHTML, like Gecko) Chrome/120.0.0.0 Safari/537.36"
172.213.232.128 - - [30/Jul/2026:15:17:47 +0000] "GET /wp-content/plugins/not/includes/about.php HTTP/1.1" 403 5168 "-" "Mozilla/5.0 (Windows NT 10.0; Win64; x64) AppleWebKit/537.36 (KHTML, like Gecko) Chrome/120.0.0.0 Safari/537.36"
172.213.232.128 - - [30/Jul/2026:15:17:47 +0000] "GET /wp-content/plugins/simple/simple.php HTTP/1.1" 403 5168 "-" "Mozilla/5.0 (Windows NT 10.0; Win64; x64) AppleWebKit/537.36 (KHTML, like Gecko) Chrome/120.0.0.0 Safari/537.36"
172.213.232.128 - - [30/Jul/2026:15:17:48 +0000] "GET /wp-content/plugins/wp-theme-editor/include.php HTTP/1.1" 404 12622 "-" "Mozilla/5.0 (Windows NT 10.0; Win64; x64) AppleWebKit/537.36 (KHTML, like Gecko) Chrome/120.0.0.0 Safari/537.36"
172.213.232.128 - - [30/Jul/2026:15:17:48 +0000] "GET /wp-content/themes/aahana/json.php HTTP/1.1" 404 12616 "-" "Mozilla/5.0 (Windows NT 10.0; Win64; x64) AppleWebKit/537.36 (KHTML, like Gecko) Chrome/120.0.0.0 Safari/537.36"
172.213.232.128 - - [30/Jul/2026:15:17:49 +0000] "GET /wp-content/plugins/awesome-coming-soon/come.php HTTP/1.1" 403 5168 "-" "Mozilla/5.0 (Windows NT 10.0; Win64; x64) AppleWebKit/537.36 (KHTML, like Gecko) Chrome/120.0.0.0 Safari/537.36"
172.213.232.128 - - [30/Jul/2026:15:17:49 +0000] "GET /wp-content/plugins/wp-conflg.php HTTP/1.1" 404 12616 "-" "Mozilla/5.0 (Windows NT 10.0; Win64; x64) AppleWebKit/537.36 (KHTML, like Gecko) Chrome/120.0.0.0 Safari/537.36"
172.213.232.128 - - [30/Jul/2026:15:17:49 +0000] "GET /wp-includes/Requests/about.php HTTP/1.1" 404 12618 "-" "Mozilla/5.0 (Windows NT 10.0; Win64; x64) AppleWebKit/537.36 (KHTML, like Gecko) Chrome/120.0.0.0 Safari/537.36"
172.213.232.128 - - [30/Jul/2026:15:17:50 +0000] "GET /wp-includes/style-engine/about.php HTTP/1.1" 404 12618 "-" "Mozilla/5.0 (Windows NT 10.0; Win64; x64) AppleWebKit/537.36 (KHTML, like Gecko) Chrome/120.0.0.0 Safari/537.36"
172.213.232.128 - - [30/Jul/2026:15:17:50 +0000] "GET /wp-includes/rest-api/about.php HTTP/1.1" 404 12617 "-" "Mozilla/5.0 (Windows NT 10.0; Win64; x64) AppleWebKit/537.36 (KHTML, like Gecko) Chrome/120.0.0.0 Safari/537.36"
172.213.232.128 - - [30/Jul/2026:15:17:51 +0000] "GET /wp-includes/SimplePie/about.php HTTP/1.1" 404 12618 "-" "Mozilla/5.0 (Windows NT 10.0; Win64; x64) AppleWebKit/537.36 (KHTML, like Gecko) Chrome/120.0.0.0 Safari/537.36"
172.213.232.128 - - [30/Jul/2026:15:17:51 +0000] "GET /wp-content/banners/about.php HTTP/1.1" 404 12617 "-" "Mozilla/5.0 (Windows NT 10.0; Win64; x64) AppleWebKit/537.36 (KHTML, like Gecko) Chrome/120.0.0.0 Safari/537.36"
172.213.232.128 - - [30/Jul/2026:15:17:52 +0000] "GET /wp-content/about.php HTTP/1.1" 404 12569 "-" "Mozilla/5.0 (Windows NT 10.0; Win64; x64) AppleWebKit/537.36 (KHTML, like Gecko) Chrome/120.0.0.0 Safari/537.36"
172.213.232.128 - - [30/Jul/2026:15:17:52 +0000] "GET /.well-known/about.php HTTP/1.1" 404 12581 "-" "Mozilla/5.0 (Windows NT 10.0; Win64; x64) AppleWebKit/537.36 (KHTML, like Gecko) Chrome/120.0.0.0 Safari/537.36"
172.213.232.128 - - [30/Jul/2026:15:17:53 +0000] "GET /wp-includes/Text/about.php HTTP/1.1" 404 12615 "-" "Mozilla/5.0 (Windows NT 10.0; Win64; x64) AppleWebKit/537.36 (KHTML, like Gecko) Chrome/120.0.0.0 Safari/537.36"
172.213.232.128 - - [30/Jul/2026:15:17:54 +0000] "GET /wp-includes/ID3/about.php HTTP/1.1" 404 12613 "-" "Mozilla/5.0 (Windows NT 10.0; Win64; x64) AppleWebKit/537.36 (KHTML, like Gecko) Chrome/120.0.0.0 Safari/537.36"
172.213.232.128 - - [30/Jul/2026:15:17:54 +0000] "GET /img/about.php HTTP/1.1" 404 12575 "-" "Mozilla/5.0 (Windows NT 10.0; Win64; x64) AppleWebKit/537.36 (KHTML, like Gecko) Chrome/120.0.0.0 Safari/537.36"
172.213.232.128 - - [30/Jul/2026:15:17:54 +0000] "GET /wp-content/languages/about.php HTTP/1.1" 404 12616 "-" "Mozilla/5.0 (Windows NT 10.0; Win64; x64) AppleWebKit/537.36 (KHTML, like Gecko) Chrome/120.0.0.0 Safari/537.36"
172.213.232.128 - - [30/Jul/2026:15:17:55 +0000] "GET /wp-includes/customize/about.php HTTP/1.1" 404 12616 "-" "Mozilla/5.0 (Windows NT 10.0; Win64; x64) AppleWebKit/537.36 (KHTML, like Gecko) Chrome/120.0.0.0 Safari/537.36"
172.213.232.128 - - [30/Jul/2026:15:17:56 +0000] "GET /wp-includes.bak/html-api/about.php HTTP/1.1" 404 12621 "-" "Mozilla/5.0 (Windows NT 10.0; Win64; x64) AppleWebKit/537.36 (KHTML, like Gecko) Chrome/120.0.0.0 Safari/537.36"
172.213.232.128 - - [30/Jul/2026:15:17:56 +0000] "GET /wp-includes/widgets/about.php HTTP/1.1" 404 12616 "-" "Mozilla/5.0 (Windows NT 10.0; Win64; x64) AppleWebKit/537.36 (KHTML, like Gecko) Chrome/120.0.0.0 Safari/537.36"
172.213.232.128 - - [30/Jul/2026:15:17:57 +0000] "GET /wp-includes/IXR/about.php HTTP/1.1" 404 12615 "-" "Mozilla/5.0 (Windows NT 10.0; Win64; x64) AppleWebKit/537.36 (KHTML, like Gecko) Chrome/120.0.0.0 Safari/537.36"
172.213.232.128 - - [30/Jul/2026:15:17:57 +0000] "GET /wp-admin/js/about.php HTTP/1.1" 404 12617 "-" "Mozilla/5.0 (Windows NT 10.0; Win64; x64) AppleWebKit/537.36 (KHTML, like Gecko) Chrome/120.0.0.0 Safari/537.36"
172.213.232.128 - - [30/Jul/2026:15:17:58 +0000] "GET /.well-known/pki-validation/about.php HTTP/1.1" 404 12631 "-" "Mozilla/5.0 (Windows NT 10.0; Win64; x64) AppleWebKit/537.36 (KHTML, like Gecko) Chrome/120.0.0.0 Safari/537.36"
172.213.232.128 - - [30/Jul/2026:15:17:58 +0000] "GET /wp-includes/pomo/about.php HTTP/1.1" 404 12615 "-" "Mozilla/5.0 (Windows NT 10.0; Win64; x64) AppleWebKit/537.36 (KHTML, like Gecko) Chrome/120.0.0.0 Safari/537.36"
172.213.232.128 - - [30/Jul/2026:15:17:59 +0000] "GET /wp-includes/block-patterns/about.php HTTP/1.1" 404 12619 "-" "Mozilla/5.0 (Windows NT 10.0; Win64; x64) AppleWebKit/537.36 (KHTML, like Gecko) Chrome/120.0.0.0 Safari/537.36"
172.213.232.128 - - [30/Jul/2026:15:17:59 +0000] "GET /wp-content/updraft/about.php HTTP/1.1" 404 12615 "-" "Mozilla/5.0 (Windows NT 10.0; Win64; x64) AppleWebKit/537.36 (KHTML, like Gecko) Chrome/120.0.0.0 Safari/537.36"
172.213.232.128 - - [30/Jul/2026:15:18:00 +0000] "GET /wp-content/upgrade-temp-backup/about.php HTTP/1.1" 404 12623 "-" "Mozilla/5.0 (Windows NT 10.0; Win64; x64) AppleWebKit/537.36 (KHTML, like Gecko) Chrome/120.0.0.0 Safari/537.36"
172.213.232.128 - - [30/Jul/2026:15:18:00 +0000] "GET /wp-content/themes/about.php HTTP/1.1" 404 12611 "-" "Mozilla/5.0 (Windows NT 10.0; Win64; x64) AppleWebKit/537.36 (KHTML, like Gecko) Chrome/120.0.0.0 Safari/537.36"
172.213.232.128 - - [30/Jul/2026:15:18:01 +0000] "GET /wp-admin/includes/about.php HTTP/1.1" 404 12617 "-" "Mozilla/5.0 (Windows NT 10.0; Win64; x64) AppleWebKit/537.36 (KHTML, like Gecko) Chrome/120.0.0.0 Safari/537.36"
172.213.232.128 - - [30/Jul/2026:15:18:01 +0000] "GET /images/about.php HTTP/1.1" 404 12574 "-" "Mozilla/5.0 (Windows NT 10.0; Win64; x64) AppleWebKit/537.36 (KHTML, like Gecko) Chrome/120.0.0.0 Safari/537.36"
172.213.232.128 - - [30/Jul/2026:15:18:02 +0000] "GET /wp-content/blogs.dir/about.php HTTP/1.1" 404 12618 "-" "Mozilla/5.0 (Windows NT 10.0; Win64; x64) AppleWebKit/537.36 (KHTML, like Gecko) Chrome/120.0.0.0 Safari/537.36"
172.213.232.128 - - [30/Jul/2026:15:18:03 +0000] "GET /wp-includes/images/about.php HTTP/1.1" 404 12614 "-" "Mozilla/5.0 (Windows NT 10.0; Win64; x64) AppleWebKit/537.36 (KHTML, like Gecko) Chrome/120.0.0.0 Safari/537.36"
172.213.232.128 - - [30/Jul/2026:15:18:03 +0000] "GET /wp-includes/about.php HTTP/1.1" 404 12570 "-" "Mozilla/5.0 (Windows NT 10.0; Win64; x64) AppleWebKit/537.36 (KHTML, like Gecko) Chrome/120.0.0.0 Safari/537.36"
172.213.232.128 - - [30/Jul/2026:15:18:04 +0000] "GET /cgi-bin/about.php HTTP/1.1" 404 12577 "-" "Mozilla/5.0 (Windows NT 10.0; Win64; x64) AppleWebKit/537.36 (KHTML, like Gecko) Chrome/120.0.0.0 Safari/537.36"
172.213.232.128 - - [30/Jul/2026:15:18:05 +0000] "GET /wp-content/gallery/about.php HTTP/1.1" 404 12617 "-" "Mozilla/5.0 (Windows NT 10.0; Win64; x64) AppleWebKit/537.36 (KHTML, like Gecko) Chrome/120.0.0.0 Safari/537.36"
172.213.232.128 - - [30/Jul/2026:15:18:05 +0000] "GET /wp-includes/blocks/about.php HTTP/1.1" 404 12614 "-" "Mozilla/5.0 (Windows NT 10.0; Win64; x64) AppleWebKit/537.36 (KHTML, like Gecko) Chrome/120.0.0.0 Safari/537.36"
172.213.232.128 - - [30/Jul/2026:15:18:06 +0000] "GET /wp-admin/css/about.php HTTP/1.1" 404 12616 "-" "Mozilla/5.0 (Windows NT 10.0; Win64; x64) AppleWebKit/537.36 (KHTML, like Gecko) Chrome/120.0.0.0 Safari/537.36"
172.213.232.128 - - [30/Jul/2026:15:18:06 +0000] "GET /wp-admin/images/about.php HTTP/1.1" 404 12618 "-" "Mozilla/5.0 (Windows NT 10.0; Win64; x64) AppleWebKit/537.36 (KHTML, like Gecko) Chrome/120.0.0.0 Safari/537.36"
172.213.232.128 - - [30/Jul/2026:15:18:07 +0000] "GET /.well-known/pki-validation/cloud.php HTTP/1.1" 404 12631 "-" "Mozilla/5.0 (Windows NT 10.0; Win64; x64) AppleWebKit/537.36 (KHTML, like Gecko) Chrome/120.0.0.0 Safari/537.36"
74.7.241.26 - - [30/Jul/2026:15:18:07 +0000] "GET /admin.php?dir=CwusrCwshareCwghostscriptCwlib&view=bjc6000a1.upp HTTP/1.1" 200 672 "https://hondasaudi.com/admin.php?dir=CwusrCwshareCwghostscriptCwlib" "Mozilla/5.0 AppleWebKit/537.36 (KHTML, like Gecko; compatible; GPTBot/1.4; +https://openai.com/gptbot)"
172.213.232.128 - - [30/Jul/2026:15:18:07 +0000] "GET /.well-known/acme-challenge/cloud.php HTTP/1.1" 404 12631 "-" "Mozilla/5.0 (Windows NT 10.0; Win64; x64) AppleWebKit/537.36 (KHTML, like Gecko) Chrome/120.0.0.0 Safari/537.36"
172.213.232.128 - - [30/Jul/2026:15:18:08 +0000] "GET /wp-admin/network/cloud.php HTTP/1.1" 404 12621 "-" "Mozilla/5.0 (Windows NT 10.0; Win64; x64) AppleWebKit/537.36 (KHTML, like Gecko) Chrome/120.0.0.0 Safari/537.36"
172.213.232.128 - - [30/Jul/2026:15:18:08 +0000] "GET /cloud.php HTTP/1.1" 404 12571 "-" "Mozilla/5.0 (Windows NT 10.0; Win64; x64) AppleWebKit/537.36 (KHTML, like Gecko) Chrome/120.0.0.0 Safari/537.36"
172.213.232.128 - - [30/Jul/2026:15:18:09 +0000] "GET /cgi-bin/cloud.php HTTP/1.1" 404 12578 "-" "Mozilla/5.0 (Windows NT 10.0; Win64; x64) AppleWebKit/537.36 (KHTML, like Gecko) Chrome/120.0.0.0 Safari/537.36"
172.213.232.128 - - [30/Jul/2026:15:18:10 +0000] "GET /wp-content/updates.php HTTP/1.1" 404 12569 "-" "Mozilla/5.0 (Windows NT 10.0; Win64; x64) AppleWebKit/537.36 (KHTML, like Gecko) Chrome/120.0.0.0 Safari/537.36"
78.46.215.1 - - [30/Jul/2026:15:18:10 +0000] "HEAD / HTTP/1.1" 200 - "https://hondasaudi.com" "Mozilla/5.0+(compatible; UptimeRobot/2.0; http://www.uptimerobot.com/)"
172.213.232.128 - - [30/Jul/2026:15:18:10 +0000] "GET /css/cloud.php HTTP/1.1" 404 12572 "-" "Mozilla/5.0 (Windows NT 10.0; Win64; x64) AppleWebKit/537.36 (KHTML, like Gecko) Chrome/120.0.0.0 Safari/537.36"
172.213.232.128 - - [30/Jul/2026:15:18:11 +0000] "GET /wp-admin/user/cloud.php HTTP/1.1" 404 12617 "-" "Mozilla/5.0 (Windows NT 10.0; Win64; x64) AppleWebKit/537.36 (KHTML, like Gecko) Chrome/120.0.0.0 Safari/537.36"
172.213.232.128 - - [30/Jul/2026:15:18:11 +0000] "GET /img/cloud.php HTTP/1.1" 404 12574 "-" "Mozilla/5.0 (Windows NT 10.0; Win64; x64) AppleWebKit/537.36 (KHTML, like Gecko) Chrome/120.0.0.0 Safari/537.36"
172.213.232.128 - - [30/Jul/2026:15:18:12 +0000] "GET /wp-admin/css/colors/coffee/cloud.php HTTP/1.1" 404 12624 "-" "Mozilla/5.0 (Windows NT 10.0; Win64; x64) AppleWebKit/537.36 (KHTML, like Gecko) Chrome/120.0.0.0 Safari/537.36"
172.213.232.128 - - [30/Jul/2026:15:18:13 +0000] "GET /wp-admin/images/cloud.php HTTP/1.1" 404 12618 "-" "Mozilla/5.0 (Windows NT 10.0; Win64; x64) AppleWebKit/537.36 (KHTML, like Gecko) Chrome/120.0.0.0 Safari/537.36"
172.213.232.128 - - [30/Jul/2026:15:18:13 +0000] "GET /avaa.php HTTP/1.1" 404 12570 "-" "Mozilla/5.0 (Windows NT 10.0; Win64; x64) AppleWebKit/537.36 (KHTML, like Gecko) Chrome/120.0.0.0 Safari/537.36"
172.213.232.128 - - [30/Jul/2026:15:18:14 +0000] "GET /images/cloud.php HTTP/1.1" 404 12574 "-" "Mozilla/5.0 (Windows NT 10.0; Win64; x64) AppleWebKit/537.36 (KHTML, like Gecko) Chrome/120.0.0.0 Safari/537.36"
172.213.232.128 - - [30/Jul/2026:15:18:14 +0000] "GET /wp-admin/js/widgets/cloud.php HTTP/1.1" 404 12624 "-" "Mozilla/5.0 (Windows NT 10.0; Win64; x64) AppleWebKit/537.36 (KHTML, like Gecko) Chrome/120.0.0.0 Safari/537.36"
172.213.232.128 - - [30/Jul/2026:15:18:15 +0000] "GET /wp-includes/Requests/Text/admin.php HTTP/1.1" 404 12621 "-" "Mozilla/5.0 (Windows NT 10.0; Win64; x64) AppleWebKit/537.36 (KHTML, like Gecko) Chrome/120.0.0.0 Safari/537.36"
172.213.232.128 - - [30/Jul/2026:15:18:15 +0000] "GET /wp-admin/css/colors/cloud.php HTTP/1.1" 404 12619 "-" "Mozilla/5.0 (Windows NT 10.0; Win64; x64) AppleWebKit/537.36 (KHTML, like Gecko) Chrome/120.0.0.0 Safari/537.36"
172.105.42.26 - - [30/Jul/2026:15:18:16 +0000] "POST /wp-cron.php?doing_wp_cron=1785424696.5044779777526855468750 HTTP/1.1" 200 20 "-" "WordPress/7.0.2; https://hondasaudi.com"
172.213.232.128 - - [30/Jul/2026:15:18:16 +0000] "GET /wp-admin/includes/cloud.php HTTP/1.1" 404 12617 "-" "Mozilla/5.0 (Windows NT 10.0; Win64; x64) AppleWebKit/537.36 (KHTML, like Gecko) Chrome/120.0.0.0 Safari/537.36"
172.213.232.128 - - [30/Jul/2026:15:18:16 +0000] "GET /wp-admin/css/colors/blue/cloud.php HTTP/1.1" 404 12624 "-" "Mozilla/5.0 (Windows NT 10.0; Win64; x64) AppleWebKit/537.36 (KHTML, like Gecko) Chrome/120.0.0.0 Safari/537.36"
172.213.232.128 - - [30/Jul/2026:15:18:17 +0000] "GET /wp-admin/cloud.php HTTP/1.1" 404 12574 "-" "Mozilla/5.0 (Windows NT 10.0; Win64; x64) AppleWebKit/537.36 (KHTML, like Gecko) Chrome/120.0.0.0 Safari/537.36"
172.105.42.26 - - [30/Jul/2026:15:18:18 +0000] "POST /wp-cron.php?doing_wp_cron=1785424698.1480479240417480468750 HTTP/1.1" 200 20 "-" "WordPress/7.0.2; https://hondasaudi.com"
172.213.232.128 - - [30/Jul/2026:15:18:17 +0000] "GET /updates.php HTTP/1.1" 404 12572 "-" "Mozilla/5.0 (Windows NT 10.0; Win64; x64) AppleWebKit/537.36 (KHTML, like Gecko) Chrome/120.0.0.0 Safari/537.36"
172.213.232.128 - - [30/Jul/2026:15:18:18 +0000] "GET /libraries/legacy/updates.php HTTP/1.1" 404 12623 "-" "Mozilla/5.0 (Windows NT 10.0; Win64; x64) AppleWebKit/537.36 (KHTML, like Gecko) Chrome/120.0.0.0 Safari/537.36"
172.213.232.128 - - [30/Jul/2026:15:18:18 +0000] "GET /libraries/phpmailer/updates.php HTTP/1.1" 404 12626 "-" "Mozilla/5.0 (Windows NT 10.0; Win64; x64) AppleWebKit/537.36 (KHTML, like Gecko) Chrome/120.0.0.0 Safari/537.36"
172.213.232.128 - - [30/Jul/2026:15:18:19 +0000] "GET /libraries/vendor/updates.php HTTP/1.1" 404 12624 "-" "Mozilla/5.0 (Windows NT 10.0; Win64; x64) AppleWebKit/537.36 (KHTML, like Gecko) Chrome/120.0.0.0 Safari/537.36"
172.213.232.128 - - [30/Jul/2026:15:18:19 +0000] "GET /alfa-rex.php7 HTTP/1.1" 403 5168 "-" "Mozilla/5.0 (Windows NT 10.0; Win64; x64) AppleWebKit/537.36 (KHTML, like Gecko) Chrome/120.0.0.0 Safari/537.36"
172.213.232.128 - - [30/Jul/2026:15:18:20 +0000] "GET /alfanew.php HTTP/1.1" 403 5168 "-" "Mozilla/5.0 (Windows NT 10.0; Win64; x64) AppleWebKit/537.36 (KHTML, like Gecko) Chrome/120.0.0.0 Safari/537.36"
172.213.232.128 - - [30/Jul/2026:15:18:20 +0000] "GET /wp-content/plugins/Cache/Cache.php HTTP/1.1" 403 5168 "-" "Mozilla/5.0 (Windows NT 10.0; Win64; x64) AppleWebKit/537.36 (KHTML, like Gecko) Chrome/120.0.0.0 Safari/537.36"
172.213.232.128 - - [30/Jul/2026:15:18:20 +0000] "GET /wp-admin/js/widgets/about.php7 HTTP/1.1" 404 12624 "-" "Mozilla/5.0 (Windows NT 10.0; Win64; x64) AppleWebKit/537.36 (KHTML, like Gecko) Chrome/120.0.0.0 Safari/537.36"
172.213.232.128 - - [30/Jul/2026:15:18:21 +0000] "GET /wp-p.php7 HTTP/1.1" 404 12568 "-" "Mozilla/5.0 (Windows NT 10.0; Win64; x64) AppleWebKit/537.36 (KHTML, like Gecko) Chrome/120.0.0.0 Safari/537.36"
172.213.232.128 - - [30/Jul/2026:15:18:21 +0000] "GET /wp-admin/repeater.php HTTP/1.1" 404 12576 "-" "Mozilla/5.0 (Windows NT 10.0; Win64; x64) AppleWebKit/537.36 (KHTML, like Gecko) Chrome/120.0.0.0 Safari/537.36"
172.213.232.128 - - [30/Jul/2026:15:18:22 +0000] "GET /wp-includes/repeater.php HTTP/1.1" 404 12572 "-" "Mozilla/5.0 (Windows NT 10.0; Win64; x64) AppleWebKit/537.36 (KHTML, like Gecko) Chrome/120.0.0.0 Safari/537.36"
172.213.232.128 - - [30/Jul/2026:15:18:22 +0000] "GET /wp-content/repeater.php HTTP/1.1" 404 12571 "-" "Mozilla/5.0 (Windows NT 10.0; Win64; x64) AppleWebKit/537.36 (KHTML, like Gecko) Chrome/120.0.0.0 Safari/537.36"
74.7.241.26 - - [30/Jul/2026:15:18:27 +0000] "GET /admin.php?dir=CwusrCwshareCwghostscriptCwlib&view=bjc6000b1.upp HTTP/1.1" 200 676 "https://hondasaudi.com/admin.php?dir=CwusrCwshareCwghostscriptCwlib" "Mozilla/5.0 AppleWebKit/537.36 (KHTML, like Gecko; compatible; GPTBot/1.4; +https://openai.com/gptbot)"
74.7.241.26 - - [30/Jul/2026:15:18:49 +0000] "GET /admin.php?dir=CwusrCwshareCwghostscriptCwlib&edit=caption.ps HTTP/1.1" 200 3348 "https://hondasaudi.com/admin.php?dir=CwusrCwshareCwghostscriptCwlib" "Mozilla/5.0 AppleWebKit/537.36 (KHTML, like Gecko; compatible; GPTBot/1.4; +https://openai.com/gptbot)"
74.7.241.26 - - [30/Jul/2026:15:19:10 +0000] "GET /admin.php?dir=CwusrCwshareCwghostscriptCwlib&view=cdj690.upp HTTP/1.1" 200 742 "https://hondasaudi.com/admin.php?dir=CwusrCwshareCwghostscriptCwlib" "Mozilla/5.0 AppleWebKit/537.36 (KHTML, like Gecko; compatible; GPTBot/1.4; +https://openai.com/gptbot)"
74.7.241.26 - - [30/Jul/2026:15:19:31 +0000] "GET /admin.php?dir=CwusrCwshareCwghostscriptCwlib&view=Stc740pl.upp HTTP/1.1" 200 592 "https://hondasaudi.com/admin.php?dir=CwusrCwshareCwghostscriptCwlib" "Mozilla/5.0 AppleWebKit/537.36 (KHTML, like Gecko; compatible; GPTBot/1.4; +https://openai.com/gptbot)"
172.105.42.26 - - [30/Jul/2026:15:19:46 +0000] "POST /wp-cron.php?doing_wp_cron=1785424785.6526269912719726562500 HTTP/1.1" 200 20 "-" "WordPress/7.0.2; https://hondasaudi.com"
66.249.66.64 - - [30/Jul/2026:15:19:45 +0000] "GET /?utm_source=HK&utm_medium=HK&utm_campaign=HondaHK&utm_id=HondaHK HTTP/1.1" 200 15721 "-" "Mozilla/5.0 (Linux; Android 6.0.1; Nexus 5X Build/MMB29P) AppleWebKit/537.36 (KHTML, like Gecko) Chrome/150.0.7871.186 Mobile Safari/537.36 (compatible; Googlebot/2.1; +http://www.google.com/bot.html)"
74.7.241.26 - - [30/Jul/2026:15:19:51 +0000] "GET /admin.php?dir=CwusrCwshareCwghostscriptCwlib&view=PM760pl.upp HTTP/1.1" 200 599 "https://hondasaudi.com/admin.php?dir=CwusrCwshareCwghostscriptCwlib" "Mozilla/5.0 AppleWebKit/537.36 (KHTML, like Gecko; compatible; GPTBot/1.4; +https://openai.com/gptbot)"
