74.7.243.56 - - [30/Jul/2026:22:53:04 +0000] "GET /motor-cycles/ HTTP/1.1" 200 18321 "-" "Mozilla/5.0 (Macintosh; Intel Mac OS X 10_15_7) AppleWebKit/537.36 (KHTML, like Gecko) Chrome/131.0.0.0 Safari/537.36; compatible; OAI-SearchBot/1.4; +https://openai.com/searchbot"
172.105.42.26 - - [30/Jul/2026:22:53:20 +0000] "POST /wp-cron.php?doing_wp_cron=1785452000.6201689243316650390625 HTTP/1.1" 200 20 "-" "WordPress/7.0.2; https://hondasaudi.com"
74.7.241.51 - - [30/Jul/2026:22:53:20 +0000] "GET /pathlib.html HTTP/1.1" 404 12573 "https://hondasaudi.com/admin.php?dir=CwusrCwshareCwdocCwpython3-docsCwhtmlCwlibrary&view=index.html" "Mozilla/5.0 AppleWebKit/537.36 (KHTML, like Gecko; compatible; GPTBot/1.4; +https://openai.com/gptbot)"
2a02:ce0:3002:54d6:987:ae7e:e8dc:8af8 - - [30/Jul/2026:22:53:35 +0000] "GET /apple-touch-icon.png HTTP/1.1" 404 12574 "-" "NetworkingExtension/8624.2.5.10.8 Network/5812.122.1 iOS/26.5.2"
2a02:ce0:3002:54d6:987:ae7e:e8dc:8af8 - - [30/Jul/2026:22:53:35 +0000] "GET /apple-touch-icon-precomposed.png HTTP/1.1" 404 12582 "-" "NetworkingExtension/8624.2.5.10.8 Network/5812.122.1 iOS/26.5.2"
172.105.42.26 - - [30/Jul/2026:22:53:35 +0000] "POST /wp-cron.php?doing_wp_cron=1785452015.2028830051422119140625 HTTP/1.1" 200 20 "-" "WordPress/7.0.2; https://hondasaudi.com"
2a02:ce0:3002:54d6:987:ae7e:e8dc:8af8 - - [30/Jul/2026:22:53:35 +0000] "GET / HTTP/1.1" 200 15687 "-" "Mozilla/5.0 (Macintosh; Intel Mac OS X 10_11_1) AppleWebKit/601.2.4 (KHTML, like Gecko) Version/9.0.1 Safari/601.2.4 facebookexternalhit/1.1 Facebot Twitterbot/1.0"
2a02:ce0:3002:54d6:987:ae7e:e8dc:8af8 - - [30/Jul/2026:22:53:35 +0000] "GET /favicon.ico HTTP/1.1" 302 20 "-" "NetworkingExtension/8624.2.5.10.8 Network/5812.122.1 iOS/26.5.2"
74.7.241.51 - - [30/Jul/2026:22:53:40 +0000] "GET /builtins.html HTTP/1.1" 404 12573 "https://hondasaudi.com/admin.php?dir=CwusrCwshareCwdocCwpython3-docsCwhtmlCwlibrary&view=index.html" "Mozilla/5.0 AppleWebKit/537.36 (KHTML, like Gecko; compatible; GPTBot/1.4; +https://openai.com/gptbot)"
74.7.241.51 - - [30/Jul/2026:22:54:01 +0000] "GET /reprlib.html HTTP/1.1" 404 12573 "https://hondasaudi.com/admin.php?dir=CwusrCwshareCwdocCwpython3-docsCwhtmlCwlibrary&view=index.html" "Mozilla/5.0 AppleWebKit/537.36 (KHTML, like Gecko; compatible; GPTBot/1.4; +https://openai.com/gptbot)"
172.105.42.26 - - [30/Jul/2026:22:54:23 +0000] "POST /wp-cron.php?doing_wp_cron=1785452063.1078009605407714843750 HTTP/1.1" 200 20 "-" "WordPress/7.0.2; https://hondasaudi.com"
74.7.241.51 - - [30/Jul/2026:22:54:22 +0000] "GET /xmlrpc.html HTTP/1.1" 404 12571 "https://hondasaudi.com/admin.php?dir=CwusrCwshareCwdocCwpython3-docsCwhtmlCwlibrary&view=index.html" "Mozilla/5.0 AppleWebKit/537.36 (KHTML, like Gecko; compatible; GPTBot/1.4; +https://openai.com/gptbot)"
172.105.42.26 - - [30/Jul/2026:22:54:35 +0000] "POST /wp-cron.php?doing_wp_cron=1785452075.1067230701446533203125 HTTP/1.1" 200 20 "-" "WordPress/7.0.2; https://hondasaudi.com"
130.12.182.254 - - [30/Jul/2026:22:54:34 +0000] "GET / HTTP/1.1" 200 15687 "-" "Mozilla/5.0 (Macintosh; Intel Mac OS X 10_15_7) AppleWebKit/537.36 (KHTML, like Gecko) Chrome/124.0.0.0 Safari/537.36"
74.7.241.51 - - [30/Jul/2026:22:54:43 +0000] "GET /html.html HTTP/1.1" 404 12569 "https://hondasaudi.com/admin.php?dir=CwusrCwshareCwdocCwpython3-docsCwhtmlCwlibrary&view=index.html" "Mozilla/5.0 AppleWebKit/537.36 (KHTML, like Gecko; compatible; GPTBot/1.4; +https://openai.com/gptbot)"
20.250.6.140 - - [30/Jul/2026:22:54:52 +0000] "GET / HTTP/1.1" 200 15686 "-" "Mozilla/5.0 AppleWebKit/537.36 (KHTML, like Gecko); compatible; ChatGPT-User/1.0; +https://openai.com/bot"
74.7.241.51 - - [30/Jul/2026:22:55:04 +0000] "GET /typing.html HTTP/1.1" 404 12571 "https://hondasaudi.com/admin.php?dir=CwusrCwshareCwdocCwpython3-docsCwhtmlCwlibrary&view=index.html" "Mozilla/5.0 AppleWebKit/537.36 (KHTML, like Gecko; compatible; GPTBot/1.4; +https://openai.com/gptbot)"
172.105.42.26 - - [30/Jul/2026:22:55:25 +0000] "POST /wp-cron.php?doing_wp_cron=1785452125.5190539360046386718750 HTTP/1.1" 200 20 "-" "WordPress/7.0.2; https://hondasaudi.com"
74.7.241.51 - - [30/Jul/2026:22:55:25 +0000] "GET /urllib.robotparser.html HTTP/1.1" 404 12578 "https://hondasaudi.com/admin.php?dir=CwusrCwshareCwdocCwpython3-docsCwhtmlCwlibrary&view=index.html" "Mozilla/5.0 AppleWebKit/537.36 (KHTML, like Gecko; compatible; GPTBot/1.4; +https://openai.com/gptbot)"
172.105.42.26 - - [30/Jul/2026:22:55:31 +0000] "POST /wp-cron.php?doing_wp_cron=1785452131.7952051162719726562500 HTTP/1.1" 200 20 "-" "WordPress/7.0.2; https://hondasaudi.com"
20.226.5.174 - - [30/Jul/2026:22:55:31 +0000] "GET /leaf_mailer.php HTTP/1.1" 301 20 "-" "Mozilla/5.0 (Windows NT 10.0; Win64; x64) AppleWebKit/537.36 (KHTML, like Gecko) Chrome/120.0.0.0 Safari/537.36"
20.226.5.174 - - [30/Jul/2026:22:55:32 +0000] "GET /leaf_php.php HTTP/1.1" 301 20 "-" "Mozilla/5.0 (Windows NT 10.0; Win64; x64) AppleWebKit/537.36 (KHTML, like Gecko) Chrome/120.0.0.0 Safari/537.36"
20.226.5.174 - - [30/Jul/2026:22:55:32 +0000] "GET /leafmailer.php HTTP/1.1" 403 5168 "-" "Mozilla/5.0 (Windows NT 10.0; Win64; x64) AppleWebKit/537.36 (KHTML, like Gecko) Chrome/120.0.0.0 Safari/537.36"
20.226.5.174 - - [30/Jul/2026:22:55:32 +0000] "GET /leafmailer.php.php HTTP/1.1" 403 5168 "-" "Mozilla/5.0 (Windows NT 10.0; Win64; x64) AppleWebKit/537.36 (KHTML, like Gecko) Chrome/120.0.0.0 Safari/537.36"
20.226.5.174 - - [30/Jul/2026:22:55:33 +0000] "GET /leafmailer2.8.php HTTP/1.1" 403 5168 "-" "Mozilla/5.0 (Windows NT 10.0; Win64; x64) AppleWebKit/537.36 (KHTML, like Gecko) Chrome/120.0.0.0 Safari/537.36"
20.226.5.174 - - [30/Jul/2026:22:55:33 +0000] "GET /led.php HTTP/1.1" 301 20 "-" "Mozilla/5.0 (Windows NT 10.0; Win64; x64) AppleWebKit/537.36 (KHTML, like Gecko) Chrome/120.0.0.0 Safari/537.36"
20.226.5.174 - - [30/Jul/2026:22:55:33 +0000] "GET /legal.php HTTP/1.1" 301 20 "-" "Mozilla/5.0 (Windows NT 10.0; Win64; x64) AppleWebKit/537.36 (KHTML, like Gecko) Chrome/120.0.0.0 Safari/537.36"
20.226.5.174 - - [30/Jul/2026:22:55:34 +0000] "GET /legion.php HTTP/1.1" 301 20 "-" "Mozilla/5.0 (Windows NT 10.0; Win64; x64) AppleWebKit/537.36 (KHTML, like Gecko) Chrome/120.0.0.0 Safari/537.36"
20.226.5.174 - - [30/Jul/2026:22:55:35 +0000] "GET /let.php HTTP/1.1" 301 20 "-" "Mozilla/5.0 (Windows NT 10.0; Win64; x64) AppleWebKit/537.36 (KHTML, like Gecko) Chrome/120.0.0.0 Safari/537.36"
20.226.5.174 - - [30/Jul/2026:22:55:35 +0000] "GET /lf.php HTTP/1.1" 301 20 "-" "Mozilla/5.0 (Windows NT 10.0; Win64; x64) AppleWebKit/537.36 (KHTML, like Gecko) Chrome/120.0.0.0 Safari/537.36"
20.226.5.174 - - [30/Jul/2026:22:55:35 +0000] "GET /library.php HTTP/1.1" 301 20 "-" "Mozilla/5.0 (Windows NT 10.0; Win64; x64) AppleWebKit/537.36 (KHTML, like Gecko) Chrome/120.0.0.0 Safari/537.36"
20.226.5.174 - - [30/Jul/2026:22:55:36 +0000] "GET /library/about.php HTTP/1.1" 301 20 "-" "Mozilla/5.0 (Windows NT 10.0; Win64; x64) AppleWebKit/537.36 (KHTML, like Gecko) Chrome/120.0.0.0 Safari/537.36"
20.226.5.174 - - [30/Jul/2026:22:55:36 +0000] "GET /library/index.php HTTP/1.1" 301 20 "-" "Mozilla/5.0 (Windows NT 10.0; Win64; x64) AppleWebKit/537.36 (KHTML, like Gecko) Chrome/120.0.0.0 Safari/537.36"
20.226.5.174 - - [30/Jul/2026:22:55:37 +0000] "GET /libs.php HTTP/1.1" 301 20 "-" "Mozilla/5.0 (Windows NT 10.0; Win64; x64) AppleWebKit/537.36 (KHTML, like Gecko) Chrome/120.0.0.0 Safari/537.36"
20.226.5.174 - - [30/Jul/2026:22:55:37 +0000] "GET /license.php HTTP/1.1" 301 20 "-" "Mozilla/5.0 (Windows NT 10.0; Win64; x64) AppleWebKit/537.36 (KHTML, like Gecko) Chrome/120.0.0.0 Safari/537.36"
20.226.5.174 - - [30/Jul/2026:22:55:37 +0000] "GET /license.txt/xmlrpc.php HTTP/1.1" 301 20 "-" "Mozilla/5.0 (Windows NT 10.0; Win64; x64) AppleWebKit/537.36 (KHTML, like Gecko) Chrome/120.0.0.0 Safari/537.36"
20.226.5.174 - - [30/Jul/2026:22:55:38 +0000] "GET /licenses.php HTTP/1.1" 301 20 "-" "Mozilla/5.0 (Windows NT 10.0; Win64; x64) AppleWebKit/537.36 (KHTML, like Gecko) Chrome/120.0.0.0 Safari/537.36"
20.226.5.174 - - [30/Jul/2026:22:55:38 +0000] "GET /lightspped.php HTTP/1.1" 301 20 "-" "Mozilla/5.0 (Windows NT 10.0; Win64; x64) AppleWebKit/537.36 (KHTML, like Gecko) Chrome/120.0.0.0 Safari/537.36"
20.226.5.174 - - [30/Jul/2026:22:55:39 +0000] "GET /link.php HTTP/1.1" 301 20 "-" "Mozilla/5.0 (Windows NT 10.0; Win64; x64) AppleWebKit/537.36 (KHTML, like Gecko) Chrome/120.0.0.0 Safari/537.36"
20.226.5.174 - - [30/Jul/2026:22:55:39 +0000] "GET /linkpreview/404.php HTTP/1.1" 301 20 "-" "Mozilla/5.0 (Windows NT 10.0; Win64; x64) AppleWebKit/537.36 (KHTML, like Gecko) Chrome/120.0.0.0 Safari/537.36"
20.226.5.174 - - [30/Jul/2026:22:55:39 +0000] "GET /linkpreview/admin.php HTTP/1.1" 301 20 "-" "Mozilla/5.0 (Windows NT 10.0; Win64; x64) AppleWebKit/537.36 (KHTML, like Gecko) Chrome/120.0.0.0 Safari/537.36"
20.226.5.174 - - [30/Jul/2026:22:55:40 +0000] "GET /linkpreview/alfa.php HTTP/1.1" 403 5168 "-" "Mozilla/5.0 (Windows NT 10.0; Win64; x64) AppleWebKit/537.36 (KHTML, like Gecko) Chrome/120.0.0.0 Safari/537.36"
20.226.5.174 - - [30/Jul/2026:22:55:40 +0000] "GET /linkpreview/bypass.php HTTP/1.1" 403 5168 "-" "Mozilla/5.0 (Windows NT 10.0; Win64; x64) AppleWebKit/537.36 (KHTML, like Gecko) Chrome/120.0.0.0 Safari/537.36"
20.226.5.174 - - [30/Jul/2026:22:55:40 +0000] "GET /linkpreview/class.php HTTP/1.1" 301 20 "-" "Mozilla/5.0 (Windows NT 10.0; Win64; x64) AppleWebKit/537.36 (KHTML, like Gecko) Chrome/120.0.0.0 Safari/537.36"
20.226.5.174 - - [30/Jul/2026:22:55:41 +0000] "GET /linkpreview/db.php HTTP/1.1" 301 20 "-" "Mozilla/5.0 (Windows NT 10.0; Win64; x64) AppleWebKit/537.36 (KHTML, like Gecko) Chrome/120.0.0.0 Safari/537.36"
20.226.5.174 - - [30/Jul/2026:22:55:41 +0000] "GET /linkpreview/index.php HTTP/1.1" 301 20 "-" "Mozilla/5.0 (Windows NT 10.0; Win64; x64) AppleWebKit/537.36 (KHTML, like Gecko) Chrome/120.0.0.0 Safari/537.36"
20.226.5.174 - - [30/Jul/2026:22:55:42 +0000] "GET /linkpreview/k.php HTTP/1.1" 301 20 "-" "Mozilla/5.0 (Windows NT 10.0; Win64; x64) AppleWebKit/537.36 (KHTML, like Gecko) Chrome/120.0.0.0 Safari/537.36"
20.226.5.174 - - [30/Jul/2026:22:55:42 +0000] "GET /linkpreview/wp.php HTTP/1.1" 301 20 "-" "Mozilla/5.0 (Windows NT 10.0; Win64; x64) AppleWebKit/537.36 (KHTML, like Gecko) Chrome/120.0.0.0 Safari/537.36"
20.226.5.174 - - [30/Jul/2026:22:55:42 +0000] "GET /linkpreviewadmin.php HTTP/1.1" 301 20 "-" "Mozilla/5.0 (Windows NT 10.0; Win64; x64) AppleWebKit/537.36 (KHTML, like Gecko) Chrome/120.0.0.0 Safari/537.36"
20.226.5.174 - - [30/Jul/2026:22:55:43 +0000] "GET /linkpreviewalfa.php HTTP/1.1" 301 20 "-" "Mozilla/5.0 (Windows NT 10.0; Win64; x64) AppleWebKit/537.36 (KHTML, like Gecko) Chrome/120.0.0.0 Safari/537.36"
20.226.5.174 - - [30/Jul/2026:22:55:43 +0000] "GET /linkpreviewbypass.php HTTP/1.1" 301 20 "-" "Mozilla/5.0 (Windows NT 10.0; Win64; x64) AppleWebKit/537.36 (KHTML, like Gecko) Chrome/120.0.0.0 Safari/537.36"
20.226.5.174 - - [30/Jul/2026:22:55:44 +0000] "GET /linkpreviewk.php HTTP/1.1" 301 20 "-" "Mozilla/5.0 (Windows NT 10.0; Win64; x64) AppleWebKit/537.36 (KHTML, like Gecko) Chrome/120.0.0.0 Safari/537.36"
74.7.241.51 - - [30/Jul/2026:22:55:46 +0000] "GET /zipapp.html HTTP/1.1" 404 12572 "https://hondasaudi.com/admin.php?dir=CwusrCwshareCwdocCwpython3-docsCwhtmlCwlibrary&view=index.html" "Mozilla/5.0 AppleWebKit/537.36 (KHTML, like Gecko; compatible; GPTBot/1.4; +https://openai.com/gptbot)"
52.28.162.93 - - [30/Jul/2026:22:55:48 +0000] "HEAD / HTTP/1.1" 200 - "https://hondasaudi.com" "Mozilla/5.0+(compatible; UptimeRobot/2.0; http://www.uptimerobot.com/)"
74.7.241.51 - - [30/Jul/2026:22:56:07 +0000] "GET /concurrent.html HTTP/1.1" 404 12574 "https://hondasaudi.com/admin.php?dir=CwusrCwshareCwdocCwpython3-docsCwhtmlCwlibrary&view=index.html" "Mozilla/5.0 AppleWebKit/537.36 (KHTML, like Gecko; compatible; GPTBot/1.4; +https://openai.com/gptbot)"
172.105.42.26 - - [30/Jul/2026:22:56:25 +0000] "POST /wp-cron.php?doing_wp_cron=1785452185.5313510894775390625000 HTTP/1.1" 200 20 "-" "WordPress/7.0.2; https://hondasaudi.com"
172.105.42.26 - - [30/Jul/2026:22:56:29 +0000] "POST /wp-cron.php?doing_wp_cron=1785452189.2434790134429931640625 HTTP/1.1" 200 20 "-" "WordPress/7.0.2; https://hondasaudi.com"
74.7.241.51 - - [30/Jul/2026:22:56:29 +0000] "GET /html.entities.html HTTP/1.1" 404 12575 "https://hondasaudi.com/admin.php?dir=CwusrCwshareCwdocCwpython3-docsCwhtmlCwlibrary&view=index.html" "Mozilla/5.0 AppleWebKit/537.36 (KHTML, like Gecko; compatible; GPTBot/1.4; +https://openai.com/gptbot)"
2001:16a2:c1c3:3a8a:b133:e4fa:e932:eedb - - [30/Jul/2026:22:56:35 +0000] "GET /favicon.ico HTTP/1.1" 302 20 "-" "NetworkingExtension/8624.2.5.10.4 Network/5812.122.1 iOS/26.5"
2001:16a2:c1c3:3a8a:b133:e4fa:e932:eedb - - [30/Jul/2026:22:56:35 +0000] "GET /outlet/?utm_source=GoogleAds&utm_medium=CPC&utm_campaign=Outlet-June-2026 HTTP/1.1" 200 16202 "-" "Mozilla/5.0 (Macintosh; Intel Mac OS X 10_11_1) AppleWebKit/601.2.4 (KHTML, like Gecko) Version/9.0.1 Safari/601.2.4 facebookexternalhit/1.1 Facebot Twitterbot/1.0"
2001:16a2:c1c3:3a8a:b133:e4fa:e932:eedb - - [30/Jul/2026:22:56:35 +0000] "GET /apple-touch-icon-precomposed.png HTTP/1.1" 404 12584 "-" "NetworkingExtension/8624.2.5.10.4 Network/5812.122.1 iOS/26.5"
2001:16a2:c1c3:3a8a:b133:e4fa:e932:eedb - - [30/Jul/2026:22:56:35 +0000] "GET /apple-touch-icon.png HTTP/1.1" 404 12576 "-" "NetworkingExtension/8624.2.5.10.4 Network/5812.122.1 iOS/26.5"
74.7.241.51 - - [30/Jul/2026:22:56:50 +0000] "GET /lzma.html HTTP/1.1" 404 12570 "https://hondasaudi.com/admin.php?dir=CwusrCwshareCwdocCwpython3-docsCwhtmlCwlibrary&view=index.html" "Mozilla/5.0 AppleWebKit/537.36 (KHTML, like Gecko; compatible; GPTBot/1.4; +https://openai.com/gptbot)"
74.7.241.51 - - [30/Jul/2026:22:57:10 +0000] "GET /text.html HTTP/1.1" 404 12569 "https://hondasaudi.com/admin.php?dir=CwusrCwshareCwdocCwpython3-docsCwhtmlCwlibrary&view=index.html" "Mozilla/5.0 AppleWebKit/537.36 (KHTML, like Gecko; compatible; GPTBot/1.4; +https://openai.com/gptbot)"
172.105.42.26 - - [30/Jul/2026:22:57:19 +0000] "POST /wp-cron.php?doing_wp_cron=1785452239.9584460258483886718750 HTTP/1.1" 200 20 "-" "WordPress/7.0.2; https://hondasaudi.com"
172.105.42.26 - - [30/Jul/2026:22:57:32 +0000] "POST /wp-cron.php?doing_wp_cron=1785452252.8482620716094970703125 HTTP/1.1" 200 20 "-" "WordPress/7.0.2; https://hondasaudi.com"
74.7.241.51 - - [30/Jul/2026:22:57:32 +0000] "GET /http.html HTTP/1.1" 404 12569 "https://hondasaudi.com/admin.php?dir=CwusrCwshareCwdocCwpython3-docsCwhtmlCwlibrary&view=index.html" "Mozilla/5.0 AppleWebKit/537.36 (KHTML, like Gecko; compatible; GPTBot/1.4; +https://openai.com/gptbot)"
74.7.241.51 - - [30/Jul/2026:22:57:54 +0000] "GET /concurrent.futures.html HTTP/1.1" 404 12580 "https://hondasaudi.com/admin.php?dir=CwusrCwshareCwdocCwpython3-docsCwhtmlCwlibrary&view=index.html" "Mozilla/5.0 AppleWebKit/537.36 (KHTML, like Gecko; compatible; GPTBot/1.4; +https://openai.com/gptbot)"
172.105.42.26 - - [30/Jul/2026:22:58:14 +0000] "POST /wp-cron.php?doing_wp_cron=1785452294.6991870403289794921875 HTTP/1.1" 200 20 "-" "WordPress/7.0.2; https://hondasaudi.com"
74.7.241.51 - - [30/Jul/2026:22:58:14 +0000] "GET /statistics.html HTTP/1.1" 404 12574 "https://hondasaudi.com/admin.php?dir=CwusrCwshareCwdocCwpython3-docsCwhtmlCwlibrary&view=index.html" "Mozilla/5.0 AppleWebKit/537.36 (KHTML, like Gecko; compatible; GPTBot/1.4; +https://openai.com/gptbot)"
172.105.42.26 - - [30/Jul/2026:22:58:36 +0000] "POST /wp-cron.php?doing_wp_cron=1785452316.4402849674224853515625 HTTP/1.1" 200 20 "-" "WordPress/7.0.2; https://hondasaudi.com"
74.7.241.51 - - [30/Jul/2026:22:58:36 +0000] "GET /__future__.html HTTP/1.1" 404 12576 "https://hondasaudi.com/admin.php?dir=CwusrCwshareCwdocCwpython3-docsCwhtmlCwlibrary&view=index.html" "Mozilla/5.0 AppleWebKit/537.36 (KHTML, like Gecko; compatible; GPTBot/1.4; +https://openai.com/gptbot)"
2a02:ce0:1802:823c:8d15:e4d3:5e4c:1168 - - [30/Jul/2026:22:58:43 +0000] "GET / HTTP/1.1" 200 15689 "https://www.google.com/" "Mozilla/5.0 (iPhone; CPU iPhone OS 18_7 like Mac OS X) AppleWebKit/605.1.15 (KHTML, like Gecko) Version/26.5.2 Mobile/15E148 Safari/604.1"
74.7.241.51 - - [30/Jul/2026:22:58:55 +0000] "GET /superseded.html HTTP/1.1" 404 12574 "https://hondasaudi.com/admin.php?dir=CwusrCwshareCwdocCwpython3-docsCwhtmlCwlibrary&view=index.html" "Mozilla/5.0 AppleWebKit/537.36 (KHTML, like Gecko; compatible; GPTBot/1.4; +https://openai.com/gptbot)"
2a02:ce0:1802:823c:8d15:e4d3:5e4c:1168 - - [30/Jul/2026:22:59:09 +0000] "GET / HTTP/1.1" 200 15687 "-" "Mozilla/5.0 (iPhone; CPU iPhone OS 18_7 like Mac OS X) AppleWebKit/605.1.15 (KHTML, like Gecko) Version/26.5.2 Mobile/15E148 Safari/604.1"
2a02:ce0:1802:823c:8d15:e4d3:5e4c:1168 - - [30/Jul/2026:22:59:12 +0000] "GET /en HTTP/1.1" 404 12566 "-" "Mozilla/5.0 (iPhone; CPU iPhone OS 18_7 like Mac OS X) AppleWebKit/605.1.15 (KHTML, like Gecko) Version/26.5.2 Mobile/15E148 Safari/604.1"
172.105.42.26 - - [30/Jul/2026:22:59:16 +0000] "POST /wp-cron.php?doing_wp_cron=1785452356.6335139274597167968750 HTTP/1.1" 200 20 "-" "WordPress/7.0.2; https://hondasaudi.com"
74.7.241.51 - - [30/Jul/2026:22:59:16 +0000] "GET /enum.html HTTP/1.1" 404 12571 "https://hondasaudi.com/admin.php?dir=CwusrCwshareCwdocCwpython3-docsCwhtmlCwlibrary&view=index.html" "Mozilla/5.0 AppleWebKit/537.36 (KHTML, like Gecko; compatible; GPTBot/1.4; +https://openai.com/gptbot)"
172.105.42.26 - - [30/Jul/2026:22:59:20 +0000] "POST /wp-cron.php?doing_wp_cron=1785452360.7231509685516357421875 HTTP/1.1" 200 20 "-" "WordPress/7.0.2; https://hondasaudi.com"
2a02:ce0:1802:823c:8d15:e4d3:5e4c:1168 - - [30/Jul/2026:22:59:20 +0000] "GET / HTTP/1.1" 200 15687 "-" "Mozilla/5.0 (iPhone; CPU iPhone OS 18_7 like Mac OS X) AppleWebKit/605.1.15 (KHTML, like Gecko) Version/26.5.2 Mobile/15E148 Safari/604.1"
172.105.42.26 - - [30/Jul/2026:22:59:37 +0000] "POST /wp-cron.php?doing_wp_cron=1785452376.9436540603637695312500 HTTP/1.1" 200 20 "-" "WordPress/7.0.2; https://hondasaudi.com"
74.7.241.51 - - [30/Jul/2026:22:59:36 +0000] "GET /venv.html HTTP/1.1" 404 12571 "https://hondasaudi.com/admin.php?dir=CwusrCwshareCwdocCwpython3-docsCwhtmlCwlibrary&view=index.html" "Mozilla/5.0 AppleWebKit/537.36 (KHTML, like Gecko; compatible; GPTBot/1.4; +https://openai.com/gptbot)"
74.7.241.51 - - [30/Jul/2026:22:59:58 +0000] "GET /selectors.html HTTP/1.1" 404 12574 "https://hondasaudi.com/admin.php?dir=CwusrCwshareCwdocCwpython3-docsCwhtmlCwlibrary&view=index.html" "Mozilla/5.0 AppleWebKit/537.36 (KHTML, like Gecko; compatible; GPTBot/1.4; +https://openai.com/gptbot)"
172.105.42.26 - - [30/Jul/2026:23:00:19 +0000] "POST /wp-cron.php?doing_wp_cron=1785452419.6327490806579589843750 HTTP/1.1" 200 20 "-" "WordPress/7.0.2; https://hondasaudi.com"
74.7.241.51 - - [30/Jul/2026:23:00:19 +0000] "GET /http.cookies.html HTTP/1.1" 404 12574 "https://hondasaudi.com/admin.php?dir=CwusrCwshareCwdocCwpython3-docsCwhtmlCwlibrary&view=index.html" "Mozilla/5.0 AppleWebKit/537.36 (KHTML, like Gecko; compatible; GPTBot/1.4; +https://openai.com/gptbot)"
172.105.42.26 - - [30/Jul/2026:23:00:41 +0000] "POST /wp-cron.php?doing_wp_cron=1785452441.2799830436706542968750 HTTP/1.1" 200 20 "-" "WordPress/7.0.2; https://hondasaudi.com"
74.7.241.51 - - [30/Jul/2026:23:00:41 +0000] "GET /collections.abc.html HTTP/1.1" 404 12577 "https://hondasaudi.com/admin.php?dir=CwusrCwshareCwdocCwpython3-docsCwhtmlCwlibrary&view=index.html" "Mozilla/5.0 AppleWebKit/537.36 (KHTML, like Gecko; compatible; GPTBot/1.4; +https://openai.com/gptbot)"
128.140.41.193 - - [30/Jul/2026:23:00:52 +0000] "HEAD / HTTP/1.1" 200 - "https://hondasaudi.com" "Mozilla/5.0+(compatible; UptimeRobot/2.0; http://www.uptimerobot.com/)"
74.7.241.51 - - [30/Jul/2026:23:01:02 +0000] "GET /admin.php?dir=CwusrCwshareCwdocCwpython3-docsCwhtmlCw_static&edit=comment-close.png HTTP/1.1" 200 2507 "https://hondasaudi.com/admin.php?dir=CwusrCwshareCwdocCwpython3-docsCwhtmlCw_static" "Mozilla/5.0 AppleWebKit/537.36 (KHTML, like Gecko; compatible; GPTBot/1.4; +https://openai.com/gptbot)"
74.7.241.51 - - [30/Jul/2026:23:01:23 +0000] "GET /admin.php?dir=CwusrCwshareCwdocCwpython3-docsCwhtmlCw_sourcesCwfaq HTTP/1.1" 200 3672 "https://hondasaudi.com/admin.php?dir=CwusrCwshareCwdocCwpython3-docsCwhtmlCw_sources" "Mozilla/5.0 AppleWebKit/537.36 (KHTML, like Gecko; compatible; GPTBot/1.4; +https://openai.com/gptbot)"
172.105.42.26 - - [30/Jul/2026:23:01:24 +0000] "POST /wp-cron.php?doing_wp_cron=1785452484.5155119895935058593750 HTTP/1.1" 200 20 "-" "WordPress/7.0.2; https://hondasaudi.com"
101.33.80.42 - - [30/Jul/2026:23:01:24 +0000] "GET /contact/embed/ HTTP/1.1" 200 6098 "-" "Mozilla/5.0 (iPhone; CPU iPhone OS 13_2_3 like Mac OS X) AppleWebKit/605.1.15 (KHTML, like Gecko) Version/13.0.3 Mobile/15E148 Safari/604.1"
74.7.241.51 - - [30/Jul/2026:23:01:43 +0000] "GET /admin.php?dir=CwusrCwshareCwdocCwpython3-docsCwhtmlCw_static&view=comment-close.png HTTP/1.1" 200 913 "https://hondasaudi.com/admin.php?dir=CwusrCwshareCwdocCwpython3-docsCwhtmlCw_static" "Mozilla/5.0 AppleWebKit/537.36 (KHTML, like Gecko; compatible; GPTBot/1.4; +https://openai.com/gptbot)"
74.7.241.51 - - [30/Jul/2026:23:02:05 +0000] "GET /admin.php?dir=CwusrCwshareCwdocCwpython3-docsCwhtmlCw_static&edit=comment-bright.png HTTP/1.1" 200 2510 "https://hondasaudi.com/admin.php?dir=CwusrCwshareCwdocCwpython3-docsCwhtmlCw_static" "Mozilla/5.0 AppleWebKit/537.36 (KHTML, like Gecko; compatible; GPTBot/1.4; +https://openai.com/gptbot)"
74.7.241.51 - - [30/Jul/2026:23:02:26 +0000] "GET /admin.php?dir=CwusrCwshareCwdocCwpython3-docsCwhtmlCw_sourcesCwc-api HTTP/1.1" 200 5985 "https://hondasaudi.com/admin.php?dir=CwusrCwshareCwdocCwpython3-docsCwhtmlCw_sources" "Mozilla/5.0 AppleWebKit/537.36 (KHTML, like Gecko; compatible; GPTBot/1.4; +https://openai.com/gptbot)"
172.105.42.26 - - [30/Jul/2026:23:02:35 +0000] "POST /wp-cron.php?doing_wp_cron=1785452555.6925690174102783203125 HTTP/1.1" 200 20 "-" "WordPress/7.0.2; https://hondasaudi.com"
78.142.18.40 - - [30/Jul/2026:23:02:35 +0000] "GET /wp-login.php HTTP/1.1" 404 12605 "-" "Mozilla/5.0 (compatible; MSIE 9.0; Windows NT 6.1; Trident/5.0)"
2a03:2880:18ff:59:: - - [30/Jul/2026:23:02:45 +0000] "GET /meta.json?utm_source=Instagram&utm_medium=CPC&utm_campaign=DEC_2023&utm_id=DEC_2023 HTTP/1.1" 404 12617 "-" "facebookexternalhit/1.1 (+http://www.facebook.com/externalhit_uatext.php)"
74.7.241.51 - - [30/Jul/2026:23:02:47 +0000] "GET /admin.php?dir=CwusrCwshareCwdocCwpython3-docsCwhtmlCw_static&view=comment-bright.png HTTP/1.1" 200 841 "https://hondasaudi.com/admin.php?dir=CwusrCwshareCwdocCwpython3-docsCwhtmlCw_static" "Mozilla/5.0 AppleWebKit/537.36 (KHTML, like Gecko; compatible; GPTBot/1.4; +https://openai.com/gptbot)"
20.104.18.253 - - [30/Jul/2026:23:03:00 +0000] "GET /erinyani/baxa1.php HTTP/1.1" 404 12577 "-" "Mozilla/5.0 (Windows NT 10.0; Win64; x64) AppleWebKit/537.36 (KHTML, like Gecko) Chrome/120.0.0.0 Safari/537.36"
20.104.18.253 - - [30/Jul/2026:23:03:00 +0000] "GET /erinyani/gebase.php HTTP/1.1" 404 12578 "-" "Mozilla/5.0 (Windows NT 10.0; Win64; x64) AppleWebKit/537.36 (KHTML, like Gecko) Chrome/120.0.0.0 Safari/537.36"
20.104.18.253 - - [30/Jul/2026:23:03:01 +0000] "GET /ern1.php HTTP/1.1" 404 12569 "-" "Mozilla/5.0 (Windows NT 10.0; Win64; x64) AppleWebKit/537.36 (KHTML, like Gecko) Chrome/120.0.0.0 Safari/537.36"
20.104.18.253 - - [30/Jul/2026:23:03:01 +0000] "GET /eror.php HTTP/1.1" 404 12569 "-" "Mozilla/5.0 (Windows NT 10.0; Win64; x64) AppleWebKit/537.36 (KHTML, like Gecko) Chrome/120.0.0.0 Safari/537.36"
20.104.18.253 - - [30/Jul/2026:23:03:02 +0000] "GET /error-protection.php HTTP/1.1" 404 12576 "-" "Mozilla/5.0 (Windows NT 10.0; Win64; x64) AppleWebKit/537.36 (KHTML, like Gecko) Chrome/120.0.0.0 Safari/537.36"
20.104.18.253 - - [30/Jul/2026:23:03:02 +0000] "GET /error.php HTTP/1.1" 404 12569 "-" "Mozilla/5.0 (Windows NT 10.0; Win64; x64) AppleWebKit/537.36 (KHTML, like Gecko) Chrome/120.0.0.0 Safari/537.36"
20.104.18.253 - - [30/Jul/2026:23:03:03 +0000] "GET /ertg.php HTTP/1.1" 404 12568 "-" "Mozilla/5.0 (Windows NT 10.0; Win64; x64) AppleWebKit/537.36 (KHTML, like Gecko) Chrome/120.0.0.0 Safari/537.36"
20.104.18.253 - - [30/Jul/2026:23:03:03 +0000] "GET /evil.php HTTP/1.1" 403 5168 "-" "Mozilla/5.0 (Windows NT 10.0; Win64; x64) AppleWebKit/537.36 (KHTML, like Gecko) Chrome/120.0.0.0 Safari/537.36"
66.249.66.65 - - [30/Jul/2026:23:03:03 +0000] "GET /honda-promo-hzp/ HTTP/1.1" 200 17026 "-" "Mozilla/5.0 (Linux; Android 6.0.1; Nexus 5X Build/MMB29P) AppleWebKit/537.36 (KHTML, like Gecko) Chrome/150.0.7871.186 Mobile Safari/537.36 (compatible; Googlebot/2.1; +http://www.google.com/bot.html)"
20.104.18.253 - - [30/Jul/2026:23:03:04 +0000] "GET /eviltwin.php HTTP/1.1" 403 5168 "-" "Mozilla/5.0 (Windows NT 10.0; Win64; x64) AppleWebKit/537.36 (KHTML, like Gecko) Chrome/120.0.0.0 Safari/537.36"
20.104.18.253 - - [30/Jul/2026:23:03:04 +0000] "GET /ex.php HTTP/1.1" 404 12568 "-" "Mozilla/5.0 (Windows NT 10.0; Win64; x64) AppleWebKit/537.36 (KHTML, like Gecko) Chrome/120.0.0.0 Safari/537.36"
20.104.18.253 - - [30/Jul/2026:23:03:04 +0000] "GET /ex0shell.php HTTP/1.1" 403 5168 "-" "Mozilla/5.0 (Windows NT 10.0; Win64; x64) AppleWebKit/537.36 (KHTML, like Gecko) Chrome/120.0.0.0 Safari/537.36"
20.104.18.253 - - [30/Jul/2026:23:03:05 +0000] "GET /excel.php HTTP/1.1" 404 12570 "-" "Mozilla/5.0 (Windows NT 10.0; Win64; x64) AppleWebKit/537.36 (KHTML, like Gecko) Chrome/120.0.0.0 Safari/537.36"
20.104.18.253 - - [30/Jul/2026:23:03:05 +0000] "GET /exit.php HTTP/1.1" 404 12570 "-" "Mozilla/5.0 (Windows NT 10.0; Win64; x64) AppleWebKit/537.36 (KHTML, like Gecko) Chrome/120.0.0.0 Safari/537.36"
20.104.18.253 - - [30/Jul/2026:23:03:06 +0000] "GET /exp.php HTTP/1.1" 404 12569 "-" "Mozilla/5.0 (Windows NT 10.0; Win64; x64) AppleWebKit/537.36 (KHTML, like Gecko) Chrome/120.0.0.0 Safari/537.36"
20.104.18.253 - - [30/Jul/2026:23:03:06 +0000] "GET /export.php HTTP/1.1" 404 12570 "-" "Mozilla/5.0 (Windows NT 10.0; Win64; x64) AppleWebKit/537.36 (KHTML, like Gecko) Chrome/120.0.0.0 Safari/537.36"
20.104.18.253 - - [30/Jul/2026:23:03:07 +0000] "GET /ext.php HTTP/1.1" 404 12569 "-" "Mozilla/5.0 (Windows NT 10.0; Win64; x64) AppleWebKit/537.36 (KHTML, like Gecko) Chrome/120.0.0.0 Safari/537.36"
74.7.241.51 - - [30/Jul/2026:23:03:07 +0000] "GET /admin.php?dir=CwusrCwshareCwdocCwpython3-docsCwhtmlCw_sourcesCwdistutils HTTP/1.1" 200 3836 "https://hondasaudi.com/admin.php?dir=CwusrCwshareCwdocCwpython3-docsCwhtmlCw_sources" "Mozilla/5.0 AppleWebKit/537.36 (KHTML, like Gecko; compatible; GPTBot/1.4; +https://openai.com/gptbot)"
20.104.18.253 - - [30/Jul/2026:23:03:07 +0000] "GET /extension/extension/Not_Found.php HTTP/1.1" 404 12618 "-" "Mozilla/5.0 (Windows NT 10.0; Win64; x64) AppleWebKit/537.36 (KHTML, like Gecko) Chrome/120.0.0.0 Safari/537.36"
20.104.18.253 - - [30/Jul/2026:23:03:08 +0000] "GET /extension/extension/admin.php HTTP/1.1" 404 12614 "-" "Mozilla/5.0 (Windows NT 10.0; Win64; x64) AppleWebKit/537.36 (KHTML, like Gecko) Chrome/120.0.0.0 Safari/537.36"
20.104.18.253 - - [30/Jul/2026:23:03:08 +0000] "GET /extension/extension/cloud.php HTTP/1.1" 404 12615 "-" "Mozilla/5.0 (Windows NT 10.0; Win64; x64) AppleWebKit/537.36 (KHTML, like Gecko) Chrome/120.0.0.0 Safari/537.36"
20.104.18.253 - - [30/Jul/2026:23:03:09 +0000] "GET /extension/extension/ultra.php HTTP/1.1" 404 12615 "-" "Mozilla/5.0 (Windows NT 10.0; Win64; x64) AppleWebKit/537.36 (KHTML, like Gecko) Chrome/120.0.0.0 Safari/537.36"
20.104.18.253 - - [30/Jul/2026:23:03:10 +0000] "GET /extension/wpm.php HTTP/1.1" 404 12576 "-" "Mozilla/5.0 (Windows NT 10.0; Win64; x64) AppleWebKit/537.36 (KHTML, like Gecko) Chrome/120.0.0.0 Safari/537.36"
20.104.18.253 - - [30/Jul/2026:23:03:10 +0000] "GET /ez.php HTTP/1.1" 404 12568 "-" "Mozilla/5.0 (Windows NT 10.0; Win64; x64) AppleWebKit/537.36 (KHTML, like Gecko) Chrome/120.0.0.0 Safari/537.36"
20.104.18.253 - - [30/Jul/2026:23:03:11 +0000] "GET /f.php HTTP/1.1" 404 12568 "-" "Mozilla/5.0 (Windows NT 10.0; Win64; x64) AppleWebKit/537.36 (KHTML, like Gecko) Chrome/120.0.0.0 Safari/537.36"
20.104.18.253 - - [30/Jul/2026:23:03:11 +0000] "GET /f0x.php HTTP/1.1" 403 5168 "-" "Mozilla/5.0 (Windows NT 10.0; Win64; x64) AppleWebKit/537.36 (KHTML, like Gecko) Chrome/120.0.0.0 Safari/537.36"
20.104.18.253 - - [30/Jul/2026:23:03:11 +0000] "GET /f1.php HTTP/1.1" 404 12569 "-" "Mozilla/5.0 (Windows NT 10.0; Win64; x64) AppleWebKit/537.36 (KHTML, like Gecko) Chrome/120.0.0.0 Safari/537.36"
2001:16a2:44f5:6100:d579:dab4:a327:815c - - [30/Jul/2026:23:03:11 +0000] "GET /honda-zrv/?utm_source=Facebook&utm_campaign=Oct2025&fbclid=IwY2xjawOVfpZleHRuA2FlbQEwAGFkaWQBqypqoJMGN3NydGMGYXBwX2lkDzQwOTk2MjYyMzA4NTYwOQABHkeS6hM1q2oS3cx7JmTDdBhJXNGKuoq9lAI94EPf1kSUNZFucKfDTeDpoEtn_aem_j90-lH6sI-0ngZKHBSEm-w&utm_medium=paid&utm_id=120236451287250023&utm_content=120236451287110023&utm_term=120236451287210023 HTTP/1.1" 200 16672 "https://l.facebook.com/" "Mozilla/5.0 (iPhone; CPU iPhone OS 16_6_1 like Mac OS X) AppleWebKit/605.1.15 (KHTML, like Gecko) Version/16.6 Mobile/15E148 Safari/604.1"
20.104.18.253 - - [30/Jul/2026:23:03:12 +0000] "GET /f1zr.php HTTP/1.1" 404 12570 "-" "Mozilla/5.0 (Windows NT 10.0; Win64; x64) AppleWebKit/537.36 (KHTML, like Gecko) Chrome/120.0.0.0 Safari/537.36"
20.104.18.253 - - [30/Jul/2026:23:03:12 +0000] "GET /f2.php HTTP/1.1" 404 12569 "-" "Mozilla/5.0 (Windows NT 10.0; Win64; x64) AppleWebKit/537.36 (KHTML, like Gecko) Chrome/120.0.0.0 Safari/537.36"
20.104.18.253 - - [30/Jul/2026:23:03:13 +0000] "GET /f3.php HTTP/1.1" 404 12569 "-" "Mozilla/5.0 (Windows NT 10.0; Win64; x64) AppleWebKit/537.36 (KHTML, like Gecko) Chrome/120.0.0.0 Safari/537.36"
20.104.18.253 - - [30/Jul/2026:23:03:13 +0000] "GET /f35.php HTTP/1.1" 404 12570 "-" "Mozilla/5.0 (Windows NT 10.0; Win64; x64) AppleWebKit/537.36 (KHTML, like Gecko) Chrome/120.0.0.0 Safari/537.36"
20.104.18.253 - - [30/Jul/2026:23:03:14 +0000] "GET /f4.php HTTP/1.1" 404 12569 "-" "Mozilla/5.0 (Windows NT 10.0; Win64; x64) AppleWebKit/537.36 (KHTML, like Gecko) Chrome/120.0.0.0 Safari/537.36"
20.104.18.253 - - [30/Jul/2026:23:03:14 +0000] "GET /f5.php HTTP/1.1" 404 12569 "-" "Mozilla/5.0 (Windows NT 10.0; Win64; x64) AppleWebKit/537.36 (KHTML, like Gecko) Chrome/120.0.0.0 Safari/537.36"
20.104.18.253 - - [30/Jul/2026:23:03:15 +0000] "GET /fai.php HTTP/1.1" 404 12570 "-" "Mozilla/5.0 (Windows NT 10.0; Win64; x64) AppleWebKit/537.36 (KHTML, like Gecko) Chrome/120.0.0.0 Safari/537.36"
74.7.241.51 - - [30/Jul/2026:23:03:29 +0000] "GET /admin.php?dir=CwusrCwshareCwdocCwpython3-docsCwhtmlCw_sourcesCwreference HTTP/1.1" 200 3815 "https://hondasaudi.com/admin.php?dir=CwusrCwshareCwdocCwpython3-docsCwhtmlCw_sources" "Mozilla/5.0 AppleWebKit/537.36 (KHTML, like Gecko; compatible; GPTBot/1.4; +https://openai.com/gptbot)"
74.7.241.51 - - [30/Jul/2026:23:03:50 +0000] "GET /admin.php?dir=CwusrCwshareCwdocCwpython3-docsCwhtmlCw_sourcesCwextending HTTP/1.1" 200 3581 "https://hondasaudi.com/admin.php?dir=CwusrCwshareCwdocCwpython3-docsCwhtmlCw_sources" "Mozilla/5.0 AppleWebKit/537.36 (KHTML, like Gecko; compatible; GPTBot/1.4; +https://openai.com/gptbot)"
74.7.241.51 - - [30/Jul/2026:23:04:10 +0000] "GET /admin.php?dir=CwusrCwshareCwdocCwpython3-docsCwhtmlCw_sourcesCwinstalling HTTP/1.1" 200 3264 "https://hondasaudi.com/admin.php?dir=CwusrCwshareCwdocCwpython3-docsCwhtmlCw_sources" "Mozilla/5.0 AppleWebKit/537.36 (KHTML, like Gecko; compatible; GPTBot/1.4; +https://openai.com/gptbot)"
74.7.241.51 - - [30/Jul/2026:23:04:32 +0000] "GET /admin.php?dir=CwusrCwshareCwdocCwpython3-docsCwhtmlCwreference HTTP/1.1" 200 3797 "https://hondasaudi.com/admin.php?dir=CwusrCwshareCwdocCwpython3-docsCwhtml" "Mozilla/5.0 AppleWebKit/537.36 (KHTML, like Gecko; compatible; GPTBot/1.4; +https://openai.com/gptbot)"
2001:16a2:44f5:6100:d579:dab4:a327:815c - - [30/Jul/2026:23:04:49 +0000] "GET /wp-content/themes/Impreza/fonts/fa-light-300.woff?ver=8.0.5 HTTP/1.1" 200 245439 "https://hondasaudi.com/honda-zrv/?utm_source=Facebook&utm_campaign=Oct2025&fbclid=IwY2xjawOVfpZleHRuA2FlbQEwAGFkaWQBqypqoJMGN3NydGMGYXBwX2lkDzQwOTk2MjYyMzA4NTYwOQABHkeS6hM1q2oS3cx7JmTDdBhJXNGKuoq9lAI94EPf1kSUNZFucKfDTeDpoEtn_aem_j90-lH6sI-0ngZKHBSEm-w&utm_medium=paid&utm_id=120236451287250023&utm_content=120236451287110023&utm_term=120236451287210023" "Mozilla/5.0 (iPhone; CPU iPhone OS 16_6_1 like Mac OS X) AppleWebKit/605.1.15 (KHTML, like Gecko) Version/16.6 Mobile/15E148 Safari/604.1"
74.7.241.51 - - [30/Jul/2026:23:04:52 +0000] "GET /admin.php?dir=CwusrCwshareCwdocCwpython3-docsCwhtmlCwextending HTTP/1.1" 200 3563 "https://hondasaudi.com/admin.php?dir=CwusrCwshareCwdocCwpython3-docsCwhtml" "Mozilla/5.0 AppleWebKit/537.36 (KHTML, like Gecko; compatible; GPTBot/1.4; +https://openai.com/gptbot)"
74.7.241.51 - - [30/Jul/2026:23:05:13 +0000] "GET /admin.php?dir=CwusrCwshareCwdocCwpython3-docsCwhtmlCw_sourcesCwfaq&edit=windows.rst.txt HTTP/1.1" 200 8843 "https://hondasaudi.com/admin.php?dir=CwusrCwshareCwdocCwpython3-docsCwhtmlCw_sourcesCwfaq" "Mozilla/5.0 AppleWebKit/537.36 (KHTML, like Gecko; compatible; GPTBot/1.4; +https://openai.com/gptbot)"
74.7.241.51 - - [30/Jul/2026:23:05:34 +0000] "GET /admin.php?dir=CwusrCwshareCwdocCwpython3-docsCwhtmlCw_sourcesCwfaq&view=gui.rst.txt HTTP/1.1" 200 2706 "https://hondasaudi.com/admin.php?dir=CwusrCwshareCwdocCwpython3-docsCwhtmlCw_sourcesCwfaq" "Mozilla/5.0 AppleWebKit/537.36 (KHTML, like Gecko; compatible; GPTBot/1.4; +https://openai.com/gptbot)"
74.7.241.51 - - [30/Jul/2026:23:05:56 +0000] "GET /admin.php?dir=CwusrCwshareCwdocCwpython3-docsCwhtmlCwtutorial&view=index.html HTTP/1.1" 200 5769 "https://hondasaudi.com/admin.php?dir=CwusrCwshareCwdocCwpython3-docsCwhtmlCwtutorial" "Mozilla/5.0 AppleWebKit/537.36 (KHTML, like Gecko; compatible; GPTBot/1.4; +https://openai.com/gptbot)"
172.105.42.26 - - [30/Jul/2026:23:05:58 +0000] "POST /wp-cron.php?doing_wp_cron=1785452758.3115489482879638671875 HTTP/1.1" 200 20 "-" "WordPress/7.0.2; https://hondasaudi.com"
157.90.155.240 - - [30/Jul/2026:23:05:58 +0000] "HEAD / HTTP/1.1" 200 - "https://hondasaudi.com" "Mozilla/5.0+(compatible; UptimeRobot/2.0; http://www.uptimerobot.com/)"
172.105.42.26 - - [30/Jul/2026:23:06:17 +0000] "POST /wp-cron.php?doing_wp_cron=1785452777.0468070507049560546875 HTTP/1.1" 200 20 "-" "WordPress/7.0.2; https://hondasaudi.com"
74.7.241.51 - - [30/Jul/2026:23:06:16 +0000] "GET /admin.php?dir=CwusrCwshareCwdocCwpython3-docsCwhtmlCwlibrary&view=sqlite3.html HTTP/1.1" 200 23664 "https://hondasaudi.com/admin.php?dir=CwusrCwshareCwdocCwpython3-docsCwhtmlCwlibrary" "Mozilla/5.0 AppleWebKit/537.36 (KHTML, like Gecko; compatible; GPTBot/1.4; +https://openai.com/gptbot)"
74.7.241.51 - - [30/Jul/2026:23:06:37 +0000] "GET /admin.php?dir=CwusrCwshareCwdocCwpython3-docsCwhtmlCwlibrary&view=base64.html HTTP/1.1" 200 5936 "https://hondasaudi.com/admin.php?dir=CwusrCwshareCwdocCwpython3-docsCwhtmlCwlibrary" "Mozilla/5.0 AppleWebKit/537.36 (KHTML, like Gecko; compatible; GPTBot/1.4; +https://openai.com/gptbot)"
172.105.42.26 - - [30/Jul/2026:23:06:51 +0000] "POST /wp-cron.php?doing_wp_cron=1785452811.0178649425506591796875 HTTP/1.1" 200 20 "-" "WordPress/7.0.2; https://hondasaudi.com"
74.7.241.51 - - [30/Jul/2026:23:06:59 +0000] "GET /admin.php?dir=CwusrCwshareCwdocCwpython3-docsCwhtmlCwdistributing HTTP/1.1" 200 3242 "https://hondasaudi.com/admin.php?dir=CwusrCwshareCwdocCwpython3-docsCwhtml" "Mozilla/5.0 AppleWebKit/537.36 (KHTML, like Gecko; compatible; GPTBot/1.4; +https://openai.com/gptbot)"
74.7.241.51 - - [30/Jul/2026:23:07:28 +0000] "GET /admin.php?dir=CwusrCwshareCwdocCwpython3-docsCwhtmlCwinstalling HTTP/1.1" 200 3244 "https://hondasaudi.com/admin.php?dir=CwusrCwshareCwdocCwpython3-docsCwhtml" "Mozilla/5.0 AppleWebKit/537.36 (KHTML, like Gecko; compatible; GPTBot/1.4; +https://openai.com/gptbot)"
74.7.241.51 - - [30/Jul/2026:23:07:39 +0000] "GET /admin.php?dir=CwusrCwshareCwdocCwpython3-docsCwhtmlCwtutorial&view=stdlib2.html HTTP/1.1" 200 10956 "https://hondasaudi.com/admin.php?dir=CwusrCwshareCwdocCwpython3-docsCwhtmlCwtutorial" "Mozilla/5.0 AppleWebKit/537.36 (KHTML, like Gecko; compatible; GPTBot/1.4; +https://openai.com/gptbot)"
74.7.241.51 - - [30/Jul/2026:23:08:00 +0000] "GET /admin.php?dir=CwusrCwshareCwdocCwpython3-docsCwhtmlCw_sourcesCwdistributing HTTP/1.1" 200 3264 "https://hondasaudi.com/admin.php?dir=CwusrCwshareCwdocCwpython3-docsCwhtmlCw_sources" "Mozilla/5.0 AppleWebKit/537.36 (KHTML, like Gecko; compatible; GPTBot/1.4; +https://openai.com/gptbot)"
74.7.241.51 - - [30/Jul/2026:23:08:22 +0000] "GET /admin.php?dir=CwusrCwshareCwdocCwpython3-docsCwhtmlCwreference&view=executionmodel.html HTTP/1.1" 200 6396 "https://hondasaudi.com/admin.php?dir=CwusrCwshareCwdocCwpython3-docsCwhtmlCwreference" "Mozilla/5.0 AppleWebKit/537.36 (KHTML, like Gecko; compatible; GPTBot/1.4; +https://openai.com/gptbot)"
172.105.42.26 - - [30/Jul/2026:23:08:24 +0000] "POST /wp-cron.php?doing_wp_cron=1785452904.3977808952331542968750 HTTP/1.1" 200 20 "-" "WordPress/7.0.2; https://hondasaudi.com"
2001:16a2:c18b:3986:49a4:9028:4dbd:7642 - - [30/Jul/2026:23:08:24 +0000] "GET / HTTP/1.1" 200 15687 "https://t.co/" "Mozilla/5.0 (iPhone; CPU iPhone OS 26_5_2 like Mac OS X) AppleWebKit/605.1.15 (KHTML, like Gecko) Mobile/23F84 Twitter for iPhone/12.13"
74.7.241.51 - - [30/Jul/2026:23:08:42 +0000] "GET /admin.php?dir=CwusrCwshareCwdocCwpython3-docsCwhtmlCwreference&view=index.html HTTP/1.1" 200 3621 "https://hondasaudi.com/admin.php?dir=CwusrCwshareCwdocCwpython3-docsCwhtmlCwreference" "Mozilla/5.0 AppleWebKit/537.36 (KHTML, like Gecko; compatible; GPTBot/1.4; +https://openai.com/gptbot)"
172.105.42.26 - - [30/Jul/2026:23:08:43 +0000] "POST /wp-cron.php?doing_wp_cron=1785452923.7428679466247558593750 HTTP/1.1" 200 20 "-" "WordPress/7.0.2; https://hondasaudi.com"
66.249.66.77 - - [30/Jul/2026:23:08:43 +0000] "GET /wp-json/contact-form-7/v1/contact-forms/458565/feedback/schema HTTP/1.1" 200 1217 "https://hondasaudi.com/honda-promo-hzp/" "Mozilla/5.0 (Linux; Android 6.0.1; Nexus 5X Build/MMB29P) AppleWebKit/537.36 (KHTML, like Gecko) Chrome/150.0.7871.186 Mobile Safari/537.36 (compatible; Googlebot/2.1; +http://www.google.com/bot.html)"
74.7.241.51 - - [30/Jul/2026:23:09:03 +0000] "GET /admin.php?dir=CwusrCwshareCwdocCwpython3-docsCwhtmlCw_sourcesCwreference&edit=expressions.rst.txt HTTP/1.1" 200 23025 "https://hondasaudi.com/admin.php?dir=CwusrCwshareCwdocCwpython3-docsCwhtmlCw_sourcesCwreference" "Mozilla/5.0 AppleWebKit/537.36 (KHTML, like Gecko; compatible; GPTBot/1.4; +https://openai.com/gptbot)"
74.7.241.51 - - [30/Jul/2026:23:09:23 +0000] "GET /admin.php?dir=CwusrCwshareCwdocCwpython3-docsCwhtmlCwextending&view=index.html HTTP/1.1" 200 4271 "https://hondasaudi.com/admin.php?dir=CwusrCwshareCwdocCwpython3-docsCwhtmlCwextending" "Mozilla/5.0 AppleWebKit/537.36 (KHTML, like Gecko; compatible; GPTBot/1.4; +https://openai.com/gptbot)"
172.105.42.26 - - [30/Jul/2026:23:09:43 +0000] "POST /wp-cron.php?doing_wp_cron=1785452983.8182189464569091796875 HTTP/1.1" 200 20 "-" "WordPress/7.0.2; https://hondasaudi.com"
74.7.241.51 - - [30/Jul/2026:23:09:43 +0000] "GET /floatingpoint.html HTTP/1.1" 404 12577 "https://hondasaudi.com/admin.php?dir=CwusrCwshareCwdocCwpython3-docsCwhtmlCwtutorial&view=index.html" "Mozilla/5.0 AppleWebKit/537.36 (KHTML, like Gecko; compatible; GPTBot/1.4; +https://openai.com/gptbot)"
103.162.221.26 - - [30/Jul/2026:23:10:04 +0000] "POST /wp-comments-post.php HTTP/1.1" 403 5168 "-" "Mozilla/5.0 (Windows NT 10.0; Win64; x64) AppleWebKit/537.36 (KHTML, like Gecko) Chrome/120.0.0.0 Safari/537.36"
103.162.221.26 - - [30/Jul/2026:23:10:05 +0000] "POST /wp-comments-post.php HTTP/1.1" 403 5168 "-" "Mozilla/5.0 (Windows NT 10.0; Win64; x64) AppleWebKit/537.36 (KHTML, like Gecko) Chrome/120.0.0.0 Safari/537.36"
74.7.241.51 - - [30/Jul/2026:23:10:06 +0000] "GET /datastructures.html HTTP/1.1" 404 12577 "https://hondasaudi.com/admin.php?dir=CwusrCwshareCwdocCwpython3-docsCwhtmlCwtutorial&view=index.html" "Mozilla/5.0 AppleWebKit/537.36 (KHTML, like Gecko; compatible; GPTBot/1.4; +https://openai.com/gptbot)"
103.162.221.26 - - [30/Jul/2026:23:10:06 +0000] "POST /wp-comments-post.php HTTP/1.1" 403 5168 "-" "Mozilla/5.0 (Windows NT 10.0; Win64; x64) AppleWebKit/537.36 (KHTML, like Gecko) Chrome/120.0.0.0 Safari/537.36"
103.162.221.26 - - [30/Jul/2026:23:10:07 +0000] "POST /wp-comments-post.php HTTP/1.1" 403 5168 "-" "Mozilla/5.0 (Windows NT 10.0; Win64; x64) AppleWebKit/537.36 (KHTML, like Gecko) Chrome/120.0.0.0 Safari/537.36"
103.162.221.26 - - [30/Jul/2026:23:10:08 +0000] "POST /wp-comments-post.php HTTP/1.1" 403 5168 "-" "Mozilla/5.0 (Windows NT 10.0; Win64; x64) AppleWebKit/537.36 (KHTML, like Gecko) Chrome/120.0.0.0 Safari/537.36"
103.162.221.26 - - [30/Jul/2026:23:10:09 +0000] "POST /wp-comments-post.php HTTP/1.1" 403 5168 "-" "Mozilla/5.0 (Windows NT 10.0; Win64; x64) AppleWebKit/537.36 (KHTML, like Gecko) Chrome/120.0.0.0 Safari/537.36"
103.162.221.26 - - [30/Jul/2026:23:10:10 +0000] "POST /wp-comments-post.php HTTP/1.1" 403 5168 "-" "Mozilla/5.0 (Windows NT 10.0; Win64; x64) AppleWebKit/537.36 (KHTML, like Gecko) Chrome/120.0.0.0 Safari/537.36"
172.105.42.26 - - [30/Jul/2026:23:10:26 +0000] "POST /wp-cron.php?doing_wp_cron=1785453026.2094941139221191406250 HTTP/1.1" 200 20 "-" "WordPress/7.0.2; https://hondasaudi.com"
74.7.241.51 - - [30/Jul/2026:23:10:25 +0000] "GET /interactive.html HTTP/1.1" 404 12573 "https://hondasaudi.com/admin.php?dir=CwusrCwshareCwdocCwpython3-docsCwhtmlCwtutorial&view=index.html" "Mozilla/5.0 AppleWebKit/537.36 (KHTML, like Gecko; compatible; GPTBot/1.4; +https://openai.com/gptbot)"
103.162.221.26 - - [30/Jul/2026:23:10:28 +0000] "POST /wp-comments-post.php HTTP/1.1" 403 5168 "-" "Mozilla/5.0 (Windows NT 10.0; Win64; x64) AppleWebKit/537.36 (KHTML, like Gecko) Chrome/120.0.0.0 Safari/537.36"
172.105.42.26 - - [30/Jul/2026:23:10:46 +0000] "POST /wp-cron.php?doing_wp_cron=1785453046.5359458923339843750000 HTTP/1.1" 200 20 "-" "WordPress/7.0.2; https://hondasaudi.com"
74.7.241.51 - - [30/Jul/2026:23:10:46 +0000] "GET /appendix.html HTTP/1.1" 404 12574 "https://hondasaudi.com/admin.php?dir=CwusrCwshareCwdocCwpython3-docsCwhtmlCwtutorial&view=index.html" "Mozilla/5.0 AppleWebKit/537.36 (KHTML, like Gecko; compatible; GPTBot/1.4; +https://openai.com/gptbot)"
128.140.41.193 - - [30/Jul/2026:23:11:03 +0000] "HEAD / HTTP/1.1" 200 - "https://hondasaudi.com" "Mozilla/5.0+(compatible; UptimeRobot/2.0; http://www.uptimerobot.com/)"
74.7.241.51 - - [30/Jul/2026:23:11:07 +0000] "GET /controlflow.html HTTP/1.1" 404 12573 "https://hondasaudi.com/admin.php?dir=CwusrCwshareCwdocCwpython3-docsCwhtmlCwtutorial&view=index.html" "Mozilla/5.0 AppleWebKit/537.36 (KHTML, like Gecko; compatible; GPTBot/1.4; +https://openai.com/gptbot)"
172.105.42.26 - - [30/Jul/2026:23:11:27 +0000] "POST /wp-cron.php?doing_wp_cron=1785453087.5718369483947753906250 HTTP/1.1" 200 20 "-" "WordPress/7.0.2; https://hondasaudi.com"
74.7.241.51 - - [30/Jul/2026:23:11:27 +0000] "GET /inputoutput.html HTTP/1.1" 404 12575 "https://hondasaudi.com/admin.php?dir=CwusrCwshareCwdocCwpython3-docsCwhtmlCwtutorial&view=index.html" "Mozilla/5.0 AppleWebKit/537.36 (KHTML, like Gecko; compatible; GPTBot/1.4; +https://openai.com/gptbot)"
172.105.42.26 - - [30/Jul/2026:23:11:48 +0000] "POST /wp-cron.php?doing_wp_cron=1785453107.9760560989379882812500 HTTP/1.1" 200 20 "-" "WordPress/7.0.2; https://hondasaudi.com"
74.7.241.51 - - [30/Jul/2026:23:11:47 +0000] "GET /interpreter.html HTTP/1.1" 404 12573 "https://hondasaudi.com/admin.php?dir=CwusrCwshareCwdocCwpython3-docsCwhtmlCwtutorial&view=index.html" "Mozilla/5.0 AppleWebKit/537.36 (KHTML, like Gecko; compatible; GPTBot/1.4; +https://openai.com/gptbot)"
74.7.241.51 - - [30/Jul/2026:23:12:09 +0000] "GET /simple_stmts.html HTTP/1.1" 404 12576 "https://hondasaudi.com/admin.php?dir=CwusrCwshareCwdocCwpython3-docsCwhtmlCwreference&view=executionmodel.html" "Mozilla/5.0 AppleWebKit/537.36 (KHTML, like Gecko; compatible; GPTBot/1.4; +https://openai.com/gptbot)"
172.105.42.26 - - [30/Jul/2026:23:12:29 +0000] "POST /wp-cron.php?doing_wp_cron=1785453149.6791489124298095703125 HTTP/1.1" 200 20 "-" "WordPress/7.0.2; https://hondasaudi.com"
74.7.241.51 - - [30/Jul/2026:23:12:29 +0000] "GET /executionmodel.html HTTP/1.1" 404 12578 "https://hondasaudi.com/admin.php?dir=CwusrCwshareCwdocCwpython3-docsCwhtmlCwreference&view=index.html" "Mozilla/5.0 AppleWebKit/537.36 (KHTML, like Gecko; compatible; GPTBot/1.4; +https://openai.com/gptbot)"
74.7.241.51 - - [30/Jul/2026:23:12:50 +0000] "GET /expressions.html HTTP/1.1" 404 12575 "https://hondasaudi.com/admin.php?dir=CwusrCwshareCwdocCwpython3-docsCwhtmlCwreference&view=index.html" "Mozilla/5.0 AppleWebKit/537.36 (KHTML, like Gecko; compatible; GPTBot/1.4; +https://openai.com/gptbot)"
74.7.241.51 - - [30/Jul/2026:23:13:10 +0000] "GET /toplevel_components.html HTTP/1.1" 404 12578 "https://hondasaudi.com/admin.php?dir=CwusrCwshareCwdocCwpython3-docsCwhtmlCwreference&view=index.html" "Mozilla/5.0 AppleWebKit/537.36 (KHTML, like Gecko; compatible; GPTBot/1.4; +https://openai.com/gptbot)"
172.105.42.26 - - [30/Jul/2026:23:13:27 +0000] "POST /wp-cron.php?doing_wp_cron=1785453207.6259059906005859375000 HTTP/1.1" 200 20 "-" "WordPress/7.0.2; https://hondasaudi.com"
20.226.5.174 - - [30/Jul/2026:23:13:27 +0000] "GET /dds.php HTTP/1.1" 404 12570 "-" "Mozilla/5.0 (Windows NT 10.0; Win64; x64) AppleWebKit/537.36 (KHTML, like Gecko) Chrome/120.0.0.0 Safari/537.36"
20.226.5.174 - - [30/Jul/2026:23:13:27 +0000] "GET /de25bcd3c6.php HTTP/1.1" 404 12575 "-" "Mozilla/5.0 (Windows NT 10.0; Win64; x64) AppleWebKit/537.36 (KHTML, like Gecko) Chrome/120.0.0.0 Safari/537.36"
20.226.5.174 - - [30/Jul/2026:23:13:28 +0000] "GET /de_fb_uploads/b.php HTTP/1.1" 404 12576 "-" "Mozilla/5.0 (Windows NT 10.0; Win64; x64) AppleWebKit/537.36 (KHTML, like Gecko) Chrome/120.0.0.0 Safari/537.36"
20.226.5.174 - - [30/Jul/2026:23:13:28 +0000] "GET /de_fb_uploads/bypass.php HTTP/1.1" 403 5168 "-" "Mozilla/5.0 (Windows NT 10.0; Win64; x64) AppleWebKit/537.36 (KHTML, like Gecko) Chrome/120.0.0.0 Safari/537.36"
172.105.42.26 - - [30/Jul/2026:23:13:29 +0000] "POST /wp-cron.php?doing_wp_cron=1785453209.4281620979309082031250 HTTP/1.1" 200 20 "-" "WordPress/7.0.2; https://hondasaudi.com"
20.226.5.174 - - [30/Jul/2026:23:13:29 +0000] "GET /debug.php HTTP/1.1" 404 12571 "-" "Mozilla/5.0 (Windows NT 10.0; Win64; x64) AppleWebKit/537.36 (KHTML, like Gecko) Chrome/120.0.0.0 Safari/537.36"
20.226.5.174 - - [30/Jul/2026:23:13:29 +0000] "GET /dedi1.php HTTP/1.1" 404 12570 "-" "Mozilla/5.0 (Windows NT 10.0; Win64; x64) AppleWebKit/537.36 (KHTML, like Gecko) Chrome/120.0.0.0 Safari/537.36"
20.226.5.174 - - [30/Jul/2026:23:13:30 +0000] "GET /deeto/login.php HTTP/1.1" 404 12575 "-" "Mozilla/5.0 (Windows NT 10.0; Win64; x64) AppleWebKit/537.36 (KHTML, like Gecko) Chrome/120.0.0.0 Safari/537.36"
20.226.5.174 - - [30/Jul/2026:23:13:30 +0000] "GET /defau1t.php HTTP/1.1" 404 12572 "-" "Mozilla/5.0 (Windows NT 10.0; Win64; x64) AppleWebKit/537.36 (KHTML, like Gecko) Chrome/120.0.0.0 Safari/537.36"
20.226.5.174 - - [30/Jul/2026:23:13:31 +0000] "GET /defaul.php HTTP/1.1" 404 12570 "-" "Mozilla/5.0 (Windows NT 10.0; Win64; x64) AppleWebKit/537.36 (KHTML, like Gecko) Chrome/120.0.0.0 Safari/537.36"
20.226.5.174 - - [30/Jul/2026:23:13:31 +0000] "GET /defaul1.php HTTP/1.1" 404 12571 "-" "Mozilla/5.0 (Windows NT 10.0; Win64; x64) AppleWebKit/537.36 (KHTML, like Gecko) Chrome/120.0.0.0 Safari/537.36"
74.7.241.51 - - [30/Jul/2026:23:13:31 +0000] "GET /compound_stmts.html HTTP/1.1" 404 12577 "https://hondasaudi.com/admin.php?dir=CwusrCwshareCwdocCwpython3-docsCwhtmlCwreference&view=executionmodel.html" "Mozilla/5.0 AppleWebKit/537.36 (KHTML, like Gecko; compatible; GPTBot/1.4; +https://openai.com/gptbot)"
20.226.5.174 - - [30/Jul/2026:23:13:32 +0000] "GET /default.php HTTP/1.1" 404 12571 "-" "Mozilla/5.0 (Windows NT 10.0; Win64; x64) AppleWebKit/537.36 (KHTML, like Gecko) Chrome/120.0.0.0 Safari/537.36"
20.226.5.174 - - [30/Jul/2026:23:13:32 +0000] "GET /default_folders.php HTTP/1.1" 404 12577 "-" "Mozilla/5.0 (Windows NT 10.0; Win64; x64) AppleWebKit/537.36 (KHTML, like Gecko) Chrome/120.0.0.0 Safari/537.36"
20.226.5.174 - - [30/Jul/2026:23:13:33 +0000] "GET /defaults.php HTTP/1.1" 404 12571 "-" "Mozilla/5.0 (Windows NT 10.0; Win64; x64) AppleWebKit/537.36 (KHTML, like Gecko) Chrome/120.0.0.0 Safari/537.36"
20.226.5.174 - - [30/Jul/2026:23:13:33 +0000] "GET /degesaciihaxor.php HTTP/1.1" 404 12578 "-" "Mozilla/5.0 (Windows NT 10.0; Win64; x64) AppleWebKit/537.36 (KHTML, like Gecko) Chrome/120.0.0.0 Safari/537.36"
20.226.5.174 - - [30/Jul/2026:23:13:34 +0000] "GET /degeselih.php HTTP/1.1" 404 12574 "-" "Mozilla/5.0 (Windows NT 10.0; Win64; x64) AppleWebKit/537.36 (KHTML, like Gecko) Chrome/120.0.0.0 Safari/537.36"
20.226.5.174 - - [30/Jul/2026:23:13:34 +0000] "GET /dejavu.php HTTP/1.1" 404 12572 "-" "Mozilla/5.0 (Windows NT 10.0; Win64; x64) AppleWebKit/537.36 (KHTML, like Gecko) Chrome/120.0.0.0 Safari/537.36"
20.226.5.174 - - [30/Jul/2026:23:13:35 +0000] "GET /delpaths.php HTTP/1.1" 404 12573 "-" "Mozilla/5.0 (Windows NT 10.0; Win64; x64) AppleWebKit/537.36 (KHTML, like Gecko) Chrome/120.0.0.0 Safari/537.36"
20.226.5.174 - - [30/Jul/2026:23:13:35 +0000] "GET /demo.php HTTP/1.1" 404 12570 "-" "Mozilla/5.0 (Windows NT 10.0; Win64; x64) AppleWebKit/537.36 (KHTML, like Gecko) Chrome/120.0.0.0 Safari/537.36"
20.226.5.174 - - [30/Jul/2026:23:13:36 +0000] "GET /demos.php HTTP/1.1" 404 12571 "-" "Mozilla/5.0 (Windows NT 10.0; Win64; x64) AppleWebKit/537.36 (KHTML, like Gecko) Chrome/120.0.0.0 Safari/537.36"
20.226.5.174 - - [30/Jul/2026:23:13:36 +0000] "GET /dep.php HTTP/1.1" 404 12570 "-" "Mozilla/5.0 (Windows NT 10.0; Win64; x64) AppleWebKit/537.36 (KHTML, like Gecko) Chrome/120.0.0.0 Safari/537.36"
