172.105.42.26 - - [30/Jul/2026:21:18:41 +0000] "POST /wp-cron.php?doing_wp_cron=1785446321.2708020210266113281250 HTTP/1.1" 200 20 "-" "WordPress/7.0.2; https://hondasaudi.com"
37.224.232.58 - - [30/Jul/2026:21:18:41 +0000] "GET /honda-zrv/ HTTP/1.1" 200 16050 "https://hondasaudi.com/" "Mozilla/5.0 (iPhone; CPU iPhone OS 18_7 like Mac OS X) AppleWebKit/605.1.15 (KHTML, like Gecko) Version/26.5 Mobile/15E148 Safari/604.1"
37.224.232.58 - - [30/Jul/2026:21:18:42 +0000] "GET /wp-json/contact-form-7/v1/contact-forms/275185/feedback/schema HTTP/1.1" 200 1133 "https://hondasaudi.com/honda-zrv/" "Mozilla/5.0 (iPhone; CPU iPhone OS 18_7 like Mac OS X) AppleWebKit/605.1.15 (KHTML, like Gecko) Version/26.5 Mobile/15E148 Safari/604.1"
37.224.232.58 - - [30/Jul/2026:21:18:44 +0000] "GET / HTTP/1.1" 200 15579 "https://hondasaudi.com/honda-zrv/" "Mozilla/5.0 (iPhone; CPU iPhone OS 18_7 like Mac OS X) AppleWebKit/605.1.15 (KHTML, like Gecko) Version/26.5 Mobile/15E148 Safari/604.1"
49.13.130.29 - - [30/Jul/2026:21:19:05 +0000] "HEAD / HTTP/1.1" 200 - "https://hondasaudi.com" "Mozilla/5.0+(compatible; UptimeRobot/2.0; http://www.uptimerobot.com/)"
172.105.42.26 - - [30/Jul/2026:21:19:51 +0000] "POST /wp-cron.php?doing_wp_cron=1785446391.6714589595794677734375 HTTP/1.1" 200 20 "-" "WordPress/7.0.2; https://hondasaudi.com"
74.7.241.51 - - [30/Jul/2026:21:19:58 +0000] "GET /admin.php?dir=CwhomeCwbalubaidCwmgbFwcore3FwagencyCwwp-includesCwblocksCwnavigation&edit=editor.min.css HTTP/1.1" 200 4666 "https://hondasaudi.com/admin.php?dir=CwhomeCwbalubaidCwmgbFwcore3FwagencyCwwp-includesCwblocksCwnavigation" "Mozilla/5.0 AppleWebKit/537.36 (KHTML, like Gecko; compatible; GPTBot/1.4; +https://openai.com/gptbot)"
185.61.152.2 - - [30/Jul/2026:21:20:27 +0000] "POST /service_request/lead_gen_forms/autozone/ HTTP/1.1" 200 221 "-" "-"
185.61.152.2 - - [30/Jul/2026:21:20:32 +0000] "POST /service_request/lead_gen_forms/autozone/ HTTP/1.1" 200 119 "-" "-"
172.105.42.26 - - [30/Jul/2026:21:20:52 +0000] "POST /wp-cron.php?doing_wp_cron=1785446452.7698869705200195312500 HTTP/1.1" 200 20 "-" "WordPress/7.0.2; https://hondasaudi.com"
20.104.16.169 - - [30/Jul/2026:21:20:52 +0000] "GET /classwithtostring.php HTTP/1.1" 404 12578 "-" "Mozilla/5.0 (Windows NT 10.0; Win64; x64) AppleWebKit/537.36 (KHTML, like Gecko) Chrome/120.0.0.0 Safari/537.36"
20.104.16.169 - - [30/Jul/2026:21:20:53 +0000] "GET /css/index.php HTTP/1.1" 301 20 "-" "Mozilla/5.0 (Windows NT 10.0; Win64; x64) AppleWebKit/537.36 (KHTML, like Gecko) Chrome/120.0.0.0 Safari/537.36"
20.104.16.169 - - [30/Jul/2026:21:20:54 +0000] "GET /error.php HTTP/1.1" 404 12570 "-" "Mozilla/5.0 (Windows NT 10.0; Win64; x64) AppleWebKit/537.36 (KHTML, like Gecko) Chrome/120.0.0.0 Safari/537.36"
20.104.16.169 - - [30/Jul/2026:21:20:54 +0000] "GET /k.php HTTP/1.1" 404 12568 "-" "Mozilla/5.0 (Windows NT 10.0; Win64; x64) AppleWebKit/537.36 (KHTML, like Gecko) Chrome/120.0.0.0 Safari/537.36"
20.104.16.169 - - [30/Jul/2026:21:20:55 +0000] "GET /lock.php HTTP/1.1" 404 12569 "-" "Mozilla/5.0 (Windows NT 10.0; Win64; x64) AppleWebKit/537.36 (KHTML, like Gecko) Chrome/120.0.0.0 Safari/537.36"
20.104.16.169 - - [30/Jul/2026:21:20:55 +0000] "GET /lock360.php HTTP/1.1" 403 5168 "-" "Mozilla/5.0 (Windows NT 10.0; Win64; x64) AppleWebKit/537.36 (KHTML, like Gecko) Chrome/120.0.0.0 Safari/537.36"
20.104.16.169 - - [30/Jul/2026:21:20:55 +0000] "GET /php.php HTTP/1.1" 404 12569 "-" "Mozilla/5.0 (Windows NT 10.0; Win64; x64) AppleWebKit/537.36 (KHTML, like Gecko) Chrome/120.0.0.0 Safari/537.36"
20.104.16.169 - - [30/Jul/2026:21:20:56 +0000] "GET /php8.php HTTP/1.1" 404 12570 "-" "Mozilla/5.0 (Windows NT 10.0; Win64; x64) AppleWebKit/537.36 (KHTML, like Gecko) Chrome/120.0.0.0 Safari/537.36"
20.104.16.169 - - [30/Jul/2026:21:20:56 +0000] "GET /wp-admin/maint/index.php HTTP/1.1" 301 20 "-" "Mozilla/5.0 (Windows NT 10.0; Win64; x64) AppleWebKit/537.36 (KHTML, like Gecko) Chrome/120.0.0.0 Safari/537.36"
20.104.16.169 - - [30/Jul/2026:21:20:57 +0000] "GET /wp-config-sample.php HTTP/1.1" 500 1092 "-" "Mozilla/5.0 (Windows NT 10.0; Win64; x64) AppleWebKit/537.36 (KHTML, like Gecko) Chrome/120.0.0.0 Safari/537.36"
20.104.16.169 - - [30/Jul/2026:21:20:57 +0000] "GET /wp-content/themes/index.php HTTP/1.1" 200 20 "-" "Mozilla/5.0 (Windows NT 10.0; Win64; x64) AppleWebKit/537.36 (KHTML, like Gecko) Chrome/120.0.0.0 Safari/537.36"
20.104.16.169 - - [30/Jul/2026:21:20:58 +0000] "GET /wp-includes/interactivity-api/index.php HTTP/1.1" 301 20 "-" "Mozilla/5.0 (Windows NT 10.0; Win64; x64) AppleWebKit/537.36 (KHTML, like Gecko) Chrome/120.0.0.0 Safari/537.36"
20.104.16.169 - - [30/Jul/2026:21:20:58 +0000] "GET /wk/index.php HTTP/1.1" 301 20 "-" "Mozilla/5.0 (Windows NT 10.0; Win64; x64) AppleWebKit/537.36 (KHTML, like Gecko) Chrome/120.0.0.0 Safari/537.36"
20.104.16.169 - - [30/Jul/2026:21:20:58 +0000] "GET /wp-mail.php HTTP/1.1" 403 1157 "-" "Mozilla/5.0 (Windows NT 10.0; Win64; x64) AppleWebKit/537.36 (KHTML, like Gecko) Chrome/120.0.0.0 Safari/537.36"
20.104.16.169 - - [30/Jul/2026:21:20:59 +0000] "GET /wp.php HTTP/1.1" 404 12567 "-" "Mozilla/5.0 (Windows NT 10.0; Win64; x64) AppleWebKit/537.36 (KHTML, like Gecko) Chrome/120.0.0.0 Safari/537.36"
20.104.16.169 - - [30/Jul/2026:21:20:59 +0000] "GET /css.php HTTP/1.1" 404 12568 "-" "Mozilla/5.0 (Windows NT 10.0; Win64; x64) AppleWebKit/537.36 (KHTML, like Gecko) Chrome/120.0.0.0 Safari/537.36"
20.104.16.169 - - [30/Jul/2026:21:21:00 +0000] "GET /files.php HTTP/1.1" 404 12570 "-" "Mozilla/5.0 (Windows NT 10.0; Win64; x64) AppleWebKit/537.36 (KHTML, like Gecko) Chrome/120.0.0.0 Safari/537.36"
20.104.16.169 - - [30/Jul/2026:21:21:00 +0000] "GET /index/function.php HTTP/1.1" 404 12574 "-" "Mozilla/5.0 (Windows NT 10.0; Win64; x64) AppleWebKit/537.36 (KHTML, like Gecko) Chrome/120.0.0.0 Safari/537.36"
20.104.16.169 - - [30/Jul/2026:21:21:01 +0000] "GET /buy.php HTTP/1.1" 404 12569 "-" "Mozilla/5.0 (Windows NT 10.0; Win64; x64) AppleWebKit/537.36 (KHTML, like Gecko) Chrome/120.0.0.0 Safari/537.36"
20.104.16.169 - - [30/Jul/2026:21:21:02 +0000] "GET /info.php HTTP/1.1" 404 12569 "-" "Mozilla/5.0 (Windows NT 10.0; Win64; x64) AppleWebKit/537.36 (KHTML, like Gecko) Chrome/120.0.0.0 Safari/537.36"
20.104.16.169 - - [30/Jul/2026:21:21:02 +0000] "GET /wp.php HTTP/1.1" 404 12566 "-" "Mozilla/5.0 (Windows NT 10.0; Win64; x64) AppleWebKit/537.36 (KHTML, like Gecko) Chrome/120.0.0.0 Safari/537.36"
20.104.16.169 - - [30/Jul/2026:21:21:03 +0000] "GET /wp-content/uploads/index.php HTTP/1.1" 301 20 "-" "Mozilla/5.0 (Windows NT 10.0; Win64; x64) AppleWebKit/537.36 (KHTML, like Gecko) Chrome/120.0.0.0 Safari/537.36"
20.104.16.169 - - [30/Jul/2026:21:21:03 +0000] "GET /wp-config-sample.php HTTP/1.1" 500 1092 "-" "Mozilla/5.0 (Windows NT 10.0; Win64; x64) AppleWebKit/537.36 (KHTML, like Gecko) Chrome/120.0.0.0 Safari/537.36"
20.104.16.169 - - [30/Jul/2026:21:21:04 +0000] "GET /wp-content/themes/x/bypass.php HTTP/1.1" 403 5168 "-" "Mozilla/5.0 (Windows NT 10.0; Win64; x64) AppleWebKit/537.36 (KHTML, like Gecko) Chrome/120.0.0.0 Safari/537.36"
20.104.16.169 - - [30/Jul/2026:21:21:04 +0000] "GET /666.php HTTP/1.1" 404 12569 "-" "Mozilla/5.0 (Windows NT 10.0; Win64; x64) AppleWebKit/537.36 (KHTML, like Gecko) Chrome/120.0.0.0 Safari/537.36"
20.104.16.169 - - [30/Jul/2026:21:21:04 +0000] "GET /bgymj.php HTTP/1.1" 404 12571 "-" "Mozilla/5.0 (Windows NT 10.0; Win64; x64) AppleWebKit/537.36 (KHTML, like Gecko) Chrome/120.0.0.0 Safari/537.36"
20.104.16.169 - - [30/Jul/2026:21:21:05 +0000] "GET /control.php HTTP/1.1" 404 12569 "-" "Mozilla/5.0 (Windows NT 10.0; Win64; x64) AppleWebKit/537.36 (KHTML, like Gecko) Chrome/120.0.0.0 Safari/537.36"
20.104.16.169 - - [30/Jul/2026:21:21:05 +0000] "GET /wp-content/plugins/admin.php HTTP/1.1" 404 12615 "-" "Mozilla/5.0 (Windows NT 10.0; Win64; x64) AppleWebKit/537.36 (KHTML, like Gecko) Chrome/120.0.0.0 Safari/537.36"
20.104.16.169 - - [30/Jul/2026:21:21:06 +0000] "GET /adminfuns.php HTTP/1.1" 404 12573 "-" "Mozilla/5.0 (Windows NT 10.0; Win64; x64) AppleWebKit/537.36 (KHTML, like Gecko) Chrome/120.0.0.0 Safari/537.36"
20.104.16.169 - - [30/Jul/2026:21:21:06 +0000] "GET /admin.php HTTP/1.1" 200 5364 "-" "Mozilla/5.0 (Windows NT 10.0; Win64; x64) AppleWebKit/537.36 (KHTML, like Gecko) Chrome/120.0.0.0 Safari/537.36"
20.104.16.169 - - [30/Jul/2026:21:21:07 +0000] "GET /php8.php HTTP/1.1" 404 12569 "-" "Mozilla/5.0 (Windows NT 10.0; Win64; x64) AppleWebKit/537.36 (KHTML, like Gecko) Chrome/120.0.0.0 Safari/537.36"
20.104.16.169 - - [30/Jul/2026:21:21:07 +0000] "GET /wp-content/uploads HTTP/1.1" 301 250 "-" "Mozilla/5.0 (Windows NT 10.0; Win64; x64) AppleWebKit/537.36 (KHTML, like Gecko) Chrome/120.0.0.0 Safari/537.36"
20.104.16.169 - - [30/Jul/2026:21:21:08 +0000] "GET /wp-mail.php HTTP/1.1" 403 1157 "-" "Mozilla/5.0 (Windows NT 10.0; Win64; x64) AppleWebKit/537.36 (KHTML, like Gecko) Chrome/120.0.0.0 Safari/537.36"
20.104.16.169 - - [30/Jul/2026:21:21:08 +0000] "GET /a7.php HTTP/1.1" 404 12568 "-" "Mozilla/5.0 (Windows NT 10.0; Win64; x64) AppleWebKit/537.36 (KHTML, like Gecko) Chrome/120.0.0.0 Safari/537.36"
20.104.16.169 - - [30/Jul/2026:21:21:09 +0000] "GET /php.php HTTP/1.1" 404 12568 "-" "Mozilla/5.0 (Windows NT 10.0; Win64; x64) AppleWebKit/537.36 (KHTML, like Gecko) Chrome/120.0.0.0 Safari/537.36"
20.104.16.169 - - [30/Jul/2026:21:21:09 +0000] "GET /8.php HTTP/1.1" 404 12567 "-" "Mozilla/5.0 (Windows NT 10.0; Win64; x64) AppleWebKit/537.36 (KHTML, like Gecko) Chrome/120.0.0.0 Safari/537.36"
20.104.16.169 - - [30/Jul/2026:21:21:10 +0000] "GET /wp-includes/rest-api/ HTTP/1.1" 404 12569 "-" "Mozilla/5.0 (Windows NT 10.0; Win64; x64) AppleWebKit/537.36 (KHTML, like Gecko) Chrome/120.0.0.0 Safari/537.36"
20.104.16.169 - - [30/Jul/2026:21:21:10 +0000] "GET /randkeyword.PhP7 HTTP/1.1" 404 12577 "-" "Mozilla/5.0 (Windows NT 10.0; Win64; x64) AppleWebKit/537.36 (KHTML, like Gecko) Chrome/120.0.0.0 Safari/537.36"
20.104.16.169 - - [30/Jul/2026:21:21:11 +0000] "GET /wp-content/plugins/core-plugin/include.php HTTP/1.1" 403 5168 "-" "Mozilla/5.0 (Windows NT 10.0; Win64; x64) AppleWebKit/537.36 (KHTML, like Gecko) Chrome/120.0.0.0 Safari/537.36"
20.104.16.169 - - [30/Jul/2026:21:21:11 +0000] "GET /wp-includes/assets/ty.php HTTP/1.1" 404 12613 "-" "Mozilla/5.0 (Windows NT 10.0; Win64; x64) AppleWebKit/537.36 (KHTML, like Gecko) Chrome/120.0.0.0 Safari/537.36"
20.104.16.169 - - [30/Jul/2026:21:21:12 +0000] "GET /file61.php HTTP/1.1" 404 12571 "-" "Mozilla/5.0 (Windows NT 10.0; Win64; x64) AppleWebKit/537.36 (KHTML, like Gecko) Chrome/120.0.0.0 Safari/537.36"
20.104.16.169 - - [30/Jul/2026:21:21:12 +0000] "GET /p.php HTTP/1.1" 404 12567 "-" "Mozilla/5.0 (Windows NT 10.0; Win64; x64) AppleWebKit/537.36 (KHTML, like Gecko) Chrome/120.0.0.0 Safari/537.36"
20.104.16.169 - - [30/Jul/2026:21:21:13 +0000] "GET /ms-edit.php HTTP/1.1" 404 12571 "-" "Mozilla/5.0 (Windows NT 10.0; Win64; x64) AppleWebKit/537.36 (KHTML, like Gecko) Chrome/120.0.0.0 Safari/537.36"
20.104.16.169 - - [30/Jul/2026:21:21:13 +0000] "GET /alfanew.PHP7 HTTP/1.1" 403 5168 "-" "Mozilla/5.0 (Windows NT 10.0; Win64; x64) AppleWebKit/537.36 (KHTML, like Gecko) Chrome/120.0.0.0 Safari/537.36"
20.104.16.169 - - [30/Jul/2026:21:21:14 +0000] "GET /cgi-bin HTTP/1.1" 301 239 "-" "Mozilla/5.0 (Windows NT 10.0; Win64; x64) AppleWebKit/537.36 (KHTML, like Gecko) Chrome/120.0.0.0 Safari/537.36"
20.104.16.169 - - [30/Jul/2026:21:21:14 +0000] "GET /dx.php HTTP/1.1" 404 12568 "-" "Mozilla/5.0 (Windows NT 10.0; Win64; x64) AppleWebKit/537.36 (KHTML, like Gecko) Chrome/120.0.0.0 Safari/537.36"
20.104.16.169 - - [30/Jul/2026:21:21:15 +0000] "GET /wp-admin/maint/index.php HTTP/1.1" 301 20 "-" "Mozilla/5.0 (Windows NT 10.0; Win64; x64) AppleWebKit/537.36 (KHTML, like Gecko) Chrome/120.0.0.0 Safari/537.36"
20.104.16.169 - - [30/Jul/2026:21:21:15 +0000] "GET /.well-known/pki-validation HTTP/1.1" 301 258 "-" "Mozilla/5.0 (Windows NT 10.0; Win64; x64) AppleWebKit/537.36 (KHTML, like Gecko) Chrome/120.0.0.0 Safari/537.36"
172.105.42.26 - - [30/Jul/2026:21:21:16 +0000] "POST /wp-cron.php?doing_wp_cron=1785446476.1972799301147460937500 HTTP/1.1" 200 20 "-" "WordPress/7.0.2; https://hondasaudi.com"
20.104.16.169 - - [30/Jul/2026:21:21:15 +0000] "GET /doc.php HTTP/1.1" 404 12568 "-" "Mozilla/5.0 (Windows NT 10.0; Win64; x64) AppleWebKit/537.36 (KHTML, like Gecko) Chrome/120.0.0.0 Safari/537.36"
20.104.16.169 - - [30/Jul/2026:21:21:16 +0000] "GET /tool.php HTTP/1.1" 404 12569 "-" "Mozilla/5.0 (Windows NT 10.0; Win64; x64) AppleWebKit/537.36 (KHTML, like Gecko) Chrome/120.0.0.0 Safari/537.36"
20.104.16.169 - - [30/Jul/2026:21:21:17 +0000] "GET /xx.php HTTP/1.1" 404 12568 "-" "Mozilla/5.0 (Windows NT 10.0; Win64; x64) AppleWebKit/537.36 (KHTML, like Gecko) Chrome/120.0.0.0 Safari/537.36"
172.105.42.26 - - [30/Jul/2026:21:21:18 +0000] "POST /wp-cron.php?doing_wp_cron=1785446478.2458660602569580078125 HTTP/1.1" 200 20 "-" "WordPress/7.0.2; https://hondasaudi.com"
20.104.16.169 - - [30/Jul/2026:21:21:17 +0000] "GET /xxx.php HTTP/1.1" 404 12569 "-" "Mozilla/5.0 (Windows NT 10.0; Win64; x64) AppleWebKit/537.36 (KHTML, like Gecko) Chrome/120.0.0.0 Safari/537.36"
20.104.16.169 - - [30/Jul/2026:21:21:18 +0000] "GET /100.php HTTP/1.1" 404 12569 "-" "Mozilla/5.0 (Windows NT 10.0; Win64; x64) AppleWebKit/537.36 (KHTML, like Gecko) Chrome/120.0.0.0 Safari/537.36"
20.104.16.169 - - [30/Jul/2026:21:21:19 +0000] "GET /wp-admin/network/about.php HTTP/1.1" 302 20 "-" "Mozilla/5.0 (Windows NT 10.0; Win64; x64) AppleWebKit/537.36 (KHTML, like Gecko) Chrome/120.0.0.0 Safari/537.36"
20.104.16.169 - - [30/Jul/2026:21:21:19 +0000] "GET /wp-blog.php HTTP/1.1" 404 12566 "-" "Mozilla/5.0 (Windows NT 10.0; Win64; x64) AppleWebKit/537.36 (KHTML, like Gecko) Chrome/120.0.0.0 Safari/537.36"
74.7.241.51 - - [30/Jul/2026:21:21:24 +0000] "GET /admin.php?dir=CwhomeCwbalubaidCwworkforceFwcore3FwagencyCwwp-includesCwjsCwplupload&view=handlers.min.js HTTP/1.1" 200 3909 "https://hondasaudi.com/admin.php?dir=CwhomeCwbalubaidCwworkforceFwcore3FwagencyCwwp-includesCwjsCwplupload" "Mozilla/5.0 AppleWebKit/537.36 (KHTML, like Gecko; compatible; GPTBot/1.4; +https://openai.com/gptbot)"
172.105.42.26 - - [30/Jul/2026:21:22:55 +0000] "POST /wp-cron.php?doing_wp_cron=1785446575.4159219264984130859375 HTTP/1.1" 200 20 "-" "WordPress/7.0.2; https://hondasaudi.com"
43.135.182.43 - - [30/Jul/2026:21:22:55 +0000] "GET /wp-json/oembed/1.0/embed?url=https%3A%2F%2Fhondasaudi.com%2Fprivacy-policy%2F HTTP/1.1" 200 1055 "-" "Mozilla/5.0 (iPhone; CPU iPhone OS 13_2_3 like Mac OS X) AppleWebKit/605.1.15 (KHTML, like Gecko) Version/13.0.3 Mobile/15E148 Safari/604.1"
31.167.223.42 - - [30/Jul/2026:21:23:01 +0000] "GET / HTTP/1.1" 200 15690 "https://www.google.com/url?q=https://hondasaudi.com/&sa=U&ved=2ahUKEwig9YDaqvuVAxU9g_0HHRALH5IQFnoECB8QAQ&usg=AOvVaw3-AoLP2yeX3Uz6HGTgBIFO" "Mozilla/5.0 (iPhone; CPU iPhone OS 26_5_2 like Mac OS X) AppleWebKit/605.1.15 (KHTML, like Gecko) GSA/430.3.945886556 Mobile/15E148 Safari/604.1"
172.105.42.26 - - [30/Jul/2026:21:23:16 +0000] "POST /wp-cron.php?doing_wp_cron=1785446596.5766429901123046875000 HTTP/1.1" 200 20 "-" "WordPress/7.0.2; https://hondasaudi.com"
2001:16a4:55:2652:6df8:70ca:b21e:2e17 - - [30/Jul/2026:21:23:16 +0000] "GET /honda-promo-hzp/?utm_source=GoogleAds&utm_campaign=HondaJulyHZPPromo2026&gad_campaignid=24012034692&wbraid=ClYKCQjwg5zTBhCVARJFALHm7y8thOA20Qb7fbctH_xuHquNVZ2X3LskbVg5IrxJyI6AwdKgj8X7wLEc7xwG2xstOo9OAprS00b4r-ifUhE4xGqCGgJkog HTTP/1.1" 200 17393 "-" "Mozilla/5.0 (iPhone; CPU iPhone OS 26_2_0 like Mac OS X) AppleWebKit/605.1.15 (KHTML, like Gecko) CriOS/150.0.7871.113 Mobile/15E148 Safari/604.1"
172.105.42.26 - - [30/Jul/2026:21:23:20 +0000] "POST /wp-cron.php?doing_wp_cron=1785446600.4641900062561035156250 HTTP/1.1" 200 20 "-" "WordPress/7.0.2; https://hondasaudi.com"
2001:16a4:55:2652:6df8:70ca:b21e:2e17 - - [30/Jul/2026:21:23:20 +0000] "GET /wp-json/contact-form-7/v1/contact-forms/458565/feedback/schema HTTP/1.1" 200 1217 "https://hondasaudi.com/honda-promo-hzp/?utm_source=GoogleAds&utm_campaign=HondaJulyHZPPromo2026&gad_campaignid=24012034692&wbraid=ClYKCQjwg5zTBhCVARJFALHm7y8thOA20Qb7fbctH_xuHquNVZ2X3LskbVg5IrxJyI6AwdKgj8X7wLEc7xwG2xstOo9OAprS00b4r-ifUhE4xGqCGgJkog" "Mozilla/5.0 (iPhone; CPU iPhone OS 26_2_0 like Mac OS X) AppleWebKit/605.1.15 (KHTML, like Gecko) CriOS/150.0.7871.113 Mobile/15E148 Safari/604.1"
185.61.152.2 - - [30/Jul/2026:21:23:22 +0000] "POST /service_request/lead_gen_forms/autozone/ HTTP/1.1" 200 222 "-" "-"
185.61.152.2 - - [30/Jul/2026:21:23:26 +0000] "POST /service_request/lead_gen_forms/autozone/ HTTP/1.1" 200 118 "-" "-"
74.7.241.51 - - [30/Jul/2026:21:23:31 +0000] "GET /admin.php?dir=CwhomeCwbalubaidCwworkforceFwcore3FwagencyCwwp-includesCwjsCwplupload&view=plupload.min.js HTTP/1.1" 200 5646 "https://hondasaudi.com/admin.php?dir=CwhomeCwbalubaidCwworkforceFwcore3FwagencyCwwp-includesCwjsCwplupload" "Mozilla/5.0 AppleWebKit/537.36 (KHTML, like Gecko; compatible; GPTBot/1.4; +https://openai.com/gptbot)"
172.105.42.26 - - [30/Jul/2026:21:24:11 +0000] "POST /wp-cron.php?doing_wp_cron=1785446651.9427430629730224609375 HTTP/1.1" 200 20 "-" "WordPress/7.0.2; https://hondasaudi.com"
18.192.166.72 - - [30/Jul/2026:21:24:11 +0000] "HEAD / HTTP/1.1" 200 - "https://hondasaudi.com" "Mozilla/5.0+(compatible; UptimeRobot/2.0; http://www.uptimerobot.com/)"
74.7.241.51 - - [30/Jul/2026:21:24:12 +0000] "GET /admin.php?dir=CwhomeCwbalubaidCwmgbFwcore3FwagencyCwwp-includesCwblocksCwnavigation&view=block.json HTTP/1.1" 200 1083 "https://hondasaudi.com/admin.php?dir=CwhomeCwbalubaidCwmgbFwcore3FwagencyCwwp-includesCwblocksCwnavigation" "Mozilla/5.0 AppleWebKit/537.36 (KHTML, like Gecko; compatible; GPTBot/1.4; +https://openai.com/gptbot)"
172.105.42.26 - - [30/Jul/2026:21:25:02 +0000] "POST /wp-cron.php?doing_wp_cron=1785446701.6823279857635498046875 HTTP/1.1" 200 20 "-" "WordPress/7.0.2; https://hondasaudi.com"
31.167.223.42 - - [30/Jul/2026:21:25:01 +0000] "GET / HTTP/1.1" 200 15687 "https://www.google.com/url?q=https://hondasaudi.com/&sa=U&ved=2ahUKEwioop2Eq_uVAxUUgv0HHdthJuwQFnoECEsQAQ&usg=AOvVaw2kMZGjBUxUcImy5fjNGbVe" "Mozilla/5.0 (iPhone; CPU iPhone OS 26_5_2 like Mac OS X) AppleWebKit/605.1.15 (KHTML, like Gecko) GSA/430.3.945886556 Mobile/15E148 Safari/604.1"
31.167.223.42 - - [30/Jul/2026:21:25:06 +0000] "GET /service-price-list/ HTTP/1.1" 200 12603 "https://hondasaudi.com/" "Mozilla/5.0 (iPhone; CPU iPhone OS 26_5_2 like Mac OS X) AppleWebKit/605.1.15 (KHTML, like Gecko) GSA/430.3.945886556 Mobile/15E148 Safari/604.1"
185.61.152.2 - - [30/Jul/2026:21:25:18 +0000] "POST /service_request/lead_gen_forms/autozone/ HTTP/1.1" 200 116 "-" "-"
172.105.42.26 - - [30/Jul/2026:21:25:29 +0000] "POST /wp-cron.php?doing_wp_cron=1785446729.6036810874938964843750 HTTP/1.1" 200 20 "-" "WordPress/7.0.2; https://hondasaudi.com"
2a03:2880:24ff:54:: - - [30/Jul/2026:21:25:29 +0000] "GET /meta.json?utm_source=Facebook&utm_medium=CPC&utm_campaign=DEC_2023&utm_id=DEC_2023 HTTP/1.1" 404 12617 "-" "facebookexternalhit/1.1 (+http://www.facebook.com/externalhit_uatext.php)"
2a03:2880:18ff:4a:: - - [30/Jul/2026:21:25:31 +0000] "GET /meta.json?utm_source=Instagram&utm_medium=CPC&utm_campaign=DEC_2023&utm_id=DEC_2023 HTTP/1.1" 404 12617 "-" "facebookexternalhit/1.1 (+http://www.facebook.com/externalhit_uatext.php)"
2620:121:5042:51:3877:: - - [30/Jul/2026:21:25:34 +0000] "GET /honda-zrv/ HTTP/1.1" 200 16160 "-" "Snap URL Preview Service; bot; snapchat; https://developers.snap.com/robots"
74.7.241.51 - - [30/Jul/2026:21:25:36 +0000] "GET /admin.php?dir=CwhomeCwbalubaidCwworkforceFwcore3FwagencyCwwp-includesCwjsCwplupload&view=moxie.js HTTP/1.1" 200 66994 "https://hondasaudi.com/admin.php?dir=CwhomeCwbalubaidCwworkforceFwcore3FwagencyCwwp-includesCwjsCwplupload" "Mozilla/5.0 AppleWebKit/537.36 (KHTML, like Gecko; compatible; GPTBot/1.4; +https://openai.com/gptbot)"
74.7.241.51 - - [30/Jul/2026:21:25:57 +0000] "GET /admin.php?dir=CwhomeCwbalubaidCwworkforceFwcore3FwagencyCwwp-includesCwjsCwplupload&view=license.txt HTTP/1.1" 200 6899 "https://hondasaudi.com/admin.php?dir=CwhomeCwbalubaidCwworkforceFwcore3FwagencyCwwp-includesCwjsCwplupload" "Mozilla/5.0 AppleWebKit/537.36 (KHTML, like Gecko; compatible; GPTBot/1.4; +https://openai.com/gptbot)"
74.7.241.51 - - [30/Jul/2026:21:26:18 +0000] "GET /admin.php?dir=CwhomeCwbalubaidCwworkforceFwcore3FwagencyCwwp-includesCwjsCwplupload&view=handlers.js HTTP/1.1" 200 6101 "https://hondasaudi.com/admin.php?dir=CwhomeCwbalubaidCwworkforceFwcore3FwagencyCwwp-includesCwjsCwplupload" "Mozilla/5.0 AppleWebKit/537.36 (KHTML, like Gecko; compatible; GPTBot/1.4; +https://openai.com/gptbot)"
74.7.241.51 - - [30/Jul/2026:21:26:59 +0000] "GET /admin.php?dir=CwhomeCwbalubaidCwmgbFwcore3FwagencyCwwp-includesCwjsCwdistCwdevelopment HTTP/1.1" 200 3455 "https://hondasaudi.com/admin.php?dir=CwhomeCwbalubaidCwmgbFwcore3FwagencyCwwp-includesCwjsCwdist" "Mozilla/5.0 AppleWebKit/537.36 (KHTML, like Gecko; compatible; GPTBot/1.4; +https://openai.com/gptbot)"
74.7.241.51 - - [30/Jul/2026:21:27:19 +0000] "GET /admin.php?dir=CwhomeCwbalubaidCwfurFwcore3FwagencyCwwp-includesCwjsCwimgareaselect HTTP/1.1" 200 3505 "https://hondasaudi.com/admin.php?dir=CwhomeCwbalubaidCwfurFwcore3FwagencyCwwp-includesCwjs" "Mozilla/5.0 AppleWebKit/537.36 (KHTML, like Gecko; compatible; GPTBot/1.4; +https://openai.com/gptbot)"
74.7.241.51 - - [30/Jul/2026:21:27:40 +0000] "GET /admin.php?dir=CwhomeCwbalubaidCwmgbFwcore3FwagencyCwwp-includesCwblocksCwpullquote HTTP/1.1" 200 3773 "https://hondasaudi.com/admin.php?dir=CwhomeCwbalubaidCwmgbFwcore3FwagencyCwwp-includesCwblocks" "Mozilla/5.0 AppleWebKit/537.36 (KHTML, like Gecko; compatible; GPTBot/1.4; +https://openai.com/gptbot)"
74.7.241.51 - - [30/Jul/2026:21:28:01 +0000] "GET /admin.php?dir=CwhomeCwbalubaidCwfurFwcore3FwagencyCwwp-includesCwblocksCwshortcode HTTP/1.1" 200 3464 "https://hondasaudi.com/admin.php?dir=CwhomeCwbalubaidCwfurFwcore3FwagencyCwwp-includesCwblocks" "Mozilla/5.0 AppleWebKit/537.36 (KHTML, like Gecko; compatible; GPTBot/1.4; +https://openai.com/gptbot)"
172.105.42.26 - - [30/Jul/2026:21:28:11 +0000] "POST /wp-cron.php?doing_wp_cron=1785446891.9418630599975585937500 HTTP/1.1" 200 20 "-" "WordPress/7.0.2; https://hondasaudi.com"
20.226.5.174 - - [30/Jul/2026:21:28:11 +0000] "GET /011i.php HTTP/1.1" 301 20 "-" "Mozilla/5.0 (Windows NT 10.0; Win64; x64) AppleWebKit/537.36 (KHTML, like Gecko) Chrome/120.0.0.0 Safari/537.36"
20.226.5.174 - - [30/Jul/2026:21:28:12 +0000] "GET /03a005685d.php HTTP/1.1" 301 20 "-" "Mozilla/5.0 (Windows NT 10.0; Win64; x64) AppleWebKit/537.36 (KHTML, like Gecko) Chrome/120.0.0.0 Safari/537.36"
20.226.5.174 - - [30/Jul/2026:21:28:12 +0000] "GET /403.php HTTP/1.1" 301 20 "-" "Mozilla/5.0 (Windows NT 10.0; Win64; x64) AppleWebKit/537.36 (KHTML, like Gecko) Chrome/120.0.0.0 Safari/537.36"
20.226.5.174 - - [30/Jul/2026:21:28:13 +0000] "GET /404.php HTTP/1.1" 301 20 "-" "Mozilla/5.0 (Windows NT 10.0; Win64; x64) AppleWebKit/537.36 (KHTML, like Gecko) Chrome/120.0.0.0 Safari/537.36"
20.226.5.174 - - [30/Jul/2026:21:28:13 +0000] "GET /aa.php HTTP/1.1" 301 20 "-" "Mozilla/5.0 (Windows NT 10.0; Win64; x64) AppleWebKit/537.36 (KHTML, like Gecko) Chrome/120.0.0.0 Safari/537.36"
20.226.5.174 - - [30/Jul/2026:21:28:14 +0000] "GET /aafewc0k.php HTTP/1.1" 301 20 "-" "Mozilla/5.0 (Windows NT 10.0; Win64; x64) AppleWebKit/537.36 (KHTML, like Gecko) Chrome/120.0.0.0 Safari/537.36"
20.226.5.174 - - [30/Jul/2026:21:28:14 +0000] "GET /abcd.php HTTP/1.1" 301 20 "-" "Mozilla/5.0 (Windows NT 10.0; Win64; x64) AppleWebKit/537.36 (KHTML, like Gecko) Chrome/120.0.0.0 Safari/537.36"
20.226.5.174 - - [30/Jul/2026:21:28:14 +0000] "GET /about.php HTTP/1.1" 301 20 "-" "Mozilla/5.0 (Windows NT 10.0; Win64; x64) AppleWebKit/537.36 (KHTML, like Gecko) Chrome/120.0.0.0 Safari/537.36"
20.226.5.174 - - [30/Jul/2026:21:28:15 +0000] "GET /admin.php HTTP/1.1" 200 5364 "-" "Mozilla/5.0 (Windows NT 10.0; Win64; x64) AppleWebKit/537.36 (KHTML, like Gecko) Chrome/120.0.0.0 Safari/537.36"
20.226.5.174 - - [30/Jul/2026:21:28:15 +0000] "GET /adminfuns.php HTTP/1.1" 301 20 "-" "Mozilla/5.0 (Windows NT 10.0; Win64; x64) AppleWebKit/537.36 (KHTML, like Gecko) Chrome/120.0.0.0 Safari/537.36"
172.105.42.26 - - [30/Jul/2026:21:28:16 +0000] "POST /wp-cron.php?doing_wp_cron=1785446896.3935658931732177734375 HTTP/1.1" 200 20 "-" "WordPress/7.0.2; https://hondasaudi.com"
20.226.5.174 - - [30/Jul/2026:21:28:16 +0000] "GET /albin.php HTTP/1.1" 301 20 "-" "Mozilla/5.0 (Windows NT 10.0; Win64; x64) AppleWebKit/537.36 (KHTML, like Gecko) Chrome/120.0.0.0 Safari/537.36"
20.226.5.174 - - [30/Jul/2026:21:28:16 +0000] "GET /amfsqvgv.php HTTP/1.1" 301 20 "-" "Mozilla/5.0 (Windows NT 10.0; Win64; x64) AppleWebKit/537.36 (KHTML, like Gecko) Chrome/120.0.0.0 Safari/537.36"
20.226.5.174 - - [30/Jul/2026:21:28:17 +0000] "GET /ant.php HTTP/1.1" 301 20 "-" "Mozilla/5.0 (Windows NT 10.0; Win64; x64) AppleWebKit/537.36 (KHTML, like Gecko) Chrome/120.0.0.0 Safari/537.36"
20.226.5.174 - - [30/Jul/2026:21:28:17 +0000] "GET /appreciators.php HTTP/1.1" 301 20 "-" "Mozilla/5.0 (Windows NT 10.0; Win64; x64) AppleWebKit/537.36 (KHTML, like Gecko) Chrome/120.0.0.0 Safari/537.36"
172.105.42.26 - - [30/Jul/2026:21:28:18 +0000] "POST /wp-cron.php?doing_wp_cron=1785446898.3803710937500000000000 HTTP/1.1" 200 20 "-" "WordPress/7.0.2; https://hondasaudi.com"
20.226.5.174 - - [30/Jul/2026:21:28:18 +0000] "GET /archive.php HTTP/1.1" 301 20 "-" "Mozilla/5.0 (Windows NT 10.0; Win64; x64) AppleWebKit/537.36 (KHTML, like Gecko) Chrome/120.0.0.0 Safari/537.36"
20.226.5.174 - - [30/Jul/2026:21:28:19 +0000] "GET /as.php HTTP/1.1" 301 20 "-" "Mozilla/5.0 (Windows NT 10.0; Win64; x64) AppleWebKit/537.36 (KHTML, like Gecko) Chrome/120.0.0.0 Safari/537.36"
20.226.5.174 - - [30/Jul/2026:21:28:19 +0000] "GET /atomlib.php HTTP/1.1" 301 20 "-" "Mozilla/5.0 (Windows NT 10.0; Win64; x64) AppleWebKit/537.36 (KHTML, like Gecko) Chrome/120.0.0.0 Safari/537.36"
20.226.5.174 - - [30/Jul/2026:21:28:20 +0000] "GET /autoload_classmap.php HTTP/1.1" 403 5168 "-" "Mozilla/5.0 (Windows NT 10.0; Win64; x64) AppleWebKit/537.36 (KHTML, like Gecko) Chrome/120.0.0.0 Safari/537.36"
20.226.5.174 - - [30/Jul/2026:21:28:20 +0000] "GET /bb.php HTTP/1.1" 301 20 "-" "Mozilla/5.0 (Windows NT 10.0; Win64; x64) AppleWebKit/537.36 (KHTML, like Gecko) Chrome/120.0.0.0 Safari/537.36"
20.226.5.174 - - [30/Jul/2026:21:28:20 +0000] "GET /bnm.php HTTP/1.1" 301 20 "-" "Mozilla/5.0 (Windows NT 10.0; Win64; x64) AppleWebKit/537.36 (KHTML, like Gecko) Chrome/120.0.0.0 Safari/537.36"
20.226.5.174 - - [30/Jul/2026:21:28:21 +0000] "GET /bootstrap.php HTTP/1.1" 301 20 "-" "Mozilla/5.0 (Windows NT 10.0; Win64; x64) AppleWebKit/537.36 (KHTML, like Gecko) Chrome/120.0.0.0 Safari/537.36"
20.226.5.174 - - [30/Jul/2026:21:28:21 +0000] "GET /buy.php HTTP/1.1" 301 20 "-" "Mozilla/5.0 (Windows NT 10.0; Win64; x64) AppleWebKit/537.36 (KHTML, like Gecko) Chrome/120.0.0.0 Safari/537.36"
20.226.5.174 - - [30/Jul/2026:21:28:22 +0000] "GET /chosen.php HTTP/1.1" 403 5168 "-" "Mozilla/5.0 (Windows NT 10.0; Win64; x64) AppleWebKit/537.36 (KHTML, like Gecko) Chrome/120.0.0.0 Safari/537.36"
74.7.241.51 - - [30/Jul/2026:21:28:22 +0000] "GET /admin.php?dir=CwhomeCwbalubaidCwmgbFwcore3FwagencyCwwp-contentCwpluginsCwupdraftplus HTTP/1.1" 200 4083 "https://hondasaudi.com/admin.php?dir=CwhomeCwbalubaidCwmgbFwcore3FwagencyCwwp-contentCwplugins" "Mozilla/5.0 AppleWebKit/537.36 (KHTML, like Gecko; compatible; GPTBot/1.4; +https://openai.com/gptbot)"
20.226.5.174 - - [30/Jul/2026:21:28:22 +0000] "GET /class-wp-image.php HTTP/1.1" 301 20 "-" "Mozilla/5.0 (Windows NT 10.0; Win64; x64) AppleWebKit/537.36 (KHTML, like Gecko) Chrome/120.0.0.0 Safari/537.36"
20.226.5.174 - - [30/Jul/2026:21:28:22 +0000] "GET /classsmtps.php HTTP/1.1" 301 20 "-" "Mozilla/5.0 (Windows NT 10.0; Win64; x64) AppleWebKit/537.36 (KHTML, like Gecko) Chrome/120.0.0.0 Safari/537.36"
20.226.5.174 - - [30/Jul/2026:21:28:23 +0000] "GET /classwithtostring.php HTTP/1.1" 301 20 "-" "Mozilla/5.0 (Windows NT 10.0; Win64; x64) AppleWebKit/537.36 (KHTML, like Gecko) Chrome/120.0.0.0 Safari/537.36"
216.73.217.51 - - [30/Jul/2026:21:28:23 +0000] "GET /sitemap.xml HTTP/1.1" 301 20 "-" "Mozilla/5.0 AppleWebKit/537.36 (KHTML, like Gecko; compatible; ClaudeBot/1.0; +claudebot@anthropic.com)"
20.226.5.174 - - [30/Jul/2026:21:28:23 +0000] "GET /config.php HTTP/1.1" 301 20 "-" "Mozilla/5.0 (Windows NT 10.0; Win64; x64) AppleWebKit/537.36 (KHTML, like Gecko) Chrome/120.0.0.0 Safari/537.36"
216.73.217.51 - - [30/Jul/2026:21:28:24 +0000] "GET /wp-sitemap.xml HTTP/1.1" 200 235 "https://hondasaudi.com/sitemap.xml" "Mozilla/5.0 AppleWebKit/537.36 (KHTML, like Gecko; compatible; ClaudeBot/1.0; +claudebot@anthropic.com)"
20.226.5.174 - - [30/Jul/2026:21:28:24 +0000] "GET /core.php HTTP/1.1" 301 20 "-" "Mozilla/5.0 (Windows NT 10.0; Win64; x64) AppleWebKit/537.36 (KHTML, like Gecko) Chrome/120.0.0.0 Safari/537.36"
20.226.5.174 - - [30/Jul/2026:21:28:24 +0000] "GET /css.php HTTP/1.1" 301 20 "-" "Mozilla/5.0 (Windows NT 10.0; Win64; x64) AppleWebKit/537.36 (KHTML, like Gecko) Chrome/120.0.0.0 Safari/537.36"
20.226.5.174 - - [30/Jul/2026:21:28:25 +0000] "GET /database.php HTTP/1.1" 301 20 "-" "Mozilla/5.0 (Windows NT 10.0; Win64; x64) AppleWebKit/537.36 (KHTML, like Gecko) Chrome/120.0.0.0 Safari/537.36"
20.226.5.174 - - [30/Jul/2026:21:28:25 +0000] "GET /db.php HTTP/1.1" 301 20 "-" "Mozilla/5.0 (Windows NT 10.0; Win64; x64) AppleWebKit/537.36 (KHTML, like Gecko) Chrome/120.0.0.0 Safari/537.36"
20.226.5.174 - - [30/Jul/2026:21:28:25 +0000] "GET /default.php HTTP/1.1" 301 20 "-" "Mozilla/5.0 (Windows NT 10.0; Win64; x64) AppleWebKit/537.36 (KHTML, like Gecko) Chrome/120.0.0.0 Safari/537.36"
20.226.5.174 - - [30/Jul/2026:21:28:26 +0000] "GET /dropdown.php HTTP/1.1" 403 5168 "-" "Mozilla/5.0 (Windows NT 10.0; Win64; x64) AppleWebKit/537.36 (KHTML, like Gecko) Chrome/120.0.0.0 Safari/537.36"
20.226.5.174 - - [30/Jul/2026:21:28:26 +0000] "GET /edit.php HTTP/1.1" 301 20 "-" "Mozilla/5.0 (Windows NT 10.0; Win64; x64) AppleWebKit/537.36 (KHTML, like Gecko) Chrome/120.0.0.0 Safari/537.36"
20.226.5.174 - - [30/Jul/2026:21:28:27 +0000] "GET /f35.php HTTP/1.1" 301 20 "-" "Mozilla/5.0 (Windows NT 10.0; Win64; x64) AppleWebKit/537.36 (KHTML, like Gecko) Chrome/120.0.0.0 Safari/537.36"
20.226.5.174 - - [30/Jul/2026:21:28:27 +0000] "GET /f7.php HTTP/1.1" 301 20 "-" "Mozilla/5.0 (Windows NT 10.0; Win64; x64) AppleWebKit/537.36 (KHTML, like Gecko) Chrome/120.0.0.0 Safari/537.36"
74.7.241.51 - - [30/Jul/2026:21:29:03 +0000] "GET /admin.php?dir=CwhomeCwbalubaidCwweb4FwautozoneFwcomFwsaCwwp-includesCwjsCwthickbox HTTP/1.1" 200 3489 "https://hondasaudi.com/admin.php?dir=CwhomeCwbalubaidCwweb4FwautozoneFwcomFwsaCwwp-includesCwjs" "Mozilla/5.0 AppleWebKit/537.36 (KHTML, like Gecko; compatible; GPTBot/1.4; +https://openai.com/gptbot)"
172.105.42.26 - - [30/Jul/2026:21:29:18 +0000] "POST /wp-cron.php?doing_wp_cron=1785446958.3719251155853271484375 HTTP/1.1" 200 20 "-" "WordPress/7.0.2; https://hondasaudi.com"
52.28.162.93 - - [30/Jul/2026:21:29:18 +0000] "HEAD / HTTP/1.1" 200 - "https://hondasaudi.com" "Mozilla/5.0+(compatible; UptimeRobot/2.0; http://www.uptimerobot.com/)"
74.7.241.51 - - [30/Jul/2026:21:29:25 +0000] "GET /admin.php?dir=CwhomeCwbalubaidCwweb3FwautozoneFwcomFwsaCwwp-includesCwblocksCwnextpage HTTP/1.1" 200 3479 "https://hondasaudi.com/admin.php?dir=CwhomeCwbalubaidCwweb3FwautozoneFwcomFwsaCwwp-includesCwblocks" "Mozilla/5.0 AppleWebKit/537.36 (KHTML, like Gecko; compatible; GPTBot/1.4; +https://openai.com/gptbot)"
74.7.241.51 - - [30/Jul/2026:21:29:45 +0000] "GET /admin.php?dir=CwhomeCwbalubaidCwweb2FwautozoneFwcomFwsaCwwp-includesCwjsCwthickbox HTTP/1.1" 200 3488 "https://hondasaudi.com/admin.php?dir=CwhomeCwbalubaidCwweb2FwautozoneFwcomFwsaCwwp-includesCwjs" "Mozilla/5.0 AppleWebKit/537.36 (KHTML, like Gecko; compatible; GPTBot/1.4; +https://openai.com/gptbot)"
172.105.42.26 - - [30/Jul/2026:21:29:52 +0000] "POST /wp-cron.php?doing_wp_cron=1785446992.5141301155090332031250 HTTP/1.1" 200 20 "-" "WordPress/7.0.2; https://hondasaudi.com"
31.167.223.42 - - [30/Jul/2026:21:29:52 +0000] "GET / HTTP/1.1" 200 15688 "https://www.google.com/url?q=https://hondasaudi.com/&sa=U&ved=2ahUKEwjxje_kq_uVAxUM8LsIHZTNB3wQFnoECCEQAQ&usg=AOvVaw3rfLCVg1T_3Etme_cVXpb_" "Mozilla/5.0 (iPhone; CPU iPhone OS 26_5_2 like Mac OS X) AppleWebKit/605.1.15 (KHTML, like Gecko) GSA/430.3.945886556 Mobile/15E148 Safari/604.1"
172.105.42.26 - - [30/Jul/2026:21:29:52 +0000] "POST /wp-cron.php?doing_wp_cron=1785446992.7208390235900878906250 HTTP/1.1" 200 20 "-" "WordPress/7.0.2; https://hondasaudi.com"
31.167.223.42 - - [30/Jul/2026:21:29:52 +0000] "GET / HTTP/1.1" 200 15687 "https://www.google.com/url?q=https://hondasaudi.com/&sa=U&ved=2ahUKEwjxje_kq_uVAxUM8LsIHZTNB3wQFnoECCEQAQ&usg=AOvVaw3rfLCVg1T_3Etme_cVXpb_" "Mozilla/5.0 (iPhone; CPU iPhone OS 26_5_2 like Mac OS X) AppleWebKit/605.1.15 (KHTML, like Gecko) GSA/430.3.945886556 Mobile/15E148 Safari/604.1"
2a02:c207:2313:6546::1 - - [30/Jul/2026:21:29:57 +0000] "HEAD /sample-page/ HTTP/1.1" 200 - "-" "Mozilla/5.0 (compatible; KampanyaSepetiHealthBot/1.0; +https://kampanya-api.duckdns.org)"
74.7.241.51 - - [30/Jul/2026:21:30:28 +0000] "GET /admin.php?dir=CwhomeCwbalubaidCwweb1FwautozoneFwcomFwsaCwwp-includesCwblocksCwnextpage HTTP/1.1" 200 3454 "https://hondasaudi.com/admin.php?dir=CwhomeCwbalubaidCwweb1FwautozoneFwcomFwsaCwwp-includesCwblocks" "Mozilla/5.0 AppleWebKit/537.36 (KHTML, like Gecko; compatible; GPTBot/1.4; +https://openai.com/gptbot)"
74.7.241.51 - - [30/Jul/2026:21:30:49 +0000] "GET /admin.php?dir=CwhomeCwbalubaidCwmgbFwcore3FwagencyCwwp-includesCwjsCwdistCwdevelopment&edit=react-refresh-entry.js HTTP/1.1" 200 11300 "https://hondasaudi.com/admin.php?dir=CwhomeCwbalubaidCwmgbFwcore3FwagencyCwwp-includesCwjsCwdistCwdevelopment" "Mozilla/5.0 AppleWebKit/537.36 (KHTML, like Gecko; compatible; GPTBot/1.4; +https://openai.com/gptbot)"
74.7.241.51 - - [30/Jul/2026:21:31:10 +0000] "GET /admin.php?dir=CwhomeCwbalubaidCwfurFwcore3FwagencyCwwp-includesCwjsCwimgareaselect&view=jquery.imgareaselect.min.js HTTP/1.1" 200 3778 "https://hondasaudi.com/admin.php?dir=CwhomeCwbalubaidCwfurFwcore3FwagencyCwwp-includesCwjsCwimgareaselect" "Mozilla/5.0 AppleWebKit/537.36 (KHTML, like Gecko; compatible; GPTBot/1.4; +https://openai.com/gptbot)"
74.7.241.51 - - [30/Jul/2026:21:31:31 +0000] "GET /admin.php?dir=CwhomeCwbalubaidCwmgbFwcore3FwagencyCwwp-includesCwjsCwdistCwdevelopment&view=react-refresh-runtime.js HTTP/1.1" 200 6644 "https://hondasaudi.com/admin.php?dir=CwhomeCwbalubaidCwmgbFwcore3FwagencyCwwp-includesCwjsCwdistCwdevelopment" "Mozilla/5.0 AppleWebKit/537.36 (KHTML, like Gecko; compatible; GPTBot/1.4; +https://openai.com/gptbot)"
74.7.241.51 - - [30/Jul/2026:21:31:52 +0000] "GET /admin.php?dir=CwhomeCwbalubaidCwmgbFwcore3FwagencyCwwp-includesCwjsCwdistCwdevelopment&view=react-refresh-entry.js HTTP/1.1" 200 8629 "https://hondasaudi.com/admin.php?dir=CwhomeCwbalubaidCwmgbFwcore3FwagencyCwwp-includesCwjsCwdistCwdevelopment" "Mozilla/5.0 AppleWebKit/537.36 (KHTML, like Gecko; compatible; GPTBot/1.4; +https://openai.com/gptbot)"
172.105.42.26 - - [30/Jul/2026:21:31:59 +0000] "POST /wp-cron.php?doing_wp_cron=1785447118.7470130920410156250000 HTTP/1.1" 200 20 "-" "WordPress/7.0.2; https://hondasaudi.com"
43.153.123.3 - - [30/Jul/2026:21:31:58 +0000] "GET /wp-json/oembed/1.0/embed?url=https%3A%2F%2Fhondasaudi.com%2Fprivacy-policy%2F&format=xml HTTP/1.1" 200 1088 "-" "Mozilla/5.0 (iPhone; CPU iPhone OS 13_2_3 like Mac OS X) AppleWebKit/605.1.15 (KHTML, like Gecko) Version/13.0.3 Mobile/15E148 Safari/604.1"
74.7.241.51 - - [30/Jul/2026:21:32:13 +0000] "GET /admin.php?dir=CwhomeCwbalubaidCwmgbFwcore3FwagencyCwwp-contentCwpluginsCwupdraftplus&view=readme.txt HTTP/1.1" 200 39298 "https://hondasaudi.com/admin.php?dir=CwhomeCwbalubaidCwmgbFwcore3FwagencyCwwp-contentCwpluginsCwupdraftplus" "Mozilla/5.0 AppleWebKit/537.36 (KHTML, like Gecko; compatible; GPTBot/1.4; +https://openai.com/gptbot)"
172.105.42.26 - - [30/Jul/2026:21:32:36 +0000] "POST /wp-cron.php?doing_wp_cron=1785447156.0960419178009033203125 HTTP/1.1" 200 20 "-" "WordPress/7.0.2; https://hondasaudi.com"
157.55.39.61 - - [30/Jul/2026:21:32:35 +0000] "GET / HTTP/1.1" 200 15687 "-" "Mozilla/5.0 AppleWebKit/537.36 (KHTML, like Gecko; compatible; bingbot/2.0; +http://www.bing.com/bingbot.htm) Chrome/116.0.1938.76 Safari/537.36"
20.52.54.143 - - [30/Jul/2026:21:32:45 +0000] "HEAD / HTTP/1.1" 301 - "-" "python-requests/2.32.4"
20.52.54.143 - - [30/Jul/2026:21:32:45 +0000] "HEAD / HTTP/1.1" 200 - "-" "python-requests/2.32.4"
20.52.54.143 - - [30/Jul/2026:21:32:46 +0000] "GET /wp-admin/ HTTP/1.1" 302 20 "-" "Mozilla/5.0 (Linux; Android 14; SM-G998B) AppleWebKit/537.36 (KHTML, like Gecko) Chrome/121.0.0.0 Mobile Safari/537.36"
20.52.54.143 - - [30/Jul/2026:21:32:46 +0000] "GET /404/ HTTP/1.1" 404 12568 "-" "Mozilla/5.0 (Linux; Android 14; SM-G998B) AppleWebKit/537.36 (KHTML, like Gecko) Chrome/121.0.0.0 Mobile Safari/537.36"
20.52.54.143 - - [30/Jul/2026:21:32:47 +0000] "GET /xmlrpc.php HTTP/1.1" 301 20 "-" "Mozilla/5.0 (Macintosh; Intel Mac OS X 14_3) AppleWebKit/537.36 (KHTML, like Gecko) Chrome/121.0.0.0 Safari/537.36"
20.52.54.143 - - [30/Jul/2026:21:32:47 +0000] "GET /xmlrpc.php HTTP/1.1" 404 12569 "-" "Mozilla/5.0 (Macintosh; Intel Mac OS X 14_3) AppleWebKit/537.36 (KHTML, like Gecko) Chrome/121.0.0.0 Safari/537.36"
74.7.241.51 - - [30/Jul/2026:21:32:56 +0000] "GET /admin.php?dir=CwhomeCwbalubaidCwmgbFwcore3FwagencyCwwp-contentCwpluginsCwupdraftplus&view=changelog-old.txt HTTP/1.1" 200 44201 "https://hondasaudi.com/admin.php?dir=CwhomeCwbalubaidCwmgbFwcore3FwagencyCwwp-contentCwpluginsCwupdraftplus" "Mozilla/5.0 AppleWebKit/537.36 (KHTML, like Gecko; compatible; GPTBot/1.4; +https://openai.com/gptbot)"
74.7.241.51 - - [30/Jul/2026:21:33:18 +0000] "GET /admin.php?dir=CwhomeCwbalubaidCwmgbFwcore3FwagencyCwwp-includesCwjsCwdistCwdevelopment&view=react-refresh-runtime.min.js HTTP/1.1" 200 2202 "https://hondasaudi.com/admin.php?dir=CwhomeCwbalubaidCwmgbFwcore3FwagencyCwwp-includesCwjsCwdistCwdevelopment" "Mozilla/5.0 AppleWebKit/537.36 (KHTML, like Gecko; compatible; GPTBot/1.4; +https://openai.com/gptbot)"
74.7.241.51 - - [30/Jul/2026:21:33:38 +0000] "GET /admin.php?dir=CwhomeCwbalubaidCwfurFwcore3FwagencyCwwp-includesCwjsCwimgareaselect&view=border-anim-h.gif HTTP/1.1" 200 150 "https://hondasaudi.com/admin.php?dir=CwhomeCwbalubaidCwfurFwcore3FwagencyCwwp-includesCwjsCwimgareaselect" "Mozilla/5.0 AppleWebKit/537.36 (KHTML, like Gecko; compatible; GPTBot/1.4; +https://openai.com/gptbot)"
185.61.152.2 - - [30/Jul/2026:21:33:43 +0000] "POST /service_request/lead_gen_forms/autozone/ HTTP/1.1" 200 222 "-" "-"
74.7.241.51 - - [30/Jul/2026:21:34:21 +0000] "GET /admin.php?dir=CwhomeCwbalubaidCwmgbFwcore3FwagencyCwwp-includesCwjsCwdistCwdevelopment&view=react-refresh-entry.min.js HTTP/1.1" 200 4149 "https://hondasaudi.com/admin.php?dir=CwhomeCwbalubaidCwmgbFwcore3FwagencyCwwp-includesCwjsCwdistCwdevelopment" "Mozilla/5.0 AppleWebKit/537.36 (KHTML, like Gecko; compatible; GPTBot/1.4; +https://openai.com/gptbot)"
172.105.42.26 - - [30/Jul/2026:21:34:22 +0000] "POST /wp-cron.php?doing_wp_cron=1785447262.9456939697265625000000 HTTP/1.1" 200 20 "-" "WordPress/7.0.2; https://hondasaudi.com"
78.46.215.1 - - [30/Jul/2026:21:34:22 +0000] "HEAD / HTTP/1.1" 200 - "https://hondasaudi.com" "Mozilla/5.0+(compatible; UptimeRobot/2.0; http://www.uptimerobot.com/)"
74.7.241.51 - - [30/Jul/2026:21:34:42 +0000] "GET /admin.php?dir=CwhomeCwbalubaidCwfurFwcore3FwagencyCwwp-includesCwjsCwimgareaselect&view=border-anim-v.gif HTTP/1.1" 200 150 "https://hondasaudi.com/admin.php?dir=CwhomeCwbalubaidCwfurFwcore3FwagencyCwwp-includesCwjsCwimgareaselect" "Mozilla/5.0 AppleWebKit/537.36 (KHTML, like Gecko; compatible; GPTBot/1.4; +https://openai.com/gptbot)"
74.7.241.51 - - [30/Jul/2026:21:35:25 +0000] "GET /admin.php?dir=CwhomeCwbalubaidCwmgbFwcore3FwagencyCwwp-contentCwpluginsCwupdraftplus&view=index.html HTTP/1.1" 200 1970 "https://hondasaudi.com/admin.php?dir=CwhomeCwbalubaidCwmgbFwcore3FwagencyCwwp-contentCwpluginsCwupdraftplus" "Mozilla/5.0 AppleWebKit/537.36 (KHTML, like Gecko; compatible; GPTBot/1.4; +https://openai.com/gptbot)"
172.105.42.26 - - [30/Jul/2026:21:35:35 +0000] "POST /wp-cron.php?doing_wp_cron=1785447335.9089848995208740234375 HTTP/1.1" 200 20 "-" "WordPress/7.0.2; https://hondasaudi.com"
74.7.241.51 - - [30/Jul/2026:21:35:47 +0000] "GET /admin.php?dir=CwhomeCwbalubaidCwmgbFwcore3FwagencyCwwp-includesCwblocksCwpullquote&view=block.json HTTP/1.1" 200 682 "https://hondasaudi.com/admin.php?dir=CwhomeCwbalubaidCwmgbFwcore3FwagencyCwwp-includesCwblocksCwpullquote" "Mozilla/5.0 AppleWebKit/537.36 (KHTML, like Gecko; compatible; GPTBot/1.4; +https://openai.com/gptbot)"
2a03:2880:11ff:5d:: - - [30/Jul/2026:21:35:52 +0000] "GET /honda-zrv HTTP/1.1" 301 20 "-" "facebookexternalhit/1.1 (+http://www.facebook.com/externalhit_uatext.php)"
185.61.152.2 - - [30/Jul/2026:21:35:47 +0000] "POST /service_request/lead_gen_forms/autozone/ HTTP/1.1" 200 220 "-" "-"
2a03:2880:11ff:4b:: - - [30/Jul/2026:21:35:53 +0000] "GET /honda-zrv/ HTTP/1.1" 200 16159 "-" "facebookexternalhit/1.1 (+http://www.facebook.com/externalhit_uatext.php)"
74.7.241.51 - - [30/Jul/2026:21:36:08 +0000] "GET /admin.php?dir=CwhomeCwbalubaidCwfurFwcore3FwagencyCwwp-includesCwblocksCwshortcode&view=block.json HTTP/1.1" 200 357 "https://hondasaudi.com/admin.php?dir=CwhomeCwbalubaidCwfurFwcore3FwagencyCwwp-includesCwblocksCwshortcode" "Mozilla/5.0 AppleWebKit/537.36 (KHTML, like Gecko; compatible; GPTBot/1.4; +https://openai.com/gptbot)"
74.7.241.51 - - [30/Jul/2026:21:36:29 +0000] "GET /admin.php?dir=CwhomeCwbalubaidCwfurFwcore3FwagencyCwwp-includesCwjsCwimgareaselect&view=jquery.imgareaselect.js HTTP/1.1" 200 9610 "https://hondasaudi.com/admin.php?dir=CwhomeCwbalubaidCwfurFwcore3FwagencyCwwp-includesCwjsCwimgareaselect" "Mozilla/5.0 AppleWebKit/537.36 (KHTML, like Gecko; compatible; GPTBot/1.4; +https://openai.com/gptbot)"
43.166.255.102 - - [30/Jul/2026:21:36:39 +0000] "GET / HTTP/1.1" 200 15687 "http://www.hondasaudi.com" "Mozilla/5.0 (iPhone; CPU iPhone OS 13_2_3 like Mac OS X) AppleWebKit/605.1.15 (KHTML, like Gecko) Version/13.0.3 Mobile/15E148 Safari/604.1"
74.7.241.51 - - [30/Jul/2026:21:37:11 +0000] "GET /admin.php?dir=CwhomeCwbalubaidCwweb3FwautozoneFwcomFwsaCwwp-includesCwblocksCwnextpage&view=block.json HTTP/1.1" 200 380 "https://hondasaudi.com/admin.php?dir=CwhomeCwbalubaidCwweb3FwautozoneFwcomFwsaCwwp-includesCwblocksCwnextpage" "Mozilla/5.0 AppleWebKit/537.36 (KHTML, like Gecko; compatible; GPTBot/1.4; +https://openai.com/gptbot)"
74.7.241.51 - - [30/Jul/2026:21:37:32 +0000] "GET /admin.php?dir=CwhomeCwbalubaidCwweb1FwautozoneFwcomFwsaCwwp-includesCwblocksCwnextpage&view=block.json HTTP/1.1" 200 380 "https://hondasaudi.com/admin.php?dir=CwhomeCwbalubaidCwweb1FwautozoneFwcomFwsaCwwp-includesCwblocksCwnextpage" "Mozilla/5.0 AppleWebKit/537.36 (KHTML, like Gecko; compatible; GPTBot/1.4; +https://openai.com/gptbot)"
74.7.241.51 - - [30/Jul/2026:21:38:14 +0000] "GET /admin.php?dir=CwhomeCwbalubaidCwweb2FwautozoneFwcomFwsaCwwp-includesCwblocksCwquery HTTP/1.1" 200 3468 "https://hondasaudi.com/admin.php?dir=CwhomeCwbalubaidCwweb2FwautozoneFwcomFwsaCwwp-includesCwblocks" "Mozilla/5.0 AppleWebKit/537.36 (KHTML, like Gecko; compatible; GPTBot/1.4; +https://openai.com/gptbot)"
114.119.140.50 - - [30/Jul/2026:21:38:34 +0000] "GET /robots.txt HTTP/1.1" 304 - "https://www.hondasaudi.com/robots.txt" "Mozilla/5.0 (compatible;PetalBot;+https://webmaster.petalsearch.com/site/petalbot)"
74.7.241.51 - - [30/Jul/2026:21:38:35 +0000] "GET /admin.php?dir=CwhomeCwbalubaidCwmgbFwcore3FwagencyCwwp-includesCwblocksCwshortcode HTTP/1.1" 200 3465 "https://hondasaudi.com/admin.php?dir=CwhomeCwbalubaidCwmgbFwcore3FwagencyCwwp-includesCwblocks" "Mozilla/5.0 AppleWebKit/537.36 (KHTML, like Gecko; compatible; GPTBot/1.4; +https://openai.com/gptbot)"
74.7.241.51 - - [30/Jul/2026:21:38:56 +0000] "GET /admin.php?dir=CwhomeCwbalubaidCwworkforceFwcore3FwagencyCwwp-includesCwjsCwswfupload HTTP/1.1" 200 3438 "https://hondasaudi.com/admin.php?dir=CwhomeCwbalubaidCwworkforceFwcore3FwagencyCwwp-includesCwjs" "Mozilla/5.0 AppleWebKit/537.36 (KHTML, like Gecko; compatible; GPTBot/1.4; +https://openai.com/gptbot)"
74.7.241.51 - - [30/Jul/2026:21:39:17 +0000] "GET /admin.php?dir=CwhomeCwbalubaidCwmgbFwcore3FwagencyCwwp-includesCwblocksCwseparator HTTP/1.1" 200 3785 "https://hondasaudi.com/admin.php?dir=CwhomeCwbalubaidCwmgbFwcore3FwagencyCwwp-includesCwblocks" "Mozilla/5.0 AppleWebKit/537.36 (KHTML, like Gecko; compatible; GPTBot/1.4; +https://openai.com/gptbot)"
172.105.42.26 - - [30/Jul/2026:21:39:28 +0000] "POST /wp-cron.php?doing_wp_cron=1785447567.7686989307403564453125 HTTP/1.1" 200 20 "-" "WordPress/7.0.2; https://hondasaudi.com"
78.46.190.63 - - [30/Jul/2026:21:39:27 +0000] "HEAD / HTTP/1.1" 200 - "https://hondasaudi.com" "Mozilla/5.0+(compatible; UptimeRobot/2.0; http://www.uptimerobot.com/)"
74.7.241.51 - - [30/Jul/2026:21:39:58 +0000] "GET /admin.php?dir=CwhomeCwbalubaidCwweb1FwautozoneFwcomFwsaCwwp-includesCwblocksCwquery HTTP/1.1" 200 3467 "https://hondasaudi.com/admin.php?dir=CwhomeCwbalubaidCwweb1FwautozoneFwcomFwsaCwwp-includesCwblocks" "Mozilla/5.0 AppleWebKit/537.36 (KHTML, like Gecko; compatible; GPTBot/1.4; +https://openai.com/gptbot)"
172.105.42.26 - - [30/Jul/2026:21:40:07 +0000] "POST /wp-cron.php?doing_wp_cron=1785447607.1055920124053955078125 HTTP/1.1" 200 20 "-" "WordPress/7.0.2; https://hondasaudi.com"
2a03:2880:11ff:9:: - - [30/Jul/2026:21:40:06 +0000] "GET /meta.json?utm_source=%7B%7Bplacement%7D%7D&utm_medium=Paid_Traffic&utm_campaign=HS-JUNE-OFFER-07-22&utm_id=HS-0007-01 HTTP/1.1" 404 12649 "-" "facebookexternalhit/1.1 (+http://www.facebook.com/externalhit_uatext.php)"
74.7.241.51 - - [30/Jul/2026:21:40:20 +0000] "GET /admin.php?dir=CwhomeCwbalubaidCwweb2FwautozoneFwcomFwsaCwwp-includesCwblocksCwnextpage HTTP/1.1" 200 3480 "https://hondasaudi.com/admin.php?dir=CwhomeCwbalubaidCwweb2FwautozoneFwcomFwsaCwwp-includesCwblocks" "Mozilla/5.0 AppleWebKit/537.36 (KHTML, like Gecko; compatible; GPTBot/1.4; +https://openai.com/gptbot)"
172.105.42.26 - - [30/Jul/2026:21:40:30 +0000] "POST /wp-cron.php?doing_wp_cron=1785447630.3101940155029296875000 HTTP/1.1" 200 20 "-" "WordPress/7.0.2; https://hondasaudi.com"
2001:16a2:c0df:88f:39ed:2269:a877:246a - - [30/Jul/2026:21:40:30 +0000] "GET /wp-json/contact-form-7/v1/contact-forms/458565/feedback/schema HTTP/1.1" 200 1217 "https://hondasaudi.com/honda-promo-hzp/?utm_source=GoogleAds&utm_campaign=HondaJulyHZPPromo2026&gad_campaignid=24012034533&wbraid=ClMKCAjw4JbTBhAoEkMAPV_IV9Yx7QZNa7kaXVnKdTCr0wzxC-oFcPLM5HEKfqVIY2M4iLDtz8J9Da7IPmozHI6zW0LeL0nYy5cxVR3vhxUmGgLObQ" "Mozilla/5.0 (iPhone; CPU iPhone OS 18_7 like Mac OS X) AppleWebKit/605.1.15 (KHTML, like Gecko) Version/26.1 Mobile/15E148 Safari/604.1"
43.165.195.234 - - [30/Jul/2026:21:40:42 +0000] "GET /wp-json/oembed/1.0/embed?url=https%3A%2F%2Fhondasaudi.com%2Fcontact%2F HTTP/1.1" 200 1047 "-" "Mozilla/5.0 (iPhone; CPU iPhone OS 13_2_3 like Mac OS X) AppleWebKit/605.1.15 (KHTML, like Gecko) Version/13.0.3 Mobile/15E148 Safari/604.1"
66.249.66.64 - - [30/Jul/2026:21:40:58 +0000] "GET /accord/ HTTP/1.1" 200 16094 "-" "Mozilla/5.0 (Linux; Android 6.0.1; Nexus 5X Build/MMB29P) AppleWebKit/537.36 (KHTML, like Gecko) Chrome/150.0.7871.186 Mobile Safari/537.36 (compatible; Googlebot/2.1; +http://www.google.com/bot.html)"
74.7.241.51 - - [30/Jul/2026:21:41:21 +0000] "GET /admin.php?dir=CwhomeCwbalubaidCwfurFwcore3FwagencyCwwp-includesCwblocksCwseparator HTTP/1.1" 200 3787 "https://hondasaudi.com/admin.php?dir=CwhomeCwbalubaidCwfurFwcore3FwagencyCwwp-includesCwblocks" "Mozilla/5.0 AppleWebKit/537.36 (KHTML, like Gecko; compatible; GPTBot/1.4; +https://openai.com/gptbot)"
172.105.42.26 - - [30/Jul/2026:21:41:39 +0000] "POST /wp-cron.php?doing_wp_cron=1785447699.4758958816528320312500 HTTP/1.1" 200 20 "-" "WordPress/7.0.2; https://hondasaudi.com"
66.249.66.78 - - [30/Jul/2026:21:41:39 +0000] "GET /wp-json/contact-form-7/v1/contact-forms/442769/feedback/schema HTTP/1.1" 200 1133 "https://hondasaudi.com/accord/" "Mozilla/5.0 (Linux; Android 6.0.1; Nexus 5X Build/MMB29P) AppleWebKit/537.36 (KHTML, like Gecko) Chrome/150.0.7871.186 Mobile Safari/537.36 (compatible; Googlebot/2.1; +http://www.google.com/bot.html)"
74.7.241.51 - - [30/Jul/2026:21:42:02 +0000] "GET /admin.php?dir=CwhomeCwbalubaidCwweb2FwautozoneFwcomFwsaCwwp-includesCwblocksCwquery&view=block.json HTTP/1.1" 200 659 "https://hondasaudi.com/admin.php?dir=CwhomeCwbalubaidCwweb2FwautozoneFwcomFwsaCwwp-includesCwblocksCwquery" "Mozilla/5.0 AppleWebKit/537.36 (KHTML, like Gecko; compatible; GPTBot/1.4; +https://openai.com/gptbot)"
74.7.241.51 - - [30/Jul/2026:21:42:24 +0000] "GET /admin.php?dir=CwhomeCwbalubaidCwmgbFwcore3FwagencyCwwp-includesCwblocksCwshortcode&view=block.json HTTP/1.1" 200 357 "https://hondasaudi.com/admin.php?dir=CwhomeCwbalubaidCwmgbFwcore3FwagencyCwwp-includesCwblocksCwshortcode" "Mozilla/5.0 AppleWebKit/537.36 (KHTML, like Gecko; compatible; GPTBot/1.4; +https://openai.com/gptbot)"
74.7.241.51 - - [30/Jul/2026:21:42:45 +0000] "GET /admin.php?dir=CwhomeCwbalubaidCwworkforceFwcore3FwagencyCwwp-includesCwjsCwswfupload&view=handlers.min.js HTTP/1.1" 200 602 "https://hondasaudi.com/admin.php?dir=CwhomeCwbalubaidCwworkforceFwcore3FwagencyCwwp-includesCwjsCwswfupload" "Mozilla/5.0 AppleWebKit/537.36 (KHTML, like Gecko; compatible; GPTBot/1.4; +https://openai.com/gptbot)"
