74.7.241.51 - - [30/Jul/2026:21:43:06 +0000] "GET /admin.php?dir=CwhomeCwbalubaidCwmgbFwcore3FwagencyCwwp-includesCwblocksCwseparator&view=theme.css HTTP/1.1" 200 274 "https://hondasaudi.com/admin.php?dir=CwhomeCwbalubaidCwmgbFwcore3FwagencyCwwp-includesCwblocksCwseparator" "Mozilla/5.0 AppleWebKit/537.36 (KHTML, like Gecko; compatible; GPTBot/1.4; +https://openai.com/gptbot)"
172.105.42.26 - - [30/Jul/2026:21:43:22 +0000] "POST /wp-cron.php?doing_wp_cron=1785447802.9639730453491210937500 HTTP/1.1" 200 20 "-" "WordPress/7.0.2; https://hondasaudi.com"
209.198.132.232 - - [30/Jul/2026:21:43:23 +0000] "GET /?utm_source=sms&utm_medium=sms&utm_campaign=sms HTTP/1.1" 200 15714 "-" "Mozilla/5.0 (Linux; Android 10; K) AppleWebKit/537.36 (KHTML, like Gecko) Chrome/150.0.0.0 Mobile Safari/537.36"
172.105.42.26 - - [30/Jul/2026:21:43:30 +0000] "POST /wp-cron.php?doing_wp_cron=1785447810.0771100521087646484375 HTTP/1.1" 200 20 "-" "WordPress/7.0.2; https://hondasaudi.com"
2a02:c207:2313:6546::1 - - [30/Jul/2026:21:43:29 +0000] "HEAD /outlet/ HTTP/1.1" 200 - "-" "Mozilla/5.0 (compatible; KampanyaSepetiHealthBot/1.0; +https://kampanya-api.duckdns.org)"
74.7.241.51 - - [30/Jul/2026:21:43:48 +0000] "GET /admin.php?dir=CwhomeCwbalubaidCwweb1FwautozoneFwcomFwsaCwwp-includesCwblocksCwquery&view=block.json HTTP/1.1" 200 659 "https://hondasaudi.com/admin.php?dir=CwhomeCwbalubaidCwweb1FwautozoneFwcomFwsaCwwp-includesCwblocksCwquery" "Mozilla/5.0 AppleWebKit/537.36 (KHTML, like Gecko; compatible; GPTBot/1.4; +https://openai.com/gptbot)"
74.7.241.51 - - [30/Jul/2026:21:44:10 +0000] "GET /admin.php?dir=CwhomeCwbalubaidCwmgbFwcore3FwagencyCwwp-includesCwblocksCwseparator&view=block.json HTTP/1.1" 200 601 "https://hondasaudi.com/admin.php?dir=CwhomeCwbalubaidCwmgbFwcore3FwagencyCwwp-includesCwblocksCwseparator" "Mozilla/5.0 AppleWebKit/537.36 (KHTML, like Gecko; compatible; GPTBot/1.4; +https://openai.com/gptbot)"
13.203.76.5 - - [30/Jul/2026:21:44:10 +0000] "GET / HTTP/1.1" 200 15687 "http://hondasaudi.com/" "Go-http-client/2.0"
172.105.42.26 - - [30/Jul/2026:21:44:33 +0000] "POST /wp-cron.php?doing_wp_cron=1785447872.8297550678253173828125 HTTP/1.1" 200 20 "-" "WordPress/7.0.2; https://hondasaudi.com"
3.77.67.4 - - [30/Jul/2026:21:44:32 +0000] "HEAD / HTTP/1.1" 200 - "https://hondasaudi.com" "Mozilla/5.0+(compatible; UptimeRobot/2.0; http://www.uptimerobot.com/)"
172.105.42.26 - - [30/Jul/2026:21:45:20 +0000] "POST /wp-cron.php?doing_wp_cron=1785447920.6570560932159423828125 HTTP/1.1" 200 20 "-" "WordPress/7.0.2; https://hondasaudi.com"
66.249.92.128 - - [30/Jul/2026:21:45:53 +0000] "GET /wp-content/themes/Impreza/fonts/fa-regular-400.woff2?ver=8.0.5 HTTP/1.1" 200 168389 "https://honda.core3.agency/" "AdsBot-Google (+http://www.google.com/adsbot.html)"
66.249.92.142 - - [30/Jul/2026:21:45:54 +0000] "GET /wp-content/themes/Impreza/fonts/fa-brands-400.woff2?ver=8.0.5 HTTP/1.1" 200 76767 "https://honda.core3.agency/" "AdsBot-Google (+http://www.google.com/adsbot.html)"
66.249.92.142 - - [30/Jul/2026:21:45:54 +0000] "GET /wp-content/themes/Impreza/fonts/fa-regular-400.woff?ver=8.0.5 HTTP/1.1" 200 224633 "https://honda.core3.agency/" "AdsBot-Google (+http://www.google.com/adsbot.html)"
66.249.92.128 - - [30/Jul/2026:21:45:54 +0000] "GET /wp-content/themes/Impreza/fonts/fa-brands-400.woff?ver=8.0.5 HTTP/1.1" 200 90074 "https://honda.core3.agency/" "AdsBot-Google (+http://www.google.com/adsbot.html)"
172.105.42.26 - - [30/Jul/2026:21:46:05 +0000] "POST /wp-cron.php?doing_wp_cron=1785447965.3103868961334228515625 HTTP/1.1" 200 20 "-" "WordPress/7.0.2; https://hondasaudi.com"
74.7.241.51 - - [30/Jul/2026:21:46:14 +0000] "GET /admin.php?dir=CwhomeCwbalubaidCwfurFwcore3FwagencyCwwp-includesCwblocksCwseparator&view=block.json HTTP/1.1" 200 601 "https://hondasaudi.com/admin.php?dir=CwhomeCwbalubaidCwfurFwcore3FwagencyCwwp-includesCwblocksCwseparator" "Mozilla/5.0 AppleWebKit/537.36 (KHTML, like Gecko; compatible; GPTBot/1.4; +https://openai.com/gptbot)"
74.7.241.51 - - [30/Jul/2026:21:46:35 +0000] "GET /admin.php?dir=CwhomeCwbalubaidCwweb2FwautozoneFwcomFwsaCwwp-includesCwblocksCwnextpage&view=block.json HTTP/1.1" 200 380 "https://hondasaudi.com/admin.php?dir=CwhomeCwbalubaidCwweb2FwautozoneFwcomFwsaCwwp-includesCwblocksCwnextpage" "Mozilla/5.0 AppleWebKit/537.36 (KHTML, like Gecko; compatible; GPTBot/1.4; +https://openai.com/gptbot)"
172.105.42.26 - - [30/Jul/2026:21:46:55 +0000] "POST /wp-cron.php?doing_wp_cron=1785448015.0860550403594970703125 HTTP/1.1" 200 20 "-" "WordPress/7.0.2; https://hondasaudi.com"
2a02:9b0:8012:e59b:99c1:b5b1:6705:3403 - - [30/Jul/2026:21:46:54 +0000] "GET /outlet/ HTTP/1.1" 200 16111 "https://www.google.com/url?q=https://hondasaudi.com/outlet/&sa=U&ved=2ahUKEwil9amUsPuVAxVEg_0HHTJlKNgQFnoECCIQAQ&usg=AOvVaw20naIEbPH4bikNBMR-H1Nu" "Mozilla/5.0 (iPhone; CPU iPhone OS 26_6_0 like Mac OS X) AppleWebKit/605.1.15 (KHTML, like Gecko) GSA/431.2.950282168 Mobile/15E148 Safari/604.1"
2a02:9b0:8012:e59b:99c1:b5b1:6705:3403 - - [30/Jul/2026:21:46:55 +0000] "GET /wp-json/contact-form-7/v1/contact-forms/453560/feedback/schema HTTP/1.1" 200 1143 "https://hondasaudi.com/outlet/" "Mozilla/5.0 (iPhone; CPU iPhone OS 26_6_0 like Mac OS X) AppleWebKit/605.1.15 (KHTML, like Gecko) GSA/431.2.950282168 Mobile/15E148 Safari/604.1"
74.7.241.51 - - [30/Jul/2026:21:46:56 +0000] "GET /admin.php?dir=CwhomeCwbalubaidCwworkforceFwcore3FwagencyCwwp-includesCwjsCwswfupload&view=license.txt HTTP/1.1" 200 895 "https://hondasaudi.com/admin.php?dir=CwhomeCwbalubaidCwworkforceFwcore3FwagencyCwwp-includesCwjsCwswfupload" "Mozilla/5.0 AppleWebKit/537.36 (KHTML, like Gecko; compatible; GPTBot/1.4; +https://openai.com/gptbot)"
74.7.241.51 - - [30/Jul/2026:21:47:16 +0000] "GET /admin.php?dir=CwhomeCwbalubaidCwworkforceFwcore3FwagencyCwwp-includesCwjsCwswfupload&view=handlers.js HTTP/1.1" 200 644 "https://hondasaudi.com/admin.php?dir=CwhomeCwbalubaidCwworkforceFwcore3FwagencyCwwp-includesCwjsCwswfupload" "Mozilla/5.0 AppleWebKit/537.36 (KHTML, like Gecko; compatible; GPTBot/1.4; +https://openai.com/gptbot)"
172.105.42.26 - - [30/Jul/2026:21:47:17 +0000] "POST /wp-cron.php?doing_wp_cron=1785448037.6655809879302978515625 HTTP/1.1" 200 20 "-" "WordPress/7.0.2; https://hondasaudi.com"
2a02:9b0:8012:e59b:99c1:b5b1:6705:3403 - - [30/Jul/2026:21:47:17 +0000] "GET / HTTP/1.1" 200 15687 "https://hondasaudi.com/outlet/" "Mozilla/5.0 (iPhone; CPU iPhone OS 26_6_0 like Mac OS X) AppleWebKit/605.1.15 (KHTML, like Gecko) GSA/431.2.950282168 Mobile/15E148 Safari/604.1"
74.7.241.51 - - [30/Jul/2026:21:47:38 +0000] "GET /admin.php?dir=CwhomeCwbalubaidCwfurFwcore3FwagencyCwwp-includesCwblocksCwcategories HTTP/1.1" 200 3607 "https://hondasaudi.com/admin.php?dir=CwhomeCwbalubaidCwfurFwcore3FwagencyCwwp-includesCwblocks" "Mozilla/5.0 AppleWebKit/537.36 (KHTML, like Gecko; compatible; GPTBot/1.4; +https://openai.com/gptbot)"
172.105.42.26 - - [30/Jul/2026:21:48:34 +0000] "POST /wp-cron.php?doing_wp_cron=1785448114.6925148963928222656250 HTTP/1.1" 200 20 "-" "WordPress/7.0.2; https://hondasaudi.com"
74.7.241.51 - - [30/Jul/2026:21:49:02 +0000] "GET /admin.php?dir=CwhomeCwbalubaidCwweb4FwautozoneFwcomFwsaCwwp-includesCwblocksCwgallery HTTP/1.1" 200 3797 "https://hondasaudi.com/admin.php?dir=CwhomeCwbalubaidCwweb4FwautozoneFwcomFwsaCwwp-includesCwblocks" "Mozilla/5.0 AppleWebKit/537.36 (KHTML, like Gecko; compatible; GPTBot/1.4; +https://openai.com/gptbot)"
172.105.42.26 - - [30/Jul/2026:21:49:39 +0000] "POST /wp-cron.php?doing_wp_cron=1785448178.8287670612335205078125 HTTP/1.1" 200 20 "-" "WordPress/7.0.2; https://hondasaudi.com"
78.47.98.55 - - [30/Jul/2026:21:49:38 +0000] "HEAD / HTTP/1.1" 200 - "https://hondasaudi.com" "Mozilla/5.0+(compatible; UptimeRobot/2.0; http://www.uptimerobot.com/)"
74.7.241.51 - - [30/Jul/2026:21:49:43 +0000] "GET /admin.php?dir=CwhomeCwbalubaidCwworkforceFwcore3FwagencyCwwp-includesCwjsCwmediaelement HTTP/1.1" 200 4126 "https://hondasaudi.com/admin.php?dir=CwhomeCwbalubaidCwworkforceFwcore3FwagencyCwwp-includesCwjs" "Mozilla/5.0 AppleWebKit/537.36 (KHTML, like Gecko; compatible; GPTBot/1.4; +https://openai.com/gptbot)"
74.7.241.51 - - [30/Jul/2026:21:50:44 +0000] "GET /admin.php?dir=CwhomeCwbalubaidCwworkforceFwcore3FwagencyCwwp-includesCwjsCwtinymce HTTP/1.1" 200 3684 "https://hondasaudi.com/admin.php?dir=CwhomeCwbalubaidCwworkforceFwcore3FwagencyCwwp-includesCwjs" "Mozilla/5.0 AppleWebKit/537.36 (KHTML, like Gecko; compatible; GPTBot/1.4; +https://openai.com/gptbot)"
74.7.241.51 - - [30/Jul/2026:21:51:06 +0000] "GET /admin.php?dir=CwhomeCwbalubaidCwweb4FwautozoneFwcomFwsaCwwp-includesCwblocksCwnextpage HTTP/1.1" 200 3478 "https://hondasaudi.com/admin.php?dir=CwhomeCwbalubaidCwweb4FwautozoneFwcomFwsaCwwp-includesCwblocks" "Mozilla/5.0 AppleWebKit/537.36 (KHTML, like Gecko; compatible; GPTBot/1.4; +https://openai.com/gptbot)"
172.105.42.26 - - [30/Jul/2026:21:51:16 +0000] "POST /wp-cron.php?doing_wp_cron=1785448276.7670729160308837890625 HTTP/1.1" 200 20 "-" "WordPress/7.0.2; https://hondasaudi.com"
111.225.148.144 - - [30/Jul/2026:21:51:16 +0000] "GET /eastern-region/ HTTP/1.1" 200 18560 "-" "Mozilla/5.0 (Linux; Android 5.0) AppleWebKit/537.36 (KHTML, like Gecko) Mobile Safari/537.36 (compatible; Bytespider; https://zhanzhang.toutiao.com/)"
111.225.148.144 - - [30/Jul/2026:21:51:17 +0000] "GET /wp-json/contact-form-7/v1/contact-forms/327536/feedback/schema HTTP/1.1" 200 1147 "https://hondasaudi.com/eastern-region/" "Mozilla/5.0 (Linux; Android 5.0) AppleWebKit/537.36 (KHTML, like Gecko) Mobile Safari/537.36 (compatible; Bytespider; https://zhanzhang.toutiao.com/)"
172.105.42.26 - - [30/Jul/2026:21:51:23 +0000] "POST /wp-cron.php?doing_wp_cron=1785448283.9419450759887695312500 HTTP/1.1" 200 20 "-" "WordPress/7.0.2; https://hondasaudi.com"
74.7.241.51 - - [30/Jul/2026:21:51:27 +0000] "GET /admin.php?dir=CwhomeCwbalubaidCwfurFwcore3FwagencyCwwp-includesCwblocksCwcategories&view=block.json HTTP/1.1" 200 702 "https://hondasaudi.com/admin.php?dir=CwhomeCwbalubaidCwfurFwcore3FwagencyCwwp-includesCwblocksCwcategories" "Mozilla/5.0 AppleWebKit/537.36 (KHTML, like Gecko; compatible; GPTBot/1.4; +https://openai.com/gptbot)"
172.105.42.26 - - [30/Jul/2026:21:51:46 +0000] "POST /wp-cron.php?doing_wp_cron=1785448306.1837260723114013671875 HTTP/1.1" 200 20 "-" "WordPress/7.0.2; https://hondasaudi.com"
111.225.149.189 - - [30/Jul/2026:21:51:45 +0000] "GET / HTTP/1.1" 200 15688 "-" "Mozilla/5.0 (Linux; Android 5.0) AppleWebKit/537.36 (KHTML, like Gecko) Mobile Safari/537.36 (compatible; Bytespider; https://zhanzhang.toutiao.com/)"
172.105.42.26 - - [30/Jul/2026:21:52:34 +0000] "POST /wp-cron.php?doing_wp_cron=1785448354.0865099430084228515625 HTTP/1.1" 200 20 "-" "WordPress/7.0.2; https://hondasaudi.com"
43.163.206.70 - - [30/Jul/2026:21:52:33 +0000] "GET /?p=47 HTTP/1.1" 301 20 "-" "Mozilla/5.0 (iPhone; CPU iPhone OS 13_2_3 like Mac OS X) AppleWebKit/605.1.15 (KHTML, like Gecko) Version/13.0.3 Mobile/15E148 Safari/604.1"
43.163.206.70 - - [30/Jul/2026:21:52:36 +0000] "GET /contact/ HTTP/1.1" 200 13006 "https://hondasaudi.com/?p=47" "Mozilla/5.0 (iPhone; CPU iPhone OS 13_2_3 like Mac OS X) AppleWebKit/605.1.15 (KHTML, like Gecko) Version/13.0.3 Mobile/15E148 Safari/604.1"
172.105.42.26 - - [30/Jul/2026:21:52:50 +0000] "POST /?wordfence_syncAttackData=1785448369.9932 HTTP/1.1" 200 20 "-" "WordPress/7.0.2; https://hondasaudi.com"
2001:4860:7:628::fa - - [30/Jul/2026:21:52:49 +0000] "GET / HTTP/1.1" 200 15687 "https://www.google.com/" "Mozilla/5.0 (Linux; Android 10; K) AppleWebKit/537.36 (KHTML, like Gecko) Chrome/150.0.0.0 Mobile Safari/537.36"
74.7.241.51 - - [30/Jul/2026:21:52:50 +0000] "GET /admin.php?dir=CwhomeCwbalubaidCwweb4FwautozoneFwcomFwsaCwwp-includesCwblocksCwgallery&view=block.json HTTP/1.1" 200 1037 "https://hondasaudi.com/admin.php?dir=CwhomeCwbalubaidCwweb4FwautozoneFwcomFwsaCwwp-includesCwblocksCwgallery" "Mozilla/5.0 AppleWebKit/537.36 (KHTML, like Gecko; compatible; GPTBot/1.4; +https://openai.com/gptbot)"
2001:16a4:6b:7ebc:60c0:4a96:5488:ad3b - - [30/Jul/2026:21:52:55 +0000] "GET /honda-zrv/ HTTP/1.1" 200 16160 "https://hondasaudi.com/" "Mozilla/5.0 (Linux; Android 10; K) AppleWebKit/537.36 (KHTML, like Gecko) Chrome/150.0.0.0 Mobile Safari/537.36"
185.61.152.2 - - [30/Jul/2026:21:52:50 +0000] "POST /service_request/lead_gen_forms/autozone/ HTTP/1.1" 200 984 "-" "-"
185.61.152.2 - - [30/Jul/2026:21:53:01 +0000] "POST /service_request/lead_gen_forms/autozone/ HTTP/1.1" 200 116 "-" "-"
110.249.201.230 - - [30/Jul/2026:21:53:12 +0000] "GET /wp-content/uploads/2023/03/Ladies-Accord-600x600.jpg HTTP/1.1" 200 61474 "-" "Mozilla/5.0 (Linux; Android 5.0) AppleWebKit/537.36 (KHTML, like Gecko) Mobile Safari/537.36 (compatible; Bytespider; https://zhanzhang.toutiao.com/)"
74.7.241.51 - - [30/Jul/2026:21:53:32 +0000] "GET /admin.php?dir=CwhomeCwbalubaidCwworkforceFwcore3FwagencyCwwp-includesCwjsCwmediaelement&view=mediaelement-and-player.js HTTP/1.1" 200 50445 "https://hondasaudi.com/admin.php?dir=CwhomeCwbalubaidCwworkforceFwcore3FwagencyCwwp-includesCwjsCwmediaelement" "Mozilla/5.0 AppleWebKit/537.36 (KHTML, like Gecko; compatible; GPTBot/1.4; +https://openai.com/gptbot)"
74.7.241.51 - - [30/Jul/2026:21:53:53 +0000] "GET /admin.php?dir=CwhomeCwbalubaidCwworkforceFwcore3FwagencyCwwp-includesCwjsCwmediaelement&view=mediaelement-and-player.min.js HTTP/1.1" 200 38859 "https://hondasaudi.com/admin.php?dir=CwhomeCwbalubaidCwworkforceFwcore3FwagencyCwwp-includesCwjsCwmediaelement" "Mozilla/5.0 AppleWebKit/537.36 (KHTML, like Gecko; compatible; GPTBot/1.4; +https://openai.com/gptbot)"
74.7.241.51 - - [30/Jul/2026:21:54:35 +0000] "GET /admin.php?dir=CwhomeCwbalubaidCwworkforceFwcore3FwagencyCwwp-includesCwjsCwtinymce&view=tiny_mce_popup.js HTTP/1.1" 200 5058 "https://hondasaudi.com/admin.php?dir=CwhomeCwbalubaidCwworkforceFwcore3FwagencyCwwp-includesCwjsCwtinymce" "Mozilla/5.0 AppleWebKit/537.36 (KHTML, like Gecko; compatible; GPTBot/1.4; +https://openai.com/gptbot)"
172.105.42.26 - - [30/Jul/2026:21:54:46 +0000] "POST /wp-cron.php?doing_wp_cron=1785448485.8197119235992431640625 HTTP/1.1" 200 20 "-" "WordPress/7.0.2; https://hondasaudi.com"
18.192.166.72 - - [30/Jul/2026:21:54:45 +0000] "HEAD / HTTP/1.1" 200 - "https://hondasaudi.com" "Mozilla/5.0+(compatible; UptimeRobot/2.0; http://www.uptimerobot.com/)"
2001:16a4:6b:7ebc:60c0:4a96:5488:ad3b - - [30/Jul/2026:21:55:03 +0000] "GET /honda-hrv-zrv/ HTTP/1.1" 200 17738 "https://hondasaudi.com/" "Mozilla/5.0 (Linux; Android 10; K) AppleWebKit/537.36 (KHTML, like Gecko) Chrome/150.0.0.0 Mobile Safari/537.36"
142.250.32.33 - - [30/Jul/2026:21:55:04 +0000] "GET /.well-known/traffic-advice HTTP/1.1" 404 12584 "-" "Chrome Privacy Preserving Prefetch Proxy"
2001:4860:7:1628::fb - - [30/Jul/2026:21:55:04 +0000] "GET / HTTP/1.1" 200 15687 "https://www.google.com/" "Mozilla/5.0 (Linux; Android 10; K) AppleWebKit/537.36 (KHTML, like Gecko) Chrome/150.0.0.0 Mobile Safari/537.36"
2001:16a4:6b:7ebc:60c0:4a96:5488:ad3b - - [30/Jul/2026:21:55:09 +0000] "GET / HTTP/1.1" 200 15687 "https://www.google.com/" "Mozilla/5.0 (Linux; Android 10; K) AppleWebKit/537.36 (KHTML, like Gecko) Chrome/150.0.0.0 Mobile Safari/537.36"
66.249.66.64 - - [30/Jul/2026:21:55:13 +0000] "GET /thank-you/ HTTP/1.1" 200 12574 "-" "Mozilla/5.0 (Linux; Android 6.0.1; Nexus 5X Build/MMB29P) AppleWebKit/537.36 (KHTML, like Gecko) Chrome/150.0.7871.186 Mobile Safari/537.36 (compatible; Googlebot/2.1; +http://www.google.com/bot.html)"
74.7.241.51 - - [30/Jul/2026:21:55:17 +0000] "GET /admin.php?dir=CwhomeCwbalubaidCwworkforceFwcore3FwagencyCwwp-includesCwjsCwmediaelement&view=mediaelement.js HTTP/1.1" 200 23971 "https://hondasaudi.com/admin.php?dir=CwhomeCwbalubaidCwworkforceFwcore3FwagencyCwwp-includesCwjsCwmediaelement" "Mozilla/5.0 AppleWebKit/537.36 (KHTML, like Gecko; compatible; GPTBot/1.4; +https://openai.com/gptbot)"
172.105.42.26 - - [30/Jul/2026:21:55:23 +0000] "POST /wp-cron.php?doing_wp_cron=1785448523.0360391139984130859375 HTTP/1.1" 200 20 "-" "WordPress/7.0.2; https://hondasaudi.com"
2001:16a4:6b:7ebc:60c0:4a96:5488:ad3b - - [30/Jul/2026:21:55:22 +0000] "GET / HTTP/1.1" 200 15579 "https://hondasaudi.com/" "Mozilla/5.0 (Linux; Android 10; K) AppleWebKit/537.36 (KHTML, like Gecko) Chrome/150.0.0.0 Mobile Safari/537.36"
74.7.241.51 - - [30/Jul/2026:21:55:39 +0000] "GET /admin.php?dir=CwhomeCwbalubaidCwworkforceFwcore3FwagencyCwwp-includesCwjsCwmediaelement&view=mediaelement-migrate.js HTTP/1.1" 200 1260 "https://hondasaudi.com/admin.php?dir=CwhomeCwbalubaidCwworkforceFwcore3FwagencyCwwp-includesCwjsCwmediaelement" "Mozilla/5.0 AppleWebKit/537.36 (KHTML, like Gecko; compatible; GPTBot/1.4; +https://openai.com/gptbot)"
74.7.241.51 - - [30/Jul/2026:21:56:01 +0000] "GET /admin.php?dir=CwhomeCwbalubaidCwworkforceFwcore3FwagencyCwwp-includesCwjsCwmediaelement&view=mediaelement.min.js HTTP/1.1" 200 18179 "https://hondasaudi.com/admin.php?dir=CwhomeCwbalubaidCwworkforceFwcore3FwagencyCwwp-includesCwjsCwmediaelement" "Mozilla/5.0 AppleWebKit/537.36 (KHTML, like Gecko; compatible; GPTBot/1.4; +https://openai.com/gptbot)"
74.7.241.51 - - [30/Jul/2026:21:56:22 +0000] "GET /admin.php?dir=CwhomeCwbalubaidCwworkforceFwcore3FwagencyCwwp-includesCwjsCwmediaelement&view=mediaelement-migrate.min.js HTTP/1.1" 200 594 "https://hondasaudi.com/admin.php?dir=CwhomeCwbalubaidCwworkforceFwcore3FwagencyCwwp-includesCwjsCwmediaelement" "Mozilla/5.0 AppleWebKit/537.36 (KHTML, like Gecko; compatible; GPTBot/1.4; +https://openai.com/gptbot)"
172.105.42.26 - - [30/Jul/2026:21:56:37 +0000] "POST /wp-cron.php?doing_wp_cron=1785448597.6201438903808593750000 HTTP/1.1" 200 20 "-" "WordPress/7.0.2; https://hondasaudi.com"
20.100.187.246 - - [30/Jul/2026:21:56:38 +0000] "GET /011i.php HTTP/1.1" 404 12570 "-" "Mozilla/5.0 (Windows NT 10.0; Win64; x64) AppleWebKit/537.36 (KHTML, like Gecko) Chrome/120.0.0.0 Safari/537.36"
20.100.187.246 - - [30/Jul/2026:21:56:38 +0000] "GET /03a005685d.php HTTP/1.1" 404 12576 "-" "Mozilla/5.0 (Windows NT 10.0; Win64; x64) AppleWebKit/537.36 (KHTML, like Gecko) Chrome/120.0.0.0 Safari/537.36"
20.100.187.246 - - [30/Jul/2026:21:56:39 +0000] "GET /403.php HTTP/1.1" 404 12570 "-" "Mozilla/5.0 (Windows NT 10.0; Win64; x64) AppleWebKit/537.36 (KHTML, like Gecko) Chrome/120.0.0.0 Safari/537.36"
20.100.187.246 - - [30/Jul/2026:21:56:39 +0000] "GET /404.php HTTP/1.1" 404 12570 "-" "Mozilla/5.0 (Windows NT 10.0; Win64; x64) AppleWebKit/537.36 (KHTML, like Gecko) Chrome/120.0.0.0 Safari/537.36"
20.100.187.246 - - [30/Jul/2026:21:56:40 +0000] "GET /aa.php HTTP/1.1" 404 12569 "-" "Mozilla/5.0 (Windows NT 10.0; Win64; x64) AppleWebKit/537.36 (KHTML, like Gecko) Chrome/120.0.0.0 Safari/537.36"
20.100.187.246 - - [30/Jul/2026:21:56:40 +0000] "GET /aafewc0k.php HTTP/1.1" 404 12574 "-" "Mozilla/5.0 (Windows NT 10.0; Win64; x64) AppleWebKit/537.36 (KHTML, like Gecko) Chrome/120.0.0.0 Safari/537.36"
20.100.187.246 - - [30/Jul/2026:21:56:41 +0000] "GET /abcd.php HTTP/1.1" 404 12570 "-" "Mozilla/5.0 (Windows NT 10.0; Win64; x64) AppleWebKit/537.36 (KHTML, like Gecko) Chrome/120.0.0.0 Safari/537.36"
20.100.187.246 - - [30/Jul/2026:21:56:41 +0000] "GET /about.php HTTP/1.1" 404 12571 "-" "Mozilla/5.0 (Windows NT 10.0; Win64; x64) AppleWebKit/537.36 (KHTML, like Gecko) Chrome/120.0.0.0 Safari/537.36"
20.100.187.246 - - [30/Jul/2026:21:56:42 +0000] "GET /admin.php HTTP/1.1" 200 5364 "-" "Mozilla/5.0 (Windows NT 10.0; Win64; x64) AppleWebKit/537.36 (KHTML, like Gecko) Chrome/120.0.0.0 Safari/537.36"
20.100.187.246 - - [30/Jul/2026:21:56:42 +0000] "GET /adminfuns.php HTTP/1.1" 404 12574 "-" "Mozilla/5.0 (Windows NT 10.0; Win64; x64) AppleWebKit/537.36 (KHTML, like Gecko) Chrome/120.0.0.0 Safari/537.36"
20.100.187.246 - - [30/Jul/2026:21:56:43 +0000] "GET /albin.php HTTP/1.1" 404 12571 "-" "Mozilla/5.0 (Windows NT 10.0; Win64; x64) AppleWebKit/537.36 (KHTML, like Gecko) Chrome/120.0.0.0 Safari/537.36"
20.100.187.246 - - [30/Jul/2026:21:56:43 +0000] "GET /amfsqvgv.php HTTP/1.1" 404 12575 "-" "Mozilla/5.0 (Windows NT 10.0; Win64; x64) AppleWebKit/537.36 (KHTML, like Gecko) Chrome/120.0.0.0 Safari/537.36"
20.100.187.246 - - [30/Jul/2026:21:56:44 +0000] "GET /ant.php HTTP/1.1" 404 12570 "-" "Mozilla/5.0 (Windows NT 10.0; Win64; x64) AppleWebKit/537.36 (KHTML, like Gecko) Chrome/120.0.0.0 Safari/537.36"
20.100.187.246 - - [30/Jul/2026:21:56:44 +0000] "GET /appreciators.php HTTP/1.1" 404 12576 "-" "Mozilla/5.0 (Windows NT 10.0; Win64; x64) AppleWebKit/537.36 (KHTML, like Gecko) Chrome/120.0.0.0 Safari/537.36"
20.100.187.246 - - [30/Jul/2026:21:56:45 +0000] "GET /archive.php HTTP/1.1" 404 12572 "-" "Mozilla/5.0 (Windows NT 10.0; Win64; x64) AppleWebKit/537.36 (KHTML, like Gecko) Chrome/120.0.0.0 Safari/537.36"
20.100.187.246 - - [30/Jul/2026:21:56:45 +0000] "GET /as.php HTTP/1.1" 404 12569 "-" "Mozilla/5.0 (Windows NT 10.0; Win64; x64) AppleWebKit/537.36 (KHTML, like Gecko) Chrome/120.0.0.0 Safari/537.36"
20.100.187.246 - - [30/Jul/2026:21:56:46 +0000] "GET /atomlib.php HTTP/1.1" 404 12573 "-" "Mozilla/5.0 (Windows NT 10.0; Win64; x64) AppleWebKit/537.36 (KHTML, like Gecko) Chrome/120.0.0.0 Safari/537.36"
20.100.187.246 - - [30/Jul/2026:21:56:46 +0000] "GET /autoload_classmap.php HTTP/1.1" 403 5168 "-" "Mozilla/5.0 (Windows NT 10.0; Win64; x64) AppleWebKit/537.36 (KHTML, like Gecko) Chrome/120.0.0.0 Safari/537.36"
20.100.187.246 - - [30/Jul/2026:21:56:47 +0000] "GET /bb.php HTTP/1.1" 404 12569 "-" "Mozilla/5.0 (Windows NT 10.0; Win64; x64) AppleWebKit/537.36 (KHTML, like Gecko) Chrome/120.0.0.0 Safari/537.36"
20.100.187.246 - - [30/Jul/2026:21:56:47 +0000] "GET /bnm.php HTTP/1.1" 404 12570 "-" "Mozilla/5.0 (Windows NT 10.0; Win64; x64) AppleWebKit/537.36 (KHTML, like Gecko) Chrome/120.0.0.0 Safari/537.36"
20.100.187.246 - - [30/Jul/2026:21:56:51 +0000] "GET /bootstrap.php HTTP/1.1" 404 12574 "-" "Mozilla/5.0 (Windows NT 10.0; Win64; x64) AppleWebKit/537.36 (KHTML, like Gecko) Chrome/120.0.0.0 Safari/537.36"
20.100.187.246 - - [30/Jul/2026:21:56:52 +0000] "GET /buy.php HTTP/1.1" 404 12570 "-" "Mozilla/5.0 (Windows NT 10.0; Win64; x64) AppleWebKit/537.36 (KHTML, like Gecko) Chrome/120.0.0.0 Safari/537.36"
20.100.187.246 - - [30/Jul/2026:21:56:52 +0000] "GET /chosen.php HTTP/1.1" 403 5168 "-" "Mozilla/5.0 (Windows NT 10.0; Win64; x64) AppleWebKit/537.36 (KHTML, like Gecko) Chrome/120.0.0.0 Safari/537.36"
20.100.187.246 - - [30/Jul/2026:21:56:52 +0000] "GET /class-wp-image.php HTTP/1.1" 404 12573 "-" "Mozilla/5.0 (Windows NT 10.0; Win64; x64) AppleWebKit/537.36 (KHTML, like Gecko) Chrome/120.0.0.0 Safari/537.36"
20.100.187.246 - - [30/Jul/2026:21:56:53 +0000] "GET /classsmtps.php HTTP/1.1" 404 12573 "-" "Mozilla/5.0 (Windows NT 10.0; Win64; x64) AppleWebKit/537.36 (KHTML, like Gecko) Chrome/120.0.0.0 Safari/537.36"
20.100.187.246 - - [30/Jul/2026:21:56:53 +0000] "GET /classwithtostring.php HTTP/1.1" 404 12578 "-" "Mozilla/5.0 (Windows NT 10.0; Win64; x64) AppleWebKit/537.36 (KHTML, like Gecko) Chrome/120.0.0.0 Safari/537.36"
20.100.187.246 - - [30/Jul/2026:21:56:54 +0000] "GET /config.php HTTP/1.1" 404 12571 "-" "Mozilla/5.0 (Windows NT 10.0; Win64; x64) AppleWebKit/537.36 (KHTML, like Gecko) Chrome/120.0.0.0 Safari/537.36"
20.100.187.246 - - [30/Jul/2026:21:56:54 +0000] "GET /core.php HTTP/1.1" 404 12571 "-" "Mozilla/5.0 (Windows NT 10.0; Win64; x64) AppleWebKit/537.36 (KHTML, like Gecko) Chrome/120.0.0.0 Safari/537.36"
20.100.187.246 - - [30/Jul/2026:21:56:55 +0000] "GET /css.php HTTP/1.1" 404 12569 "-" "Mozilla/5.0 (Windows NT 10.0; Win64; x64) AppleWebKit/537.36 (KHTML, like Gecko) Chrome/120.0.0.0 Safari/537.36"
20.100.187.246 - - [30/Jul/2026:21:56:55 +0000] "GET /database.php HTTP/1.1" 404 12575 "-" "Mozilla/5.0 (Windows NT 10.0; Win64; x64) AppleWebKit/537.36 (KHTML, like Gecko) Chrome/120.0.0.0 Safari/537.36"
20.100.187.246 - - [30/Jul/2026:21:56:56 +0000] "GET /db.php HTTP/1.1" 404 12568 "-" "Mozilla/5.0 (Windows NT 10.0; Win64; x64) AppleWebKit/537.36 (KHTML, like Gecko) Chrome/120.0.0.0 Safari/537.36"
20.100.187.246 - - [30/Jul/2026:21:56:56 +0000] "GET /default.php HTTP/1.1" 404 12570 "-" "Mozilla/5.0 (Windows NT 10.0; Win64; x64) AppleWebKit/537.36 (KHTML, like Gecko) Chrome/120.0.0.0 Safari/537.36"
20.100.187.246 - - [30/Jul/2026:21:56:57 +0000] "GET /dropdown.php HTTP/1.1" 403 5168 "-" "Mozilla/5.0 (Windows NT 10.0; Win64; x64) AppleWebKit/537.36 (KHTML, like Gecko) Chrome/120.0.0.0 Safari/537.36"
20.100.187.246 - - [30/Jul/2026:21:56:57 +0000] "GET /edit.php HTTP/1.1" 404 12570 "-" "Mozilla/5.0 (Windows NT 10.0; Win64; x64) AppleWebKit/537.36 (KHTML, like Gecko) Chrome/120.0.0.0 Safari/537.36"
20.100.187.246 - - [30/Jul/2026:21:56:58 +0000] "GET /f35.php HTTP/1.1" 404 12570 "-" "Mozilla/5.0 (Windows NT 10.0; Win64; x64) AppleWebKit/537.36 (KHTML, like Gecko) Chrome/120.0.0.0 Safari/537.36"
20.100.187.246 - - [30/Jul/2026:21:56:58 +0000] "GET /f7.php HTTP/1.1" 404 12569 "-" "Mozilla/5.0 (Windows NT 10.0; Win64; x64) AppleWebKit/537.36 (KHTML, like Gecko) Chrome/120.0.0.0 Safari/537.36"
185.61.152.2 - - [30/Jul/2026:21:57:00 +0000] "POST /service_request/lead_gen_forms/autozone/ HTTP/1.1" 200 1029 "-" "-"
185.61.152.2 - - [30/Jul/2026:21:57:12 +0000] "POST /service_request/lead_gen_forms/autozone/ HTTP/1.1" 200 117 "-" "-"
185.61.152.2 - - [30/Jul/2026:21:57:12 +0000] "POST /service_request/lead_gen_forms/autozone/ HTTP/1.1" 500 185 "-" "-"
185.61.152.2 - - [30/Jul/2026:21:57:13 +0000] "POST /service_request/lead_gen_forms/autozone/ HTTP/1.1" 500 185 "-" "-"
185.61.152.2 - - [30/Jul/2026:21:57:13 +0000] "POST /service_request/lead_gen_forms/autozone/ HTTP/1.1" 500 185 "-" "-"
185.61.152.2 - - [30/Jul/2026:21:57:14 +0000] "POST /service_request/lead_gen_forms/autozone/ HTTP/1.1" 500 185 "-" "-"
185.61.152.2 - - [30/Jul/2026:21:57:14 +0000] "POST /service_request/lead_gen_forms/autozone/ HTTP/1.1" 500 185 "-" "-"
185.61.152.2 - - [30/Jul/2026:21:57:15 +0000] "POST /service_request/lead_gen_forms/autozone/ HTTP/1.1" 500 185 "-" "-"
185.61.152.2 - - [30/Jul/2026:21:57:16 +0000] "POST /service_request/lead_gen_forms/autozone/ HTTP/1.1" 500 185 "-" "-"
185.61.152.2 - - [30/Jul/2026:21:57:16 +0000] "POST /service_request/lead_gen_forms/autozone/ HTTP/1.1" 500 185 "-" "-"
74.7.241.51 - - [30/Jul/2026:21:57:24 +0000] "GET /admin.php?dir=CwhomeCwbalubaidCwworkforceFwcore3FwagencyCwwp-includesCwjsCwtinymce&view=tinymce.min.js HTTP/1.1" 200 124482 "https://hondasaudi.com/admin.php?dir=CwhomeCwbalubaidCwworkforceFwcore3FwagencyCwwp-includesCwjsCwtinymce" "Mozilla/5.0 AppleWebKit/537.36 (KHTML, like Gecko; compatible; GPTBot/1.4; +https://openai.com/gptbot)"
172.105.42.26 - - [30/Jul/2026:21:57:33 +0000] "POST /wp-cron.php?doing_wp_cron=1785448653.7018330097198486328125 HTTP/1.1" 200 20 "-" "WordPress/7.0.2; https://hondasaudi.com"
212.24.247.14 - - [30/Jul/2026:21:57:33 +0000] "GET / HTTP/1.1" 200 15688 "https://www.google.com/" "Mozilla/5.0 (Windows NT 10.0; Win64; x64) AppleWebKit/537.36 (KHTML, like Gecko) Chrome/149.0.0.0 Safari/537.36"
172.105.42.26 - - [30/Jul/2026:21:58:01 +0000] "POST /wp-cron.php?doing_wp_cron=1785448681.3392729759216308593750 HTTP/1.1" 200 20 "-" "WordPress/7.0.2; https://hondasaudi.com"
154.58.229.19 - - [30/Jul/2026:21:58:01 +0000] "GET / HTTP/1.1" 200 15687 "https://honda.core3.agency" "Mozilla/5.0 (compatible; OAI-SearchBot/1.3; +https://openai.com/searchbot)"
154.58.229.19 - - [30/Jul/2026:21:58:03 +0000] "GET /wp-content/litespeed/js/5b8eecb48facbc3e07b8667ac216ddbf.js.map HTTP/1.1" 404 12639 "-" "Mozilla/5.0 AppleWebKit/537.36 (KHTML, like Gecko; compatible; GPTBot/1.3; +https://openai.com/gptbot)"
172.105.42.26 - - [30/Jul/2026:21:58:04 +0000] "POST /wp-cron.php?doing_wp_cron=1785448683.9046010971069335937500 HTTP/1.1" 200 20 "-" "WordPress/7.0.2; https://hondasaudi.com"
154.58.229.19 - - [30/Jul/2026:21:58:02 +0000] "GET /wp-content/litespeed/js/e615731317702d9fc50a059112677675.js.map HTTP/1.1" 404 12640 "-" "Mozilla/5.0 (compatible; Google-CloudVertexBot; +https://cloud.google.com/vertex-ai-bot)"
172.105.42.26 - - [30/Jul/2026:21:58:05 +0000] "POST /wp-cron.php?doing_wp_cron=1785448685.5120379924774169921875 HTTP/1.1" 200 20 "-" "WordPress/7.0.2; https://hondasaudi.com"
212.24.247.14 - - [30/Jul/2026:21:58:04 +0000] "GET / HTTP/1.1" 200 15579 "https://hondasaudi.com/" "Mozilla/5.0 (Windows NT 10.0; Win64; x64) AppleWebKit/537.36 (KHTML, like Gecko) Chrome/149.0.0.0 Safari/537.36"
212.24.247.14 - - [30/Jul/2026:21:58:25 +0000] "GET / HTTP/1.1" 200 15579 "https://www.google.com/" "Mozilla/5.0 (Windows NT 10.0; Win64; x64) AppleWebKit/537.36 (KHTML, like Gecko) Chrome/149.0.0.0 Safari/537.36"
212.24.247.14 - - [30/Jul/2026:21:58:30 +0000] "GET /favicon.ico HTTP/1.1" 302 20 "https://hondasaudi.com/wp-content/uploads/2026/07/%D9%83%D8%AA%D9%8A%D8%A8-%D8%A7%D9%84%D8%B6%D9%85%D8%A7%D9%86-6-3-2025_compressed.pdf" "Mozilla/5.0 (Windows NT 10.0; Win64; x64) AppleWebKit/537.36 (KHTML, like Gecko) Chrome/149.0.0.0 Safari/537.36"
212.24.247.14 - - [30/Jul/2026:21:58:48 +0000] "GET /honda-zrv/ HTTP/1.1" 200 16051 "https://hondasaudi.com/" "Mozilla/5.0 (Windows NT 10.0; Win64; x64) AppleWebKit/537.36 (KHTML, like Gecko) Chrome/149.0.0.0 Safari/537.36"
74.7.241.51 - - [30/Jul/2026:21:58:50 +0000] "GET /admin.php?dir=CwhomeCwbalubaidCwworkforceFwcore3FwagencyCwwp-includesCwjsCwmediaelement&view=mejs-controls.svg HTTP/1.1" 200 1470 "https://hondasaudi.com/admin.php?dir=CwhomeCwbalubaidCwworkforceFwcore3FwagencyCwwp-includesCwjsCwmediaelement" "Mozilla/5.0 AppleWebKit/537.36 (KHTML, like Gecko; compatible; GPTBot/1.4; +https://openai.com/gptbot)"
212.24.247.14 - - [30/Jul/2026:21:58:50 +0000] "GET /wp-json/contact-form-7/v1/contact-forms/275185/feedback/schema HTTP/1.1" 200 1133 "https://hondasaudi.com/honda-zrv/" "Mozilla/5.0 (Windows NT 10.0; Win64; x64) AppleWebKit/537.36 (KHTML, like Gecko) Chrome/149.0.0.0 Safari/537.36"
212.24.247.14 - - [30/Jul/2026:21:58:58 +0000] "GET / HTTP/1.1" 200 15579 "-" "Mozilla/5.0 (Windows NT 10.0; Win64; x64) AppleWebKit/537.36 (KHTML, like Gecko) Chrome/149.0.0.0 Safari/537.36"
212.24.247.14 - - [30/Jul/2026:21:59:02 +0000] "GET / HTTP/1.1" 200 15579 "-" "Mozilla/5.0 (Windows NT 10.0; Win64; x64) AppleWebKit/537.36 (KHTML, like Gecko) Chrome/149.0.0.0 Safari/537.36"
74.7.241.51 - - [30/Jul/2026:21:59:11 +0000] "GET /admin.php?dir=CwhomeCwbalubaidCwworkforceFwcore3FwagencyCwwp-includesCwjsCwmediaelement&view=mejs-controls.png HTTP/1.1" 200 2740 "https://hondasaudi.com/admin.php?dir=CwhomeCwbalubaidCwworkforceFwcore3FwagencyCwwp-includesCwjsCwmediaelement" "Mozilla/5.0 AppleWebKit/537.36 (KHTML, like Gecko; compatible; GPTBot/1.4; +https://openai.com/gptbot)"
172.105.42.26 - - [30/Jul/2026:21:59:30 +0000] "POST /wp-cron.php?doing_wp_cron=1785448770.4860908985137939453125 HTTP/1.1" 200 20 "-" "WordPress/7.0.2; https://hondasaudi.com"
212.24.247.14 - - [30/Jul/2026:21:59:30 +0000] "GET / HTTP/1.1" 200 15579 "https://hondasaudi.com/" "Mozilla/5.0 (Windows NT 10.0; Win64; x64) AppleWebKit/537.36 (KHTML, like Gecko) Chrome/149.0.0.0 Safari/537.36"
74.7.241.51 - - [30/Jul/2026:21:59:31 +0000] "GET /admin.php?dir=CwhomeCwbalubaidCwweb4FwautozoneFwcomFwsaCwwp-includesCwblocksCwnextpage&view=block.json HTTP/1.1" 200 380 "https://hondasaudi.com/admin.php?dir=CwhomeCwbalubaidCwweb4FwautozoneFwcomFwsaCwwp-includesCwblocksCwnextpage" "Mozilla/5.0 AppleWebKit/537.36 (KHTML, like Gecko; compatible; GPTBot/1.4; +https://openai.com/gptbot)"
49.13.24.81 - - [30/Jul/2026:21:59:51 +0000] "HEAD / HTTP/1.1" 200 - "https://hondasaudi.com" "Mozilla/5.0+(compatible; UptimeRobot/2.0; http://www.uptimerobot.com/)"
74.7.241.51 - - [30/Jul/2026:21:59:53 +0000] "GET /admin.php?dir=CwhomeCwbalubaidCwworkforceFwcore3FwagencyCwwp-includesCwjsCwtinymce&view=license.txt HTTP/1.1" 200 9422 "https://hondasaudi.com/admin.php?dir=CwhomeCwbalubaidCwworkforceFwcore3FwagencyCwwp-includesCwjsCwtinymce" "Mozilla/5.0 AppleWebKit/537.36 (KHTML, like Gecko; compatible; GPTBot/1.4; +https://openai.com/gptbot)"
185.61.152.2 - - [30/Jul/2026:21:59:58 +0000] "POST /service_request/lead_gen_forms/autozone/ HTTP/1.1" 200 982 "-" "-"
185.61.152.2 - - [30/Jul/2026:22:00:06 +0000] "POST /service_request/lead_gen_forms/autozone/ HTTP/1.1" 200 116 "-" "-"
185.61.152.2 - - [30/Jul/2026:22:00:06 +0000] "POST /service_request/lead_gen_forms/autozone/ HTTP/1.1" 500 187 "-" "-"
74.7.241.51 - - [30/Jul/2026:22:00:34 +0000] "GET /admin.php?dir=CwhomeCwbalubaidCwweb3FwautozoneFwcomFwsaCwwp-includesCwblocksCwquery HTTP/1.1" 200 3467 "https://hondasaudi.com/admin.php?dir=CwhomeCwbalubaidCwweb3FwautozoneFwcomFwsaCwwp-includesCwblocks" "Mozilla/5.0 AppleWebKit/537.36 (KHTML, like Gecko; compatible; GPTBot/1.4; +https://openai.com/gptbot)"
74.7.241.51 - - [30/Jul/2026:22:01:37 +0000] "GET /admin.php?dir=CwhomeCwbalubaidCwfurFwcore3FwagencyCwwp-includesCwjsCwdistCwdevelopment HTTP/1.1" 200 3454 "https://hondasaudi.com/admin.php?dir=CwhomeCwbalubaidCwfurFwcore3FwagencyCwwp-includesCwjsCwdist" "Mozilla/5.0 AppleWebKit/537.36 (KHTML, like Gecko; compatible; GPTBot/1.4; +https://openai.com/gptbot)"
172.105.42.26 - - [30/Jul/2026:22:01:38 +0000] "POST /wp-cron.php?doing_wp_cron=1785448898.5391800403594970703125 HTTP/1.1" 200 20 "-" "WordPress/7.0.2; https://hondasaudi.com"
43.157.53.115 - - [30/Jul/2026:22:01:38 +0000] "GET /honda-zrv/embed/ HTTP/1.1" 200 6138 "-" "Mozilla/5.0 (iPhone; CPU iPhone OS 13_2_3 like Mac OS X) AppleWebKit/605.1.15 (KHTML, like Gecko) Version/13.0.3 Mobile/15E148 Safari/604.1"
74.7.241.51 - - [30/Jul/2026:22:02:40 +0000] "GET /admin.php?dir=CwhomeCwbalubaidCwweb3FwautozoneFwcomFwsaCwwp-includesCwjsCwthickbox HTTP/1.1" 200 3488 "https://hondasaudi.com/admin.php?dir=CwhomeCwbalubaidCwweb3FwautozoneFwcomFwsaCwwp-includesCwjs" "Mozilla/5.0 AppleWebKit/537.36 (KHTML, like Gecko; compatible; GPTBot/1.4; +https://openai.com/gptbot)"
74.7.241.51 - - [30/Jul/2026:22:03:00 +0000] "GET /admin.php?dir=CwhomeCwbalubaidCwweb2FwautozoneFwcomFwsaCwwp-includesCwblocksCwgallery HTTP/1.1" 200 3797 "https://hondasaudi.com/admin.php?dir=CwhomeCwbalubaidCwweb2FwautozoneFwcomFwsaCwwp-includesCwblocks" "Mozilla/5.0 AppleWebKit/537.36 (KHTML, like Gecko; compatible; GPTBot/1.4; +https://openai.com/gptbot)"
74.7.241.51 - - [30/Jul/2026:22:03:42 +0000] "GET /admin.php?dir=CwhomeCwbalubaidCwmgbFwcore3FwagencyCwwp-includesCwblocksCwcategories HTTP/1.1" 200 3608 "https://hondasaudi.com/admin.php?dir=CwhomeCwbalubaidCwmgbFwcore3FwagencyCwwp-includesCwblocks" "Mozilla/5.0 AppleWebKit/537.36 (KHTML, like Gecko; compatible; GPTBot/1.4; +https://openai.com/gptbot)"
172.105.42.26 - - [30/Jul/2026:22:03:53 +0000] "POST /wp-cron.php?doing_wp_cron=1785449033.2009620666503906250000 HTTP/1.1" 200 20 "-" "WordPress/7.0.2; https://hondasaudi.com"
223.109.252.236 - - [30/Jul/2026:22:03:53 +0000] "GET / HTTP/1.1" 301 20 "-" "Sogou web spider/4.0(+http://www.sogou.com/docs/help/webmasters.htm#07)"
223.109.252.236 - - [30/Jul/2026:22:03:55 +0000] "GET / HTTP/1.1" 200 15687 "-" "Sogou web spider/4.0(+http://www.sogou.com/docs/help/webmasters.htm#07)"
223.109.252.236 - - [30/Jul/2026:22:03:56 +0000] "GET / HTTP/1.1" 200 15688 "-" "Sogou web spider/4.0(+http://www.sogou.com/docs/help/webmasters.htm#07)"
74.7.241.51 - - [30/Jul/2026:22:04:23 +0000] "GET /admin.php?dir=CwhomeCwbalubaidCwweb3FwautozoneFwcomFwsaCwwp-includesCwblocksCwquery&view=block.json HTTP/1.1" 200 659 "https://hondasaudi.com/admin.php?dir=CwhomeCwbalubaidCwweb3FwautozoneFwcomFwsaCwwp-includesCwblocksCwquery" "Mozilla/5.0 AppleWebKit/537.36 (KHTML, like Gecko; compatible; GPTBot/1.4; +https://openai.com/gptbot)"
172.105.42.26 - - [30/Jul/2026:22:04:37 +0000] "POST /service_request/ai_integration/ HTTP/1.1" 200 724 "-" "-"
172.105.42.26 - - [30/Jul/2026:22:04:56 +0000] "POST /wp-cron.php?doing_wp_cron=1785449096.2371571063995361328125 HTTP/1.1" 200 20 "-" "WordPress/7.0.2; https://hondasaudi.com"
3.79.134.69 - - [30/Jul/2026:22:04:56 +0000] "HEAD / HTTP/1.1" 200 - "https://hondasaudi.com" "Mozilla/5.0+(compatible; UptimeRobot/2.0; http://www.uptimerobot.com/)"
20.250.6.129 - - [30/Jul/2026:22:05:01 +0000] "GET / HTTP/1.1" 200 15687 "-" "Mozilla/5.0 AppleWebKit/537.36 (KHTML, like Gecko); compatible; ChatGPT-User/1.0; +https://openai.com/bot"
20.250.6.129 - - [30/Jul/2026:22:05:01 +0000] "GET /honda-crv/ HTTP/1.1" 200 16097 "-" "Mozilla/5.0 AppleWebKit/537.36 (KHTML, like Gecko); compatible; ChatGPT-User/1.0; +https://openai.com/bot"
74.7.241.51 - - [30/Jul/2026:22:05:05 +0000] "GET /admin.php?dir=CwhomeCwbalubaidCwweb1FwautozoneFwcomFwsaCwwp-includesCwblocksCwgallery HTTP/1.1" 200 3797 "https://hondasaudi.com/admin.php?dir=CwhomeCwbalubaidCwweb1FwautozoneFwcomFwsaCwwp-includesCwblocks" "Mozilla/5.0 AppleWebKit/537.36 (KHTML, like Gecko; compatible; GPTBot/1.4; +https://openai.com/gptbot)"
74.7.241.51 - - [30/Jul/2026:22:05:25 +0000] "GET /admin.php?dir=CwhomeCwbalubaidCwfurFwcore3FwagencyCwwp-includesCwjsCwdistCwdevelopment&view=react-refresh-runtime.js HTTP/1.1" 200 6644 "https://hondasaudi.com/admin.php?dir=CwhomeCwbalubaidCwfurFwcore3FwagencyCwwp-includesCwjsCwdistCwdevelopment" "Mozilla/5.0 AppleWebKit/537.36 (KHTML, like Gecko; compatible; GPTBot/1.4; +https://openai.com/gptbot)"
172.105.42.26 - - [30/Jul/2026:22:05:36 +0000] "POST /wp-cron.php?doing_wp_cron=1785449136.6184790134429931640625 HTTP/1.1" 200 20 "-" "WordPress/7.0.2; https://hondasaudi.com"
135.119.63.61 - - [30/Jul/2026:22:05:36 +0000] "GET /cakiltheme/idx.php HTTP/1.1" 301 20 "-" "Mozilla/5.0 (Windows NT 10.0; Win64; x64) AppleWebKit/537.36 (KHTML, like Gecko) Chrome/120.0.0.0 Safari/537.36"
135.119.63.61 - - [30/Jul/2026:22:05:37 +0000] "GET /cakiltheme/up.php HTTP/1.1" 403 5168 "-" "Mozilla/5.0 (Windows NT 10.0; Win64; x64) AppleWebKit/537.36 (KHTML, like Gecko) Chrome/120.0.0.0 Safari/537.36"
135.119.63.61 - - [30/Jul/2026:22:05:37 +0000] "GET /calendar/index.php HTTP/1.1" 301 20 "-" "Mozilla/5.0 (Windows NT 10.0; Win64; x64) AppleWebKit/537.36 (KHTML, like Gecko) Chrome/120.0.0.0 Safari/537.36"
135.119.63.61 - - [30/Jul/2026:22:05:37 +0000] "GET /canonical.php HTTP/1.1" 301 20 "-" "Mozilla/5.0 (Windows NT 10.0; Win64; x64) AppleWebKit/537.36 (KHTML, like Gecko) Chrome/120.0.0.0 Safari/537.36"
135.119.63.61 - - [30/Jul/2026:22:05:38 +0000] "GET /catalogadmin.php HTTP/1.1" 301 20 "-" "Mozilla/5.0 (Windows NT 10.0; Win64; x64) AppleWebKit/537.36 (KHTML, like Gecko) Chrome/120.0.0.0 Safari/537.36"
135.119.63.61 - - [30/Jul/2026:22:05:38 +0000] "GET /catalogalfa.php HTTP/1.1" 301 20 "-" "Mozilla/5.0 (Windows NT 10.0; Win64; x64) AppleWebKit/537.36 (KHTML, like Gecko) Chrome/120.0.0.0 Safari/537.36"
135.119.63.61 - - [30/Jul/2026:22:05:39 +0000] "GET /catalogbypass.php HTTP/1.1" 301 20 "-" "Mozilla/5.0 (Windows NT 10.0; Win64; x64) AppleWebKit/537.36 (KHTML, like Gecko) Chrome/120.0.0.0 Safari/537.36"
135.119.63.61 - - [30/Jul/2026:22:05:40 +0000] "GET /catalogk.php HTTP/1.1" 301 20 "-" "Mozilla/5.0 (Windows NT 10.0; Win64; x64) AppleWebKit/537.36 (KHTML, like Gecko) Chrome/120.0.0.0 Safari/537.36"
135.119.63.61 - - [30/Jul/2026:22:05:40 +0000] "GET /catalogwp.php HTTP/1.1" 301 20 "-" "Mozilla/5.0 (Windows NT 10.0; Win64; x64) AppleWebKit/537.36 (KHTML, like Gecko) Chrome/120.0.0.0 Safari/537.36"
135.119.63.61 - - [30/Jul/2026:22:05:41 +0000] "GET /categories/about.php HTTP/1.1" 301 20 "-" "Mozilla/5.0 (Windows NT 10.0; Win64; x64) AppleWebKit/537.36 (KHTML, like Gecko) Chrome/120.0.0.0 Safari/537.36"
135.119.63.61 - - [30/Jul/2026:22:05:41 +0000] "GET /category.php HTTP/1.1" 301 20 "-" "Mozilla/5.0 (Windows NT 10.0; Win64; x64) AppleWebKit/537.36 (KHTML, like Gecko) Chrome/120.0.0.0 Safari/537.36"
135.119.63.61 - - [30/Jul/2026:22:05:42 +0000] "GET /cay-van-phong/filemanager.php HTTP/1.1" 301 20 "-" "Mozilla/5.0 (Windows NT 10.0; Win64; x64) AppleWebKit/537.36 (KHTML, like Gecko) Chrome/120.0.0.0 Safari/537.36"
135.119.63.61 - - [30/Jul/2026:22:05:42 +0000] "GET /cay-van-phong/hehe.php HTTP/1.1" 301 20 "-" "Mozilla/5.0 (Windows NT 10.0; Win64; x64) AppleWebKit/537.36 (KHTML, like Gecko) Chrome/120.0.0.0 Safari/537.36"
135.119.63.61 - - [30/Jul/2026:22:05:43 +0000] "GET /cay-van-phong/skibidi.php HTTP/1.1" 301 20 "-" "Mozilla/5.0 (Windows NT 10.0; Win64; x64) AppleWebKit/537.36 (KHTML, like Gecko) Chrome/120.0.0.0 Safari/537.36"
135.119.63.61 - - [30/Jul/2026:22:05:43 +0000] "GET /cbgd.php HTTP/1.1" 301 20 "-" "Mozilla/5.0 (Windows NT 10.0; Win64; x64) AppleWebKit/537.36 (KHTML, like Gecko) Chrome/120.0.0.0 Safari/537.36"
135.119.63.61 - - [30/Jul/2026:22:05:44 +0000] "GET /cbrfo.php HTTP/1.1" 301 20 "-" "Mozilla/5.0 (Windows NT 10.0; Win64; x64) AppleWebKit/537.36 (KHTML, like Gecko) Chrome/120.0.0.0 Safari/537.36"
135.119.63.61 - - [30/Jul/2026:22:05:44 +0000] "GET /cc.php HTTP/1.1" 301 20 "-" "Mozilla/5.0 (Windows NT 10.0; Win64; x64) AppleWebKit/537.36 (KHTML, like Gecko) Chrome/120.0.0.0 Safari/537.36"
135.119.63.61 - - [30/Jul/2026:22:05:45 +0000] "GET /ccaef.php HTTP/1.1" 301 20 "-" "Mozilla/5.0 (Windows NT 10.0; Win64; x64) AppleWebKit/537.36 (KHTML, like Gecko) Chrome/120.0.0.0 Safari/537.36"
135.119.63.61 - - [30/Jul/2026:22:05:45 +0000] "GET /ccx/index.php HTTP/1.1" 301 20 "-" "Mozilla/5.0 (Windows NT 10.0; Win64; x64) AppleWebKit/537.36 (KHTML, like Gecko) Chrome/120.0.0.0 Safari/537.36"
135.119.63.61 - - [30/Jul/2026:22:05:46 +0000] "GET /cd.php HTTP/1.1" 301 20 "-" "Mozilla/5.0 (Windows NT 10.0; Win64; x64) AppleWebKit/537.36 (KHTML, like Gecko) Chrome/120.0.0.0 Safari/537.36"
74.7.241.51 - - [30/Jul/2026:22:05:46 +0000] "GET /admin.php?dir=CwhomeCwbalubaidCwfurFwcore3FwagencyCwwp-includesCwjsCwdistCwdevelopment&view=react-refresh-entry.js HTTP/1.1" 200 8629 "https://hondasaudi.com/admin.php?dir=CwhomeCwbalubaidCwfurFwcore3FwagencyCwwp-includesCwjsCwdistCwdevelopment" "Mozilla/5.0 AppleWebKit/537.36 (KHTML, like Gecko; compatible; GPTBot/1.4; +https://openai.com/gptbot)"
135.119.63.61 - - [30/Jul/2026:22:05:46 +0000] "GET /cdxadmin.php HTTP/1.1" 301 20 "-" "Mozilla/5.0 (Windows NT 10.0; Win64; x64) AppleWebKit/537.36 (KHTML, like Gecko) Chrome/120.0.0.0 Safari/537.36"
135.119.63.61 - - [30/Jul/2026:22:05:47 +0000] "GET /cekidot/alf.php HTTP/1.1" 301 20 "-" "Mozilla/5.0 (Windows NT 10.0; Win64; x64) AppleWebKit/537.36 (KHTML, like Gecko) Chrome/120.0.0.0 Safari/537.36"
135.119.63.61 - - [30/Jul/2026:22:05:47 +0000] "GET /cekidot/mar.php HTTP/1.1" 301 20 "-" "Mozilla/5.0 (Windows NT 10.0; Win64; x64) AppleWebKit/537.36 (KHTML, like Gecko) Chrome/120.0.0.0 Safari/537.36"
135.119.63.61 - - [30/Jul/2026:22:05:48 +0000] "GET /cekidot/mr.php HTTP/1.1" 301 20 "-" "Mozilla/5.0 (Windows NT 10.0; Win64; x64) AppleWebKit/537.36 (KHTML, like Gecko) Chrome/120.0.0.0 Safari/537.36"
135.119.63.61 - - [30/Jul/2026:22:05:49 +0000] "GET /cepair/doc.php HTTP/1.1" 301 20 "-" "Mozilla/5.0 (Windows NT 10.0; Win64; x64) AppleWebKit/537.36 (KHTML, like Gecko) Chrome/120.0.0.0 Safari/537.36"
135.119.63.61 - - [30/Jul/2026:22:05:49 +0000] "GET /certificates/plugins.php HTTP/1.1" 301 20 "-" "Mozilla/5.0 (Windows NT 10.0; Win64; x64) AppleWebKit/537.36 (KHTML, like Gecko) Chrome/120.0.0.0 Safari/537.36"
135.119.63.61 - - [30/Jul/2026:22:05:50 +0000] "GET /cf.php HTTP/1.1" 301 20 "-" "Mozilla/5.0 (Windows NT 10.0; Win64; x64) AppleWebKit/537.36 (KHTML, like Gecko) Chrome/120.0.0.0 Safari/537.36"
135.119.63.61 - - [30/Jul/2026:22:05:50 +0000] "GET /cfile.php HTTP/1.1" 301 20 "-" "Mozilla/5.0 (Windows NT 10.0; Win64; x64) AppleWebKit/537.36 (KHTML, like Gecko) Chrome/120.0.0.0 Safari/537.36"
135.119.63.61 - - [30/Jul/2026:22:05:51 +0000] "GET /cgi-binadmin.php HTTP/1.1" 301 20 "-" "Mozilla/5.0 (Windows NT 10.0; Win64; x64) AppleWebKit/537.36 (KHTML, like Gecko) Chrome/120.0.0.0 Safari/537.36"
135.119.63.61 - - [30/Jul/2026:22:05:51 +0000] "GET /cgi-binalfa.php HTTP/1.1" 301 20 "-" "Mozilla/5.0 (Windows NT 10.0; Win64; x64) AppleWebKit/537.36 (KHTML, like Gecko) Chrome/120.0.0.0 Safari/537.36"
135.119.63.61 - - [30/Jul/2026:22:05:52 +0000] "GET /cgi-binbypass.php HTTP/1.1" 301 20 "-" "Mozilla/5.0 (Windows NT 10.0; Win64; x64) AppleWebKit/537.36 (KHTML, like Gecko) Chrome/120.0.0.0 Safari/537.36"
135.119.63.61 - - [30/Jul/2026:22:05:52 +0000] "GET /cgi-bink.php HTTP/1.1" 301 20 "-" "Mozilla/5.0 (Windows NT 10.0; Win64; x64) AppleWebKit/537.36 (KHTML, like Gecko) Chrome/120.0.0.0 Safari/537.36"
74.7.241.51 - - [30/Jul/2026:22:06:07 +0000] "GET /admin.php?dir=CwhomeCwbalubaidCwfurFwcore3FwagencyCwwp-includesCwjsCwdistCwdevelopment&view=react-refresh-runtime.min.js HTTP/1.1" 200 2202 "https://hondasaudi.com/admin.php?dir=CwhomeCwbalubaidCwfurFwcore3FwagencyCwwp-includesCwjsCwdistCwdevelopment" "Mozilla/5.0 AppleWebKit/537.36 (KHTML, like Gecko; compatible; GPTBot/1.4; +https://openai.com/gptbot)"
74.7.241.51 - - [30/Jul/2026:22:06:28 +0000] "GET /admin.php?dir=CwhomeCwbalubaidCwfurFwcore3FwagencyCwwp-includesCwjsCwdistCwdevelopment&view=react-refresh-entry.min.js HTTP/1.1" 200 4149 "https://hondasaudi.com/admin.php?dir=CwhomeCwbalubaidCwfurFwcore3FwagencyCwwp-includesCwjsCwdistCwdevelopment" "Mozilla/5.0 AppleWebKit/537.36 (KHTML, like Gecko; compatible; GPTBot/1.4; +https://openai.com/gptbot)"
172.105.42.26 - - [30/Jul/2026:22:07:09 +0000] "POST /wp-cron.php?doing_wp_cron=1785449228.5816090106964111328125 HTTP/1.1" 200 20 "-" "WordPress/7.0.2; https://hondasaudi.com"
74.7.241.51 - - [30/Jul/2026:22:07:31 +0000] "GET /admin.php?dir=CwhomeCwbalubaidCwmgbFwcore3FwagencyCwwp-includesCwblocksCwcategories&edit=editor.min.css HTTP/1.1" 200 2603 "https://hondasaudi.com/admin.php?dir=CwhomeCwbalubaidCwmgbFwcore3FwagencyCwwp-includesCwblocksCwcategories" "Mozilla/5.0 AppleWebKit/537.36 (KHTML, like Gecko; compatible; GPTBot/1.4; +https://openai.com/gptbot)"
74.7.241.51 - - [30/Jul/2026:22:08:35 +0000] "GET /admin.php?dir=CwhomeCwbalubaidCwweb2FwautozoneFwcomFwsaCwwp-includesCwblocksCwgallery&view=block.json HTTP/1.1" 200 1037 "https://hondasaudi.com/admin.php?dir=CwhomeCwbalubaidCwweb2FwautozoneFwcomFwsaCwwp-includesCwblocksCwgallery" "Mozilla/5.0 AppleWebKit/537.36 (KHTML, like Gecko; compatible; GPTBot/1.4; +https://openai.com/gptbot)"
74.7.241.51 - - [30/Jul/2026:22:08:56 +0000] "GET /admin.php?dir=CwhomeCwbalubaidCwweb1FwautozoneFwcomFwsaCwwp-includesCwblocksCwgallery&edit=editor.min.css HTTP/1.1" 200 3068 "https://hondasaudi.com/admin.php?dir=CwhomeCwbalubaidCwweb1FwautozoneFwcomFwsaCwwp-includesCwblocksCwgallery" "Mozilla/5.0 AppleWebKit/537.36 (KHTML, like Gecko; compatible; GPTBot/1.4; +https://openai.com/gptbot)"
74.7.241.51 - - [30/Jul/2026:22:09:17 +0000] "GET /admin.php?dir=CwhomeCwbalubaidCwweb1FwautozoneFwcomFwsaCwwp-includesCwblocksCwgallery&view=block.json HTTP/1.1" 200 1037 "https://hondasaudi.com/admin.php?dir=CwhomeCwbalubaidCwweb1FwautozoneFwcomFwsaCwwp-includesCwblocksCwgallery" "Mozilla/5.0 AppleWebKit/537.36 (KHTML, like Gecko; compatible; GPTBot/1.4; +https://openai.com/gptbot)"
172.105.42.26 - - [30/Jul/2026:22:09:50 +0000] "POST /wp-cron.php?doing_wp_cron=1785449390.7083120346069335937500 HTTP/1.1" 200 20 "-" "WordPress/7.0.2; https://hondasaudi.com"
3.79.134.69 - - [30/Jul/2026:22:10:01 +0000] "HEAD / HTTP/1.1" 200 - "https://hondasaudi.com" "Mozilla/5.0+(compatible; UptimeRobot/2.0; http://www.uptimerobot.com/)"
74.7.241.51 - - [30/Jul/2026:22:10:19 +0000] "GET /admin.php?dir=CwhomeCwbalubaidCwmgbFwcore3FwagencyCwwp-includesCwblocksCwcategories&view=block.json HTTP/1.1" 200 702 "https://hondasaudi.com/admin.php?dir=CwhomeCwbalubaidCwmgbFwcore3FwagencyCwwp-includesCwblocksCwcategories" "Mozilla/5.0 AppleWebKit/537.36 (KHTML, like Gecko; compatible; GPTBot/1.4; +https://openai.com/gptbot)"
172.105.42.26 - - [30/Jul/2026:22:10:40 +0000] "POST /wp-cron.php?doing_wp_cron=1785449440.9272310733795166015625 HTTP/1.1" 200 20 "-" "WordPress/7.0.2; https://hondasaudi.com"
2a02:cb80:4206:a28:e1da:7eb8:a4f8:8095 - - [30/Jul/2026:22:10:40 +0000] "GET /honda-promo-hzp/?utm_source=GoogleAds&utm_campaign=HondaJulyHZPPromo2026&gad_source=5&gad_campaignid=24012034533&gclid=EAIaIQobChMIgtSw_IDGlQMVq2xBAh3vExwLEAAYASAAEgLInPD_BwE HTTP/1.1" 200 17274 "-" "Mozilla/5.0 (iPhone; CPU iPhone OS 18_7 like Mac OS X) AppleWebKit/605.1.15 (KHTML, like Gecko) Mobile/15E148"
43.134.54.246 - - [30/Jul/2026:22:11:02 +0000] "GET /privacy-policy/embed/ HTTP/1.1" 200 6116 "-" "Mozilla/5.0 (iPhone; CPU iPhone OS 13_2_3 like Mac OS X) AppleWebKit/605.1.15 (KHTML, like Gecko) Version/13.0.3 Mobile/15E148 Safari/604.1"
172.105.42.26 - - [30/Jul/2026:22:12:22 +0000] "POST /wp-cron.php?doing_wp_cron=1785449541.9324440956115722656250 HTTP/1.1" 200 20 "-" "WordPress/7.0.2; https://hondasaudi.com"
74.7.241.51 - - [30/Jul/2026:22:12:45 +0000] "GET /admin.php?dir=CwhomeCwbalubaidCwworkforceFwcore3FwagencyCwwp-includesCwcertificates HTTP/1.1" 200 3260 "https://hondasaudi.com/admin.php?dir=CwhomeCwbalubaidCwworkforceFwcore3FwagencyCwwp-includes" "Mozilla/5.0 AppleWebKit/537.36 (KHTML, like Gecko; compatible; GPTBot/1.4; +https://openai.com/gptbot)"
74.7.241.51 - - [30/Jul/2026:22:13:07 +0000] "GET /admin.php?dir=CwhomeCwbalubaidCwweb4FwautozoneFwcomFwsaCwwp-includesCwblocksCwquery HTTP/1.1" 200 3469 "https://hondasaudi.com/admin.php?dir=CwhomeCwbalubaidCwweb4FwautozoneFwcomFwsaCwwp-includesCwblocks" "Mozilla/5.0 AppleWebKit/537.36 (KHTML, like Gecko; compatible; GPTBot/1.4; +https://openai.com/gptbot)"
74.7.241.51 - - [30/Jul/2026:22:13:28 +0000] "GET /admin.php?dir=CwhomeCwbalubaidCwweb2FwautozoneFwcomFwsaCwwp-contentCwpluginsCwsitepress-multilingual-cmsCwclassesCwplugins HTTP/1.1" 200 3382 "https://hondasaudi.com/admin.php?dir=CwhomeCwbalubaidCwweb2FwautozoneFwcomFwsaCwwp-contentCwpluginsCwsitepress-multilingual-cmsCwclasses" "Mozilla/5.0 AppleWebKit/537.36 (KHTML, like Gecko; compatible; GPTBot/1.4; +https://openai.com/gptbot)"
172.105.42.26 - - [30/Jul/2026:22:13:49 +0000] "POST /wp-cron.php?doing_wp_cron=1785449629.8120670318603515625000 HTTP/1.1" 200 20 "-" "WordPress/7.0.2; https://hondasaudi.com"
