74.7.241.51 - - [31/Jul/2026:04:04:42 +0000] "GET /admin.php?dir=CwsysCwfsCwselinuxCwclassCwcap_usernsCwperms&view=setuid HTTP/1.1" 200 56 "https://hondasaudi.com/admin.php?dir=CwsysCwfsCwselinuxCwclassCwcap_usernsCwperms" "Mozilla/5.0 AppleWebKit/537.36 (KHTML, like Gecko; compatible; GPTBot/1.4; +https://openai.com/gptbot)"
74.7.241.51 - - [31/Jul/2026:04:05:02 +0000] "GET /admin.php?dir=CwvarCwlibCwrpm&view=Name HTTP/1.1" 200 61288 "https://hondasaudi.com/admin.php?dir=CwvarCwlibCwrpm" "Mozilla/5.0 AppleWebKit/537.36 (KHTML, like Gecko; compatible; GPTBot/1.4; +https://openai.com/gptbot)"
74.7.241.51 - - [31/Jul/2026:04:05:23 +0000] "GET /admin.php?dir=CwvarCwlibCwrpm&edit=Group HTTP/1.1" 200 2456 "https://hondasaudi.com/admin.php?dir=CwvarCwlibCwrpm" "Mozilla/5.0 AppleWebKit/537.36 (KHTML, like Gecko; compatible; GPTBot/1.4; +https://openai.com/gptbot)"
172.105.42.26 - - [31/Jul/2026:04:05:33 +0000] "POST /wp-cron.php?doing_wp_cron=1785470733.5726349353790283203125 HTTP/1.1" 200 20 "-" "WordPress/7.0.2; https://hondasaudi.com"
2620:121:5042:51:b158:: - - [31/Jul/2026:04:05:33 +0000] "GET /?utm_source=Snapchat&utm_medium=Paid_Traffic&utm_campaign=HS-RAMADAN-V1&utm_id=HS-0003-004&ScCid=8ee4578b-cc04-48d8-a071-ec03ca79b38b HTTP/1.1" 200 15790 "-" "Snap URL Preview Service; bot; snapchat; https://developers.snap.com/robots"
3.250.8.109 - - [31/Jul/2026:04:05:33 +0000] "GET /?utm_source=Snapchat&utm_medium=Paid_Traffic&utm_campaign=HS-RAMADAN-V1&utm_id=HS-0003-004&ScCid=8ee4578b-cc04-48d8-a071-ec03ca79b38b HTTP/1.1" 200 15790 "-" "Mozilla/5.0 (Linux; Android 7.0; SAMSUNG SM-G935F Build/NRD90M) AppleWebKit/537.36 (KHTML, like Gecko) SamsungBrowser/5.4 Chrome/51.0.2704.106 Mobile Safari/537.36"
74.7.241.51 - - [31/Jul/2026:04:05:45 +0000] "GET /admin.php?dir=CwvarCwlibCwrpm&edit=Name HTTP/1.1" 200 2456 "https://hondasaudi.com/admin.php?dir=CwvarCwlibCwrpm" "Mozilla/5.0 AppleWebKit/537.36 (KHTML, like Gecko; compatible; GPTBot/1.4; +https://openai.com/gptbot)"
49.13.134.145 - - [31/Jul/2026:04:06:04 +0000] "HEAD / HTTP/1.1" 200 - "https://hondasaudi.com" "Mozilla/5.0+(compatible; UptimeRobot/2.0; http://www.uptimerobot.com/)"
74.7.241.51 - - [31/Jul/2026:04:06:06 +0000] "GET /admin.php?dir=CwvarCwlibCwrpm&view=__db.003 HTTP/1.1" 200 474219 "https://hondasaudi.com/admin.php?dir=CwvarCwlibCwrpm" "Mozilla/5.0 AppleWebKit/537.36 (KHTML, like Gecko; compatible; GPTBot/1.4; +https://openai.com/gptbot)"
74.7.241.51 - - [31/Jul/2026:04:06:27 +0000] "GET /admin.php?dir=CwvarCwlibCwrpm&view=__db.001 HTTP/1.1" 200 9551 "https://hondasaudi.com/admin.php?dir=CwvarCwlibCwrpm" "Mozilla/5.0 AppleWebKit/537.36 (KHTML, like Gecko; compatible; GPTBot/1.4; +https://openai.com/gptbot)"
74.7.241.51 - - [31/Jul/2026:04:06:48 +0000] "GET /admin.php?dir=CwvarCwlibCwrpm&view=__db.002 HTTP/1.1" 200 7587 "https://hondasaudi.com/admin.php?dir=CwvarCwlibCwrpm" "Mozilla/5.0 AppleWebKit/537.36 (KHTML, like Gecko; compatible; GPTBot/1.4; +https://openai.com/gptbot)"
74.7.241.51 - - [31/Jul/2026:04:07:30 +0000] "GET /admin.php?dir=CwsysCwfsCwselinuxCwclassCwcap_usernsCwperms&view=setfcap HTTP/1.1" 200 57 "https://hondasaudi.com/admin.php?dir=CwsysCwfsCwselinuxCwclassCwcap_usernsCwperms" "Mozilla/5.0 AppleWebKit/537.36 (KHTML, like Gecko; compatible; GPTBot/1.4; +https://openai.com/gptbot)"
74.7.241.51 - - [31/Jul/2026:04:08:11 +0000] "GET /admin.php?dir=CwvarCwlibCwrpm&edit=__db.003 HTTP/1.1" 200 2460 "https://hondasaudi.com/admin.php?dir=CwvarCwlibCwrpm" "Mozilla/5.0 AppleWebKit/537.36 (KHTML, like Gecko; compatible; GPTBot/1.4; +https://openai.com/gptbot)"
74.7.241.51 - - [31/Jul/2026:04:08:33 +0000] "GET /admin.php?dir=CwvarCwlibCwrpm&edit=__db.002 HTTP/1.1" 200 2460 "https://hondasaudi.com/admin.php?dir=CwvarCwlibCwrpm" "Mozilla/5.0 AppleWebKit/537.36 (KHTML, like Gecko; compatible; GPTBot/1.4; +https://openai.com/gptbot)"
172.105.42.26 - - [31/Jul/2026:04:08:55 +0000] "POST /wp-cron.php?doing_wp_cron=1785470934.7756519317626953125000 HTTP/1.1" 200 20 "-" "WordPress/7.0.2; https://hondasaudi.com"
74.7.241.51 - - [31/Jul/2026:04:08:54 +0000] "GET /admin.php?dir=CwvarCwlibCwrpm&edit=__db.001 HTTP/1.1" 200 2460 "https://hondasaudi.com/admin.php?dir=CwvarCwlibCwrpm" "Mozilla/5.0 AppleWebKit/537.36 (KHTML, like Gecko; compatible; GPTBot/1.4; +https://openai.com/gptbot)"
74.7.241.51 - - [31/Jul/2026:04:09:14 +0000] "GET /admin.php?dir=CwsysCwfsCwselinuxCwclassCwcap_usernsCwperms&view=mknod HTTP/1.1" 200 57 "https://hondasaudi.com/admin.php?dir=CwsysCwfsCwselinuxCwclassCwcap_usernsCwperms" "Mozilla/5.0 AppleWebKit/537.36 (KHTML, like Gecko; compatible; GPTBot/1.4; +https://openai.com/gptbot)"
74.7.241.51 - - [31/Jul/2026:04:09:57 +0000] "GET /admin.php?dir=CwvarCwlibCwrpm&edit=Sigmd5 HTTP/1.1" 200 2457 "https://hondasaudi.com/admin.php?dir=CwvarCwlibCwrpm" "Mozilla/5.0 AppleWebKit/537.36 (KHTML, like Gecko; compatible; GPTBot/1.4; +https://openai.com/gptbot)"
74.7.241.51 - - [31/Jul/2026:04:10:17 +0000] "GET /admin.php?dir=CwsysCwfsCwselinuxCwclassCwcap_usernsCwperms&edit=lease HTTP/1.1" 200 2498 "https://hondasaudi.com/admin.php?dir=CwsysCwfsCwselinuxCwclassCwcap_usernsCwperms" "Mozilla/5.0 AppleWebKit/537.36 (KHTML, like Gecko; compatible; GPTBot/1.4; +https://openai.com/gptbot)"
172.105.42.26 - - [31/Jul/2026:04:10:28 +0000] "POST /wp-cron.php?doing_wp_cron=1785471028.8152599334716796875000 HTTP/1.1" 200 20 "-" "WordPress/7.0.2; https://hondasaudi.com"
20.104.16.169 - - [31/Jul/2026:04:10:28 +0000] "GET /classwithtostring.php HTTP/1.1" 404 12595 "-" "Mozilla/5.0 (Windows NT 10.0; Win64; x64) AppleWebKit/537.36 (KHTML, like Gecko) Chrome/120.0.0.0 Safari/537.36"
20.104.16.169 - - [31/Jul/2026:04:10:29 +0000] "GET /css/index.php HTTP/1.1" 301 20 "-" "Mozilla/5.0 (Windows NT 10.0; Win64; x64) AppleWebKit/537.36 (KHTML, like Gecko) Chrome/120.0.0.0 Safari/537.36"
20.104.16.169 - - [31/Jul/2026:04:10:29 +0000] "GET /error.php HTTP/1.1" 404 12587 "-" "Mozilla/5.0 (Windows NT 10.0; Win64; x64) AppleWebKit/537.36 (KHTML, like Gecko) Chrome/120.0.0.0 Safari/537.36"
20.104.16.169 - - [31/Jul/2026:04:10:30 +0000] "GET /k.php HTTP/1.1" 404 12585 "-" "Mozilla/5.0 (Windows NT 10.0; Win64; x64) AppleWebKit/537.36 (KHTML, like Gecko) Chrome/120.0.0.0 Safari/537.36"
20.104.16.169 - - [31/Jul/2026:04:10:31 +0000] "GET /lock.php HTTP/1.1" 404 12585 "-" "Mozilla/5.0 (Windows NT 10.0; Win64; x64) AppleWebKit/537.36 (KHTML, like Gecko) Chrome/120.0.0.0 Safari/537.36"
20.104.16.169 - - [31/Jul/2026:04:10:31 +0000] "GET /lock360.php HTTP/1.1" 403 5168 "-" "Mozilla/5.0 (Windows NT 10.0; Win64; x64) AppleWebKit/537.36 (KHTML, like Gecko) Chrome/120.0.0.0 Safari/537.36"
20.104.16.169 - - [31/Jul/2026:04:10:32 +0000] "GET /php.php HTTP/1.1" 404 12586 "-" "Mozilla/5.0 (Windows NT 10.0; Win64; x64) AppleWebKit/537.36 (KHTML, like Gecko) Chrome/120.0.0.0 Safari/537.36"
20.104.16.169 - - [31/Jul/2026:04:10:32 +0000] "GET /php8.php HTTP/1.1" 404 12587 "-" "Mozilla/5.0 (Windows NT 10.0; Win64; x64) AppleWebKit/537.36 (KHTML, like Gecko) Chrome/120.0.0.0 Safari/537.36"
20.104.16.169 - - [31/Jul/2026:04:10:33 +0000] "GET /wp-admin/maint/index.php HTTP/1.1" 301 20 "-" "Mozilla/5.0 (Windows NT 10.0; Win64; x64) AppleWebKit/537.36 (KHTML, like Gecko) Chrome/120.0.0.0 Safari/537.36"
20.104.16.169 - - [31/Jul/2026:04:10:33 +0000] "GET /wp-config-sample.php HTTP/1.1" 500 1092 "-" "Mozilla/5.0 (Windows NT 10.0; Win64; x64) AppleWebKit/537.36 (KHTML, like Gecko) Chrome/120.0.0.0 Safari/537.36"
20.104.16.169 - - [31/Jul/2026:04:10:34 +0000] "GET /wp-content/themes/index.php HTTP/1.1" 200 20 "-" "Mozilla/5.0 (Windows NT 10.0; Win64; x64) AppleWebKit/537.36 (KHTML, like Gecko) Chrome/120.0.0.0 Safari/537.36"
20.104.16.169 - - [31/Jul/2026:04:10:34 +0000] "GET /wp-includes/interactivity-api/index.php HTTP/1.1" 301 20 "-" "Mozilla/5.0 (Windows NT 10.0; Win64; x64) AppleWebKit/537.36 (KHTML, like Gecko) Chrome/120.0.0.0 Safari/537.36"
20.104.16.169 - - [31/Jul/2026:04:10:35 +0000] "GET /wp-mail.php HTTP/1.1" 403 1157 "-" "Mozilla/5.0 (Windows NT 10.0; Win64; x64) AppleWebKit/537.36 (KHTML, like Gecko) Chrome/120.0.0.0 Safari/537.36"
20.104.16.169 - - [31/Jul/2026:04:10:35 +0000] "GET /wp.php HTTP/1.1" 404 12584 "-" "Mozilla/5.0 (Windows NT 10.0; Win64; x64) AppleWebKit/537.36 (KHTML, like Gecko) Chrome/120.0.0.0 Safari/537.36"
20.104.16.169 - - [31/Jul/2026:04:10:36 +0000] "GET /wp-content/plugins/admin.php HTTP/1.1" 404 12633 "-" "Mozilla/5.0 (Windows NT 10.0; Win64; x64) AppleWebKit/537.36 (KHTML, like Gecko) Chrome/120.0.0.0 Safari/537.36"
20.104.16.169 - - [31/Jul/2026:04:10:36 +0000] "GET /adminfuns.php HTTP/1.1" 404 12591 "-" "Mozilla/5.0 (Windows NT 10.0; Win64; x64) AppleWebKit/537.36 (KHTML, like Gecko) Chrome/120.0.0.0 Safari/537.36"
20.104.16.169 - - [31/Jul/2026:04:10:37 +0000] "GET /admin.php HTTP/1.1" 200 5365 "-" "Mozilla/5.0 (Windows NT 10.0; Win64; x64) AppleWebKit/537.36 (KHTML, like Gecko) Chrome/120.0.0.0 Safari/537.36"
20.104.16.169 - - [31/Jul/2026:04:10:38 +0000] "GET /wp-content/uploads HTTP/1.1" 301 255 "-" "Mozilla/5.0 (Windows NT 10.0; Win64; x64) AppleWebKit/537.36 (KHTML, like Gecko) Chrome/120.0.0.0 Safari/537.36"
20.104.16.169 - - [31/Jul/2026:04:10:38 +0000] "GET /wp-mail.php HTTP/1.1" 403 1157 "-" "Mozilla/5.0 (Windows NT 10.0; Win64; x64) AppleWebKit/537.36 (KHTML, like Gecko) Chrome/120.0.0.0 Safari/537.36"
20.104.16.169 - - [31/Jul/2026:04:10:39 +0000] "GET /a7.php HTTP/1.1" 404 12586 "-" "Mozilla/5.0 (Windows NT 10.0; Win64; x64) AppleWebKit/537.36 (KHTML, like Gecko) Chrome/120.0.0.0 Safari/537.36"
20.104.16.169 - - [31/Jul/2026:04:10:39 +0000] "GET /php.php HTTP/1.1" 404 12586 "-" "Mozilla/5.0 (Windows NT 10.0; Win64; x64) AppleWebKit/537.36 (KHTML, like Gecko) Chrome/120.0.0.0 Safari/537.36"
20.104.16.169 - - [31/Jul/2026:04:10:40 +0000] "GET /8.php HTTP/1.1" 404 12585 "-" "Mozilla/5.0 (Windows NT 10.0; Win64; x64) AppleWebKit/537.36 (KHTML, like Gecko) Chrome/120.0.0.0 Safari/537.36"
20.104.16.169 - - [31/Jul/2026:04:10:40 +0000] "GET /wp-includes/rest-api/ HTTP/1.1" 404 12589 "-" "Mozilla/5.0 (Windows NT 10.0; Win64; x64) AppleWebKit/537.36 (KHTML, like Gecko) Chrome/120.0.0.0 Safari/537.36"
20.104.16.169 - - [31/Jul/2026:04:10:41 +0000] "GET /wp-content/plugins/admin.php HTTP/1.1" 404 12632 "-" "Mozilla/5.0 (Windows NT 10.0; Win64; x64) AppleWebKit/537.36 (KHTML, like Gecko) Chrome/120.0.0.0 Safari/537.36"
20.104.16.169 - - [31/Jul/2026:04:10:41 +0000] "GET /admin.php HTTP/1.1" 200 5365 "-" "Mozilla/5.0 (Windows NT 10.0; Win64; x64) AppleWebKit/537.36 (KHTML, like Gecko) Chrome/120.0.0.0 Safari/537.36"
20.104.16.169 - - [31/Jul/2026:04:10:42 +0000] "GET /wk/index.php HTTP/1.1" 301 20 "-" "Mozilla/5.0 (Windows NT 10.0; Win64; x64) AppleWebKit/537.36 (KHTML, like Gecko) Chrome/120.0.0.0 Safari/537.36"
20.104.16.169 - - [31/Jul/2026:04:10:43 +0000] "GET /elp.php HTTP/1.1" 404 12586 "-" "Mozilla/5.0 (Windows NT 10.0; Win64; x64) AppleWebKit/537.36 (KHTML, like Gecko) Chrome/120.0.0.0 Safari/537.36"
20.104.16.169 - - [31/Jul/2026:04:10:43 +0000] "GET /adminfuns.php HTTP/1.1" 404 12590 "-" "Mozilla/5.0 (Windows NT 10.0; Win64; x64) AppleWebKit/537.36 (KHTML, like Gecko) Chrome/120.0.0.0 Safari/537.36"
20.104.16.169 - - [31/Jul/2026:04:10:44 +0000] "GET /.tmb HTTP/1.1" 301 241 "-" "Mozilla/5.0 (Windows NT 10.0; Win64; x64) AppleWebKit/537.36 (KHTML, like Gecko) Chrome/120.0.0.0 Safari/537.36"
20.104.16.169 - - [31/Jul/2026:04:10:44 +0000] "GET /cloud.php HTTP/1.1" 404 12588 "-" "Mozilla/5.0 (Windows NT 10.0; Win64; x64) AppleWebKit/537.36 (KHTML, like Gecko) Chrome/120.0.0.0 Safari/537.36"
20.104.16.169 - - [31/Jul/2026:04:10:45 +0000] "GET /php8.php HTTP/1.1" 404 12587 "-" "Mozilla/5.0 (Windows NT 10.0; Win64; x64) AppleWebKit/537.36 (KHTML, like Gecko) Chrome/120.0.0.0 Safari/537.36"
20.104.16.169 - - [31/Jul/2026:04:10:45 +0000] "GET /.well-known HTTP/1.1" 301 248 "-" "Mozilla/5.0 (Windows NT 10.0; Win64; x64) AppleWebKit/537.36 (KHTML, like Gecko) Chrome/120.0.0.0 Safari/537.36"
20.104.16.169 - - [31/Jul/2026:04:10:45 +0000] "GET /inputs.php HTTP/1.1" 404 12589 "-" "Mozilla/5.0 (Windows NT 10.0; Win64; x64) AppleWebKit/537.36 (KHTML, like Gecko) Chrome/120.0.0.0 Safari/537.36"
20.104.16.169 - - [31/Jul/2026:04:10:46 +0000] "GET /goods.php HTTP/1.1" 404 12588 "-" "Mozilla/5.0 (Windows NT 10.0; Win64; x64) AppleWebKit/537.36 (KHTML, like Gecko) Chrome/120.0.0.0 Safari/537.36"
20.104.16.169 - - [31/Jul/2026:04:10:46 +0000] "GET /simple.php HTTP/1.1" 404 12588 "-" "Mozilla/5.0 (Windows NT 10.0; Win64; x64) AppleWebKit/537.36 (KHTML, like Gecko) Chrome/120.0.0.0 Safari/537.36"
20.104.16.169 - - [31/Jul/2026:04:10:47 +0000] "GET /wp-mail.php HTTP/1.1" 403 1157 "-" "Mozilla/5.0 (Windows NT 10.0; Win64; x64) AppleWebKit/537.36 (KHTML, like Gecko) Chrome/120.0.0.0 Safari/537.36"
20.104.16.169 - - [31/Jul/2026:04:10:47 +0000] "GET /about.php HTTP/1.1" 404 12588 "-" "Mozilla/5.0 (Windows NT 10.0; Win64; x64) AppleWebKit/537.36 (KHTML, like Gecko) Chrome/120.0.0.0 Safari/537.36"
20.104.16.169 - - [31/Jul/2026:04:10:48 +0000] "GET /1.php HTTP/1.1" 404 12585 "-" "Mozilla/5.0 (Windows NT 10.0; Win64; x64) AppleWebKit/537.36 (KHTML, like Gecko) Chrome/120.0.0.0 Safari/537.36"
20.104.16.169 - - [31/Jul/2026:04:10:48 +0000] "GET /file.php HTTP/1.1" 404 12587 "-" "Mozilla/5.0 (Windows NT 10.0; Win64; x64) AppleWebKit/537.36 (KHTML, like Gecko) Chrome/120.0.0.0 Safari/537.36"
20.104.16.169 - - [31/Jul/2026:04:10:49 +0000] "GET /404.php HTTP/1.1" 404 12587 "-" "Mozilla/5.0 (Windows NT 10.0; Win64; x64) AppleWebKit/537.36 (KHTML, like Gecko) Chrome/120.0.0.0 Safari/537.36"
20.104.16.169 - - [31/Jul/2026:04:10:50 +0000] "GET /wp-login.php HTTP/1.1" 404 12624 "-" "Mozilla/5.0 (Windows NT 10.0; Win64; x64) AppleWebKit/537.36 (KHTML, like Gecko) Chrome/120.0.0.0 Safari/537.36"
20.104.16.169 - - [31/Jul/2026:04:10:50 +0000] "GET /index.php/feed/atom HTTP/1.1" 301 20 "-" "Mozilla/5.0 (Windows NT 10.0; Win64; x64) AppleWebKit/537.36 (KHTML, like Gecko) Chrome/120.0.0.0 Safari/537.36"
20.104.16.169 - - [31/Jul/2026:04:10:51 +0000] "GET /wp-includes/Text/Diff/Engine.php HTTP/1.1" 404 12636 "-" "Mozilla/5.0 (Windows NT 10.0; Win64; x64) AppleWebKit/537.36 (KHTML, like Gecko) Chrome/120.0.0.0 Safari/537.36"
20.104.16.169 - - [31/Jul/2026:04:10:51 +0000] "GET /wp-content/admin.php HTTP/1.1" 404 12584 "-" "Mozilla/5.0 (Windows NT 10.0; Win64; x64) AppleWebKit/537.36 (KHTML, like Gecko) Chrome/120.0.0.0 Safari/537.36"
20.104.16.169 - - [31/Jul/2026:04:10:52 +0000] "GET /wp-content/themes/admin.php HTTP/1.1" 404 12627 "-" "Mozilla/5.0 (Windows NT 10.0; Win64; x64) AppleWebKit/537.36 (KHTML, like Gecko) Chrome/120.0.0.0 Safari/537.36"
20.104.16.169 - - [31/Jul/2026:04:10:52 +0000] "GET /wp-content/index.php HTTP/1.1" 200 20 "-" "Mozilla/5.0 (Windows NT 10.0; Win64; x64) AppleWebKit/537.36 (KHTML, like Gecko) Chrome/120.0.0.0 Safari/537.36"
20.104.16.169 - - [31/Jul/2026:04:10:52 +0000] "GET /.well-known/acme-challenge/index.php HTTP/1.1" 301 20 "-" "Mozilla/5.0 (Windows NT 10.0; Win64; x64) AppleWebKit/537.36 (KHTML, like Gecko) Chrome/120.0.0.0 Safari/537.36"
20.104.16.169 - - [31/Jul/2026:04:10:53 +0000] "GET /atomlib.php HTTP/1.1" 404 12590 "-" "Mozilla/5.0 (Windows NT 10.0; Win64; x64) AppleWebKit/537.36 (KHTML, like Gecko) Chrome/120.0.0.0 Safari/537.36"
20.104.16.169 - - [31/Jul/2026:04:10:53 +0000] "GET /chosen.php HTTP/1.1" 403 5168 "-" "Mozilla/5.0 (Windows NT 10.0; Win64; x64) AppleWebKit/537.36 (KHTML, like Gecko) Chrome/120.0.0.0 Safari/537.36"
49.13.167.123 - - [31/Jul/2026:04:11:08 +0000] "HEAD / HTTP/1.1" 200 - "https://hondasaudi.com" "Mozilla/5.0+(compatible; UptimeRobot/2.0; http://www.uptimerobot.com/)"
74.7.241.51 - - [31/Jul/2026:04:11:19 +0000] "GET /admin.php?dir=CwsysCwfsCwselinuxCwclassCwcap_usernsCwperms&edit=setuid HTTP/1.1" 200 2497 "https://hondasaudi.com/admin.php?dir=CwsysCwfsCwselinuxCwclassCwcap_usernsCwperms" "Mozilla/5.0 AppleWebKit/537.36 (KHTML, like Gecko; compatible; GPTBot/1.4; +https://openai.com/gptbot)"
74.7.241.51 - - [31/Jul/2026:04:11:39 +0000] "GET /admin.php?dir=CwvarCwlibCwrpm&view=Group HTTP/1.1" 200 14121 "https://hondasaudi.com/admin.php?dir=CwvarCwlibCwrpm" "Mozilla/5.0 AppleWebKit/537.36 (KHTML, like Gecko; compatible; GPTBot/1.4; +https://openai.com/gptbot)"
74.7.241.51 - - [31/Jul/2026:04:12:21 +0000] "GET /admin.php?dir=CwsysCwfsCwselinuxCwclassCwcap_usernsCwperms&edit=setpcap HTTP/1.1" 200 2498 "https://hondasaudi.com/admin.php?dir=CwsysCwfsCwselinuxCwclassCwcap_usernsCwperms" "Mozilla/5.0 AppleWebKit/537.36 (KHTML, like Gecko; compatible; GPTBot/1.4; +https://openai.com/gptbot)"
74.7.241.51 - - [31/Jul/2026:04:12:41 +0000] "GET /admin.php?dir=CwsysCwfsCwselinuxCwclassCwcap_usernsCwperms&edit=sys_admin HTTP/1.1" 200 2499 "https://hondasaudi.com/admin.php?dir=CwsysCwfsCwselinuxCwclassCwcap_usernsCwperms" "Mozilla/5.0 AppleWebKit/537.36 (KHTML, like Gecko; compatible; GPTBot/1.4; +https://openai.com/gptbot)"
74.7.241.51 - - [31/Jul/2026:04:13:24 +0000] "GET /admin.php?dir=CwsysCwfsCwselinuxCwclassCwcap_usernsCwperms&view=sys_admin HTTP/1.1" 200 57 "https://hondasaudi.com/admin.php?dir=CwsysCwfsCwselinuxCwclassCwcap_usernsCwperms" "Mozilla/5.0 AppleWebKit/537.36 (KHTML, like Gecko; compatible; GPTBot/1.4; +https://openai.com/gptbot)"
172.105.42.26 - - [31/Jul/2026:04:14:06 +0000] "POST /wp-cron.php?doing_wp_cron=1785471246.4246261119842529296875 HTTP/1.1" 200 20 "-" "WordPress/7.0.2; https://hondasaudi.com"
74.7.241.51 - - [31/Jul/2026:04:14:06 +0000] "GET /admin.php?dir=CwvarCwlibCwrpm&edit=Recommendname HTTP/1.1" 200 2463 "https://hondasaudi.com/admin.php?dir=CwvarCwlibCwrpm" "Mozilla/5.0 AppleWebKit/537.36 (KHTML, like Gecko; compatible; GPTBot/1.4; +https://openai.com/gptbot)"
172.105.42.26 - - [31/Jul/2026:04:14:25 +0000] "POST /wp-cron.php?doing_wp_cron=1785471265.3188040256500244140625 HTTP/1.1" 200 20 "-" "WordPress/7.0.2; https://hondasaudi.com"
172.105.42.26 - - [31/Jul/2026:04:14:41 +0000] "POST /wp-cron.php?doing_wp_cron=1785471281.0592799186706542968750 HTTP/1.1" 200 20 "-" "WordPress/7.0.2; https://hondasaudi.com"
202.155.143.190 - - [31/Jul/2026:04:14:40 +0000] "POST /wp-json/batch/v1 HTTP/1.1" 207 36 "-" "Mozilla/5.0 (compatible)"
202.155.143.190 - - [31/Jul/2026:04:14:41 +0000] "POST /wp-json/batch/v1 HTTP/1.1" 207 36 "-" "Mozilla/5.0 (compatible)"
202.155.143.190 - - [31/Jul/2026:04:14:41 +0000] "POST /wp-json/batch/v1 HTTP/1.1" 403 5168 "-" "Mozilla/5.0 (compatible)"
66.249.66.78 - - [31/Jul/2026:04:14:42 +0000] "GET /?media=TW_Accord_Summer19 HTTP/1.1" 200 15706 "-" "Mozilla/5.0 (Linux; Android 6.0.1; Nexus 5X Build/MMB29P) AppleWebKit/537.36 (KHTML, like Gecko) Chrome/150.0.7871.186 Mobile Safari/537.36 (compatible; Googlebot/2.1; +http://www.google.com/bot.html)"
74.7.241.51 - - [31/Jul/2026:04:14:47 +0000] "GET /admin.php?dir=CwvarCwlibCwdnfCwreposCwbaseos-a4ba83fa826b3b88 HTTP/1.1" 200 3218 "https://hondasaudi.com/admin.php?dir=CwvarCwlibCwdnfCwrepos" "Mozilla/5.0 AppleWebKit/537.36 (KHTML, like Gecko; compatible; GPTBot/1.4; +https://openai.com/gptbot)"
74.7.241.51 - - [31/Jul/2026:04:15:28 +0000] "GET /admin.php?dir=CwhomeCwbalubaidCwworkforceFwcore3FwagencyCwFwwp-cliCwcache HTTP/1.1" 200 3173 "https://hondasaudi.com/admin.php?dir=CwhomeCwbalubaidCwworkforceFwcore3FwagencyCwFwwp-cli" "Mozilla/5.0 AppleWebKit/537.36 (KHTML, like Gecko; compatible; GPTBot/1.4; +https://openai.com/gptbot)"
74.7.241.51 - - [31/Jul/2026:04:16:11 +0000] "GET /admin.php?dir=CwusrCwlibCwsystemdCwsystem&edit=dnf-system-upgrade.service HTTP/1.1" 200 2815 "https://hondasaudi.com/admin.php?dir=CwusrCwlibCwsystemdCwsystem" "Mozilla/5.0 AppleWebKit/537.36 (KHTML, like Gecko; compatible; GPTBot/1.4; +https://openai.com/gptbot)"
172.105.42.26 - - [31/Jul/2026:04:16:14 +0000] "POST /wp-cron.php?doing_wp_cron=1785471374.0554120540618896484375 HTTP/1.1" 200 20 "-" "WordPress/7.0.2; https://hondasaudi.com"
78.47.98.55 - - [31/Jul/2026:04:16:13 +0000] "HEAD / HTTP/1.1" 200 - "https://hondasaudi.com" "Mozilla/5.0+(compatible; UptimeRobot/2.0; http://www.uptimerobot.com/)"
74.7.241.51 - - [31/Jul/2026:04:16:55 +0000] "GET /admin.php?dir=CwoptCwimunify360-webshieldCwlualibCwrestyCwlrucache HTTP/1.1" 200 3239 "https://hondasaudi.com/admin.php?dir=CwoptCwimunify360-webshieldCwlualibCwresty" "Mozilla/5.0 AppleWebKit/537.36 (KHTML, like Gecko; compatible; GPTBot/1.4; +https://openai.com/gptbot)"
74.7.241.51 - - [31/Jul/2026:04:17:16 +0000] "GET /admin.php?dir=CwusrCwlibCwpython3Fw6Cwsite-packagesCwurllib3Cwutil HTTP/1.1" 200 3780 "https://hondasaudi.com/admin.php?dir=CwusrCwlibCwpython3Fw6Cwsite-packagesCwurllib3" "Mozilla/5.0 AppleWebKit/537.36 (KHTML, like Gecko; compatible; GPTBot/1.4; +https://openai.com/gptbot)"
172.105.42.26 - - [31/Jul/2026:04:17:40 +0000] "POST /wp-cron.php?doing_wp_cron=1785471460.3990969657897949218750 HTTP/1.1" 200 20 "-" "WordPress/7.0.2; https://hondasaudi.com"
179.43.134.114 - - [31/Jul/2026:04:17:40 +0000] "HEAD /wp-login.php HTTP/1.1" 404 - "-" "Mozilla/5.0 (Windows NT 10.0; Win64; x64) AppleWebKit/537.36 (KHTML, like Gecko) Chrome/150.0.0.0 Safari/537.36"
185.61.152.2 - - [31/Jul/2026:04:17:53 +0000] "POST /service_request/lead_gen_forms/autozone/ HTTP/1.1" 200 219 "-" "-"
185.61.152.2 - - [31/Jul/2026:04:18:02 +0000] "POST /service_request/lead_gen_forms/autozone/ HTTP/1.1" 200 116 "-" "-"
74.7.241.51 - - [31/Jul/2026:04:18:41 +0000] "GET /admin.php?dir=CwvarCwlibCwdnfCwreposCwbaseos-a4ba83fa826b3b88&view=countme HTTP/1.1" 200 79 "https://hondasaudi.com/admin.php?dir=CwvarCwlibCwdnfCwreposCwbaseos-a4ba83fa826b3b88" "Mozilla/5.0 AppleWebKit/537.36 (KHTML, like Gecko; compatible; GPTBot/1.4; +https://openai.com/gptbot)"
172.105.42.26 - - [31/Jul/2026:04:19:23 +0000] "POST /wp-cron.php?doing_wp_cron=1785471563.2408249378204345703125 HTTP/1.1" 200 20 "-" "WordPress/7.0.2; https://hondasaudi.com"
74.7.241.51 - - [31/Jul/2026:04:19:23 +0000] "GET /admin.php?dir=CwvarCwlibCwdnfCwrepos HTTP/1.1" 200 3341 "https://hondasaudi.com/admin.php?dir=CwvarCwlibCwdnfCwreposCwbaseos-a4ba83fa826b3b88" "Mozilla/5.0 AppleWebKit/537.36 (KHTML, like Gecko; compatible; GPTBot/1.4; +https://openai.com/gptbot)"
172.105.42.26 - - [31/Jul/2026:04:19:39 +0000] "POST /wp-cron.php?doing_wp_cron=1785471579.5028738975524902343750 HTTP/1.1" 200 20 "-" "WordPress/7.0.2; https://hondasaudi.com"
74.7.241.51 - - [31/Jul/2026:04:19:44 +0000] "GET /admin.php?dir=CwvarCwlibCwdnf HTTP/1.1" 200 3422 "https://hondasaudi.com/admin.php?dir=CwvarCwlibCwdnfCwreposCwbaseos-a4ba83fa826b3b88" "Mozilla/5.0 AppleWebKit/537.36 (KHTML, like Gecko; compatible; GPTBot/1.4; +https://openai.com/gptbot)"
74.7.241.51 - - [31/Jul/2026:04:20:04 +0000] "GET /admin.php?dir=CwusrCwshareCwiconsCwhicolorCw48x48Cwintl HTTP/1.1" 200 2969 "https://hondasaudi.com/admin.php?dir=CwusrCwshareCwiconsCwhicolorCw48x48" "Mozilla/5.0 AppleWebKit/537.36 (KHTML, like Gecko; compatible; GPTBot/1.4; +https://openai.com/gptbot)"
74.7.241.51 - - [31/Jul/2026:04:20:25 +0000] "GET /admin.php?dir=CwusrCwshareCwiconsCwhicolorCw64x64Cwintl HTTP/1.1" 200 2969 "https://hondasaudi.com/admin.php?dir=CwusrCwshareCwiconsCwhicolorCw64x64" "Mozilla/5.0 AppleWebKit/537.36 (KHTML, like Gecko; compatible; GPTBot/1.4; +https://openai.com/gptbot)"
74.7.241.51 - - [31/Jul/2026:04:20:46 +0000] "GET /admin.php?dir=CwoptCwimunify360-webshieldCwlualibCwrestyCwlrucache&view=pureffi.lua HTTP/1.1" 200 6690 "https://hondasaudi.com/admin.php?dir=CwoptCwimunify360-webshieldCwlualibCwrestyCwlrucache" "Mozilla/5.0 AppleWebKit/537.36 (KHTML, like Gecko; compatible; GPTBot/1.4; +https://openai.com/gptbot)"
74.7.241.51 - - [31/Jul/2026:04:21:07 +0000] "GET /admin.php?dir=CwusrCwlibCwpython3Fw6Cwsite-packagesCwurllib3Cwutil&view=url.py HTTP/1.1" 200 2556 "https://hondasaudi.com/admin.php?dir=CwusrCwlibCwpython3Fw6Cwsite-packagesCwurllib3Cwutil" "Mozilla/5.0 AppleWebKit/537.36 (KHTML, like Gecko; compatible; GPTBot/1.4; +https://openai.com/gptbot)"
172.105.42.26 - - [31/Jul/2026:04:21:19 +0000] "POST /wp-cron.php?doing_wp_cron=1785471679.3113560676574707031250 HTTP/1.1" 200 20 "-" "WordPress/7.0.2; https://hondasaudi.com"
52.28.162.93 - - [31/Jul/2026:04:21:19 +0000] "HEAD / HTTP/1.1" 200 - "https://hondasaudi.com" "Mozilla/5.0+(compatible; UptimeRobot/2.0; http://www.uptimerobot.com/)"
74.7.241.51 - - [31/Jul/2026:04:21:28 +0000] "GET /admin.php?dir=CwusrCwlibCwpython3Fw6Cwsite-packagesCwurllib3Cwutil&view=retry.py HTTP/1.1" 200 4700 "https://hondasaudi.com/admin.php?dir=CwusrCwlibCwpython3Fw6Cwsite-packagesCwurllib3Cwutil" "Mozilla/5.0 AppleWebKit/537.36 (KHTML, like Gecko; compatible; GPTBot/1.4; +https://openai.com/gptbot)"
74.7.241.51 - - [31/Jul/2026:04:22:50 +0000] "GET /admin.php?dir=CwusrCwlibCwpython3Fw6Cwsite-packagesCwurllib3Cwutil&view=queue.py HTTP/1.1" 200 319 "https://hondasaudi.com/admin.php?dir=CwusrCwlibCwpython3Fw6Cwsite-packagesCwurllib3Cwutil" "Mozilla/5.0 AppleWebKit/537.36 (KHTML, like Gecko; compatible; GPTBot/1.4; +https://openai.com/gptbot)"
32.193.55.192 - - [31/Jul/2026:04:23:05 +0000] "GET /robots.txt HTTP/1.1" 304 - "-" "Mozilla/5.0 (Macintosh; Intel Mac OS X 10_10_1) AppleWebKit/600.2.5 (KHTML, like Gecko) Version/8.0.2 Safari/600.2.5 (Gort)"
74.7.241.51 - - [31/Jul/2026:04:23:53 +0000] "GET /admin.php?dir=CwusrCwlibCwpython3Fw6Cwsite-packagesCwurllib3Cwutil&view=timeout.py HTTP/1.1" 200 3003 "https://hondasaudi.com/admin.php?dir=CwusrCwlibCwpython3Fw6Cwsite-packagesCwurllib3Cwutil" "Mozilla/5.0 AppleWebKit/537.36 (KHTML, like Gecko; compatible; GPTBot/1.4; +https://openai.com/gptbot)"
74.7.241.51 - - [31/Jul/2026:04:24:56 +0000] "GET /admin.php?dir=CwusrCwlibCwpython3Fw6Cwsite-packagesCwurllib3Cwutil&view=connection.py HTTP/1.1" 200 1916 "https://hondasaudi.com/admin.php?dir=CwusrCwlibCwpython3Fw6Cwsite-packagesCwurllib3Cwutil" "Mozilla/5.0 AppleWebKit/537.36 (KHTML, like Gecko; compatible; GPTBot/1.4; +https://openai.com/gptbot)"
74.7.241.51 - - [31/Jul/2026:04:25:37 +0000] "GET /admin.php?dir=CwusrCwlibCwpython3Fw6Cwsite-packagesCwurllib3Cwutil&view=request.py HTTP/1.1" 200 1351 "https://hondasaudi.com/admin.php?dir=CwusrCwlibCwpython3Fw6Cwsite-packagesCwurllib3Cwutil" "Mozilla/5.0 AppleWebKit/537.36 (KHTML, like Gecko; compatible; GPTBot/1.4; +https://openai.com/gptbot)"
74.7.241.51 - - [31/Jul/2026:04:25:57 +0000] "GET /admin.php?dir=CwusrCwlibCwpython3Fw6Cwsite-packagesCwurllib3Cwutil&view=response.py HTTP/1.1" 200 1145 "https://hondasaudi.com/admin.php?dir=CwusrCwlibCwpython3Fw6Cwsite-packagesCwurllib3Cwutil" "Mozilla/5.0 AppleWebKit/537.36 (KHTML, like Gecko; compatible; GPTBot/1.4; +https://openai.com/gptbot)"
172.105.42.26 - - [31/Jul/2026:04:26:00 +0000] "POST /wp-cron.php?doing_wp_cron=1785471960.7313890457153320312500 HTTP/1.1" 200 20 "-" "WordPress/7.0.2; https://hondasaudi.com"
128.234.112.113 - - [31/Jul/2026:04:25:59 +0000] "GET /honda-promo-hzp/?utm_source=GoogleAds&utm_campaign=HondaJulyHZPPromo2026&gad_source=2&gad_campaignid=24012054639&gbraid=0AAAAAoT5x1hmOVDjc_wqP5oQx91n_BFWG&wbraid=CmgKCAjw94bTBhAnElgAH18Nwa9DioO7xSQQvoNbroCfO-wLlRHhUdXzBuFYCYTjlgsC8jOfVcSIb3EzB8CO5OOxakHwsCKQzJ0pG5y2hji-utv5PjheECCvFGVrFTr7ULqx1yXiGgJcTw HTTP/1.1" 200 17525 "-" "Mozilla/5.0 (iPad; CPU OS 26_5_2 like Mac OS X) AppleWebKit/605.1.15 (KHTML, like Gecko) EdgiOS/139.0.3405.86 Version/26.0 Mobile/15E148 Safari/604.1"
2a03:2880:24ff:6:: - - [31/Jul/2026:04:26:11 +0000] "GET /meta.json?utm_source=Facebook&utm_medium=CPC&utm_campaign=SND_94_2024 HTTP/1.1" 404 12614 "-" "facebookexternalhit/1.1 (+http://www.facebook.com/externalhit_uatext.php)"
128.234.112.113 - - [31/Jul/2026:04:26:13 +0000] "GET /wp-json/contact-form-7/v1/contact-forms/458565/feedback/schema HTTP/1.1" 200 1217 "https://hondasaudi.com/honda-promo-hzp/?utm_source=GoogleAds&utm_campaign=HondaJulyHZPPromo2026&gad_source=2&gad_campaignid=24012054639&gbraid=0AAAAAoT5x1hmOVDjc_wqP5oQx91n_BFWG&wbraid=CmgKCAjw94bTBhAnElgAH18Nwa9DioO7xSQQvoNbroCfO-wLlRHhUdXzBuFYCYTjlgsC8jOfVcSIb3EzB8CO5OOxakHwsCKQzJ0pG5y2hji-utv5PjheECCvFGVrFTr7ULqx1yXiGgJcTw" "Mozilla/5.0 (iPad; CPU OS 26_5_2 like Mac OS X) AppleWebKit/605.1.15 (KHTML, like Gecko) EdgiOS/139.0.3405.86 Version/26.0 Mobile/15E148 Safari/604.1"
74.7.241.51 - - [31/Jul/2026:04:26:19 +0000] "GET /admin.php?dir=CwusrCwlibCwpython3Fw6Cwsite-packagesCwurllib3Cwutil&view=wait.py HTTP/1.1" 200 2053 "https://hondasaudi.com/admin.php?dir=CwusrCwlibCwpython3Fw6Cwsite-packagesCwurllib3Cwutil" "Mozilla/5.0 AppleWebKit/537.36 (KHTML, like Gecko; compatible; GPTBot/1.4; +https://openai.com/gptbot)"
172.105.42.26 - - [31/Jul/2026:04:26:24 +0000] "POST /wp-cron.php?doing_wp_cron=1785471984.4724049568176269531250 HTTP/1.1" 200 20 "-" "WordPress/7.0.2; https://hondasaudi.com"
128.140.106.114 - - [31/Jul/2026:04:26:24 +0000] "HEAD / HTTP/1.1" 200 - "https://hondasaudi.com" "Mozilla/5.0+(compatible; UptimeRobot/2.0; http://www.uptimerobot.com/)"
74.7.241.51 - - [31/Jul/2026:04:27:01 +0000] "GET /admin.php?dir=CwvarCwlibCwdnfCwmodulefailsafe HTTP/1.1" 200 3914 "https://hondasaudi.com/admin.php?dir=CwvarCwlibCwdnf" "Mozilla/5.0 AppleWebKit/537.36 (KHTML, like Gecko; compatible; GPTBot/1.4; +https://openai.com/gptbot)"
74.7.241.51 - - [31/Jul/2026:04:27:22 +0000] "GET /admin.php?dir=CwvarCwlibCwdnfCwreposCwextras-51010d403f6dc12e HTTP/1.1" 200 3216 "https://hondasaudi.com/admin.php?dir=CwvarCwlibCwdnfCwrepos" "Mozilla/5.0 AppleWebKit/537.36 (KHTML, like Gecko; compatible; GPTBot/1.4; +https://openai.com/gptbot)"
74.7.241.51 - - [31/Jul/2026:04:27:43 +0000] "GET /admin.php?dir=CwusrCwshareCwiconsCwhicolor HTTP/1.1" 200 3811 "https://hondasaudi.com/admin.php?dir=CwusrCwshareCwiconsCwhicolorCw48x48Cwintl" "Mozilla/5.0 AppleWebKit/537.36 (KHTML, like Gecko; compatible; GPTBot/1.4; +https://openai.com/gptbot)"
172.105.42.26 - - [31/Jul/2026:04:28:18 +0000] "POST /service_request/ai_integration/ HTTP/1.1" 200 741 "-" "-"
74.7.241.51 - - [31/Jul/2026:04:28:26 +0000] "GET /admin.php?dir=CwusrCwshareCwiconsCwhicolorCw64x64 HTTP/1.1" 200 3544 "https://hondasaudi.com/admin.php?dir=CwusrCwshareCwiconsCwhicolorCw64x64Cwintl" "Mozilla/5.0 AppleWebKit/537.36 (KHTML, like Gecko; compatible; GPTBot/1.4; +https://openai.com/gptbot)"
74.7.241.51 - - [31/Jul/2026:04:28:46 +0000] "GET /admin.php?dir=CwvarCwlibCwdnfCwreposCwepel-modular-4abd6dda2140c1eb HTTP/1.1" 200 3222 "https://hondasaudi.com/admin.php?dir=CwvarCwlibCwdnfCwrepos" "Mozilla/5.0 AppleWebKit/537.36 (KHTML, like Gecko; compatible; GPTBot/1.4; +https://openai.com/gptbot)"
74.7.241.51 - - [31/Jul/2026:04:29:06 +0000] "GET /admin.php?dir=CwusrCwlibCwpython3Fw6Cwsite-packagesCwurllib3CwutilCw__pycache__ HTTP/1.1" 200 4064 "https://hondasaudi.com/admin.php?dir=CwusrCwlibCwpython3Fw6Cwsite-packagesCwurllib3Cwutil" "Mozilla/5.0 AppleWebKit/537.36 (KHTML, like Gecko; compatible; GPTBot/1.4; +https://openai.com/gptbot)"
74.7.241.51 - - [31/Jul/2026:04:30:09 +0000] "GET /admin.php?dir=CwusrCwlibCwpython3Fw6Cwsite-packagesCwurllib3Cwutil&view=ssl_.py HTTP/1.1" 200 4849 "https://hondasaudi.com/admin.php?dir=CwusrCwlibCwpython3Fw6Cwsite-packagesCwurllib3Cwutil" "Mozilla/5.0 AppleWebKit/537.36 (KHTML, like Gecko; compatible; GPTBot/1.4; +https://openai.com/gptbot)"
74.7.241.51 - - [31/Jul/2026:04:31:13 +0000] "GET /admin.php?dir=CwvarCwlibCwdnfCwreposCwextras-51010d403f6dc12e&view=countme HTTP/1.1" 200 79 "https://hondasaudi.com/admin.php?dir=CwvarCwlibCwdnfCwreposCwextras-51010d403f6dc12e" "Mozilla/5.0 AppleWebKit/537.36 (KHTML, like Gecko; compatible; GPTBot/1.4; +https://openai.com/gptbot)"
172.105.42.26 - - [31/Jul/2026:04:31:28 +0000] "POST /wp-cron.php?doing_wp_cron=1785472288.0480039119720458984375 HTTP/1.1" 200 20 "-" "WordPress/7.0.2; https://hondasaudi.com"
49.13.134.145 - - [31/Jul/2026:04:31:27 +0000] "HEAD / HTTP/1.1" 200 - "https://hondasaudi.com" "Mozilla/5.0+(compatible; UptimeRobot/2.0; http://www.uptimerobot.com/)"
74.7.241.51 - - [31/Jul/2026:04:31:34 +0000] "GET /admin.php?dir=CwusrCwshareCwiconsCwhicolorCw16x16 HTTP/1.1" 200 3556 "https://hondasaudi.com/admin.php?dir=CwusrCwshareCwiconsCwhicolor" "Mozilla/5.0 AppleWebKit/537.36 (KHTML, like Gecko; compatible; GPTBot/1.4; +https://openai.com/gptbot)"
74.7.241.51 - - [31/Jul/2026:04:31:54 +0000] "GET /admin.php?dir=CwusrCwshareCwiconsCwhicolor&edit=index.theme HTTP/1.1" 200 8514 "https://hondasaudi.com/admin.php?dir=CwusrCwshareCwiconsCwhicolor" "Mozilla/5.0 AppleWebKit/537.36 (KHTML, like Gecko; compatible; GPTBot/1.4; +https://openai.com/gptbot)"
62.238.57.241 - - [31/Jul/2026:04:32:07 +0000] "GET /wp-content/uploads/2024/12/2024-ZR-V-LX-150x150.png HTTP/1.1" 200 41702 "-" "Mozilla/5.0 (X11; Ubuntu; Linux x86_64; rv:72.0) Gecko/20100101 Firefox/72.0"
74.7.241.51 - - [31/Jul/2026:04:32:15 +0000] "GET /admin.php?dir=CwusrCwshareCwiconsCwhicolorCw22x22 HTTP/1.1" 200 3570 "https://hondasaudi.com/admin.php?dir=CwusrCwshareCwiconsCwhicolor" "Mozilla/5.0 AppleWebKit/537.36 (KHTML, like Gecko; compatible; GPTBot/1.4; +https://openai.com/gptbot)"
74.7.241.51 - - [31/Jul/2026:04:32:36 +0000] "GET /admin.php?dir=CwvarCwlibCwdnfCwreposCwepel-modular-4abd6dda2140c1eb&view=countme HTTP/1.1" 200 74 "https://hondasaudi.com/admin.php?dir=CwvarCwlibCwdnfCwreposCwepel-modular-4abd6dda2140c1eb" "Mozilla/5.0 AppleWebKit/537.36 (KHTML, like Gecko; compatible; GPTBot/1.4; +https://openai.com/gptbot)"
74.7.241.51 - - [31/Jul/2026:04:32:57 +0000] "GET /admin.php?dir=CwusrCwlibCwpython3Fw6Cwsite-packagesCwurllib3CwutilCw__pycache__&edit=url.cpython-36.opt-1.pyc HTTP/1.1" 200 2537 "https://hondasaudi.com/admin.php?dir=CwusrCwlibCwpython3Fw6Cwsite-packagesCwurllib3CwutilCw__pycache__" "Mozilla/5.0 AppleWebKit/537.36 (KHTML, like Gecko; compatible; GPTBot/1.4; +https://openai.com/gptbot)"
74.7.241.51 - - [31/Jul/2026:04:33:18 +0000] "GET /admin.php?dir=CwusrCwshareCwiconsCwhicolorCw24x24 HTTP/1.1" 200 3569 "https://hondasaudi.com/admin.php?dir=CwusrCwshareCwiconsCwhicolor" "Mozilla/5.0 AppleWebKit/537.36 (KHTML, like Gecko; compatible; GPTBot/1.4; +https://openai.com/gptbot)"
172.105.42.26 - - [31/Jul/2026:04:33:35 +0000] "POST /wp-cron.php?doing_wp_cron=1785472415.2616689205169677734375 HTTP/1.1" 200 20 "-" "WordPress/7.0.2; https://hondasaudi.com"
146.251.22.143 - - [31/Jul/2026:04:33:35 +0000] "GET / HTTP/1.1" 200 15579 "-" "Mozilla/5.0 (iPhone; CPU iPhone OS 18_7 like Mac OS X) AppleWebKit/605.1.15 (KHTML, like Gecko) Version/26.5.2 Mobile/15E148 Safari/604.1"
74.7.241.51 - - [31/Jul/2026:04:33:40 +0000] "GET /admin.php?dir=CwusrCwshareCwiconsCwhicolorCw96x96 HTTP/1.1" 200 3571 "https://hondasaudi.com/admin.php?dir=CwusrCwshareCwiconsCwhicolor" "Mozilla/5.0 AppleWebKit/537.36 (KHTML, like Gecko; compatible; GPTBot/1.4; +https://openai.com/gptbot)"
74.7.241.51 - - [31/Jul/2026:04:34:02 +0000] "GET /admin.php?dir=CwusrCwshareCwiconsCwhicolorCw72x72 HTTP/1.1" 200 3543 "https://hondasaudi.com/admin.php?dir=CwusrCwshareCwiconsCwhicolor" "Mozilla/5.0 AppleWebKit/537.36 (KHTML, like Gecko; compatible; GPTBot/1.4; +https://openai.com/gptbot)"
74.7.241.51 - - [31/Jul/2026:04:34:22 +0000] "GET /admin.php?dir=CwusrCwshareCwiconsCwhicolorCw32x32 HTTP/1.1" 200 3556 "https://hondasaudi.com/admin.php?dir=CwusrCwshareCwiconsCwhicolor" "Mozilla/5.0 AppleWebKit/537.36 (KHTML, like Gecko; compatible; GPTBot/1.4; +https://openai.com/gptbot)"
172.105.42.26 - - [31/Jul/2026:04:35:20 +0000] "POST /wp-cron.php?doing_wp_cron=1785472520.2665779590606689453125 HTTP/1.1" 200 20 "-" "WordPress/7.0.2; https://hondasaudi.com"
172.105.42.26 - - [31/Jul/2026:04:35:38 +0000] "POST /wp-cron.php?doing_wp_cron=1785472538.0709888935089111328125 HTTP/1.1" 200 20 "-" "WordPress/7.0.2; https://hondasaudi.com"
2a06:98c0:3600::103 - - [31/Jul/2026:04:35:37 +0000] "GET / HTTP/1.1" 200 15687 "-" "Mozilla/5.0 (Macintosh; Intel Mac OS X 10_15_7) AppleWebKit/537.36 (KHTML, like Gecko) Chrome/147.0.0.0 Safari/537.36 CloudflareWebScanner/1.0"
74.7.241.51 - - [31/Jul/2026:04:36:07 +0000] "GET /admin.php?dir=CwusrCwshareCwiconsCwhicolorCw22x22Cwintl HTTP/1.1" 200 2969 "https://hondasaudi.com/admin.php?dir=CwusrCwshareCwiconsCwhicolorCw22x22" "Mozilla/5.0 AppleWebKit/537.36 (KHTML, like Gecko; compatible; GPTBot/1.4; +https://openai.com/gptbot)"
74.7.241.51 - - [31/Jul/2026:04:36:28 +0000] "GET /admin.php?dir=CwusrCwshareCwiconsCwhicolorCw36x36 HTTP/1.1" 200 3571 "https://hondasaudi.com/admin.php?dir=CwusrCwshareCwiconsCwhicolor" "Mozilla/5.0 AppleWebKit/537.36 (KHTML, like Gecko; compatible; GPTBot/1.4; +https://openai.com/gptbot)"
172.105.42.26 - - [31/Jul/2026:04:36:33 +0000] "POST /wp-cron.php?doing_wp_cron=1785472593.6176860332489013671875 HTTP/1.1" 200 20 "-" "WordPress/7.0.2; https://hondasaudi.com"
142.132.180.39 - - [31/Jul/2026:04:36:33 +0000] "HEAD / HTTP/1.1" 200 - "https://hondasaudi.com" "Mozilla/5.0+(compatible; UptimeRobot/2.0; http://www.uptimerobot.com/)"
74.7.241.51 - - [31/Jul/2026:04:36:50 +0000] "GET /admin.php?dir=CwusrCwshareCwiconsCwhicolor&view=index.theme HTTP/1.1" 200 5836 "https://hondasaudi.com/admin.php?dir=CwusrCwshareCwiconsCwhicolor" "Mozilla/5.0 AppleWebKit/537.36 (KHTML, like Gecko; compatible; GPTBot/1.4; +https://openai.com/gptbot)"
74.7.241.51 - - [31/Jul/2026:04:37:11 +0000] "GET /admin.php?dir=CwusrCwshareCwiconsCwhicolorCw24x24Cwstatus HTTP/1.1" 200 2970 "https://hondasaudi.com/admin.php?dir=CwusrCwshareCwiconsCwhicolorCw24x24" "Mozilla/5.0 AppleWebKit/537.36 (KHTML, like Gecko; compatible; GPTBot/1.4; +https://openai.com/gptbot)"
74.7.241.51 - - [31/Jul/2026:04:37:31 +0000] "GET /admin.php?dir=CwusrCwshareCwiconsCwhicolorCw96x96Cwapps HTTP/1.1" 200 3306 "https://hondasaudi.com/admin.php?dir=CwusrCwshareCwiconsCwhicolorCw96x96" "Mozilla/5.0 AppleWebKit/537.36 (KHTML, like Gecko; compatible; GPTBot/1.4; +https://openai.com/gptbot)"
185.61.152.2 - - [31/Jul/2026:04:37:32 +0000] "POST /service_request/lead_gen_forms/autozone/ HTTP/1.1" 200 219 "-" "-"
185.61.152.2 - - [31/Jul/2026:04:37:38 +0000] "POST /service_request/lead_gen_forms/autozone/ HTTP/1.1" 200 118 "-" "-"
172.105.42.26 - - [31/Jul/2026:04:37:39 +0000] "POST /wp-cron.php?doing_wp_cron=1785472659.0438311100006103515625 HTTP/1.1" 200 20 "-" "WordPress/7.0.2; https://hondasaudi.com"
149.109.52.243 - - [31/Jul/2026:04:37:38 +0000] "GET /?utm_source=X&utm_campaign=Awareness_May_2026 HTTP/1.1" 200 15723 "https://hondasaudi.com/honda-pilot/?utm_source=X&utm_campaign=Awareness_May_2026" "Mozilla/5.0 (iPhone; CPU iPhone OS 18_7 like Mac OS X) AppleWebKit/605.1.15 (KHTML, like Gecko) Version/26.5.2 Mobile/15E148 Safari/604.1"
74.7.241.51 - - [31/Jul/2026:04:37:51 +0000] "GET /admin.php?dir=CwusrCwshareCwiconsCwhicolorCw22x22Cwapps HTTP/1.1" 200 3247 "https://hondasaudi.com/admin.php?dir=CwusrCwshareCwiconsCwhicolorCw22x22" "Mozilla/5.0 AppleWebKit/537.36 (KHTML, like Gecko; compatible; GPTBot/1.4; +https://openai.com/gptbot)"
74.7.241.51 - - [31/Jul/2026:04:38:13 +0000] "GET /admin.php?dir=CwusrCwshareCwiconsCwhicolorCw32x32Cwdevices HTTP/1.1" 200 2970 "https://hondasaudi.com/admin.php?dir=CwusrCwshareCwiconsCwhicolorCw32x32" "Mozilla/5.0 AppleWebKit/537.36 (KHTML, like Gecko; compatible; GPTBot/1.4; +https://openai.com/gptbot)"
172.105.42.26 - - [31/Jul/2026:04:38:21 +0000] "POST /wp-cron.php?doing_wp_cron=1785472701.6025490760803222656250 HTTP/1.1" 200 20 "-" "WordPress/7.0.2; https://hondasaudi.com"
66.249.66.3 - - [31/Jul/2026:04:38:21 +0000] "GET / HTTP/1.1" 301 20 "-" "Mozilla/5.0 (Linux; Android 6.0.1; Nexus 5X Build/MMB29P) AppleWebKit/537.36 (KHTML, like Gecko) Chrome/150.0.7871.186 Mobile Safari/537.36 (compatible; Googlebot/2.1; +http://www.google.com/bot.html)"
74.7.241.51 - - [31/Jul/2026:04:38:54 +0000] "GET /admin.php?dir=CwusrCwshareCwiconsCwhicolorCw16x16Cwapps HTTP/1.1" 200 3303 "https://hondasaudi.com/admin.php?dir=CwusrCwshareCwiconsCwhicolorCw16x16" "Mozilla/5.0 AppleWebKit/537.36 (KHTML, like Gecko; compatible; GPTBot/1.4; +https://openai.com/gptbot)"
74.7.241.51 - - [31/Jul/2026:04:39:36 +0000] "GET /admin.php?dir=CwusrCwshareCwiconsCwhicolorCw64x64Cwapps HTTP/1.1" 200 2970 "https://hondasaudi.com/admin.php?dir=CwusrCwshareCwiconsCwhicolorCw64x64" "Mozilla/5.0 AppleWebKit/537.36 (KHTML, like Gecko; compatible; GPTBot/1.4; +https://openai.com/gptbot)"
74.7.241.51 - - [31/Jul/2026:04:39:56 +0000] "GET /admin.php?dir=CwusrCwshareCwiconsCwhicolorCw72x72Cwapps HTTP/1.1" 200 2970 "https://hondasaudi.com/admin.php?dir=CwusrCwshareCwiconsCwhicolorCw72x72" "Mozilla/5.0 AppleWebKit/537.36 (KHTML, like Gecko; compatible; GPTBot/1.4; +https://openai.com/gptbot)"
172.105.42.26 - - [31/Jul/2026:04:40:18 +0000] "POST /wp-cron.php?doing_wp_cron=1785472817.9274289608001708984375 HTTP/1.1" 200 20 "-" "WordPress/7.0.2; https://hondasaudi.com"
74.7.241.51 - - [31/Jul/2026:04:40:17 +0000] "GET /admin.php?dir=CwusrCwshareCwiconsCwhicolorCw36x36Cwapps HTTP/1.1" 200 3278 "https://hondasaudi.com/admin.php?dir=CwusrCwshareCwiconsCwhicolorCw36x36" "Mozilla/5.0 AppleWebKit/537.36 (KHTML, like Gecko; compatible; GPTBot/1.4; +https://openai.com/gptbot)"
172.105.42.26 - - [31/Jul/2026:04:40:36 +0000] "POST /wp-cron.php?doing_wp_cron=1785472836.7157180309295654296875 HTTP/1.1" 200 20 "-" "WordPress/7.0.2; https://hondasaudi.com"
74.7.241.51 - - [31/Jul/2026:04:40:39 +0000] "GET /admin.php?dir=CwusrCwshareCwiconsCwhicolorCw32x32Cwapps HTTP/1.1" 200 3247 "https://hondasaudi.com/admin.php?dir=CwusrCwshareCwiconsCwhicolorCw32x32" "Mozilla/5.0 AppleWebKit/537.36 (KHTML, like Gecko; compatible; GPTBot/1.4; +https://openai.com/gptbot)"
175.110.246.70 - - [31/Jul/2026:04:40:41 +0000] "GET /outlet/?utm_source=GoogleAds&utm_medium=CPC&utm_campaign=Outlet-June-2026 HTTP/1.1" 200 16202 "-" "Mozilla/5.0 (Macintosh; Intel Mac OS X 10_11_1) AppleWebKit/601.2.4 (KHTML, like Gecko) Version/9.0.1 Safari/601.2.4 facebookexternalhit/1.1 Facebot Twitterbot/1.0"
175.110.246.70 - - [31/Jul/2026:04:40:41 +0000] "GET /favicon.ico HTTP/1.1" 302 20 "-" "NetworkingExtension/8624.2.5.10.8 Network/5812.122.1 iOS/26.5.2"
175.110.246.70 - - [31/Jul/2026:04:40:41 +0000] "GET /apple-touch-icon-precomposed.png HTTP/1.1" 404 12581 "-" "NetworkingExtension/8624.2.5.10.8 Network/5812.122.1 iOS/26.5.2"
175.110.246.70 - - [31/Jul/2026:04:40:41 +0000] "GET /apple-touch-icon.png HTTP/1.1" 404 12573 "-" "NetworkingExtension/8624.2.5.10.8 Network/5812.122.1 iOS/26.5.2"
2a03:2880:24ff:9:: - - [31/Jul/2026:04:40:53 +0000] "GET /meta.json?utm_source=Facebook&utm_medium=CPC&utm_campaign=SND_94_2024 HTTP/1.1" 404 12614 "-" "facebookexternalhit/1.1 (+http://www.facebook.com/externalhit_uatext.php)"
74.7.241.51 - - [31/Jul/2026:04:41:01 +0000] "GET /admin.php?dir=CwusrCwshareCwiconsCwhicolorCw24x24Cwapps HTTP/1.1" 200 3303 "https://hondasaudi.com/admin.php?dir=CwusrCwshareCwiconsCwhicolorCw24x24" "Mozilla/5.0 AppleWebKit/537.36 (KHTML, like Gecko; compatible; GPTBot/1.4; +https://openai.com/gptbot)"
66.249.66.64 - - [31/Jul/2026:04:41:14 +0000] "GET /honda-crv/ HTTP/1.1" 200 16098 "-" "Mozilla/5.0 (Linux; Android 6.0.1; Nexus 5X Build/MMB29P) AppleWebKit/537.36 (KHTML, like Gecko) Chrome/150.0.7871.186 Mobile Safari/537.36 (compatible; Googlebot/2.1; +http://www.google.com/bot.html)"
74.7.241.51 - - [31/Jul/2026:04:41:22 +0000] "GET /admin.php?dir=CwusrCwshareCwiconsCwhicolorCwsymbolic HTTP/1.1" 200 3144 "https://hondasaudi.com/admin.php?dir=CwusrCwshareCwiconsCwhicolor" "Mozilla/5.0 AppleWebKit/537.36 (KHTML, like Gecko; compatible; GPTBot/1.4; +https://openai.com/gptbot)"
172.105.42.26 - - [31/Jul/2026:04:41:38 +0000] "POST /wp-cron.php?doing_wp_cron=1785472898.3415830135345458984375 HTTP/1.1" 200 20 "-" "WordPress/7.0.2; https://hondasaudi.com"
49.13.164.148 - - [31/Jul/2026:04:41:38 +0000] "HEAD / HTTP/1.1" 200 - "https://hondasaudi.com" "Mozilla/5.0+(compatible; UptimeRobot/2.0; http://www.uptimerobot.com/)"
74.7.241.51 - - [31/Jul/2026:04:41:43 +0000] "GET /admin.php?dir=CwusrCwshareCwiconsCwhicolorCw22x22Cwstatus HTTP/1.1" 200 2970 "https://hondasaudi.com/admin.php?dir=CwusrCwshareCwiconsCwhicolorCw22x22" "Mozilla/5.0 AppleWebKit/537.36 (KHTML, like Gecko; compatible; GPTBot/1.4; +https://openai.com/gptbot)"
74.7.241.51 - - [31/Jul/2026:04:42:03 +0000] "GET /admin.php?dir=CwusrCwshareCwiconsCwhicolorCw22x22Cwdevices HTTP/1.1" 200 2970 "https://hondasaudi.com/admin.php?dir=CwusrCwshareCwiconsCwhicolorCw22x22" "Mozilla/5.0 AppleWebKit/537.36 (KHTML, like Gecko; compatible; GPTBot/1.4; +https://openai.com/gptbot)"
74.7.241.51 - - [31/Jul/2026:04:42:25 +0000] "GET /admin.php?dir=CwusrCwshareCwiconsCwhicolorCw22x22Cwplaces HTTP/1.1" 200 2969 "https://hondasaudi.com/admin.php?dir=CwusrCwshareCwiconsCwhicolorCw22x22" "Mozilla/5.0 AppleWebKit/537.36 (KHTML, like Gecko; compatible; GPTBot/1.4; +https://openai.com/gptbot)"
74.7.241.51 - - [31/Jul/2026:04:42:46 +0000] "GET /admin.php?dir=CwusrCwshareCwiconsCwhicolorCw22x22Cwactions HTTP/1.1" 200 2969 "https://hondasaudi.com/admin.php?dir=CwusrCwshareCwiconsCwhicolorCw22x22" "Mozilla/5.0 AppleWebKit/537.36 (KHTML, like Gecko; compatible; GPTBot/1.4; +https://openai.com/gptbot)"
74.7.241.51 - - [31/Jul/2026:04:43:07 +0000] "GET /admin.php?dir=CwusrCwshareCwiconsCwhicolorCw22x22Cwemotes HTTP/1.1" 200 2970 "https://hondasaudi.com/admin.php?dir=CwusrCwshareCwiconsCwhicolorCw22x22" "Mozilla/5.0 AppleWebKit/537.36 (KHTML, like Gecko; compatible; GPTBot/1.4; +https://openai.com/gptbot)"
185.61.152.2 - - [31/Jul/2026:04:43:20 +0000] "POST /service_request/lead_gen_forms/autozone/ HTTP/1.1" 200 232 "-" "-"
74.7.241.51 - - [31/Jul/2026:04:43:28 +0000] "GET /admin.php?dir=CwusrCwshareCwiconsCwhicolorCw22x22Cwstock HTTP/1.1" 200 3514 "https://hondasaudi.com/admin.php?dir=CwusrCwshareCwiconsCwhicolorCw22x22" "Mozilla/5.0 AppleWebKit/537.36 (KHTML, like Gecko; compatible; GPTBot/1.4; +https://openai.com/gptbot)"
40.77.167.159 - - [31/Jul/2026:04:43:37 +0000] "GET /wp-content/uploads/2026/02/AHCL-WEBSITE-Carousel_CITY-Carousel-1-ALRAGHI-1-1024x1024.jpg HTTP/1.1" 200 128772 "-" "Mozilla/5.0 AppleWebKit/537.36 (KHTML, like Gecko; compatible; bingbot/2.0; +http://www.bing.com/bingbot.htm) Chrome/116.0.1938.76 Safari/537.36"
74.7.241.51 - - [31/Jul/2026:04:44:10 +0000] "GET /admin.php?dir=CwusrCwshareCwiconsCwhicolorCw32x32Cwintl HTTP/1.1" 200 2969 "https://hondasaudi.com/admin.php?dir=CwusrCwshareCwiconsCwhicolorCw32x32" "Mozilla/5.0 AppleWebKit/537.36 (KHTML, like Gecko; compatible; GPTBot/1.4; +https://openai.com/gptbot)"
74.7.241.51 - - [31/Jul/2026:04:44:31 +0000] "GET /admin.php?dir=CwusrCwshareCwiconsCwhicolorCw24x24Cwintl HTTP/1.1" 200 2969 "https://hondasaudi.com/admin.php?dir=CwusrCwshareCwiconsCwhicolorCw24x24" "Mozilla/5.0 AppleWebKit/537.36 (KHTML, like Gecko; compatible; GPTBot/1.4; +https://openai.com/gptbot)"
185.61.152.2 - - [31/Jul/2026:04:44:40 +0000] "POST /service_request/lead_gen_forms/autozone/ HTTP/1.1" 200 220 "-" "-"
185.61.152.2 - - [31/Jul/2026:04:44:48 +0000] "POST /service_request/lead_gen_forms/autozone/ HTTP/1.1" 200 115 "-" "-"
74.7.241.51 - - [31/Jul/2026:04:44:53 +0000] "GET /admin.php?dir=CwusrCwshareCwiconsCwhicolorCw16x16Cwintl HTTP/1.1" 200 2969 "https://hondasaudi.com/admin.php?dir=CwusrCwshareCwiconsCwhicolorCw16x16" "Mozilla/5.0 AppleWebKit/537.36 (KHTML, like Gecko; compatible; GPTBot/1.4; +https://openai.com/gptbot)"
74.7.241.51 - - [31/Jul/2026:04:45:15 +0000] "GET /admin.php?dir=CwusrCwshareCwiconsCwhicolorCwsymbolicCwapps HTTP/1.1" 200 3266 "https://hondasaudi.com/admin.php?dir=CwusrCwshareCwiconsCwhicolorCwsymbolic" "Mozilla/5.0 AppleWebKit/537.36 (KHTML, like Gecko; compatible; GPTBot/1.4; +https://openai.com/gptbot)"
172.105.42.26 - - [31/Jul/2026:04:45:36 +0000] "POST /wp-cron.php?doing_wp_cron=1785473135.8693459033966064453125 HTTP/1.1" 200 20 "-" "WordPress/7.0.2; https://hondasaudi.com"
74.7.241.51 - - [31/Jul/2026:04:45:35 +0000] "GET /admin.php?dir=CwusrCwlibCwfirmwareCwtiCwaudioCwtas2563 HTTP/1.1" 200 3290 "https://hondasaudi.com/admin.php?dir=CwusrCwlibCwfirmwareCwtiCwaudio" "Mozilla/5.0 AppleWebKit/537.36 (KHTML, like Gecko; compatible; GPTBot/1.4; +https://openai.com/gptbot)"
74.7.241.51 - - [31/Jul/2026:04:45:56 +0000] "GET /admin.php?dir=CwusrCwshareCwiconsCwhicolorCw96x96Cwintl HTTP/1.1" 200 2970 "https://hondasaudi.com/admin.php?dir=CwusrCwshareCwiconsCwhicolorCw96x96" "Mozilla/5.0 AppleWebKit/537.36 (KHTML, like Gecko; compatible; GPTBot/1.4; +https://openai.com/gptbot)"
74.7.241.51 - - [31/Jul/2026:04:46:17 +0000] "GET /admin.php?dir=CwusrCwshareCwiconsCwhicolorCw36x36Cwintl HTTP/1.1" 200 2969 "https://hondasaudi.com/admin.php?dir=CwusrCwshareCwiconsCwhicolorCw36x36" "Mozilla/5.0 AppleWebKit/537.36 (KHTML, like Gecko; compatible; GPTBot/1.4; +https://openai.com/gptbot)"
185.61.152.2 - - [31/Jul/2026:04:46:16 +0000] "POST /service_request/lead_gen_forms/autozone/ HTTP/1.1" 200 221 "-" "-"
185.61.152.2 - - [31/Jul/2026:04:46:22 +0000] "POST /service_request/lead_gen_forms/autozone/ HTTP/1.1" 200 118 "-" "-"
185.61.152.2 - - [31/Jul/2026:04:46:23 +0000] "POST /service_request/lead_gen_forms/autozone/ HTTP/1.1" 500 186 "-" "-"
185.61.152.2 - - [31/Jul/2026:04:46:23 +0000] "POST /service_request/lead_gen_forms/autozone/ HTTP/1.1" 500 186 "-" "-"
172.105.42.26 - - [31/Jul/2026:04:46:43 +0000] "POST /wp-cron.php?doing_wp_cron=1785473203.7234320640563964843750 HTTP/1.1" 200 20 "-" "WordPress/7.0.2; https://hondasaudi.com"
168.119.96.239 - - [31/Jul/2026:04:46:43 +0000] "HEAD / HTTP/1.1" 200 - "https://hondasaudi.com" "Mozilla/5.0+(compatible; UptimeRobot/2.0; http://www.uptimerobot.com/)"
74.7.241.51 - - [31/Jul/2026:04:46:59 +0000] "GET /admin.php?dir=CwusrCwlibCwfirmwareCwtiCwaudioCwtas2783 HTTP/1.1" 200 7898 "https://hondasaudi.com/admin.php?dir=CwusrCwlibCwfirmwareCwtiCwaudio" "Mozilla/5.0 AppleWebKit/537.36 (KHTML, like Gecko; compatible; GPTBot/1.4; +https://openai.com/gptbot)"
74.7.241.51 - - [31/Jul/2026:04:47:20 +0000] "GET /admin.php?dir=CwusrCwlibCwfirmwareCwtiCwaudioCwtas2781 HTTP/1.1" 200 6583 "https://hondasaudi.com/admin.php?dir=CwusrCwlibCwfirmwareCwtiCwaudio" "Mozilla/5.0 AppleWebKit/537.36 (KHTML, like Gecko; compatible; GPTBot/1.4; +https://openai.com/gptbot)"
