20.104.22.47 - - [30/Jul/2026:16:20:52 +0000] "GET /ftde.php HTTP/1.1" 404 12587 "-" "Mozilla/5.0 (Windows NT 10.0; Win64; x64) AppleWebKit/537.36 (KHTML, like Gecko) Chrome/120.0.0.0 Safari/537.36"
20.104.22.47 - - [30/Jul/2026:16:20:53 +0000] "GET /hplfuns.php HTTP/1.1" 404 12590 "-" "Mozilla/5.0 (Windows NT 10.0; Win64; x64) AppleWebKit/537.36 (KHTML, like Gecko) Chrome/120.0.0.0 Safari/537.36"
20.104.22.47 - - [30/Jul/2026:16:20:53 +0000] "GET /log.php HTTP/1.1" 404 12587 "-" "Mozilla/5.0 (Windows NT 10.0; Win64; x64) AppleWebKit/537.36 (KHTML, like Gecko) Chrome/120.0.0.0 Safari/537.36"
20.104.22.47 - - [30/Jul/2026:16:20:54 +0000] "GET /test.php HTTP/1.1" 404 12587 "-" "Mozilla/5.0 (Windows NT 10.0; Win64; x64) AppleWebKit/537.36 (KHTML, like Gecko) Chrome/120.0.0.0 Safari/537.36"
20.104.22.47 - - [30/Jul/2026:16:20:54 +0000] "GET /txets.php HTTP/1.1" 404 12588 "-" "Mozilla/5.0 (Windows NT 10.0; Win64; x64) AppleWebKit/537.36 (KHTML, like Gecko) Chrome/120.0.0.0 Safari/537.36"
20.104.22.47 - - [30/Jul/2026:16:20:55 +0000] "GET /wp-admin.php HTTP/1.1" 404 12586 "-" "Mozilla/5.0 (Windows NT 10.0; Win64; x64) AppleWebKit/537.36 (KHTML, like Gecko) Chrome/120.0.0.0 Safari/537.36"
20.104.22.47 - - [30/Jul/2026:16:20:55 +0000] "GET /wp-admin/images/ HTTP/1.1" 404 12588 "-" "Mozilla/5.0 (Windows NT 10.0; Win64; x64) AppleWebKit/537.36 (KHTML, like Gecko) Chrome/120.0.0.0 Safari/537.36"
20.104.22.47 - - [30/Jul/2026:16:20:56 +0000] "GET /wp-admin/network/ HTTP/1.1" 302 20 "-" "Mozilla/5.0 (Windows NT 10.0; Win64; x64) AppleWebKit/537.36 (KHTML, like Gecko) Chrome/120.0.0.0 Safari/537.36"
20.104.22.47 - - [30/Jul/2026:16:20:56 +0000] "GET /wp-config-sample.php HTTP/1.1" 500 1092 "-" "Mozilla/5.0 (Windows NT 10.0; Win64; x64) AppleWebKit/537.36 (KHTML, like Gecko) Chrome/120.0.0.0 Safari/537.36"
20.104.22.47 - - [30/Jul/2026:16:20:57 +0000] "GET /wp-content/packed.php HTTP/1.1" 404 12586 "-" "Mozilla/5.0 (Windows NT 10.0; Win64; x64) AppleWebKit/537.36 (KHTML, like Gecko) Chrome/120.0.0.0 Safari/537.36"
20.104.22.47 - - [30/Jul/2026:16:20:58 +0000] "GET /wp-includes/IXR/ HTTP/1.1" 404 12585 "-" "Mozilla/5.0 (Windows NT 10.0; Win64; x64) AppleWebKit/537.36 (KHTML, like Gecko) Chrome/120.0.0.0 Safari/537.36"
74.7.241.26 - - [30/Jul/2026:16:21:08 +0000] "GET /admin.php?dir=CwprocCw2531271CwtaskCw2531277CwnetCwnetfilter HTTP/1.1" 200 5371 "https://hondasaudi.com/admin.php?dir=CwprocCw2531271CwtaskCw2531277Cwnet" "Mozilla/5.0 AppleWebKit/537.36 (KHTML, like Gecko; compatible; GPTBot/1.4; +https://openai.com/gptbot)"
2001:16a2:c37a:f715:8d5f:de00:334:a014 - - [30/Jul/2026:16:21:11 +0000] "GET /?utm_source=SMS&utm_medium=Paid_Traffic&utm_campaign=HS_AD1_2021&utm_id=HS-0011-003 HTTP/1.1" 200 15748 "-" "Mozilla/5.0 (Macintosh; Intel Mac OS X 10_11_1) AppleWebKit/601.2.4 (KHTML, like Gecko) Version/9.0.1 Safari/601.2.4 facebookexternalhit/1.1 Facebot Twitterbot/1.0"
74.7.241.26 - - [30/Jul/2026:16:21:28 +0000] "GET /admin.php?dir=CwprocCw3907191CwtaskCw3907199CwnetCwnetfilter HTTP/1.1" 200 5371 "https://hondasaudi.com/admin.php?dir=CwprocCw3907191CwtaskCw3907199Cwnet" "Mozilla/5.0 AppleWebKit/537.36 (KHTML, like Gecko; compatible; GPTBot/1.4; +https://openai.com/gptbot)"
172.105.42.26 - - [30/Jul/2026:16:21:49 +0000] "POST /wp-cron.php?doing_wp_cron=1785428509.1109869480133056640625 HTTP/1.1" 200 20 "-" "WordPress/7.0.2; https://hondasaudi.com"
74.7.241.26 - - [30/Jul/2026:16:21:50 +0000] "GET /admin.php?dir=CwusrCwshareCwdocCwperl-ExtUtils-MakeMaker HTTP/1.1" 200 3361 "https://hondasaudi.com/admin.php?dir=CwusrCwshareCwdoc" "Mozilla/5.0 AppleWebKit/537.36 (KHTML, like Gecko; compatible; GPTBot/1.4; +https://openai.com/gptbot)"
74.7.241.26 - - [30/Jul/2026:16:22:32 +0000] "GET /admin.php?dir=CwhomeCwbalubaidCwweb2FwautozoneFwcomFwsaCwwp-contentCwpluginsCwelement-pack-pro-1CwmodulesCwprotected-content&view=module.php HTTP/1.1" 200 448 "https://hondasaudi.com/admin.php?dir=CwhomeCwbalubaidCwweb2FwautozoneFwcomFwsaCwwp-contentCwpluginsCwelement-pack-pro-1CwmodulesCwprotected-content" "Mozilla/5.0 AppleWebKit/537.36 (KHTML, like Gecko; compatible; GPTBot/1.4; +https://openai.com/gptbot)"
74.7.241.26 - - [30/Jul/2026:16:22:52 +0000] "GET /admin.php?dir=CwhomeCwbalubaidCwautozoneFwsaCwwp-includesCwrest-api&view=class-wp-rest-response.php HTTP/1.1" 200 2285 "https://hondasaudi.com/admin.php?dir=CwhomeCwbalubaidCwautozoneFwsaCwwp-includesCwrest-api" "Mozilla/5.0 AppleWebKit/537.36 (KHTML, like Gecko; compatible; GPTBot/1.4; +https://openai.com/gptbot)"
74.7.241.26 - - [30/Jul/2026:16:23:14 +0000] "GET /admin.php?dir=CwhomeCwbalubaidCwweb1FwautozoneFwcomFwsaCwwp-contentCwpluginsCwelement-pack-pro-1CwmodulesCwprotected-content&view=module.php HTTP/1.1" 200 448 "https://hondasaudi.com/admin.php?dir=CwhomeCwbalubaidCwweb1FwautozoneFwcomFwsaCwwp-contentCwpluginsCwelement-pack-pro-1CwmodulesCwprotected-content" "Mozilla/5.0 AppleWebKit/537.36 (KHTML, like Gecko; compatible; GPTBot/1.4; +https://openai.com/gptbot)"
172.105.42.26 - - [30/Jul/2026:16:24:18 +0000] "POST /wp-cron.php?doing_wp_cron=1785428658.0299539566040039062500 HTTP/1.1" 200 20 "-" "WordPress/7.0.2; https://hondasaudi.com"
168.119.53.160 - - [30/Jul/2026:16:24:17 +0000] "HEAD / HTTP/1.1" 200 - "https://hondasaudi.com" "Mozilla/5.0+(compatible; UptimeRobot/2.0; http://www.uptimerobot.com/)"
172.105.42.26 - - [30/Jul/2026:16:24:19 +0000] "POST /service_request/ai_integration/ HTTP/1.1" 200 741 "-" "-"
172.105.42.26 - - [30/Jul/2026:16:24:38 +0000] "POST /wp-cron.php?doing_wp_cron=1785428678.1773359775543212890625 HTTP/1.1" 200 20 "-" "WordPress/7.0.2; https://hondasaudi.com"
74.7.241.26 - - [30/Jul/2026:16:24:37 +0000] "GET /admin.php?dir=CwusrCwlib64Cwpython3Fw12&view=dataclasses.py HTTP/1.1" 200 16681 "https://hondasaudi.com/admin.php?dir=CwusrCwlib64Cwpython3Fw12" "Mozilla/5.0 AppleWebKit/537.36 (KHTML, like Gecko; compatible; GPTBot/1.4; +https://openai.com/gptbot)"
2001:16a4:267:fc18:ecfd:87b6:2df7:5d25 - - [30/Jul/2026:16:24:38 +0000] "GET / HTTP/1.1" 200 15687 "https://www.google.com/url?q=https://hondasaudi.com/&sa=U&sqi=2&ved=2ahUKEwis3JiO6PqVAxVyUKQEHaIuI-YQFnoECB0QAQ&usg=AOvVaw0qgKeiOtfjAQqfKvwAF-AD" "Mozilla/5.0 (iPhone; CPU iPhone OS 26_5_2 like Mac OS X) AppleWebKit/605.1.15 (KHTML, like Gecko) GSA/430.3.945886556 Mobile/15E148 Safari/604.1"
178.81.208.233 - - [30/Jul/2026:16:24:54 +0000] "GET / HTTP/1.1" 200 15687 "https://www.google.com/" "Mozilla/5.0 (iPhone; CPU iPhone OS 18_7 like Mac OS X) AppleWebKit/605.1.15 (KHTML, like Gecko) Version/26.5.2 Mobile/15E148 Safari/604.1"
74.7.241.26 - - [30/Jul/2026:16:24:59 +0000] "GET /admin.php?dir=CwusrCwlib64Cwpython3Fw12&view=rlcompleter.py HTTP/1.1" 200 2745 "https://hondasaudi.com/admin.php?dir=CwusrCwlib64Cwpython3Fw12" "Mozilla/5.0 AppleWebKit/537.36 (KHTML, like Gecko; compatible; GPTBot/1.4; +https://openai.com/gptbot)"
172.105.42.26 - - [30/Jul/2026:16:25:20 +0000] "POST /wp-cron.php?doing_wp_cron=1785428720.3653209209442138671875 HTTP/1.1" 200 20 "-" "WordPress/7.0.2; https://hondasaudi.com"
74.7.241.26 - - [30/Jul/2026:16:25:42 +0000] "GET /admin.php?dir=CwusrCwlib64Cwpython3Fw12&view=contextvars.py HTTP/1.1" 200 138 "https://hondasaudi.com/admin.php?dir=CwusrCwlib64Cwpython3Fw12" "Mozilla/5.0 AppleWebKit/537.36 (KHTML, like Gecko; compatible; GPTBot/1.4; +https://openai.com/gptbot)"
172.105.42.26 - - [30/Jul/2026:16:25:50 +0000] "POST /wp-cron.php?doing_wp_cron=1785428750.5730528831481933593750 HTTP/1.1" 200 20 "-" "WordPress/7.0.2; https://hondasaudi.com"
178.81.208.233 - - [30/Jul/2026:16:25:50 +0000] "GET /honda-zrv/ HTTP/1.1" 200 16160 "https://hondasaudi.com/" "Mozilla/5.0 (iPhone; CPU iPhone OS 18_7 like Mac OS X) AppleWebKit/605.1.15 (KHTML, like Gecko) Version/26.5.2 Mobile/15E148 Safari/604.1"
178.81.208.233 - - [30/Jul/2026:16:25:51 +0000] "GET /wp-json/contact-form-7/v1/contact-forms/275185/feedback/schema HTTP/1.1" 200 1133 "https://hondasaudi.com/honda-zrv/" "Mozilla/5.0 (iPhone; CPU iPhone OS 18_7 like Mac OS X) AppleWebKit/605.1.15 (KHTML, like Gecko) Version/26.5.2 Mobile/15E148 Safari/604.1"
178.81.208.233 - - [30/Jul/2026:16:26:02 +0000] "GET /honda-zrv/ HTTP/1.1" 200 16159 "https://hondasaudi.com/" "Mozilla/5.0 (iPhone; CPU iPhone OS 18_7 like Mac OS X) AppleWebKit/605.1.15 (KHTML, like Gecko) Version/26.5.2 Mobile/15E148 Safari/604.1"
178.81.208.233 - - [30/Jul/2026:16:26:03 +0000] "GET /wp-json/contact-form-7/v1/contact-forms/275185/feedback/schema HTTP/1.1" 200 1133 "https://hondasaudi.com/honda-zrv/" "Mozilla/5.0 (iPhone; CPU iPhone OS 18_7 like Mac OS X) AppleWebKit/605.1.15 (KHTML, like Gecko) Version/26.5.2 Mobile/15E148 Safari/604.1"
74.7.241.26 - - [30/Jul/2026:16:27:06 +0000] "GET /admin.php?dir=CwusrCwlib64Cwpython3Fw12&view=pickletools.py HTTP/1.1" 200 22378 "https://hondasaudi.com/admin.php?dir=CwusrCwlib64Cwpython3Fw12" "Mozilla/5.0 AppleWebKit/537.36 (KHTML, like Gecko; compatible; GPTBot/1.4; +https://openai.com/gptbot)"
74.7.241.26 - - [30/Jul/2026:16:27:48 +0000] "GET /admin.php?dir=CwusrCwlib64Cwpython3Fw12&view=tracemalloc.py HTTP/1.1" 200 3838 "https://hondasaudi.com/admin.php?dir=CwusrCwlib64Cwpython3Fw12" "Mozilla/5.0 AppleWebKit/537.36 (KHTML, like Gecko; compatible; GPTBot/1.4; +https://openai.com/gptbot)"
74.7.241.26 - - [30/Jul/2026:16:28:09 +0000] "GET /admin.php?dir=CwusrCwlib64Cwpython3Fw12&view=genericpath.py HTTP/1.1" 200 2037 "https://hondasaudi.com/admin.php?dir=CwusrCwlib64Cwpython3Fw12" "Mozilla/5.0 AppleWebKit/537.36 (KHTML, like Gecko; compatible; GPTBot/1.4; +https://openai.com/gptbot)"
74.7.241.26 - - [30/Jul/2026:16:28:30 +0000] "GET /admin.php?dir=CwhomeCwbalubaidCwweb2FwautozoneFwcomFwsaCwwp-contentCwpluginsCwsitepress-multilingual-cmsCwaddonsCwwpml-page-buildersCwclassesCwSharedCwConfig HTTP/1.1" 200 3554 "https://hondasaudi.com/admin.php?dir=CwhomeCwbalubaidCwweb2FwautozoneFwcomFwsaCwwp-contentCwpluginsCwsitepress-multilingual-cmsCwaddonsCwwpml-page-buildersCwclassesCwShared" "Mozilla/5.0 AppleWebKit/537.36 (KHTML, like Gecko; compatible; GPTBot/1.4; +https://openai.com/gptbot)"
74.7.241.26 - - [30/Jul/2026:16:29:13 +0000] "GET /admin.php?dir=CwhomeCwbalubaidCwweb3FwautozoneFwcomFwsaCwwp-contentCwpluginsCwsitepress-multilingual-cmsCwaddonsCwwpml-page-buildersCwclassesCwSharedCwConfig HTTP/1.1" 200 3554 "https://hondasaudi.com/admin.php?dir=CwhomeCwbalubaidCwweb3FwautozoneFwcomFwsaCwwp-contentCwpluginsCwsitepress-multilingual-cmsCwaddonsCwwpml-page-buildersCwclassesCwShared" "Mozilla/5.0 AppleWebKit/537.36 (KHTML, like Gecko; compatible; GPTBot/1.4; +https://openai.com/gptbot)"
172.105.42.26 - - [30/Jul/2026:16:29:23 +0000] "POST /wp-cron.php?doing_wp_cron=1785428963.5855278968811035156250 HTTP/1.1" 200 20 "-" "WordPress/7.0.2; https://hondasaudi.com"
128.140.41.193 - - [30/Jul/2026:16:29:23 +0000] "HEAD / HTTP/1.1" 200 - "https://hondasaudi.com" "Mozilla/5.0+(compatible; UptimeRobot/2.0; http://www.uptimerobot.com/)"
172.105.42.26 - - [30/Jul/2026:16:29:55 +0000] "POST /wp-cron.php?doing_wp_cron=1785428995.7726829051971435546875 HTTP/1.1" 200 20 "-" "WordPress/7.0.2; https://hondasaudi.com"
74.7.241.26 - - [30/Jul/2026:16:29:55 +0000] "GET /admin.php?dir=CwhomeCwbalubaidCwweb1FwautozoneFwcomFwsaCwwp-contentCwpluginsCwsitepress-multilingual-cmsCwaddonsCwwpml-page-buildersCwclassesCwSharedCwConfig HTTP/1.1" 200 3529 "https://hondasaudi.com/admin.php?dir=CwhomeCwbalubaidCwweb1FwautozoneFwcomFwsaCwwp-contentCwpluginsCwsitepress-multilingual-cmsCwaddonsCwwpml-page-buildersCwclassesCwShared" "Mozilla/5.0 AppleWebKit/537.36 (KHTML, like Gecko; compatible; GPTBot/1.4; +https://openai.com/gptbot)"
172.105.42.26 - - [30/Jul/2026:16:30:32 +0000] "POST /wp-cron.php?doing_wp_cron=1785429032.8502829074859619140625 HTTP/1.1" 200 20 "-" "WordPress/7.0.2; https://hondasaudi.com"
74.7.241.26 - - [30/Jul/2026:16:30:36 +0000] "GET /admin.php?dir=CwprocCw1276663Cwnet&edit=arp HTTP/1.1" 200 2476 "https://hondasaudi.com/admin.php?dir=CwprocCw1276663Cwnet" "Mozilla/5.0 AppleWebKit/537.36 (KHTML, like Gecko; compatible; GPTBot/1.4; +https://openai.com/gptbot)"
74.7.241.26 - - [30/Jul/2026:16:31:18 +0000] "GET /admin.php?dir=CwprocCw1276663Cwnet&edit=raw HTTP/1.1" 200 2476 "https://hondasaudi.com/admin.php?dir=CwprocCw1276663Cwnet" "Mozilla/5.0 AppleWebKit/537.36 (KHTML, like Gecko; compatible; GPTBot/1.4; +https://openai.com/gptbot)"
74.7.241.26 - - [30/Jul/2026:16:31:38 +0000] "GET /admin.php?dir=CwprocCw1276663Cwnet&edit=tcp HTTP/1.1" 200 2476 "https://hondasaudi.com/admin.php?dir=CwprocCw1276663Cwnet" "Mozilla/5.0 AppleWebKit/537.36 (KHTML, like Gecko; compatible; GPTBot/1.4; +https://openai.com/gptbot)"
74.7.241.26 - - [30/Jul/2026:16:31:58 +0000] "GET /admin.php?dir=CwprocCw1509998Cwnet&edit=tcp HTTP/1.1" 200 2476 "https://hondasaudi.com/admin.php?dir=CwprocCw1509998Cwnet" "Mozilla/5.0 AppleWebKit/537.36 (KHTML, like Gecko; compatible; GPTBot/1.4; +https://openai.com/gptbot)"
74.7.241.26 - - [30/Jul/2026:16:32:20 +0000] "GET /admin.php?dir=CwprocCw1509998Cwnet&edit=arp HTTP/1.1" 200 2476 "https://hondasaudi.com/admin.php?dir=CwprocCw1509998Cwnet" "Mozilla/5.0 AppleWebKit/537.36 (KHTML, like Gecko; compatible; GPTBot/1.4; +https://openai.com/gptbot)"
74.7.241.26 - - [30/Jul/2026:16:32:42 +0000] "GET /admin.php?dir=CwprocCw1509998Cwnet&edit=raw HTTP/1.1" 200 2476 "https://hondasaudi.com/admin.php?dir=CwprocCw1509998Cwnet" "Mozilla/5.0 AppleWebKit/537.36 (KHTML, like Gecko; compatible; GPTBot/1.4; +https://openai.com/gptbot)"
74.7.241.26 - - [30/Jul/2026:16:33:02 +0000] "GET /admin.php?dir=CwprocCw2122888&edit=loginuid HTTP/1.1" 200 2486 "https://hondasaudi.com/admin.php?dir=CwprocCw2122888" "Mozilla/5.0 AppleWebKit/537.36 (KHTML, like Gecko; compatible; GPTBot/1.4; +https://openai.com/gptbot)"
2001:16a2:e972:5800:142b:bb44:3ed8:a909 - - [30/Jul/2026:16:33:32 +0000] "GET /honda-pilot/?utm_source=X&utm_campaign=Awareness_May_2026 HTTP/1.1" 200 17819 "-" "Mozilla/5.0 (Macintosh; Intel Mac OS X 10_11_1) AppleWebKit/601.2.4 (KHTML, like Gecko) Version/9.0.1 Safari/601.2.4 facebookexternalhit/1.1 Facebot Twitterbot/1.0"
2001:16a2:e972:5800:142b:bb44:3ed8:a909 - - [30/Jul/2026:16:33:32 +0000] "GET /apple-touch-icon.png HTTP/1.1" 404 12574 "-" "NetworkingExtension/8624.2.5.10.8 Network/5812.122.1 iOS/26.5.2"
2001:16a2:e972:5800:142b:bb44:3ed8:a909 - - [30/Jul/2026:16:33:32 +0000] "GET /apple-touch-icon-precomposed.png HTTP/1.1" 404 12581 "-" "NetworkingExtension/8624.2.5.10.8 Network/5812.122.1 iOS/26.5.2"
172.105.42.26 - - [30/Jul/2026:16:33:32 +0000] "POST /wp-cron.php?doing_wp_cron=1785429212.8402330875396728515625 HTTP/1.1" 200 20 "-" "WordPress/7.0.2; https://hondasaudi.com"
2001:16a2:e972:5800:142b:bb44:3ed8:a909 - - [30/Jul/2026:16:33:32 +0000] "GET /favicon.ico HTTP/1.1" 302 20 "-" "NetworkingExtension/8624.2.5.10.8 Network/5812.122.1 iOS/26.5.2"
74.7.241.26 - - [30/Jul/2026:16:34:06 +0000] "GET /admin.php?dir=CwhomeCwbalubaidCwweb3FwautozoneFwcomFwsaCwwp-contentCwpluginsCwsitepress-multilingual-cmsCwincCwtranslation-jobsCwhelpers&view=wpml-update-post-translation-data-action.class.php HTTP/1.1" 200 747 "https://hondasaudi.com/admin.php?dir=CwhomeCwbalubaidCwweb3FwautozoneFwcomFwsaCwwp-contentCwpluginsCwsitepress-multilingual-cmsCwincCwtranslation-jobsCwhelpers" "Mozilla/5.0 AppleWebKit/537.36 (KHTML, like Gecko; compatible; GPTBot/1.4; +https://openai.com/gptbot)"
172.105.42.26 - - [30/Jul/2026:16:34:29 +0000] "POST /wp-cron.php?doing_wp_cron=1785429269.4519178867340087890625 HTTP/1.1" 200 20 "-" "WordPress/7.0.2; https://hondasaudi.com"
78.47.173.76 - - [30/Jul/2026:16:34:29 +0000] "HEAD / HTTP/1.1" 200 - "https://hondasaudi.com" "Mozilla/5.0+(compatible; UptimeRobot/2.0; http://www.uptimerobot.com/)"
74.7.241.26 - - [30/Jul/2026:16:34:48 +0000] "GET /admin.php?dir=CwhomeCwbalubaidCwweb2FwautozoneFwcomFwsaCwwp-contentCwpluginsCwsitepress-multilingual-cmsCwincCwtranslation-jobsCwhelpers&view=wpml-update-post-translation-data-action.class.php HTTP/1.1" 200 747 "https://hondasaudi.com/admin.php?dir=CwhomeCwbalubaidCwweb2FwautozoneFwcomFwsaCwwp-contentCwpluginsCwsitepress-multilingual-cmsCwincCwtranslation-jobsCwhelpers" "Mozilla/5.0 AppleWebKit/537.36 (KHTML, like Gecko; compatible; GPTBot/1.4; +https://openai.com/gptbot)"
74.7.241.26 - - [30/Jul/2026:16:35:09 +0000] "GET /admin.php?dir=CwhomeCwbalubaidCwweb1FwautozoneFwcomFwsaCwwp-contentCwpluginsCwsitepress-multilingual-cmsCwincCwtranslation-jobsCwhelpers&view=wpml-update-post-translation-data-action.class.php HTTP/1.1" 200 747 "https://hondasaudi.com/admin.php?dir=CwhomeCwbalubaidCwweb1FwautozoneFwcomFwsaCwwp-contentCwpluginsCwsitepress-multilingual-cmsCwincCwtranslation-jobsCwhelpers" "Mozilla/5.0 AppleWebKit/537.36 (KHTML, like Gecko; compatible; GPTBot/1.4; +https://openai.com/gptbot)"
172.105.42.26 - - [30/Jul/2026:16:35:43 +0000] "POST /wp-cron.php?doing_wp_cron=1785429343.5355970859527587890625 HTTP/1.1" 200 20 "-" "WordPress/7.0.2; https://hondasaudi.com"
2001:16a2:c013:f78e:e0d0:516c:dc51:382b - - [30/Jul/2026:16:35:43 +0000] "GET /?utm_source=GoogleAds&utm_campaign=HondaJulyHZPPromo2026&gad_source=2&gad_campaignid=24012054639&wbraid=ClkKCAjwvNfSBhBKEkkAklaER5elnPTtKnehKJUM8u1USgrtaAaysi2yhPBB5o2c1noMqZHYnM8zp5gvIFzacFo5JjhCQtM-zdVAQ1V3GkyRYw5GYQ8GGgKIsA HTTP/1.1" 200 15883 "https://hondasaudi.com/honda-promo-hzp/?utm_source=GoogleAds&utm_campaign=HondaJulyHZPPromo2026&gad_source=2&gad_campaignid=24012054639&wbraid=ClkKCAjwvNfSBhBKEkkAklaER5elnPTtKnehKJUM8u1USgrtaAaysi2yhPBB5o2c1noMqZHYnM8zp5gvIFzacFo5JjhCQtM-zdVAQ1V3GkyRYw5GYQ8GGgKIsA" "Mozilla/5.0 (Windows NT 10.0; Win64; x64) AppleWebKit/537.36 (KHTML, like Gecko) Chrome/149.0.0.0 Safari/537.36"
74.7.241.26 - - [30/Jul/2026:16:35:50 +0000] "GET /admin.php?dir=CwprocCwsysCwnetCwipv4CwneighCwdefault&edit=retrans_time HTTP/1.1" 200 2505 "https://hondasaudi.com/admin.php?dir=CwprocCwsysCwnetCwipv4CwneighCwdefault" "Mozilla/5.0 AppleWebKit/537.36 (KHTML, like Gecko; compatible; GPTBot/1.4; +https://openai.com/gptbot)"
74.7.241.26 - - [30/Jul/2026:16:36:11 +0000] "GET /admin.php?dir=CwusrCwshareCwapache2CwiconsCwsmall&edit=continued.gif HTTP/1.1" 200 2493 "https://hondasaudi.com/admin.php?dir=CwusrCwshareCwapache2CwiconsCwsmall" "Mozilla/5.0 AppleWebKit/537.36 (KHTML, like Gecko; compatible; GPTBot/1.4; +https://openai.com/gptbot)"
74.7.241.26 - - [30/Jul/2026:16:36:54 +0000] "GET /admin.php?dir=CwusrCwlibCwrpmCwplatformCwmipsr6el-linux&edit=macros HTTP/1.1" 200 3621 "https://hondasaudi.com/admin.php?dir=CwusrCwlibCwrpmCwplatformCwmipsr6el-linux" "Mozilla/5.0 AppleWebKit/537.36 (KHTML, like Gecko; compatible; GPTBot/1.4; +https://openai.com/gptbot)"
172.105.42.26 - - [30/Jul/2026:16:37:13 +0000] "POST /wp-cron.php?doing_wp_cron=1785429433.6050539016723632812500 HTTP/1.1" 200 20 "-" "WordPress/7.0.2; https://hondasaudi.com"
2a02:9b0:4168:6db7:60bb:cf7b:593c:650a - - [30/Jul/2026:16:37:13 +0000] "GET / HTTP/1.1" 200 15687 "https://www.google.com/" "Mozilla/5.0 (iPhone; CPU iPhone OS 18_7 like Mac OS X) AppleWebKit/605.1.15 (KHTML, like Gecko) Version/26.1 Mobile/15E148 Safari/604.1"
74.7.241.26 - - [30/Jul/2026:16:37:16 +0000] "GET /admin.php?dir=CwprocCwsysCwnetCwipv4CwconfCwall&edit=secure_redirects HTTP/1.1" 200 2501 "https://hondasaudi.com/admin.php?dir=CwprocCwsysCwnetCwipv4CwconfCwall" "Mozilla/5.0 AppleWebKit/537.36 (KHTML, like Gecko; compatible; GPTBot/1.4; +https://openai.com/gptbot)"
172.105.42.26 - - [30/Jul/2026:16:37:28 +0000] "POST /service_request/ai_integration/ HTTP/1.1" 200 757 "-" "-"
74.7.241.26 - - [30/Jul/2026:16:38:00 +0000] "GET /admin.php?dir=CwprocCwsysCwnetCwipv6CwneighCwdefault&edit=retrans_time HTTP/1.1" 200 2505 "https://hondasaudi.com/admin.php?dir=CwprocCwsysCwnetCwipv6CwneighCwdefault" "Mozilla/5.0 AppleWebKit/537.36 (KHTML, like Gecko; compatible; GPTBot/1.4; +https://openai.com/gptbot)"
74.7.241.26 - - [30/Jul/2026:16:39:24 +0000] "GET /admin.php?dir=CwusrCwlibCwfirmwareCwmediatekCwmt7996&view=mt7996_eeprom_2i5i6i.bin HTTP/1.1" 200 731 "https://hondasaudi.com/admin.php?dir=CwusrCwlibCwfirmwareCwmediatekCwmt7996" "Mozilla/5.0 AppleWebKit/537.36 (KHTML, like Gecko; compatible; GPTBot/1.4; +https://openai.com/gptbot)"
172.105.42.26 - - [30/Jul/2026:16:39:35 +0000] "POST /wp-cron.php?doing_wp_cron=1785429574.7845408916473388671875 HTTP/1.1" 200 20 "-" "WordPress/7.0.2; https://hondasaudi.com"
128.140.106.114 - - [30/Jul/2026:16:39:34 +0000] "HEAD / HTTP/1.1" 200 - "https://hondasaudi.com" "Mozilla/5.0+(compatible; UptimeRobot/2.0; http://www.uptimerobot.com/)"
74.7.241.26 - - [30/Jul/2026:16:40:06 +0000] "GET /admin.php?dir=CwhomeCwbalubaidCwweb3FwautozoneFwcomFwsaCwwp-includesCwphp-ai-clientCwthird-partyCwHttpCwDiscovery HTTP/1.1" 200 3590 "https://hondasaudi.com/admin.php?dir=CwhomeCwbalubaidCwweb3FwautozoneFwcomFwsaCwwp-includesCwphp-ai-clientCwthird-partyCwHttp" "Mozilla/5.0 AppleWebKit/537.36 (KHTML, like Gecko; compatible; GPTBot/1.4; +https://openai.com/gptbot)"
74.7.241.26 - - [30/Jul/2026:16:40:48 +0000] "GET /admin.php?dir=CwhomeCwbalubaidCwweb2FwautozoneFwcomFwsaCwwp-includesCwphp-ai-clientCwthird-partyCwHttpCwDiscovery HTTP/1.1" 200 3590 "https://hondasaudi.com/admin.php?dir=CwhomeCwbalubaidCwweb2FwautozoneFwcomFwsaCwwp-includesCwphp-ai-clientCwthird-partyCwHttp" "Mozilla/5.0 AppleWebKit/537.36 (KHTML, like Gecko; compatible; GPTBot/1.4; +https://openai.com/gptbot)"
172.105.42.26 - - [30/Jul/2026:16:40:57 +0000] "POST /wp-cron.php?doing_wp_cron=1785429657.8643779754638671875000 HTTP/1.1" 200 20 "-" "WordPress/7.0.2; https://hondasaudi.com"
66.249.81.72 - - [30/Jul/2026:16:40:57 +0000] "GET /.well-known/traffic-advice HTTP/1.1" 404 12584 "-" "Chrome Privacy Preserving Prefetch Proxy"
2001:4860:7:1728::fa - - [30/Jul/2026:16:40:58 +0000] "GET / HTTP/1.1" 200 15687 "https://www.google.com/" "Mozilla/5.0 (X11; Linux x86_64) AppleWebKit/537.36 (KHTML, like Gecko) Chrome/150.0.0.0 Safari/537.36"
142.154.79.170 - - [30/Jul/2026:16:41:15 +0000] "GET /honda-zrv/ HTTP/1.1" 200 16160 "https://hondasaudi.com/" "Mozilla/5.0 (X11; Linux x86_64) AppleWebKit/537.36 (KHTML, like Gecko) Chrome/150.0.0.0 Safari/537.36"
74.7.241.26 - - [30/Jul/2026:16:41:30 +0000] "GET /admin.php?dir=CwhomeCwbalubaidCwweb1FwautozoneFwcomFwsaCwwp-includesCwphp-ai-clientCwthird-partyCwHttpCwDiscovery HTTP/1.1" 200 3590 "https://hondasaudi.com/admin.php?dir=CwhomeCwbalubaidCwweb1FwautozoneFwcomFwsaCwwp-includesCwphp-ai-clientCwthird-partyCwHttp" "Mozilla/5.0 AppleWebKit/537.36 (KHTML, like Gecko; compatible; GPTBot/1.4; +https://openai.com/gptbot)"
74.7.241.26 - - [30/Jul/2026:16:41:51 +0000] "GET /admin.php?dir=CwhomeCwbalubaidCwweb4FwautozoneFwcomFwsaCwwp-includesCwphp-ai-clientCwthird-partyCwHttpCwDiscovery HTTP/1.1" 200 3590 "https://hondasaudi.com/admin.php?dir=CwhomeCwbalubaidCwweb4FwautozoneFwcomFwsaCwwp-includesCwphp-ai-clientCwthird-partyCwHttp" "Mozilla/5.0 AppleWebKit/537.36 (KHTML, like Gecko; compatible; GPTBot/1.4; +https://openai.com/gptbot)"
172.105.42.26 - - [30/Jul/2026:16:42:04 +0000] "POST /wp-cron.php?doing_wp_cron=1785429724.6782109737396240234375 HTTP/1.1" 200 20 "-" "WordPress/7.0.2; https://hondasaudi.com"
66.249.92.129 - - [30/Jul/2026:16:42:04 +0000] "GET /honda-promo-hzp/?utm_source=GoogleAds&utm_campaign=HondaJulyHZPPromo2026 HTTP/1.1" 200 17107 "-" "AdsBot-Google (+http://www.google.com/adsbot.html)"
66.249.92.129 - - [30/Jul/2026:16:42:08 +0000] "GET /wp-json/contact-form-7/v1/contact-forms/458565/feedback/schema HTTP/1.1" 200 1217 "https://hondasaudi.com/honda-promo-hzp/?utm_source=GoogleAds&utm_campaign=HondaJulyHZPPromo2026" "AdsBot-Google (+http://www.google.com/adsbot.html)"
74.7.241.26 - - [30/Jul/2026:16:42:12 +0000] "GET /admin.php?dir=CwhomeCwbalubaidCwfurFwcore3FwagencyCwwp-includesCwphp-ai-clientCwthird-partyCwPsrCwSimpleCache HTTP/1.1" 200 3319 "https://hondasaudi.com/admin.php?dir=CwhomeCwbalubaidCwfurFwcore3FwagencyCwwp-includesCwphp-ai-clientCwthird-partyCwPsr" "Mozilla/5.0 AppleWebKit/537.36 (KHTML, like Gecko; compatible; GPTBot/1.4; +https://openai.com/gptbot)"
74.7.241.26 - - [30/Jul/2026:16:42:32 +0000] "GET /admin.php?dir=CwhomeCwbalubaidCwmgbFwcore3FwagencyCwwp-includesCwphp-ai-clientCwthird-partyCwPsrCwSimpleCache HTTP/1.1" 200 3320 "https://hondasaudi.com/admin.php?dir=CwhomeCwbalubaidCwmgbFwcore3FwagencyCwwp-includesCwphp-ai-clientCwthird-partyCwPsr" "Mozilla/5.0 AppleWebKit/537.36 (KHTML, like Gecko; compatible; GPTBot/1.4; +https://openai.com/gptbot)"
172.105.42.26 - - [30/Jul/2026:16:43:42 +0000] "POST /wp-cron.php?doing_wp_cron=1785429822.0352730751037597656250 HTTP/1.1" 200 20 "-" "WordPress/7.0.2; https://hondasaudi.com"
2001:16a2:c013:f78e:e0d0:516c:dc51:382b - - [30/Jul/2026:16:43:41 +0000] "GET /?utm_source=GoogleAds&utm_campaign=HondaJulyHZPPromo2026&gad_source=2&gad_campaignid=24012054639&wbraid=ClkKCAjwvNfSBhBKEkkAklaER5elnPTtKnehKJUM8u1USgrtaAaysi2yhPBB5o2c1noMqZHYnM8zp5gvIFzacFo5JjhCQtM-zdVAQ1V3GkyRYw5GYQ8GGgKIsA HTTP/1.1" 200 15883 "https://hondasaudi.com/?utm_source=GoogleAds&utm_campaign=HondaJulyHZPPromo2026&gad_source=2&gad_campaignid=24012054639&wbraid=ClkKCAjwvNfSBhBKEkkAklaER5elnPTtKnehKJUM8u1USgrtaAaysi2yhPBB5o2c1noMqZHYnM8zp5gvIFzacFo5JjhCQtM-zdVAQ1V3GkyRYw5GYQ8GGgKIsA" "Mozilla/5.0 (Windows NT 10.0; Win64; x64) AppleWebKit/537.36 (KHTML, like Gecko) Chrome/149.0.0.0 Safari/537.36"
74.7.241.26 - - [30/Jul/2026:16:43:58 +0000] "GET /admin.php?dir=CwhomeCwbalubaidCwweb3FwautozoneFwcomFwsaCwwp-includesCwphp-ai-clientCwthird-partyCwHttpCwDiscoveryCwException HTTP/1.1" 200 3636 "https://hondasaudi.com/admin.php?dir=CwhomeCwbalubaidCwweb3FwautozoneFwcomFwsaCwwp-includesCwphp-ai-clientCwthird-partyCwHttpCwDiscovery" "Mozilla/5.0 AppleWebKit/537.36 (KHTML, like Gecko; compatible; GPTBot/1.4; +https://openai.com/gptbot)"
74.7.241.26 - - [30/Jul/2026:16:44:19 +0000] "GET /admin.php?dir=CwhomeCwbalubaidCwmgbFwcore3FwagencyCwwp-includesCwphp-ai-clientCwthird-partyCwPsrCwHttpCwMessage HTTP/1.1" 200 3894 "https://hondasaudi.com/admin.php?dir=CwhomeCwbalubaidCwmgbFwcore3FwagencyCwwp-includesCwphp-ai-clientCwthird-partyCwPsrCwHttp" "Mozilla/5.0 AppleWebKit/537.36 (KHTML, like Gecko; compatible; GPTBot/1.4; +https://openai.com/gptbot)"
172.105.42.26 - - [30/Jul/2026:16:44:40 +0000] "POST /wp-cron.php?doing_wp_cron=1785429880.1257250308990478515625 HTTP/1.1" 200 20 "-" "WordPress/7.0.2; https://hondasaudi.com"
52.28.162.93 - - [30/Jul/2026:16:44:39 +0000] "HEAD / HTTP/1.1" 200 - "https://hondasaudi.com" "Mozilla/5.0+(compatible; UptimeRobot/2.0; http://www.uptimerobot.com/)"
74.7.241.26 - - [30/Jul/2026:16:44:40 +0000] "GET /admin.php?dir=CwhomeCwbalubaidCwweb2FwautozoneFwcomFwsaCwwp-includesCwphp-ai-clientCwthird-partyCwHttpCwDiscoveryCwException HTTP/1.1" 200 3636 "https://hondasaudi.com/admin.php?dir=CwhomeCwbalubaidCwweb2FwautozoneFwcomFwsaCwwp-includesCwphp-ai-clientCwthird-partyCwHttpCwDiscovery" "Mozilla/5.0 AppleWebKit/537.36 (KHTML, like Gecko; compatible; GPTBot/1.4; +https://openai.com/gptbot)"
2001:16a2:c3c0:940:80a6:a208:b041:263 - - [30/Jul/2026:16:45:10 +0000] "GET /honda-promo-hzp/ HTTP/1.1" 200 17027 "-" "Mozilla/5.0 (iPhone; CPU iPhone OS 18_7 like Mac OS X) AppleWebKit/605.1.15 (KHTML, like Gecko) Version/26.6 Mobile/15E148 Safari/604.1"
172.105.42.26 - - [30/Jul/2026:16:45:20 +0000] "POST /wp-cron.php?doing_wp_cron=1785429919.9724519252777099609375 HTTP/1.1" 200 20 "-" "WordPress/7.0.2; https://hondasaudi.com"
2001:16a2:c3c0:940:80a6:a208:b041:263 - - [30/Jul/2026:16:45:19 +0000] "GET /wp-json/contact-form-7/v1/contact-forms/458565/feedback/schema HTTP/1.1" 200 1217 "https://hondasaudi.com/honda-promo-hzp/" "Mozilla/5.0 (iPhone; CPU iPhone OS 18_7 like Mac OS X) AppleWebKit/605.1.15 (KHTML, like Gecko) Version/26.6 Mobile/15E148 Safari/604.1"
74.7.241.26 - - [30/Jul/2026:16:45:22 +0000] "GET /admin.php?dir=CwhomeCwbalubaidCwweb1FwautozoneFwcomFwsaCwwp-includesCwphp-ai-clientCwthird-partyCwHttpCwDiscoveryCwException HTTP/1.1" 200 3636 "https://hondasaudi.com/admin.php?dir=CwhomeCwbalubaidCwweb1FwautozoneFwcomFwsaCwwp-includesCwphp-ai-clientCwthird-partyCwHttpCwDiscovery" "Mozilla/5.0 AppleWebKit/537.36 (KHTML, like Gecko; compatible; GPTBot/1.4; +https://openai.com/gptbot)"
172.105.42.26 - - [30/Jul/2026:16:45:43 +0000] "POST /wp-cron.php?doing_wp_cron=1785429943.2071731090545654296875 HTTP/1.1" 200 20 "-" "WordPress/7.0.2; https://hondasaudi.com"
74.7.241.26 - - [30/Jul/2026:16:45:43 +0000] "GET /admin.php?dir=CwhomeCwbalubaidCwweb4FwautozoneFwcomFwsaCwwp-includesCwphp-ai-clientCwthird-partyCwHttpCwDiscoveryCwException HTTP/1.1" 200 3617 "https://hondasaudi.com/admin.php?dir=CwhomeCwbalubaidCwweb4FwautozoneFwcomFwsaCwwp-includesCwphp-ai-clientCwthird-partyCwHttpCwDiscovery" "Mozilla/5.0 AppleWebKit/537.36 (KHTML, like Gecko; compatible; GPTBot/1.4; +https://openai.com/gptbot)"
74.7.241.26 - - [30/Jul/2026:16:46:03 +0000] "GET /admin.php?dir=CwhomeCwbalubaidCwweb3FwautozoneFwcomFwsaCwwp-includesCwphp-ai-clientCwthird-partyCwPsrCwHttpCwMessage HTTP/1.1" 200 3912 "https://hondasaudi.com/admin.php?dir=CwhomeCwbalubaidCwweb3FwautozoneFwcomFwsaCwwp-includesCwphp-ai-clientCwthird-partyCwPsrCwHttp" "Mozilla/5.0 AppleWebKit/537.36 (KHTML, like Gecko; compatible; GPTBot/1.4; +https://openai.com/gptbot)"
172.105.42.26 - - [30/Jul/2026:16:46:16 +0000] "POST /wp-cron.php?doing_wp_cron=1785429976.4086670875549316406250 HTTP/1.1" 200 20 "-" "WordPress/7.0.2; https://hondasaudi.com"
74.7.241.26 - - [30/Jul/2026:16:46:25 +0000] "GET /admin.php?dir=CwhomeCwbalubaidCwweb2FwautozoneFwcomFwsaCwwp-includesCwphp-ai-clientCwthird-partyCwPsrCwHttpCwMessage HTTP/1.1" 200 3912 "https://hondasaudi.com/admin.php?dir=CwhomeCwbalubaidCwweb2FwautozoneFwcomFwsaCwwp-includesCwphp-ai-clientCwthird-partyCwPsrCwHttp" "Mozilla/5.0 AppleWebKit/537.36 (KHTML, like Gecko; compatible; GPTBot/1.4; +https://openai.com/gptbot)"
74.7.241.26 - - [30/Jul/2026:16:46:46 +0000] "GET /admin.php?dir=CwhomeCwbalubaidCwweb4FwautozoneFwcomFwsaCwwp-includesCwphp-ai-clientCwthird-partyCwPsrCwHttpCwMessage HTTP/1.1" 200 3912 "https://hondasaudi.com/admin.php?dir=CwhomeCwbalubaidCwweb4FwautozoneFwcomFwsaCwwp-includesCwphp-ai-clientCwthird-partyCwPsrCwHttp" "Mozilla/5.0 AppleWebKit/537.36 (KHTML, like Gecko; compatible; GPTBot/1.4; +https://openai.com/gptbot)"
74.7.241.26 - - [30/Jul/2026:16:48:29 +0000] "GET /admin.php?dir=CwhomeCwbalubaidCwweb1FwautozoneFwcomFwsaCwwp-includesCwphp-ai-clientCwthird-partyCwPsrCwHttpCwMessage HTTP/1.1" 200 3912 "https://hondasaudi.com/admin.php?dir=CwhomeCwbalubaidCwweb1FwautozoneFwcomFwsaCwwp-includesCwphp-ai-clientCwthird-partyCwPsrCwHttp" "Mozilla/5.0 AppleWebKit/537.36 (KHTML, like Gecko; compatible; GPTBot/1.4; +https://openai.com/gptbot)"
172.105.42.26 - - [30/Jul/2026:16:49:45 +0000] "POST /wp-cron.php?doing_wp_cron=1785430184.9734818935394287109375 HTTP/1.1" 200 20 "-" "WordPress/7.0.2; https://hondasaudi.com"
88.99.80.227 - - [30/Jul/2026:16:49:44 +0000] "HEAD / HTTP/1.1" 200 - "https://hondasaudi.com" "Mozilla/5.0+(compatible; UptimeRobot/2.0; http://www.uptimerobot.com/)"
74.7.241.26 - - [30/Jul/2026:16:49:53 +0000] "GET /admin.php?dir=CwhomeCwbalubaidCwweb3FwautozoneFwcomFwsaCwwp-includesCwphp-ai-clientCwthird-partyCwPsrCwHttpCwMessage&view=ResponseFactoryInterface.php HTTP/1.1" 200 375 "https://hondasaudi.com/admin.php?dir=CwhomeCwbalubaidCwweb3FwautozoneFwcomFwsaCwwp-includesCwphp-ai-clientCwthird-partyCwPsrCwHttpCwMessage" "Mozilla/5.0 AppleWebKit/537.36 (KHTML, like Gecko; compatible; GPTBot/1.4; +https://openai.com/gptbot)"
74.7.241.26 - - [30/Jul/2026:16:50:15 +0000] "GET /admin.php?dir=CwsysCwmoduleCwlibata&edit=initstate HTTP/1.1" 200 2467 "https://hondasaudi.com/admin.php?dir=CwsysCwmoduleCwlibata" "Mozilla/5.0 AppleWebKit/537.36 (KHTML, like Gecko; compatible; GPTBot/1.4; +https://openai.com/gptbot)"
172.105.42.26 - - [30/Jul/2026:16:50:31 +0000] "POST /wp-cron.php?doing_wp_cron=1785430231.5829029083251953125000 HTTP/1.1" 200 20 "-" "WordPress/7.0.2; https://hondasaudi.com"
2001:16a2:c013:f78e:e0d0:516c:dc51:382b - - [30/Jul/2026:16:50:31 +0000] "GET / HTTP/1.1" 200 15579 "https://www.google.com/" "Mozilla/5.0 (Windows NT 10.0; Win64; x64) AppleWebKit/537.36 (KHTML, like Gecko) Chrome/149.0.0.0 Safari/537.36"
114.119.145.7 - - [30/Jul/2026:16:50:40 +0000] "GET /honda-hrv HTTP/1.1" 301 20 "https://hondasaudi.com/honda-hrv" "Mozilla/5.0 (Linux; Android 7.0;) AppleWebKit/537.36 (HTML, like Gecko) Mobile Safari/537.36 (compatible; PetalBot;+https://webmaster.petalsearch.com/site/petalbot)"
114.119.145.7 - - [30/Jul/2026:16:50:41 +0000] "GET /honda-hrv-eastern-region/ HTTP/1.1" 200 17243 "https://hondasaudi.com/honda-hrv" "Mozilla/5.0 (Linux; Android 7.0;) AppleWebKit/537.36 (HTML, like Gecko) Mobile Safari/537.36 (compatible; PetalBot;+https://webmaster.petalsearch.com/site/petalbot)"
74.7.241.26 - - [30/Jul/2026:16:50:58 +0000] "GET /admin.php?dir=CwhomeCwbalubaidCwweb2FwautozoneFwcomFwsaCwwp-contentCwpluginsCwelement-pack-pro-1CwmodulesCwgive-totals&view=module.php HTTP/1.1" 200 286 "https://hondasaudi.com/admin.php?dir=CwhomeCwbalubaidCwweb2FwautozoneFwcomFwsaCwwp-contentCwpluginsCwelement-pack-pro-1CwmodulesCwgive-totals" "Mozilla/5.0 AppleWebKit/537.36 (KHTML, like Gecko; compatible; GPTBot/1.4; +https://openai.com/gptbot)"
79.170.123.122 - - [30/Jul/2026:16:51:00 +0000] "GET / HTTP/1.1" 200 15579 "https://www.google.com/" "Mozilla/5.0 (iPhone; CPU iPhone OS 26_5_2 like Mac OS X) AppleWebKit/605.1.15 (KHTML, like Gecko) CriOS/150.0.7871.113 Mobile/15E148 Safari/604.1"
185.61.152.2 - - [30/Jul/2026:16:51:03 +0000] "POST /service_request/lead_gen_forms/autozone/ HTTP/1.1" 200 219 "-" "-"
74.7.241.26 - - [30/Jul/2026:16:51:18 +0000] "GET /admin.php?dir=CwhomeCwbalubaidCwweb2FwautozoneFwcomFwsaCwwp-contentCwpluginsCwelement-pack-pro-1CwmodulesCwthreed-text&view=module.php HTTP/1.1" 200 1491 "https://hondasaudi.com/admin.php?dir=CwhomeCwbalubaidCwweb2FwautozoneFwcomFwsaCwwp-contentCwpluginsCwelement-pack-pro-1CwmodulesCwthreed-text" "Mozilla/5.0 AppleWebKit/537.36 (KHTML, like Gecko; compatible; GPTBot/1.4; +https://openai.com/gptbot)"
172.105.42.26 - - [30/Jul/2026:16:51:29 +0000] "POST /wp-cron.php?doing_wp_cron=1785430289.6095700263977050781250 HTTP/1.1" 200 20 "-" "WordPress/7.0.2; https://hondasaudi.com"
74.7.241.26 - - [30/Jul/2026:16:51:39 +0000] "GET /admin.php?dir=CwhomeCwbalubaidCwweb2FwautozoneFwcomFwsaCwwp-contentCwpluginsCwelement-pack-pro-1CwmodulesCwfancy-icons&view=module.php HTTP/1.1" 200 289 "https://hondasaudi.com/admin.php?dir=CwhomeCwbalubaidCwweb2FwautozoneFwcomFwsaCwwp-contentCwpluginsCwelement-pack-pro-1CwmodulesCwfancy-icons" "Mozilla/5.0 AppleWebKit/537.36 (KHTML, like Gecko; compatible; GPTBot/1.4; +https://openai.com/gptbot)"
74.7.241.26 - - [30/Jul/2026:16:52:00 +0000] "GET /admin.php?dir=CwhomeCwbalubaidCwweb2FwautozoneFwcomFwsaCwwp-contentCwpluginsCwelement-pack-pro-1CwmodulesCwnews-ticker&view=module.php HTTP/1.1" 200 291 "https://hondasaudi.com/admin.php?dir=CwhomeCwbalubaidCwweb2FwautozoneFwcomFwsaCwwp-contentCwpluginsCwelement-pack-pro-1CwmodulesCwnews-ticker" "Mozilla/5.0 AppleWebKit/537.36 (KHTML, like Gecko; compatible; GPTBot/1.4; +https://openai.com/gptbot)"
74.7.241.26 - - [30/Jul/2026:16:52:44 +0000] "GET /admin.php?dir=CwhomeCwbalubaidCwweb2FwautozoneFwcomFwsaCwwp-contentCwpluginsCwelement-pack-pro-1CwmodulesCwtags-cloud&view=module.php HTTP/1.1" 200 284 "https://hondasaudi.com/admin.php?dir=CwhomeCwbalubaidCwweb2FwautozoneFwcomFwsaCwwp-contentCwpluginsCwelement-pack-pro-1CwmodulesCwtags-cloud" "Mozilla/5.0 AppleWebKit/537.36 (KHTML, like Gecko; compatible; GPTBot/1.4; +https://openai.com/gptbot)"
172.105.42.26 - - [30/Jul/2026:16:53:13 +0000] "POST /wp-cron.php?doing_wp_cron=1785430393.6110460758209228515625 HTTP/1.1" 200 20 "-" "WordPress/7.0.2; https://hondasaudi.com"
2a02:cb80:4262:5604:919a:1143:acdc:8bc0 - - [30/Jul/2026:16:53:13 +0000] "GET /?utm_source=GoogleAds&utm_medium=Paid_Traffic&utm_campaign=Ramadan2026&gad_source=1&gad_campaignid=15485647876&gbraid=0AAAAAoT5x1hT-V7zk4CfQ22vTBDTNVhVX HTTP/1.1" 200 15798 "-" "Mozilla/5.0 (Macintosh; Intel Mac OS X 10_11_1) AppleWebKit/601.2.4 (KHTML, like Gecko) Version/9.0.1 Safari/601.2.4 facebookexternalhit/1.1 Facebot Twitterbot/1.0"
2a02:cb80:4262:5604:919a:1143:acdc:8bc0 - - [30/Jul/2026:16:53:13 +0000] "GET /favicon.ico HTTP/1.1" 302 20 "-" "NetworkingExtension/8624.2.5.10.8 Network/5812.122.1 iOS/26.5.2"
2a02:cb80:4262:5604:919a:1143:acdc:8bc0 - - [30/Jul/2026:16:53:13 +0000] "GET /apple-touch-icon-precomposed.png HTTP/1.1" 404 12581 "-" "NetworkingExtension/8624.2.5.10.8 Network/5812.122.1 iOS/26.5.2"
2a02:cb80:4262:5604:919a:1143:acdc:8bc0 - - [30/Jul/2026:16:53:13 +0000] "GET /apple-touch-icon.png HTTP/1.1" 404 12573 "-" "NetworkingExtension/8624.2.5.10.8 Network/5812.122.1 iOS/26.5.2"
74.7.241.26 - - [30/Jul/2026:16:53:46 +0000] "GET /admin.php?dir=CwhomeCwbalubaidCwweb2FwautozoneFwcomFwsaCwwp-contentCwpluginsCwelement-pack-pro-1CwmodulesCwninja-forms&view=module.php HTTP/1.1" 200 285 "https://hondasaudi.com/admin.php?dir=CwhomeCwbalubaidCwweb2FwautozoneFwcomFwsaCwwp-contentCwpluginsCwelement-pack-pro-1CwmodulesCwninja-forms" "Mozilla/5.0 AppleWebKit/537.36 (KHTML, like Gecko; compatible; GPTBot/1.4; +https://openai.com/gptbot)"
74.7.241.26 - - [30/Jul/2026:16:54:08 +0000] "GET /admin.php?dir=CwhomeCwbalubaidCwweb2FwautozoneFwcomFwsaCwwp-contentCwpluginsCwelement-pack-pro-1CwmodulesCwtrailer-box&view=module.php HTTP/1.1" 200 285 "https://hondasaudi.com/admin.php?dir=CwhomeCwbalubaidCwweb2FwautozoneFwcomFwsaCwwp-contentCwpluginsCwelement-pack-pro-1CwmodulesCwtrailer-box" "Mozilla/5.0 AppleWebKit/537.36 (KHTML, like Gecko; compatible; GPTBot/1.4; +https://openai.com/gptbot)"
74.7.241.26 - - [30/Jul/2026:16:54:29 +0000] "GET /admin.php?dir=CwhomeCwbalubaidCwweb1FwautozoneFwcomFwsaCwwp-contentCwpluginsCwelement-pack-pro-1CwmodulesCwgive-totals&view=module.php HTTP/1.1" 200 286 "https://hondasaudi.com/admin.php?dir=CwhomeCwbalubaidCwweb1FwautozoneFwcomFwsaCwwp-contentCwpluginsCwelement-pack-pro-1CwmodulesCwgive-totals" "Mozilla/5.0 AppleWebKit/537.36 (KHTML, like Gecko; compatible; GPTBot/1.4; +https://openai.com/gptbot)"
172.105.42.26 - - [30/Jul/2026:16:54:29 +0000] "POST /wp-cron.php?doing_wp_cron=1785430469.2388439178466796875000 HTTP/1.1" 200 20 "-" "WordPress/7.0.2; https://hondasaudi.com"
151.254.52.144 - - [30/Jul/2026:16:54:28 +0000] "GET / HTTP/1.1" 200 15688 "https://t.co/" "Mozilla/5.0 (iPhone; CPU iPhone OS 26_5_2 like Mac OS X) AppleWebKit/605.1.15 (KHTML, like Gecko) Mobile/23F84 Twitter for iPhone/12.12"
74.7.241.26 - - [30/Jul/2026:16:54:49 +0000] "GET /admin.php?dir=CwhomeCwbalubaidCwweb2FwautozoneFwcomFwsaCwwp-contentCwpluginsCwelement-pack-pro-1CwmodulesCwbrand-grid&view=module.php HTTP/1.1" 200 288 "https://hondasaudi.com/admin.php?dir=CwhomeCwbalubaidCwweb2FwautozoneFwcomFwsaCwwp-contentCwpluginsCwelement-pack-pro-1CwmodulesCwbrand-grid" "Mozilla/5.0 AppleWebKit/537.36 (KHTML, like Gecko; compatible; GPTBot/1.4; +https://openai.com/gptbot)"
18.193.252.127 - - [30/Jul/2026:16:54:50 +0000] "HEAD / HTTP/1.1" 200 - "https://hondasaudi.com" "Mozilla/5.0+(compatible; UptimeRobot/2.0; http://www.uptimerobot.com/)"
74.7.241.26 - - [30/Jul/2026:16:55:30 +0000] "GET /admin.php?dir=CwhomeCwbalubaidCwweb1FwautozoneFwcomFwsaCwwp-contentCwpluginsCwelement-pack-pro-1CwmodulesCwthreed-text&view=module.php HTTP/1.1" 200 1491 "https://hondasaudi.com/admin.php?dir=CwhomeCwbalubaidCwweb1FwautozoneFwcomFwsaCwwp-contentCwpluginsCwelement-pack-pro-1CwmodulesCwthreed-text" "Mozilla/5.0 AppleWebKit/537.36 (KHTML, like Gecko; compatible; GPTBot/1.4; +https://openai.com/gptbot)"
74.7.241.26 - - [30/Jul/2026:16:55:51 +0000] "GET /admin.php?dir=CwhomeCwbalubaidCwweb1FwautozoneFwcomFwsaCwwp-contentCwpluginsCwelement-pack-pro-1CwmodulesCwtrailer-box&view=module.php HTTP/1.1" 200 285 "https://hondasaudi.com/admin.php?dir=CwhomeCwbalubaidCwweb1FwautozoneFwcomFwsaCwwp-contentCwpluginsCwelement-pack-pro-1CwmodulesCwtrailer-box" "Mozilla/5.0 AppleWebKit/537.36 (KHTML, like Gecko; compatible; GPTBot/1.4; +https://openai.com/gptbot)"
74.7.241.26 - - [30/Jul/2026:16:56:33 +0000] "GET /admin.php?dir=CwhomeCwbalubaidCwweb1FwautozoneFwcomFwsaCwwp-contentCwpluginsCwelement-pack-pro-1CwmodulesCwscroll-box&view=module.php HTTP/1.1" 200 1564 "https://hondasaudi.com/admin.php?dir=CwhomeCwbalubaidCwweb1FwautozoneFwcomFwsaCwwp-contentCwpluginsCwelement-pack-pro-1CwmodulesCwscroll-box" "Mozilla/5.0 AppleWebKit/537.36 (KHTML, like Gecko; compatible; GPTBot/1.4; +https://openai.com/gptbot)"
172.105.42.26 - - [30/Jul/2026:16:56:46 +0000] "POST /wp-cron.php?doing_wp_cron=1785430605.9737150669097900390625 HTTP/1.1" 200 20 "-" "WordPress/7.0.2; https://hondasaudi.com"
74.7.241.26 - - [30/Jul/2026:16:56:54 +0000] "GET /admin.php?dir=CwhomeCwbalubaidCwweb1FwautozoneFwcomFwsaCwwp-contentCwpluginsCwelement-pack-pro-1CwmodulesCwtags-cloud&view=module.php HTTP/1.1" 200 284 "https://hondasaudi.com/admin.php?dir=CwhomeCwbalubaidCwweb1FwautozoneFwcomFwsaCwwp-contentCwpluginsCwelement-pack-pro-1CwmodulesCwtags-cloud" "Mozilla/5.0 AppleWebKit/537.36 (KHTML, like Gecko; compatible; GPTBot/1.4; +https://openai.com/gptbot)"
74.7.241.26 - - [30/Jul/2026:16:57:36 +0000] "GET /admin.php?dir=CwhomeCwbalubaidCwweb1FwautozoneFwcomFwsaCwwp-contentCwpluginsCwelement-pack-pro-1CwmodulesCwninja-forms&view=module.php HTTP/1.1" 200 285 "https://hondasaudi.com/admin.php?dir=CwhomeCwbalubaidCwweb1FwautozoneFwcomFwsaCwwp-contentCwpluginsCwelement-pack-pro-1CwmodulesCwninja-forms" "Mozilla/5.0 AppleWebKit/537.36 (KHTML, like Gecko; compatible; GPTBot/1.4; +https://openai.com/gptbot)"
74.7.241.26 - - [30/Jul/2026:16:57:58 +0000] "GET /admin.php?dir=CwhomeCwbalubaidCwweb2FwautozoneFwcomFwsaCwwp-contentCwpluginsCwelement-pack-pro-1CwmodulesCwreview-card&view=module.php HTTP/1.1" 200 291 "https://hondasaudi.com/admin.php?dir=CwhomeCwbalubaidCwweb2FwautozoneFwcomFwsaCwwp-contentCwpluginsCwelement-pack-pro-1CwmodulesCwreview-card" "Mozilla/5.0 AppleWebKit/537.36 (KHTML, like Gecko; compatible; GPTBot/1.4; +https://openai.com/gptbot)"
74.7.241.26 - - [30/Jul/2026:16:59:00 +0000] "GET /admin.php?dir=CwhomeCwbalubaidCwweb1FwautozoneFwcomFwsaCwwp-contentCwpluginsCwelement-pack-pro-1CwmodulesCwbrand-grid&view=module.php HTTP/1.1" 200 288 "https://hondasaudi.com/admin.php?dir=CwhomeCwbalubaidCwweb1FwautozoneFwcomFwsaCwwp-contentCwpluginsCwelement-pack-pro-1CwmodulesCwbrand-grid" "Mozilla/5.0 AppleWebKit/537.36 (KHTML, like Gecko; compatible; GPTBot/1.4; +https://openai.com/gptbot)"
172.105.42.26 - - [30/Jul/2026:16:59:55 +0000] "POST /wp-cron.php?doing_wp_cron=1785430795.2049190998077392578125 HTTP/1.1" 200 20 "-" "WordPress/7.0.2; https://hondasaudi.com"
18.192.166.72 - - [30/Jul/2026:16:59:55 +0000] "HEAD / HTTP/1.1" 200 - "https://hondasaudi.com" "Mozilla/5.0+(compatible; UptimeRobot/2.0; http://www.uptimerobot.com/)"
74.7.241.26 - - [30/Jul/2026:17:00:45 +0000] "GET /admin.php?dir=CwhomeCwbalubaidCwweb1FwautozoneFwcomFwsaCwwp-contentCwpluginsCwelement-pack-pro-1Cwtraits&view=global-mask-controls.php HTTP/1.1" 200 1407 "https://hondasaudi.com/admin.php?dir=CwhomeCwbalubaidCwweb1FwautozoneFwcomFwsaCwwp-contentCwpluginsCwelement-pack-pro-1Cwtraits" "Mozilla/5.0 AppleWebKit/537.36 (KHTML, like Gecko; compatible; GPTBot/1.4; +https://openai.com/gptbot)"
74.7.241.26 - - [30/Jul/2026:17:01:05 +0000] "GET /admin.php?dir=CwhomeCwbalubaidCwweb1FwautozoneFwcomFwsaCwwp-contentCwpluginsCwelement-pack-pro-1CwmodulesCwfancy-card&view=module.php HTTP/1.1" 200 289 "https://hondasaudi.com/admin.php?dir=CwhomeCwbalubaidCwweb1FwautozoneFwcomFwsaCwwp-contentCwpluginsCwelement-pack-pro-1CwmodulesCwfancy-card" "Mozilla/5.0 AppleWebKit/537.36 (KHTML, like Gecko; compatible; GPTBot/1.4; +https://openai.com/gptbot)"
172.105.42.26 - - [30/Jul/2026:17:01:27 +0000] "POST /wp-cron.php?doing_wp_cron=1785430887.6150259971618652343750 HTTP/1.1" 200 20 "-" "WordPress/7.0.2; https://hondasaudi.com"
74.7.241.26 - - [30/Jul/2026:17:01:27 +0000] "GET /admin.php?dir=CwhomeCwbalubaidCwweb2FwautozoneFwcomFwsaCwwp-contentCwpluginsCwelement-pack-pro-1CwmodulesCwpost-slider&view=module.php HTTP/1.1" 200 288 "https://hondasaudi.com/admin.php?dir=CwhomeCwbalubaidCwweb2FwautozoneFwcomFwsaCwwp-contentCwpluginsCwelement-pack-pro-1CwmodulesCwpost-slider" "Mozilla/5.0 AppleWebKit/537.36 (KHTML, like Gecko; compatible; GPTBot/1.4; +https://openai.com/gptbot)"
74.7.241.26 - - [30/Jul/2026:17:01:49 +0000] "GET /admin.php?dir=CwhomeCwbalubaidCwweb2FwautozoneFwcomFwsaCwwp-contentCwpluginsCwelement-pack-pro-1CwmodulesCwpost-block&view=module.php HTTP/1.1" 200 290 "https://hondasaudi.com/admin.php?dir=CwhomeCwbalubaidCwweb2FwautozoneFwcomFwsaCwwp-contentCwpluginsCwelement-pack-pro-1CwmodulesCwpost-block" "Mozilla/5.0 AppleWebKit/537.36 (KHTML, like Gecko; compatible; GPTBot/1.4; +https://openai.com/gptbot)"
172.105.42.26 - - [30/Jul/2026:17:02:00 +0000] "POST /wp-cron.php?doing_wp_cron=1785430920.5098190307617187500000 HTTP/1.1" 200 20 "-" "WordPress/7.0.2; https://hondasaudi.com"
74.7.241.26 - - [30/Jul/2026:17:02:10 +0000] "GET /admin.php?dir=CwhomeCwbalubaidCwweb2FwautozoneFwcomFwsaCwwp-contentCwpluginsCwelement-pack-pro-1CwmodulesCwfancy-card&view=module.php HTTP/1.1" 200 289 "https://hondasaudi.com/admin.php?dir=CwhomeCwbalubaidCwweb2FwautozoneFwcomFwsaCwwp-contentCwpluginsCwelement-pack-pro-1CwmodulesCwfancy-card" "Mozilla/5.0 AppleWebKit/537.36 (KHTML, like Gecko; compatible; GPTBot/1.4; +https://openai.com/gptbot)"
2001:16a2:c0c2:42f8:60cd:8ff:fea5:c58 - - [30/Jul/2026:17:02:48 +0000] "GET / HTTP/1.1" 200 15579 "https://www.google.com/" "Mozilla/5.0 (Linux; Android 10; K) AppleWebKit/537.36 (KHTML, like Gecko) Chrome/150.0.0.0 Mobile Safari/537.36"
74.7.241.26 - - [30/Jul/2026:17:02:53 +0000] "GET /admin.php?dir=CwhomeCwbalubaidCwweb2FwautozoneFwcomFwsaCwwp-contentCwpluginsCwelement-pack-pro-1CwmodulesCwscroll-box&view=module.php HTTP/1.1" 200 1564 "https://hondasaudi.com/admin.php?dir=CwhomeCwbalubaidCwweb2FwautozoneFwcomFwsaCwwp-contentCwpluginsCwelement-pack-pro-1CwmodulesCwscroll-box" "Mozilla/5.0 AppleWebKit/537.36 (KHTML, like Gecko; compatible; GPTBot/1.4; +https://openai.com/gptbot)"
74.7.241.26 - - [30/Jul/2026:17:03:14 +0000] "GET /admin.php?dir=CwhomeCwbalubaidCwweb1FwautozoneFwcomFwsaCwwp-contentCwpluginsCwelement-pack-pro-1CwmodulesCwfancy-tabs&view=module.php HTTP/1.1" 200 288 "https://hondasaudi.com/admin.php?dir=CwhomeCwbalubaidCwweb1FwautozoneFwcomFwsaCwwp-contentCwpluginsCwelement-pack-pro-1CwmodulesCwfancy-tabs" "Mozilla/5.0 AppleWebKit/537.36 (KHTML, like Gecko; compatible; GPTBot/1.4; +https://openai.com/gptbot)"
74.7.241.26 - - [30/Jul/2026:17:03:56 +0000] "GET /admin.php?dir=CwhomeCwbalubaidCwweb2FwautozoneFwcomFwsaCwwp-contentCwpluginsCwelement-pack-pro-1CwmodulesCwfancy-tabs&view=module.php HTTP/1.1" 200 288 "https://hondasaudi.com/admin.php?dir=CwhomeCwbalubaidCwweb2FwautozoneFwcomFwsaCwwp-contentCwpluginsCwelement-pack-pro-1CwmodulesCwfancy-tabs" "Mozilla/5.0 AppleWebKit/537.36 (KHTML, like Gecko; compatible; GPTBot/1.4; +https://openai.com/gptbot)"
172.105.42.26 - - [30/Jul/2026:17:04:53 +0000] "POST /wp-cron.php?doing_wp_cron=1785431093.4944849014282226562500 HTTP/1.1" 200 20 "-" "WordPress/7.0.2; https://hondasaudi.com"
2001:16a2:c0c2:42f8:60cd:8ff:fea5:c58 - - [30/Jul/2026:17:04:53 +0000] "GET / HTTP/1.1" 200 15579 "https://www.google.com/" "Mozilla/5.0 (Linux; Android 10; K) AppleWebKit/537.36 (KHTML, like Gecko) Chrome/150.0.0.0 Mobile Safari/537.36"
74.7.241.26 - - [30/Jul/2026:17:04:58 +0000] "GET /admin.php?dir=CwhomeCwbalubaidCwweb1FwautozoneFwcomFwsaCwwp-contentCwpluginsCwelement-pack-pro-1CwmodulesCwfancy-icons&view=module.php HTTP/1.1" 200 289 "https://hondasaudi.com/admin.php?dir=CwhomeCwbalubaidCwweb1FwautozoneFwcomFwsaCwwp-contentCwpluginsCwelement-pack-pro-1CwmodulesCwfancy-icons" "Mozilla/5.0 AppleWebKit/537.36 (KHTML, like Gecko; compatible; GPTBot/1.4; +https://openai.com/gptbot)"
168.119.123.75 - - [30/Jul/2026:17:05:00 +0000] "HEAD / HTTP/1.1" 200 - "https://hondasaudi.com" "Mozilla/5.0+(compatible; UptimeRobot/2.0; http://www.uptimerobot.com/)"
172.105.42.26 - - [30/Jul/2026:17:05:52 +0000] "POST /wp-cron.php?doing_wp_cron=1785431152.5702610015869140625000 HTTP/1.1" 200 20 "-" "WordPress/7.0.2; https://hondasaudi.com"
23.162.200.94 - - [30/Jul/2026:17:05:52 +0000] "GET / HTTP/1.1" 200 15687 "https://www.google.com/" "Mozilla/5.0 (iPhone; CPU iPhone OS 26_5_2 like Mac OS X) AppleWebKit/605.1.15 (KHTML, like Gecko) CriOS/150.0.7871.113 Mobile/15E148 Safari/604.1"
180.243.107.157 - - [30/Jul/2026:17:05:54 +0000] "GET /wp-json/wp/v2/posts?slug=/ HTTP/1.1" 200 22 "-" "-"
180.243.107.157 - - [30/Jul/2026:17:05:54 +0000] "GET /wp-json/wp/v2/posts?per_page=1 HTTP/1.1" 200 1855 "-" "-"
23.162.200.94 - - [30/Jul/2026:17:05:57 +0000] "GET /wp-content/themes/Impreza/fonts/fa-brands-400.woff2?ver=8.0.5 HTTP/1.1" 200 76767 "https://hondasaudi.com/" "Mozilla/5.0 (iPhone; CPU iPhone OS 26_5_2 like Mac OS X) AppleWebKit/605.1.15 (KHTML, like Gecko) CriOS/150.0.7871.113 Mobile/15E148 Safari/604.1"
180.243.107.157 - - [30/Jul/2026:17:05:54 +0000] "POST /wp-comments-post.php HTTP/1.1" 302 20 "-" "-"
180.243.107.157 - - [30/Jul/2026:17:06:01 +0000] "GET /what-can-you-do-to-improve-business-strategy-right-now/?unapproved=1614&moderation-hash=868651d737d42c1d1095ddc9590cee21 HTTP/1.1" 200 16893 "-" "-"
23.162.200.94 - - [30/Jul/2026:17:06:10 +0000] "GET /wp-content/uploads/2019/11/GBS_HWMY_Basic_RGB1-1536x231.png HTTP/1.1" 200 38729 "https://hondasaudi.com/" "Mozilla/5.0 (iPhone; CPU iPhone OS 26_5_2 like Mac OS X) AppleWebKit/605.1.15 (KHTML, like Gecko) CriOS/150.0.7871.113 Mobile/15E148 Safari/604.1"
23.162.200.94 - - [30/Jul/2026:17:06:10 +0000] "GET /wp-content/uploads/2026/07/Pilot-copy_00795.png HTTP/1.1" 200 1514444 "https://hondasaudi.com/" "Mozilla/5.0 (iPhone; CPU iPhone OS 26_5_2 like Mac OS X) AppleWebKit/605.1.15 (KHTML, like Gecko) CriOS/150.0.7871.113 Mobile/15E148 Safari/604.1"
